223.235.101.235 - - [27/Jul/2026:07:17:55 +0000] "POST /xmlrpc.php HTTP/1.1" 405 427 "-" "Jetpack by WordPress.com"
187.236.124.90 - - [27/Jul/2026:07:17:59 +0000] "POST /xmlrpc.php HTTP/1.1" 405 427 "-" "Mozilla/5.0 (Windows NT 6.3; x86) AppleWebKit/537.36 (KHTML, like Gecko) Safari/10.0.0.0 Safari/537.36"
223.235.101.235 - - [27/Jul/2026:07:18:05 +0000] "POST /xmlrpc.php HTTP/1.1" 405 427 "-" "Jetpack by WordPress.com (Jetpack 12.0; WordPress 6.1)"
187.236.124.90 - - [27/Jul/2026:07:18:12 +0000] "POST /xmlrpc.php HTTP/1.1" 405 427 "-" "Mozilla/5.0 (Linux; Android 10; arm64) AppleWebKit/537.36 (KHTML, like Gecko) Safari/15.0.0.0 Safari/537.36"
146.190.158.65 - - [27/Jul/2026:07:18:16 +0000] "POST /wp-cron.php?doing_wp_cron=1785136696.6380379199981689453125 HTTP/1.1" 200 31 "-" "WordPress/7.0; https://weelorum.com"
223.235.101.235 - - [27/Jul/2026:07:18:16 +0000] "POST /xmlrpc.php HTTP/1.1" 405 427 "-" "WordPress.com; https://wordpress.com"
187.236.124.90 - - [27/Jul/2026:07:18:22 +0000] "POST /xmlrpc.php HTTP/1.1" 405 427 "-" "Mozilla/5.0 (Macintosh; Intel Mac OS X 10_15_7; arm64) AppleWebKit/537.36 (KHTML, like Gecko) Opera/74.0.0.0 Safari/537.36"
146.190.158.65 - - [27/Jul/2026:07:18:27 +0000] "POST /wp-cron.php?doing_wp_cron=1785136707.2058300971984863281250 HTTP/1.1" 200 31 "-" "WordPress/7.0; https://weelorum.com"
223.235.101.235 - - [27/Jul/2026:07:18:27 +0000] "POST /xmlrpc.php HTTP/1.1" 405 427 "-" "Jetpack/12.5; WordPress/6.1; http://site28396393.com"
187.236.124.90 - - [27/Jul/2026:07:18:31 +0000] "POST /xmlrpc.php HTTP/1.1" 405 427 "-" "Mozilla/5.0 (X11; Ubuntu; Linux x86_64; arm64) AppleWebKit/537.36 (KHTML, like Gecko) Firefox/92.0.0.0 Safari/537.36"
223.235.101.235 - - [27/Jul/2026:07:18:37 +0000] "POST /xmlrpc.php HTTP/1.1" 405 427 "-" "Jetpack by WordPress.com"
146.190.158.65 - - [27/Jul/2026:07:18:40 +0000] "POST /wp-cron.php?doing_wp_cron=1785136720.2575609683990478515625 HTTP/1.1" 200 31 "-" "WordPress/7.0; https://weelorum.com"
216.73.216.69 - - [27/Jul/2026:07:18:40 +0000] "GET /blog/ai-generated-apps-issues-risks-founders-need-to-know/feed/ HTTP/1.1" 200 930 "-" "Mozilla/5.0 AppleWebKit/537.36 (KHTML, like Gecko; compatible; ClaudeBot/1.0; +claudebot@anthropic.com)"
187.236.124.90 - - [27/Jul/2026:07:18:44 +0000] "POST /xmlrpc.php HTTP/1.1" 405 427 "-" "Mozilla/5.0 (Windows NT 6.2; arm64) AppleWebKit/537.36 (KHTML, like Gecko) Firefox/98.0.0.0 Safari/537.36"
223.235.101.235 - - [27/Jul/2026:07:18:48 +0000] "POST /xmlrpc.php HTTP/1.1" 405 427 "-" "WordPress.com; https://wordpress.com"
187.236.124.90 - - [27/Jul/2026:07:18:57 +0000] "POST /xmlrpc.php HTTP/1.1" 405 427 "-" "Mozilla/5.0 (Windows NT 6.2; arm64) AppleWebKit/537.36 (KHTML, like Gecko) Chrome/83.0.0.0 Safari/537.36"
223.235.101.235 - - [27/Jul/2026:07:18:59 +0000] "POST /xmlrpc.php HTTP/1.1" 405 427 "-" "Jetpack by WordPress.com"
223.235.101.235 - - [27/Jul/2026:07:19:09 +0000] "POST /xmlrpc.php HTTP/1.1" 405 427 "-" "Jetpack by WordPress.com"
187.236.124.90 - - [27/Jul/2026:07:19:10 +0000] "POST /xmlrpc.php HTTP/1.1" 405 427 "-" "Mozilla/5.0 (Linux; Android 10; x86) AppleWebKit/537.36 (KHTML, like Gecko) Safari/11.0.0.0 Safari/537.36"
146.190.158.65 - - [27/Jul/2026:07:19:20 +0000] "POST /wp-cron.php?doing_wp_cron=1785136760.4424729347229003906250 HTTP/1.1" 200 31 "-" "WordPress/7.0; https://weelorum.com"
223.235.101.235 - - [27/Jul/2026:07:19:20 +0000] "POST /xmlrpc.php HTTP/1.1" 405 427 "-" "Jetpack/12.0; WordPress/6.1; http://site23464682.com"
187.236.124.90 - - [27/Jul/2026:07:19:24 +0000] "POST /xmlrpc.php HTTP/1.1" 405 427 "-" "Mozilla/5.0 (Windows NT 6.3; x64) AppleWebKit/537.36 (KHTML, like Gecko) Firefox/99.0.0.0 Safari/537.36"
216.73.216.69 - - [27/Jul/2026:07:19:24 +0000] "GET /blog/native-vs-hybrid-mobile-apps-which-is-better-to-choose/feed/ HTTP/1.1" 200 931 "-" "Mozilla/5.0 AppleWebKit/537.36 (KHTML, like Gecko; compatible; ClaudeBot/1.0; +claudebot@anthropic.com)"
216.73.216.69 - - [27/Jul/2026:07:19:25 +0000] "GET /blog/react-native-or-native-which-to-choose-for-your-app/feed/ HTTP/1.1" 200 921 "-" "Mozilla/5.0 AppleWebKit/537.36 (KHTML, like Gecko; compatible; ClaudeBot/1.0; +claudebot@anthropic.com)"
146.190.158.65 - - [27/Jul/2026:07:19:31 +0000] "POST /wp-cron.php?doing_wp_cron=1785136771.0572919845581054687500 HTTP/1.1" 200 31 "-" "WordPress/7.0; https://weelorum.com"
223.235.101.235 - - [27/Jul/2026:07:19:31 +0000] "POST /xmlrpc.php HTTP/1.1" 405 427 "-" "Jetpack by WordPress.com (Jetpack 13.0; WordPress 6.2)"
187.236.124.90 - - [27/Jul/2026:07:19:35 +0000] "POST /xmlrpc.php HTTP/1.1" 405 427 "-" "Mozilla/5.0 (Linux; Android 10; arm64) AppleWebKit/537.36 (KHTML, like Gecko) Edge/91.0.0.0 Safari/537.36"
146.190.158.65 - - [27/Jul/2026:07:19:41 +0000] "POST /wp-cron.php?doing_wp_cron=1785136781.7008709907531738281250 HTTP/1.1" 200 31 "-" "WordPress/7.0; https://weelorum.com"
223.235.101.235 - - [27/Jul/2026:07:19:41 +0000] "POST /xmlrpc.php HTTP/1.1" 405 427 "-" "Jetpack/13.0; WordPress/6.4; http://site71740657.com"
187.236.124.90 - - [27/Jul/2026:07:19:47 +0000] "POST /xmlrpc.php HTTP/1.1" 405 427 "-" "Mozilla/5.0 (X11; Ubuntu; Linux x86_64; x64) AppleWebKit/537.36 (KHTML, like Gecko) Edge/88.0.0.0 Safari/537.36"
223.235.101.235 - - [27/Jul/2026:07:19:52 +0000] "POST /xmlrpc.php HTTP/1.1" 405 427 "-" "Jetpack/13.0; WordPress/6.1; http://site89722577.com"
187.236.124.90 - - [27/Jul/2026:07:19:57 +0000] "POST /xmlrpc.php HTTP/1.1" 405 427 "-" "Mozilla/5.0 (Windows NT 10.0; x86) AppleWebKit/537.36 (KHTML, like Gecko) Opera/79.0.0.0 Safari/537.36"
223.235.101.235 - - [27/Jul/2026:07:20:03 +0000] "POST /xmlrpc.php HTTP/1.1" 405 427 "-" "Jetpack by WordPress.com (Jetpack 12.5; WordPress 6.3)"
187.236.124.90 - - [27/Jul/2026:07:20:10 +0000] "POST /xmlrpc.php HTTP/1.1" 405 427 "-" "Mozilla/5.0 (Windows NT 6.3; arm64) AppleWebKit/537.36 (KHTML, like Gecko) Opera/77.0.0.0 Safari/537.36"
40.77.167.77 - - [27/Jul/2026:07:20:11 +0000] "GET /blog/how-to-convert-android-app-to-ios-key-steps-for-correct-porting-code-and-interface/ HTTP/1.1" 200 88127 "-" "Mozilla/5.0 AppleWebKit/537.36 (KHTML, like Gecko; compatible; bingbot/2.0; +http://www.bing.com/bingbot.htm) Chrome/116.0.1938.76 Safari/537.36"
223.235.101.235 - - [27/Jul/2026:07:20:13 +0000] "POST /xmlrpc.php HTTP/1.1" 405 427 "-" "Jetpack by WordPress.com (Jetpack 12.5; WordPress 6.3)"
146.190.158.65 - - [27/Jul/2026:07:20:24 +0000] "POST /wp-cron.php?doing_wp_cron=1785136824.4069550037384033203125 HTTP/1.1" 200 31 "-" "WordPress/7.0; https://weelorum.com"
223.235.101.235 - - [27/Jul/2026:07:20:24 +0000] "POST /xmlrpc.php HTTP/1.1" 405 427 "-" "Jetpack by WordPress.com (Jetpack 12.5; WordPress 6.1)"
146.190.158.65 - - [27/Jul/2026:07:20:28 +0000] "POST /wp-cron.php?doing_wp_cron=1785136828.0598330497741699218750 HTTP/1.1" 200 31 "-" "WordPress/7.0; https://weelorum.com"
187.236.124.90 - - [27/Jul/2026:07:20:28 +0000] "POST /xmlrpc.php HTTP/1.1" 405 427 "-" "Mozilla/5.0 (Windows NT 6.3; x86) AppleWebKit/537.36 (KHTML, like Gecko) Edge/81.0.0.0 Safari/537.36"
223.235.101.235 - - [27/Jul/2026:07:20:35 +0000] "POST /xmlrpc.php HTTP/1.1" 405 427 "-" "Jetpack by WordPress.com"
52.167.144.162 - - [27/Jul/2026:07:20:36 +0000] "GET /wp-content/cache/background-css/1/weelorum.com/wp-content/cache/min/1/wp-content/themes/weelorum-theme/assets/css/wl-pages.css?ver=1784812621&wpr_t=1785086763 HTTP/1.1" 200 58160 "https://weelorum.com/blog/how-to-convert-android-app-to-ios-key-steps-for-correct-porting-code-and-interface/" "Mozilla/5.0 AppleWebKit/537.36 (KHTML, like Gecko; compatible; bingbot/2.0; +http://www.bing.com/bingbot.htm) Chrome/136.0.0.0 Safari/537.36 AppleWebKit/537.36 (KHTML, like Gecko; compatible; bingbot/2.0; +http://www.bing.com/bingbot.htm) Chrome/116.0.1938.76 Safari/537.36"
146.190.158.65 - - [27/Jul/2026:07:20:44 +0000] "POST /wp-cron.php?doing_wp_cron=1785136844.0884308815002441406250 HTTP/1.1" 200 31 "-" "WordPress/7.0; https://weelorum.com"
187.236.124.90 - - [27/Jul/2026:07:20:44 +0000] "POST /xmlrpc.php HTTP/1.1" 405 427 "-" "Mozilla/5.0 (Linux; Android 10; x64) AppleWebKit/537.36 (KHTML, like Gecko) Safari/11.0.0.0 Safari/537.36"
223.235.101.235 - - [27/Jul/2026:07:20:45 +0000] "POST /xmlrpc.php HTTP/1.1" 405 427 "-" "Jetpack by WordPress.com (Jetpack 12.1; WordPress 6.3)"
182.252.88.231 - - [27/Jul/2026:07:20:48 +0000] "POST /xmlrpc.php HTTP/1.1" 405 427 "-" "Jetpack by WordPress.com"
223.235.101.235 - - [27/Jul/2026:07:20:56 +0000] "POST /xmlrpc.php HTTP/1.1" 405 427 "-" "Jetpack by WordPress.com (Jetpack 12.5; WordPress 6.4)"
182.252.88.231 - - [27/Jul/2026:07:20:58 +0000] "POST /xmlrpc.php HTTP/1.1" 405 427 "-" "Jetpack by WordPress.com (Jetpack 12.1; WordPress 6.3)"
187.236.124.90 - - [27/Jul/2026:07:21:04 +0000] "POST /xmlrpc.php HTTP/1.1" 405 427 "-" "Mozilla/5.0 (Windows NT 10.0; x86) AppleWebKit/537.36 (KHTML, like Gecko) Edge/99.0.0.0 Safari/537.36"
223.235.101.235 - - [27/Jul/2026:07:21:06 +0000] "POST /xmlrpc.php HTTP/1.1" 405 427 "-" "Jetpack/12.1; WordPress/6.3; http://site64749005.com"
182.252.88.231 - - [27/Jul/2026:07:21:09 +0000] "POST /xmlrpc.php HTTP/1.1" 405 427 "-" "Jetpack/12.5; WordPress/6.3; http://site17827808.com"
104.28.251.245 - - [27/Jul/2026:07:21:11 +0000] "GET / HTTP/1.1" 200 79980 "-" "Mozilla/5.0 (Windows NT 10.0; Win64; x64; rv:56.0) Gecko/20100101 Firefox/56.0"
104.28.251.245 - - [27/Jul/2026:07:21:12 +0000] "GET /wp-login.php HTTP/1.1" 404 27221 "-" "Mozilla/5.0 (Windows NT 10.0; Win64; x64; rv:56.0) Gecko/20100101 Firefox/56.0"
104.28.251.245 - - [27/Jul/2026:07:21:13 +0000] "POST /wp-login.php HTTP/1.1" 404 27221 "https://weelorum.com/wp-login.php" "Mozilla/5.0 (Windows NT 10.0; Win64; x64; rv:56.0) Gecko/20100101 Firefox/56.0"
104.28.251.245 - - [27/Jul/2026:07:21:13 +0000] "GET /wp-admin/profile.php HTTP/1.1" 302 5 "-" "Mozilla/5.0 (Windows NT 10.0; Win64; x64; rv:56.0) Gecko/20100101 Firefox/56.0"
104.28.251.245 - - [27/Jul/2026:07:21:14 +0000] "GET /404 HTTP/1.1" 404 29656 "-" "Mozilla/5.0 (Windows NT 10.0; Win64; x64; rv:56.0) Gecko/20100101 Firefox/56.0"
104.28.251.245 - - [27/Jul/2026:07:21:14 +0000] "GET /wp-admin/ HTTP/1.1" 302 5 "-" "Mozilla/5.0 (Windows NT 10.0; Win64; x64; rv:56.0) Gecko/20100101 Firefox/56.0"
146.190.158.65 - - [27/Jul/2026:07:21:15 +0000] "POST /wp-cron.php?doing_wp_cron=1785136875.1249248981475830078125 HTTP/1.1" 200 31 "-" "WordPress/7.0; https://weelorum.com"
104.28.251.245 - - [27/Jul/2026:07:21:15 +0000] "GET /404 HTTP/1.1" 404 29656 "-" "Mozilla/5.0 (Windows NT 10.0; Win64; x64; rv:56.0) Gecko/20100101 Firefox/56.0"
104.28.251.245 - - [27/Jul/2026:07:21:15 +0000] "GET /admin/ HTTP/1.1" 404 29662 "-" "Mozilla/5.0 (Windows NT 10.0; Win64; x64; rv:56.0) Gecko/20100101 Firefox/56.0"
104.28.251.245 - - [27/Jul/2026:07:21:16 +0000] "GET /login/ HTTP/1.1" 404 29660 "-" "Mozilla/5.0 (Windows NT 10.0; Win64; x64; rv:56.0) Gecko/20100101 Firefox/56.0"
104.28.251.245 - - [27/Jul/2026:07:21:17 +0000] "POST /xmlrpc.php HTTP/1.1" 405 427 "-" "Mozilla/5.0 (Windows NT 10.0; Win64; x64; rv:56.0) Gecko/20100101 Firefox/56.0"
104.28.251.245 - - [27/Jul/2026:07:21:17 +0000] "POST /xmlrpc.php HTTP/1.1" 405 427 "-" "Mozilla/5.0 (Windows NT 10.0; Win64; x64; rv:56.0) Gecko/20100101 Firefox/56.0"
223.235.101.235 - - [27/Jul/2026:07:21:17 +0000] "POST /xmlrpc.php HTTP/1.1" 405 427 "-" "Jetpack by WordPress.com"
187.236.124.90 - - [27/Jul/2026:07:21:20 +0000] "POST /xmlrpc.php HTTP/1.1" 405 427 "-" "Mozilla/5.0 (Windows NT 6.2; arm64) AppleWebKit/537.36 (KHTML, like Gecko) Opera/79.0.0.0 Safari/537.36"
182.252.88.231 - - [27/Jul/2026:07:21:20 +0000] "POST /xmlrpc.php HTTP/1.1" 405 427 "-" "Jetpack by WordPress.com (Jetpack 12.5; WordPress 6.4)"
47.79.123.175 - - [27/Jul/2026:07:21:21 +0000] "GET /wp-content/uploads/2022/11/17.jpg HTTP/1.1" 200 30841 "-" "Mozilla/5.0 (Windows NT 10.0; Win64; x64) AppleWebKit/537.36 (KHTML, like Gecko) Chrome/99.0.4844.51 Safari/537.36"
146.190.158.65 - - [27/Jul/2026:07:21:28 +0000] "POST /wp-cron.php?doing_wp_cron=1785136888.2014501094818115234375 HTTP/1.1" 200 31 "-" "WordPress/7.0; https://weelorum.com"
223.235.101.235 - - [27/Jul/2026:07:21:28 +0000] "POST /xmlrpc.php HTTP/1.1" 405 427 "-" "WordPress.com; https://wordpress.com"
182.252.88.231 - - [27/Jul/2026:07:21:31 +0000] "POST /xmlrpc.php HTTP/1.1" 405 427 "-" "WordPress.com; https://wordpress.com"
223.235.101.235 - - [27/Jul/2026:07:21:38 +0000] "POST /xmlrpc.php HTTP/1.1" 405 427 "-" "Jetpack by WordPress.com (Jetpack 12.5; WordPress 6.3)"
146.190.158.65 - - [27/Jul/2026:07:21:40 +0000] "POST /wp-cron.php?doing_wp_cron=1785136900.1297988891601562500000 HTTP/1.1" 200 31 "-" "WordPress/7.0; https://weelorum.com"
187.236.124.90 - - [27/Jul/2026:07:21:40 +0000] "POST /xmlrpc.php HTTP/1.1" 405 427 "-" "Mozilla/5.0 (Windows NT 6.2; x64) AppleWebKit/537.36 (KHTML, like Gecko) Opera/77.0.0.0 Safari/537.36"
182.252.88.231 - - [27/Jul/2026:07:21:41 +0000] "POST /xmlrpc.php HTTP/1.1" 405 427 "-" "Jetpack by WordPress.com"
223.235.101.235 - - [27/Jul/2026:07:21:49 +0000] "POST /xmlrpc.php HTTP/1.1" 405 427 "-" "Jetpack/12.0; WordPress/6.1; http://site11922924.com"
182.252.88.231 - - [27/Jul/2026:07:21:52 +0000] "POST /xmlrpc.php HTTP/1.1" 405 427 "-" "WordPress.com; https://wordpress.com"
187.236.124.90 - - [27/Jul/2026:07:21:56 +0000] "POST /xmlrpc.php HTTP/1.1" 405 427 "-" "Mozilla/5.0 (Linux; Android 10; x86) AppleWebKit/537.36 (KHTML, like Gecko) Firefox/86.0.0.0 Safari/537.36"
223.235.101.235 - - [27/Jul/2026:07:22:00 +0000] "POST /xmlrpc.php HTTP/1.1" 405 427 "-" "Jetpack by WordPress.com (Jetpack 12.1; WordPress 6.4)"
182.252.88.231 - - [27/Jul/2026:07:22:03 +0000] "POST /xmlrpc.php HTTP/1.1" 405 427 "-" "Jetpack by WordPress.com"
223.235.101.235 - - [27/Jul/2026:07:22:10 +0000] "POST /xmlrpc.php HTTP/1.1" 405 427 "-" "WordPress.com; https://wordpress.com"
187.236.124.90 - - [27/Jul/2026:07:22:12 +0000] "POST /xmlrpc.php HTTP/1.1" 405 427 "-" "Mozilla/5.0 (X11; Ubuntu; Linux x86_64; x86) AppleWebKit/537.36 (KHTML, like Gecko) Firefox/92.0.0.0 Safari/537.36"
182.252.88.231 - - [27/Jul/2026:07:22:14 +0000] "POST /xmlrpc.php HTTP/1.1" 405 427 "-" "Jetpack/12.0; WordPress/6.3; http://site33171642.com"
146.190.158.65 - - [27/Jul/2026:07:22:21 +0000] "POST /wp-cron.php?doing_wp_cron=1785136941.4960041046142578125000 HTTP/1.1" 200 31 "-" "WordPress/7.0; https://weelorum.com"
223.235.101.235 - - [27/Jul/2026:07:22:21 +0000] "POST /xmlrpc.php HTTP/1.1" 405 427 "-" "Jetpack by WordPress.com (Jetpack 12.0; WordPress 6.2)"
182.252.88.231 - - [27/Jul/2026:07:22:25 +0000] "POST /xmlrpc.php HTTP/1.1" 405 427 "-" "Jetpack by WordPress.com (Jetpack 12.0; WordPress 6.4)"
223.235.101.235 - - [27/Jul/2026:07:22:32 +0000] "POST /xmlrpc.php HTTP/1.1" 405 427 "-" "Jetpack by WordPress.com"
146.190.158.65 - - [27/Jul/2026:07:22:32 +0000] "POST /wp-cron.php?doing_wp_cron=1785136952.1803638935089111328125 HTTP/1.1" 200 31 "-" "WordPress/7.0; https://weelorum.com"
187.236.124.90 - - [27/Jul/2026:07:22:32 +0000] "POST /xmlrpc.php HTTP/1.1" 405 427 "-" "Mozilla/5.0 (Windows NT 6.2; x64) AppleWebKit/537.36 (KHTML, like Gecko) Opera/74.0.0.0 Safari/537.36"
182.252.88.231 - - [27/Jul/2026:07:22:36 +0000] "POST /xmlrpc.php HTTP/1.1" 405 427 "-" "Jetpack by WordPress.com"
146.190.158.65 - - [27/Jul/2026:07:22:42 +0000] "POST /wp-cron.php?doing_wp_cron=1785136962.7398219108581542968750 HTTP/1.1" 200 31 "-" "WordPress/7.0; https://weelorum.com"
223.235.101.235 - - [27/Jul/2026:07:22:42 +0000] "POST /xmlrpc.php HTTP/1.1" 405 427 "-" "Jetpack by WordPress.com"
182.252.88.231 - - [27/Jul/2026:07:22:47 +0000] "POST /xmlrpc.php HTTP/1.1" 405 427 "-" "WordPress.com; https://wordpress.com"
187.236.124.90 - - [27/Jul/2026:07:22:48 +0000] "POST /xmlrpc.php HTTP/1.1" 405 427 "-" "Mozilla/5.0 (Macintosh; Intel Mac OS X 10_15_7; x86) AppleWebKit/537.36 (KHTML, like Gecko) Firefox/73.0.0.0 Safari/537.36"
216.73.216.69 - - [27/Jul/2026:07:22:51 +0000] "GET /industry/memorial/ HTTP/1.1" 200 55248 "-" "Mozilla/5.0 AppleWebKit/537.36 (KHTML, like Gecko; compatible; ClaudeBot/1.0; +claudebot@anthropic.com)"
182.252.88.231 - - [27/Jul/2026:07:22:58 +0000] "POST /xmlrpc.php HTTP/1.1" 405 427 "-" "WordPress.com; https://wordpress.com"
187.236.124.90 - - [27/Jul/2026:07:23:08 +0000] "POST /xmlrpc.php HTTP/1.1" 405 427 "-" "Mozilla/5.0 (X11; Ubuntu; Linux x86_64; x64) AppleWebKit/537.36 (KHTML, like Gecko) Chrome/107.0.0.0 Safari/537.36"
182.252.88.231 - - [27/Jul/2026:07:23:08 +0000] "POST /xmlrpc.php HTTP/1.1" 405 427 "-" "Jetpack by WordPress.com (Jetpack 12.5; WordPress 6.1)"
146.190.158.65 - - [27/Jul/2026:07:23:19 +0000] "POST /wp-cron.php?doing_wp_cron=1785136999.7267971038818359375000 HTTP/1.1" 200 31 "-" "WordPress/7.0; https://weelorum.com"
182.252.88.231 - - [27/Jul/2026:07:23:19 +0000] "POST /xmlrpc.php HTTP/1.1" 405 427 "-" "Jetpack/13.0; WordPress/6.1; http://site46814054.com"
146.190.158.65 - - [27/Jul/2026:07:23:28 +0000] "POST /wp-cron.php?doing_wp_cron=1785137008.0832209587097167968750 HTTP/1.1" 200 31 "-" "WordPress/7.0; https://weelorum.com"
187.236.124.90 - - [27/Jul/2026:07:23:28 +0000] "POST /xmlrpc.php HTTP/1.1" 405 427 "-" "Mozilla/5.0 (Linux; Android 10; arm64) AppleWebKit/537.36 (KHTML, like Gecko) Opera/78.0.0.0 Safari/537.36"
182.252.88.231 - - [27/Jul/2026:07:23:30 +0000] "POST /xmlrpc.php HTTP/1.1" 405 427 "-" "Jetpack/12.1; WordPress/6.1; http://site30360126.com"
187.236.124.90 - - [27/Jul/2026:07:23:39 +0000] "POST /xmlrpc.php HTTP/1.1" 405 427 "-" "Mozilla/5.0 (Linux; Android 10; x64) AppleWebKit/537.36 (KHTML, like Gecko) Edge/99.0.0.0 Safari/537.36"
146.190.158.65 - - [27/Jul/2026:07:23:41 +0000] "POST /wp-cron.php?doing_wp_cron=1785137021.5088610649108886718750 HTTP/1.1" 200 31 "-" "WordPress/7.0; https://weelorum.com"
182.252.88.231 - - [27/Jul/2026:07:23:41 +0000] "POST /xmlrpc.php HTTP/1.1" 405 427 "-" "Jetpack by WordPress.com"
187.236.124.90 - - [27/Jul/2026:07:23:50 +0000] "POST /xmlrpc.php HTTP/1.1" 405 427 "-" "Mozilla/5.0 (X11; Ubuntu; Linux x86_64; x86) AppleWebKit/537.36 (KHTML, like Gecko) Firefox/85.0.0.0 Safari/537.36"
182.252.88.231 - - [27/Jul/2026:07:23:52 +0000] "POST /xmlrpc.php HTTP/1.1" 405 427 "-" "Jetpack by WordPress.com (Jetpack 12.0; WordPress 6.2)"
187.236.124.90 - - [27/Jul/2026:07:24:01 +0000] "POST /xmlrpc.php HTTP/1.1" 405 427 "-" "Mozilla/5.0 (Linux; Android 10; x86) AppleWebKit/537.36 (KHTML, like Gecko) Safari/12.0.0.0 Safari/537.36"
5.195.173.133 - - [27/Jul/2026:07:24:02 +0000] "GET /app-audit/ HTTP/1.1" 200 85870 "-" "Mozilla/5.0 (Windows NT 10.0; Win64; x64) AppleWebKit/537.36 (KHTML, like Gecko) Chrome/150.0.0.0 Safari/537.36"
5.195.173.133 - - [27/Jul/2026:07:24:03 +0000] "GET /wp-content/cache/min/1/wp-content/themes/weelorum-theme/css/awards-section.css?ver=1784812621 HTTP/1.1" 200 1392 "https://weelorum.com/app-audit/" "Mozilla/5.0 (Windows NT 10.0; Win64; x64) AppleWebKit/537.36 (KHTML, like Gecko) Chrome/150.0.0.0 Safari/537.36"
5.195.173.133 - - [27/Jul/2026:07:24:03 +0000] "GET /wp-content/themes/weelorum-theme/assets/fonts/montserrat.woff2 HTTP/1.1" 200 30300 "https://weelorum.com/app-audit/" "Mozilla/5.0 (Windows NT 10.0; Win64; x64) AppleWebKit/537.36 (KHTML, like Gecko) Chrome/150.0.0.0 Safari/537.36"
182.252.88.231 - - [27/Jul/2026:07:24:03 +0000] "POST /xmlrpc.php HTTP/1.1" 405 427 "-" "Jetpack by WordPress.com"
5.195.173.133 - - [27/Jul/2026:07:24:03 +0000] "GET /wp-content/cache/background-css/1/weelorum.com/wp-content/cache/min/1/wp-content/themes/weelorum-theme/assets/css/wl-pages.css?ver=1784812621&wpr_t=1785086995 HTTP/1.1" 200 58160 "https://weelorum.com/app-audit/" "Mozilla/5.0 (Windows NT 10.0; Win64; x64) AppleWebKit/537.36 (KHTML, like Gecko) Chrome/150.0.0.0 Safari/537.36"
5.195.173.133 - - [27/Jul/2026:07:24:03 +0000] "GET /wp-includes/js/dist/i18n.min.js?ver=781d11515ad3d91786ec HTTP/1.1" 200 2574 "https://weelorum.com/app-audit/" "Mozilla/5.0 (Windows NT 10.0; Win64; x64) AppleWebKit/537.36 (KHTML, like Gecko) Chrome/150.0.0.0 Safari/537.36"
5.195.173.133 - - [27/Jul/2026:07:24:04 +0000] "GET /wp-includes/js/jquery/jquery.min.js?ver=3.7.1 HTTP/1.1" 200 35451 "https://weelorum.com/app-audit/" "Mozilla/5.0 (Windows NT 10.0; Win64; x64) AppleWebKit/537.36 (KHTML, like Gecko) Chrome/150.0.0.0 Safari/537.36"
5.195.173.133 - - [27/Jul/2026:07:24:04 +0000] "GET /wp-includes/js/jquery/jquery-migrate.min.js?ver=3.4.1 HTTP/1.1" 200 5355 "https://weelorum.com/app-audit/" "Mozilla/5.0 (Windows NT 10.0; Win64; x64) AppleWebKit/537.36 (KHTML, like Gecko) Chrome/150.0.0.0 Safari/537.36"
5.195.173.133 - - [27/Jul/2026:07:24:04 +0000] "GET /wp-content/cache/min/1/wp-content/themes/weelorum-theme/assets/js/main.js?ver=1784812621 HTTP/1.1" 200 1767 "https://weelorum.com/app-audit/" "Mozilla/5.0 (Windows NT 10.0; Win64; x64) AppleWebKit/537.36 (KHTML, like Gecko) Chrome/150.0.0.0 Safari/537.36"
5.195.173.133 - - [27/Jul/2026:07:24:04 +0000] "GET /wp-content/cache/min/1/wp-content/plugins/contact-form-7/includes/swv/js/index.js?ver=1784812623 HTTP/1.1" 200 3887 "https://weelorum.com/app-audit/" "Mozilla/5.0 (Windows NT 10.0; Win64; x64) AppleWebKit/537.36 (KHTML, like Gecko) Chrome/150.0.0.0 Safari/537.36"
5.195.173.133 - - [27/Jul/2026:07:24:04 +0000] "GET /wp-content/cache/min/1/wp-content/plugins/contact-form-7/includes/js/index.js?ver=1784812623 HTTP/1.1" 200 4803 "https://weelorum.com/app-audit/" "Mozilla/5.0 (Windows NT 10.0; Win64; x64) AppleWebKit/537.36 (KHTML, like Gecko) Chrome/150.0.0.0 Safari/537.36"
5.195.173.133 - - [27/Jul/2026:07:24:05 +0000] "GET /wp-content/plugins/wp-rocket/assets/js/lazyload/17.8.3/lazyload.min.js HTTP/1.1" 200 3400 "https://weelorum.com/app-audit/" "Mozilla/5.0 (Windows NT 10.0; Win64; x64) AppleWebKit/537.36 (KHTML, like Gecko) Chrome/150.0.0.0 Safari/537.36"
5.195.173.133 - - [27/Jul/2026:07:24:05 +0000] "GET /wp-content/themes/weelorum-theme/assets/images/logo.png HTTP/1.1" 200 4112 "https://weelorum.com/wp-content/cache/background-css/1/weelorum.com/wp-content/cache/min/1/wp-content/themes/weelorum-theme/assets/css/wl-pages.css?ver=1784812621&wpr_t=1785086995" "Mozilla/5.0 (Windows NT 10.0; Win64; x64) AppleWebKit/537.36 (KHTML, like Gecko) Chrome/150.0.0.0 Safari/537.36"
5.195.173.133 - - [27/Jul/2026:07:24:05 +0000] "GET /wp-json/contact-form-7/v1/contact-forms/217/feedback/schema HTTP/1.1" 200 259 "https://weelorum.com/app-audit/" "Mozilla/5.0 (Windows NT 10.0; Win64; x64) AppleWebKit/537.36 (KHTML, like Gecko) Chrome/150.0.0.0 Safari/537.36"
5.195.173.133 - - [27/Jul/2026:07:24:06 +0000] "GET /wp-content/uploads/fbrfg/favicon.ico HTTP/1.1" 200 1924 "https://weelorum.com/app-audit/" "Mozilla/5.0 (Windows NT 10.0; Win64; x64) AppleWebKit/537.36 (KHTML, like Gecko) Chrome/150.0.0.0 Safari/537.36"
5.195.173.133 - - [27/Jul/2026:07:24:06 +0000] "GET /wp-json/contact-form-7/v1/contact-forms/217/refill HTTP/1.1" 200 33 "https://weelorum.com/app-audit/" "Mozilla/5.0 (Windows NT 10.0; Win64; x64) AppleWebKit/537.36 (KHTML, like Gecko) Chrome/150.0.0.0 Safari/537.36"
5.195.173.133 - - [27/Jul/2026:07:24:08 +0000] "GET /wp-content/uploads/fbrfg/site.webmanifest HTTP/1.1" 200 476 "https://weelorum.com/app-audit/" "Mozilla/5.0 (Windows NT 10.0; Win64; x64) AppleWebKit/537.36 (KHTML, like Gecko) Chrome/150.0.0.0 Safari/537.36"
187.236.124.90 - - [27/Jul/2026:07:24:13 +0000] "POST /xmlrpc.php HTTP/1.1" 405 427 "-" "Mozilla/5.0 (Windows NT 6.2; x64) AppleWebKit/537.36 (KHTML, like Gecko) Opera/68.0.0.0 Safari/537.36"
182.252.88.231 - - [27/Jul/2026:07:24:14 +0000] "POST /xmlrpc.php HTTP/1.1" 405 427 "-" "WordPress.com; https://wordpress.com"
146.190.158.65 - - [27/Jul/2026:07:24:23 +0000] "POST /wp-cron.php?doing_wp_cron=1785137063.9439520835876464843750 HTTP/1.1" 200 31 "-" "WordPress/7.0; https://weelorum.com"
187.236.124.90 - - [27/Jul/2026:07:24:23 +0000] "POST /xmlrpc.php HTTP/1.1" 405 427 "-" "Mozilla/5.0 (Windows NT 6.2; x64) AppleWebKit/537.36 (KHTML, like Gecko) Edge/97.0.0.0 Safari/537.36"
182.252.88.231 - - [27/Jul/2026:07:24:25 +0000] "POST /xmlrpc.php HTTP/1.1" 405 427 "-" "Jetpack/12.1; WordPress/6.2; http://site65297565.com"
146.190.158.65 - - [27/Jul/2026:07:24:26 +0000] "POST /wp-cron.php?doing_wp_cron=1785137066.8243410587310791015625 HTTP/1.1" 200 31 "-" "WordPress/7.0; https://weelorum.com"
216.73.216.69 - - [27/Jul/2026:07:24:26 +0000] "GET /industry/memorial/feed/ HTTP/1.1" 200 2294 "-" "Mozilla/5.0 AppleWebKit/537.36 (KHTML, like Gecko; compatible; ClaudeBot/1.0; +claudebot@anthropic.com)"
187.236.124.90 - - [27/Jul/2026:07:24:33 +0000] "POST /xmlrpc.php HTTP/1.1" 405 427 "-" "Mozilla/5.0 (X11; Ubuntu; Linux x86_64; x86) AppleWebKit/537.36 (KHTML, like Gecko) Safari/12.0.0.0 Safari/537.36"
182.252.88.231 - - [27/Jul/2026:07:24:35 +0000] "POST /xmlrpc.php HTTP/1.1" 405 427 "-" "Jetpack by WordPress.com (Jetpack 12.0; WordPress 6.4)"
146.190.158.65 - - [27/Jul/2026:07:24:43 +0000] "POST /wp-cron.php?doing_wp_cron=1785137083.6356449127197265625000 HTTP/1.1" 200 31 "-" "WordPress/7.0; https://weelorum.com"
187.236.124.90 - - [27/Jul/2026:07:24:43 +0000] "POST /xmlrpc.php HTTP/1.1" 405 427 "-" "Mozilla/5.0 (X11; Ubuntu; Linux x86_64; arm64) AppleWebKit/537.36 (KHTML, like Gecko) Opera/67.0.0.0 Safari/537.36"
18.97.9.102 - - [27/Jul/2026:07:24:44 +0000] "GET /robots.txt HTTP/1.1" 200 150 "-" "Mozilla/5.0 AppleWebKit/537.36 (KHTML, like Gecko; compatible; PerplexityBot/1.0; +https://perplexity.ai/perplexitybot)"
18.97.9.97 - - [27/Jul/2026:07:24:44 +0000] "GET /blog/5-must-have-features-for-a-successful-ai-powered-dating-app/ HTTP/1.1" 200 89554 "-" "Mozilla/5.0 AppleWebKit/537.36 (KHTML, like Gecko; compatible; PerplexityBot/1.0; +https://perplexity.ai/perplexitybot)"
182.252.88.231 - - [27/Jul/2026:07:24:46 +0000] "POST /xmlrpc.php HTTP/1.1" 405 427 "-" "Jetpack by WordPress.com"
182.252.88.231 - - [27/Jul/2026:07:24:57 +0000] "POST /xmlrpc.php HTTP/1.1" 405 427 "-" "Jetpack by WordPress.com (Jetpack 12.1; WordPress 6.4)"
54.39.203.131 - - [27/Jul/2026:07:24:57 +0000] "GET /blog/key-things-you-should-know-when-making-a-calendar-app/feed/ HTTP/1.1" 200 925 "-" "Mozilla/5.0 (compatible; AhrefsBot/7.0; +http://ahrefs.com/robot/)"
187.236.124.90 - - [27/Jul/2026:07:25:01 +0000] "POST /xmlrpc.php HTTP/1.1" 405 427 "-" "Mozilla/5.0 (Windows NT 6.2; x64) AppleWebKit/537.36 (KHTML, like Gecko) Chrome/105.0.0.0 Safari/537.36"
182.252.88.231 - - [27/Jul/2026:07:25:08 +0000] "POST /xmlrpc.php HTTP/1.1" 405 427 "-" "Jetpack/12.1; WordPress/6.2; http://site51554140.com"
187.236.124.90 - - [27/Jul/2026:07:25:13 +0000] "POST /xmlrpc.php HTTP/1.1" 405 427 "-" "Mozilla/5.0 (Windows NT 6.3; x64) AppleWebKit/537.36 (KHTML, like Gecko) Chrome/98.0.0.0 Safari/537.36"
146.190.158.65 - - [27/Jul/2026:07:25:19 +0000] "POST /wp-cron.php?doing_wp_cron=1785137119.3904159069061279296875 HTTP/1.1" 200 31 "-" "WordPress/7.0; https://weelorum.com"
182.252.88.231 - - [27/Jul/2026:07:25:19 +0000] "POST /xmlrpc.php HTTP/1.1" 405 427 "-" "Jetpack by WordPress.com"
187.236.124.90 - - [27/Jul/2026:07:25:25 +0000] "POST /xmlrpc.php HTTP/1.1" 405 427 "-" "Mozilla/5.0 (Windows NT 6.3; arm64) AppleWebKit/537.36 (KHTML, like Gecko) Safari/15.0.0.0 Safari/537.36"
146.190.158.65 - - [27/Jul/2026:07:25:31 +0000] "POST /wp-cron.php?doing_wp_cron=1785137131.9569311141967773437500 HTTP/1.1" 200 31 "-" "WordPress/7.0; https://weelorum.com"
182.252.88.231 - - [27/Jul/2026:07:25:31 +0000] "POST /xmlrpc.php HTTP/1.1" 405 427 "-" "Jetpack by WordPress.com (Jetpack 12.5; WordPress 6.3)"
187.236.124.90 - - [27/Jul/2026:07:25:37 +0000] "POST /xmlrpc.php HTTP/1.1" 405 427 "-" "Mozilla/5.0 (Linux; Android 10; x64) AppleWebKit/537.36 (KHTML, like Gecko) Edge/93.0.0.0 Safari/537.36"
146.190.158.65 - - [27/Jul/2026:07:25:41 +0000] "POST /wp-cron.php?doing_wp_cron=1785137141.2872369289398193359375 HTTP/1.1" 200 31 "-" "WordPress/7.0; https://weelorum.com"
182.252.88.231 - - [27/Jul/2026:07:25:41 +0000] "POST /xmlrpc.php HTTP/1.1" 405 427 "-" "WordPress.com; https://wordpress.com"
187.236.124.90 - - [27/Jul/2026:07:25:49 +0000] "POST /xmlrpc.php HTTP/1.1" 405 427 "-" "Mozilla/5.0 (Linux; Android 10; arm64) AppleWebKit/537.36 (KHTML, like Gecko) Safari/10.0.0.0 Safari/537.36"
182.252.88.231 - - [27/Jul/2026:07:25:52 +0000] "POST /xmlrpc.php HTTP/1.1" 405 427 "-" "Jetpack by WordPress.com (Jetpack 12.5; WordPress 6.1)"
182.252.88.231 - - [27/Jul/2026:07:26:02 +0000] "POST /xmlrpc.php HTTP/1.1" 405 427 "-" "WordPress.com; https://wordpress.com"
187.236.124.90 - - [27/Jul/2026:07:26:03 +0000] "POST /xmlrpc.php HTTP/1.1" 405 427 "-" "Mozilla/5.0 (Windows NT 10.0; arm64) AppleWebKit/537.36 (KHTML, like Gecko) Chrome/86.0.0.0 Safari/537.36"
50.16.72.185 - - [27/Jul/2026:07:26:12 +0000] "GET /wp-content/uploads/2022/12/Andrew-Deegan-150x150.jpg HTTP/1.1" 200 3315 "-" "Mozilla/5.0 AppleWebKit/537.36 (KHTML, like Gecko; compatible; Amazonbot/0.1; +https://developer.amazon.com/support/amazonbot) Chrome/119.0.6045.214 Safari/537.36"
182.252.88.231 - - [27/Jul/2026:07:26:13 +0000] "POST /xmlrpc.php HTTP/1.1" 405 427 "-" "Jetpack/12.0; WordPress/6.1; http://site10880756.com"
187.236.124.90 - - [27/Jul/2026:07:26:14 +0000] "POST /xmlrpc.php HTTP/1.1" 405 427 "-" "Mozilla/5.0 (Linux; Android 10; arm64) AppleWebKit/537.36 (KHTML, like Gecko) Chrome/95.0.0.0 Safari/537.36"
146.190.158.65 - - [27/Jul/2026:07:26:24 +0000] "POST /wp-cron.php?doing_wp_cron=1785137184.7765750885009765625000 HTTP/1.1" 200 31 "-" "WordPress/7.0; https://weelorum.com"
182.252.88.231 - - [27/Jul/2026:07:26:24 +0000] "POST /xmlrpc.php HTTP/1.1" 405 427 "-" "Jetpack/13.0; WordPress/6.2; http://site58316000.com"
146.190.158.65 - - [27/Jul/2026:07:26:28 +0000] "POST /wp-cron.php?doing_wp_cron=1785137188.4815440177917480468750 HTTP/1.1" 200 31 "-" "WordPress/7.0; https://weelorum.com"
187.236.124.90 - - [27/Jul/2026:07:26:28 +0000] "POST /xmlrpc.php HTTP/1.1" 405 427 "-" "Mozilla/5.0 (Windows NT 6.3; x64) AppleWebKit/537.36 (KHTML, like Gecko) Chrome/84.0.0.0 Safari/537.36"
182.252.88.231 - - [27/Jul/2026:07:26:35 +0000] "POST /xmlrpc.php HTTP/1.1" 405 427 "-" "Jetpack by WordPress.com (Jetpack 12.5; WordPress 6.3)"
187.236.124.90 - - [27/Jul/2026:07:26:39 +0000] "POST /xmlrpc.php HTTP/1.1" 405 427 "-" "Mozilla/5.0 (Windows NT 10.0; x86) AppleWebKit/537.36 (KHTML, like Gecko) Opera/78.0.0.0 Safari/537.36"
114.119.146.88 - - [27/Jul/2026:07:26:46 +0000] "GET /wp-content/uploads/2023/05/microrec_3-782x1024.png HTTP/1.1" 200 42790 "https://weelorum.com/success-stories/microrec" "Mozilla/5.0 (Linux; Android 7.0;) AppleWebKit/537.36 (HTML, like Gecko) Mobile Safari/537.36 (compatible; PetalBot;+https://webmaster.petalsearch.com/site/petalbot)"
146.190.158.65 - - [27/Jul/2026:07:26:46 +0000] "POST /wp-cron.php?doing_wp_cron=1785137206.5023050308227539062500 HTTP/1.1" 200 31 "-" "WordPress/7.0; https://weelorum.com"
182.252.88.231 - - [27/Jul/2026:07:26:46 +0000] "POST /xmlrpc.php HTTP/1.1" 405 427 "-" "WordPress.com; https://wordpress.com"
187.236.124.90 - - [27/Jul/2026:07:26:51 +0000] "POST /xmlrpc.php HTTP/1.1" 405 427 "-" "Mozilla/5.0 (Linux; Android 10; x64) AppleWebKit/537.36 (KHTML, like Gecko) Firefox/75.0.0.0 Safari/537.36"
182.252.88.231 - - [27/Jul/2026:07:26:57 +0000] "POST /xmlrpc.php HTTP/1.1" 405 427 "-" "Jetpack by WordPress.com"
187.236.124.90 - - [27/Jul/2026:07:27:04 +0000] "POST /xmlrpc.php HTTP/1.1" 405 427 "-" "Mozilla/5.0 (Windows NT 6.2; arm64) AppleWebKit/537.36 (KHTML, like Gecko) Opera/68.0.0.0 Safari/537.36"
182.252.88.231 - - [27/Jul/2026:07:27:08 +0000] "POST /xmlrpc.php HTTP/1.1" 405 427 "-" "Jetpack/12.5; WordPress/6.1; http://site39098608.com"
146.190.158.65 - - [27/Jul/2026:07:27:19 +0000] "POST /wp-cron.php?doing_wp_cron=1785137239.0362970829010009765625 HTTP/1.1" 200 31 "-" "WordPress/7.0; https://weelorum.com"
182.252.88.231 - - [27/Jul/2026:07:27:19 +0000] "POST /xmlrpc.php HTTP/1.1" 405 427 "-" "Jetpack by WordPress.com"
187.236.124.90 - - [27/Jul/2026:07:27:19 +0000] "POST /xmlrpc.php HTTP/1.1" 405 427 "-" "Mozilla/5.0 (Windows NT 6.3; x64) AppleWebKit/537.36 (KHTML, like Gecko) Safari/13.0.0.0 Safari/537.36"
44.223.116.180 - - [27/Jul/2026:07:27:20 +0000] "GET /blog/ai-generated-apps-issues-risks-founders-need-to-know/feed/ HTTP/1.1" 200 930 "-" "Mozilla/5.0 AppleWebKit/537.36 (KHTML, like Gecko; compatible; Amazonbot/0.1; +https://developer.amazon.com/support/amazonbot) Chrome/119.0.6045.214 Safari/537.36"
66.249.73.225 - - [27/Jul/2026:07:27:27 +0000] "GET /industry/edtech/ HTTP/1.1" 200 55275 "-" "Mozilla/5.0 (compatible; Googlebot/2.1; +http://www.google.com/bot.html)"
146.190.158.65 - - [27/Jul/2026:07:27:30 +0000] "POST /wp-cron.php?doing_wp_cron=1785137250.0352859497070312500000 HTTP/1.1" 200 31 "-" "WordPress/7.0; https://weelorum.com"
182.252.88.231 - - [27/Jul/2026:07:27:30 +0000] "POST /xmlrpc.php HTTP/1.1" 405 427 "-" "Jetpack by WordPress.com"
187.236.124.90 - - [27/Jul/2026:07:27:31 +0000] "POST /xmlrpc.php HTTP/1.1" 405 427 "-" "Mozilla/5.0 (Macintosh; Intel Mac OS X 10_15_7; arm64) AppleWebKit/537.36 (KHTML, like Gecko) Chrome/95.0.0.0 Safari/537.36"
146.190.158.65 - - [27/Jul/2026:07:27:40 +0000] "POST /wp-cron.php?doing_wp_cron=1785137260.9296140670776367187500 HTTP/1.1" 200 31 "-" "WordPress/7.0; https://weelorum.com"
182.252.88.231 - - [27/Jul/2026:07:27:40 +0000] "POST /xmlrpc.php HTTP/1.1" 405 427 "-" "Jetpack/12.0; WordPress/6.1; http://site12900460.com"
187.236.124.90 - - [27/Jul/2026:07:27:42 +0000] "POST /xmlrpc.php HTTP/1.1" 405 427 "-" "Mozilla/5.0 (Macintosh; Intel Mac OS X 10_15_7; x86) AppleWebKit/537.36 (KHTML, like Gecko) Safari/10.0.0.0 Safari/537.36"
182.252.88.231 - - [27/Jul/2026:07:27:51 +0000] "POST /xmlrpc.php HTTP/1.1" 405 427 "-" "Jetpack by WordPress.com (Jetpack 12.1; WordPress 6.3)"
187.236.124.90 - - [27/Jul/2026:07:27:54 +0000] "POST /xmlrpc.php HTTP/1.1" 405 427 "-" "Mozilla/5.0 (Windows NT 6.3; x64) AppleWebKit/537.36 (KHTML, like Gecko) Opera/67.0.0.0 Safari/537.36"
146.190.158.65 - - [27/Jul/2026:07:28:01 +0000] "GET / HTTP/1.1" 301 169 "-" "Mozilla/5.0 (X11; Linux x86_64) AppleWebKit/537.36 (KHTML, like Gecko) Chrome/44.0.2403.157 Safari/537.36"
146.190.158.65 - - [27/Jul/2026:07:28:01 +0000] "GET / HTTP/1.1" 200 32502 "http://146.190.158.65" "Mozilla/5.0 (X11; Linux x86_64) AppleWebKit/537.36 (KHTML, like Gecko) Chrome/44.0.2403.157 Safari/537.36"
182.252.88.231 - - [27/Jul/2026:07:28:02 +0000] "POST /xmlrpc.php HTTP/1.1" 405 427 "-" "Jetpack/12.0; WordPress/6.4; http://site14995103.com"
187.236.124.90 - - [27/Jul/2026:07:28:08 +0000] "POST /xmlrpc.php HTTP/1.1" 405 427 "-" "Mozilla/5.0 (X11; Ubuntu; Linux x86_64; x86) AppleWebKit/537.36 (KHTML, like Gecko) Opera/71.0.0.0 Safari/537.36"
114.119.128.154 - - [27/Jul/2026:07:28:09 +0000] "GET /solutions/dating-app-development-services/ HTTP/1.1" 200 84670 "https://weelorum.com/success-stories/car-wash-ordering-vortex/" "Mozilla/5.0 (Linux; Android 7.0;) AppleWebKit/537.36 (HTML, like Gecko) Mobile Safari/537.36 (compatible; PetalBot;+https://webmaster.petalsearch.com/site/petalbot)"
182.252.88.231 - - [27/Jul/2026:07:28:13 +0000] "POST /xmlrpc.php HTTP/1.1" 405 427 "-" "Jetpack by WordPress.com (Jetpack 12.0; WordPress 6.2)"
146.190.158.65 - - [27/Jul/2026:07:28:22 +0000] "POST /wp-cron.php?doing_wp_cron=1785137302.4994280338287353515625 HTTP/1.1" 200 31 "-" "WordPress/7.0; https://weelorum.com"
187.236.124.90 - - [27/Jul/2026:07:28:22 +0000] "POST /xmlrpc.php HTTP/1.1" 405 427 "-" "Mozilla/5.0 (Windows NT 6.3; arm64) AppleWebKit/537.36 (KHTML, like Gecko) Chrome/114.0.0.0 Safari/537.36"
182.252.88.231 - - [27/Jul/2026:07:28:24 +0000] "POST /xmlrpc.php HTTP/1.1" 405 427 "-" "WordPress.com; https://wordpress.com"
146.190.158.65 - - [27/Jul/2026:07:28:32 +0000] "POST /wp-cron.php?doing_wp_cron=1785137312.7914938926696777343750 HTTP/1.1" 200 31 "-" "WordPress/7.0; https://weelorum.com"
187.236.124.90 - - [27/Jul/2026:07:28:32 +0000] "POST /xmlrpc.php HTTP/1.1" 405 427 "-" "Mozilla/5.0 (Linux; Android 10; x86) AppleWebKit/537.36 (KHTML, like Gecko) Chrome/91.0.0.0 Safari/537.36"
182.252.88.231 - - [27/Jul/2026:07:28:35 +0000] "POST /xmlrpc.php HTTP/1.1" 405 427 "-" "WordPress.com; https://wordpress.com"
146.190.158.65 - - [27/Jul/2026:07:28:43 +0000] "POST /wp-cron.php?doing_wp_cron=1785137323.8862669467926025390625 HTTP/1.1" 200 31 "-" "WordPress/7.0; https://weelorum.com"
187.236.124.90 - - [27/Jul/2026:07:28:43 +0000] "POST /xmlrpc.php HTTP/1.1" 405 427 "-" "Mozilla/5.0 (X11; Ubuntu; Linux x86_64; arm64) AppleWebKit/537.36 (KHTML, like Gecko) Opera/63.0.0.0 Safari/537.36"
182.252.88.231 - - [27/Jul/2026:07:28:45 +0000] "POST /xmlrpc.php HTTP/1.1" 405 427 "-" "WordPress.com; https://wordpress.com"
187.236.124.90 - - [27/Jul/2026:07:28:56 +0000] "POST /xmlrpc.php HTTP/1.1" 405 427 "-" "Mozilla/5.0 (Macintosh; Intel Mac OS X 10_15_7; x64) AppleWebKit/537.36 (KHTML, like Gecko) Safari/13.0.0.0 Safari/537.36"
182.252.88.231 - - [27/Jul/2026:07:28:57 +0000] "POST /xmlrpc.php HTTP/1.1" 405 427 "-" "Jetpack by WordPress.com (Jetpack 12.0; WordPress 6.3)"
182.252.88.231 - - [27/Jul/2026:07:29:08 +0000] "POST /xmlrpc.php HTTP/1.1" 405 427 "-" "WordPress.com; https://wordpress.com"
187.236.124.90 - - [27/Jul/2026:07:29:10 +0000] "POST /xmlrpc.php HTTP/1.1" 405 427 "-" "Mozilla/5.0 (Windows NT 10.0; x64) AppleWebKit/537.36 (KHTML, like Gecko) Chrome/99.0.0.0 Safari/537.36"
146.190.158.65 - - [27/Jul/2026:07:29:19 +0000] "POST /wp-cron.php?doing_wp_cron=1785137359.0416400432586669921875 HTTP/1.1" 200 31 "-" "WordPress/7.0; https://weelorum.com"
182.252.88.231 - - [27/Jul/2026:07:29:19 +0000] "POST /xmlrpc.php HTTP/1.1" 405 427 "-" "WordPress.com; https://wordpress.com"
187.236.124.90 - - [27/Jul/2026:07:29:22 +0000] "POST /xmlrpc.php HTTP/1.1" 405 427 "-" "Mozilla/5.0 (Windows NT 6.3; arm64) AppleWebKit/537.36 (KHTML, like Gecko) Safari/15.0.0.0 Safari/537.36"
146.190.158.65 - - [27/Jul/2026:07:29:29 +0000] "POST /wp-cron.php?doing_wp_cron=1785137369.9627699851989746093750 HTTP/1.1" 200 31 "-" "WordPress/7.0; https://weelorum.com"
182.252.88.231 - - [27/Jul/2026:07:29:29 +0000] "POST /xmlrpc.php HTTP/1.1" 405 427 "-" "Jetpack/12.5; WordPress/6.4; http://site90096679.com"
187.236.124.90 - - [27/Jul/2026:07:29:33 +0000] "POST /xmlrpc.php HTTP/1.1" 405 427 "-" "Mozilla/5.0 (Macintosh; Intel Mac OS X 10_15_7; arm64) AppleWebKit/537.36 (KHTML, like Gecko) Edge/97.0.0.0 Safari/537.36"
146.190.158.65 - - [27/Jul/2026:07:29:40 +0000] "POST /wp-cron.php?doing_wp_cron=1785137380.8814470767974853515625 HTTP/1.1" 200 31 "-" "WordPress/7.0; https://weelorum.com"
182.252.88.231 - - [27/Jul/2026:07:29:40 +0000] "POST /xmlrpc.php HTTP/1.1" 405 427 "-" "Jetpack by WordPress.com (Jetpack 12.0; WordPress 6.2)"
187.236.124.90 - - [27/Jul/2026:07:29:45 +0000] "POST /xmlrpc.php HTTP/1.1" 405 427 "-" "Mozilla/5.0 (Windows NT 6.3; arm64) AppleWebKit/537.36 (KHTML, like Gecko) Edge/91.0.0.0 Safari/537.36"
182.252.88.231 - - [27/Jul/2026:07:29:51 +0000] "POST /xmlrpc.php HTTP/1.1" 405 427 "-" "WordPress.com; https://wordpress.com"
62.197.45.129 - - [27/Jul/2026:07:29:57 +0000] "GET /blog/find-out-how-to-estimate-cost-of-app-development-with-weelorum/ HTTP/1.0" 200 365755 "https://weelorum.com/blog/find-out-how-to-estimate-cost-of-app-development-with-weelorum/" "Mozilla/5.0 (Windows NT 10.0; Win64; x64) AppleWebKit/537.36 (KHTML, like Gecko) Chrome/130.0.0.0 Safari/537.36"
62.197.45.129 - - [27/Jul/2026:07:29:58 +0000] "POST /wp-comments-post.php HTTP/1.0" 302 0 "https://weelorum.com/blog/find-out-how-to-estimate-cost-of-app-development-with-weelorum/" "Mozilla/5.0 (Windows NT 10.0; Win64; x64) AppleWebKit/537.36 (KHTML, like Gecko) Chrome/130.0.0.0 Safari/537.36"
187.236.124.90 - - [27/Jul/2026:07:29:59 +0000] "POST /xmlrpc.php HTTP/1.1" 405 427 "-" "Mozilla/5.0 (Windows NT 6.3; x86) AppleWebKit/537.36 (KHTML, like Gecko) Chrome/87.0.0.0 Safari/537.36"
62.197.45.129 - - [27/Jul/2026:07:29:59 +0000] "GET /blog/find-out-how-to-estimate-cost-of-app-development-with-weelorum/ HTTP/1.0" 200 212820 "https://weelorum.com/blog/find-out-how-to-estimate-cost-of-app-development-with-weelorum/#comment-40104" "Mozilla/5.0 (Windows NT 10.0; Win64; x64) AppleWebKit/537.36 (KHTML, like Gecko) Chrome/130.0.0.0 Safari/537.36"
182.252.88.231 - - [27/Jul/2026:07:30:02 +0000] "POST /xmlrpc.php HTTP/1.1" 405 427 "-" "Jetpack by WordPress.com (Jetpack 13.0; WordPress 6.1)"
182.252.88.231 - - [27/Jul/2026:07:30:13 +0000] "POST /xmlrpc.php HTTP/1.1" 405 427 "-" "Jetpack/12.5; WordPress/6.1; http://site62833969.com"
146.190.158.65 - - [27/Jul/2026:07:30:17 +0000] "POST /wp-cron.php?doing_wp_cron=1785137417.7749009132385253906250 HTTP/1.1" 200 31 "-" "WordPress/7.0; https://weelorum.com"
187.236.124.90 - - [27/Jul/2026:07:30:17 +0000] "POST /xmlrpc.php HTTP/1.1" 405 427 "-" "Mozilla/5.0 (Windows NT 6.3; x86) AppleWebKit/537.36 (KHTML, like Gecko) Chrome/111.0.0.0 Safari/537.36"
182.252.88.231 - - [27/Jul/2026:07:30:24 +0000] "POST /xmlrpc.php HTTP/1.1" 405 427 "-" "Jetpack by WordPress.com"
146.190.158.65 - - [27/Jul/2026:07:30:32 +0000] "POST /wp-cron.php?doing_wp_cron=1785137432.8967270851135253906250 HTTP/1.1" 200 31 "-" "WordPress/7.0; https://weelorum.com"
168.91.8.185 - - [27/Jul/2026:07:30:32 +0000] "GET /blog/coping-with-the-greatest-challenges-in-developing-a-music-streaming-app-for-ios HTTP/1.1" 301 5 "-" "Mozilla/5.0 (Windows NT 10.0; Win64; x64; rv:115.0) Gecko/20100101 Firefox/115.0"
187.236.124.90 - - [27/Jul/2026:07:30:33 +0000] "POST /xmlrpc.php HTTP/1.1" 405 427 "-" "Mozilla/5.0 (Macintosh; Intel Mac OS X 10_15_7; arm64) AppleWebKit/537.36 (KHTML, like Gecko) Chrome/100.0.0.0 Safari/537.36"
182.252.88.231 - - [27/Jul/2026:07:30:35 +0000] "POST /xmlrpc.php HTTP/1.1" 405 427 "-" "Jetpack/12.5; WordPress/6.4; http://site78333075.com"
146.190.158.65 - - [27/Jul/2026:07:30:46 +0000] "POST /wp-cron.php?doing_wp_cron=1785137446.3287479877471923828125 HTTP/1.1" 200 31 "-" "WordPress/7.0; https://weelorum.com"
182.252.88.231 - - [27/Jul/2026:07:30:46 +0000] "POST /xmlrpc.php HTTP/1.1" 405 427 "-" "Jetpack/12.1; WordPress/6.2; http://site57048350.com"
187.236.124.90 - - [27/Jul/2026:07:30:47 +0000] "POST /xmlrpc.php HTTP/1.1" 405 427 "-" "Mozilla/5.0 (Windows NT 10.0; arm64) AppleWebKit/537.36 (KHTML, like Gecko) Chrome/114.0.0.0 Safari/537.36"
206.198.217.185 - - [27/Jul/2026:07:30:48 +0000] "GET /blog/coping-with-the-greatest-challenges-in-developing-a-music-streaming-app-for-ios/ HTTP/1.1" 200 86851 "-" "Mozilla/5.0 (Windows NT 10.0; Win64; x64; rv:115.0) Gecko/20100101 Firefox/115.0"
182.252.88.231 - - [27/Jul/2026:07:30:57 +0000] "POST /xmlrpc.php HTTP/1.1" 405 427 "-" "Jetpack by WordPress.com"
187.236.124.90 - - [27/Jul/2026:07:30:59 +0000] "POST /xmlrpc.php HTTP/1.1" 405 427 "-" "Mozilla/5.0 (Windows NT 6.2; arm64) AppleWebKit/537.36 (KHTML, like Gecko) Edge/87.0.0.0 Safari/537.36"
182.252.88.231 - - [27/Jul/2026:07:31:08 +0000] "POST /xmlrpc.php HTTP/1.1" 405 427 "-" "Jetpack by WordPress.com (Jetpack 12.5; WordPress 6.2)"
146.190.158.65 - - [27/Jul/2026:07:31:15 +0000] "POST /wp-cron.php?doing_wp_cron=1785137475.3875739574432373046875 HTTP/1.1" 200 31 "-" "WordPress/7.0; https://weelorum.com"
187.236.124.90 - - [27/Jul/2026:07:31:15 +0000] "POST /xmlrpc.php HTTP/1.1" 405 427 "-" "Mozilla/5.0 (Windows NT 6.2; x64) AppleWebKit/537.36 (KHTML, like Gecko) Safari/11.0.0.0 Safari/537.36"
182.252.88.231 - - [27/Jul/2026:07:31:19 +0000] "POST /xmlrpc.php HTTP/1.1" 405 427 "-" "Jetpack by WordPress.com (Jetpack 12.0; WordPress 6.1)"
146.190.158.65 - - [27/Jul/2026:07:31:28 +0000] "POST /wp-cron.php?doing_wp_cron=1785137488.9037220478057861328125 HTTP/1.1" 200 31 "-" "WordPress/7.0; https://weelorum.com"
187.236.124.90 - - [27/Jul/2026:07:31:28 +0000] "POST /xmlrpc.php HTTP/1.1" 405 427 "-" "Mozilla/5.0 (X11; Ubuntu; Linux x86_64; x86) AppleWebKit/537.36 (KHTML, like Gecko) Edge/90.0.0.0 Safari/537.36"
182.252.88.231 - - [27/Jul/2026:07:31:29 +0000] "POST /xmlrpc.php HTTP/1.1" 405 427 "-" "Jetpack by WordPress.com"
146.190.158.65 - - [27/Jul/2026:07:31:40 +0000] "POST /wp-cron.php?doing_wp_cron=1785137500.3104860782623291015625 HTTP/1.1" 200 31 "-" "WordPress/7.0; https://weelorum.com"
187.236.124.90 - - [27/Jul/2026:07:31:40 +0000] "POST /xmlrpc.php HTTP/1.1" 405 427 "-" "Mozilla/5.0 (Windows NT 6.3; x64) AppleWebKit/537.36 (KHTML, like Gecko) Firefox/89.0.0.0 Safari/537.36"
182.252.88.231 - - [27/Jul/2026:07:31:40 +0000] "POST /xmlrpc.php HTTP/1.1" 405 427 "-" "Jetpack by WordPress.com (Jetpack 12.5; WordPress 6.4)"
182.252.88.231 - - [27/Jul/2026:07:31:51 +0000] "POST /xmlrpc.php HTTP/1.1" 405 427 "-" "Jetpack by WordPress.com"
187.236.124.90 - - [27/Jul/2026:07:31:52 +0000] "POST /xmlrpc.php HTTP/1.1" 405 427 "-" "Mozilla/5.0 (X11; Ubuntu; Linux x86_64; arm64) AppleWebKit/537.36 (KHTML, like Gecko) Edge/93.0.0.0 Safari/537.36"
182.252.88.231 - - [27/Jul/2026:07:32:02 +0000] "POST /xmlrpc.php HTTP/1.1" 405 427 "-" "Jetpack/12.5; WordPress/6.1; http://site58749432.com"
187.236.124.90 - - [27/Jul/2026:07:32:05 +0000] "POST /xmlrpc.php HTTP/1.1" 405 427 "-" "Mozilla/5.0 (Windows NT 10.0; arm64) AppleWebKit/537.36 (KHTML, like Gecko) Firefox/97.0.0.0 Safari/537.36"
182.252.88.231 - - [27/Jul/2026:07:32:13 +0000] "POST /xmlrpc.php HTTP/1.1" 405 427 "-" "Jetpack by WordPress.com"
146.190.158.65 - - [27/Jul/2026:07:32:19 +0000] "POST /wp-cron.php?doing_wp_cron=1785137539.4646239280700683593750 HTTP/1.1" 200 31 "-" "WordPress/7.0; https://weelorum.com"
187.236.124.90 - - [27/Jul/2026:07:32:19 +0000] "POST /xmlrpc.php HTTP/1.1" 405 427 "-" "Mozilla/5.0 (X11; Ubuntu; Linux x86_64; arm64) AppleWebKit/537.36 (KHTML, like Gecko) Opera/63.0.0.0 Safari/537.36"
182.252.88.231 - - [27/Jul/2026:07:32:24 +0000] "POST /xmlrpc.php HTTP/1.1" 405 427 "-" "Jetpack by WordPress.com (Jetpack 12.1; WordPress 6.1)"
146.190.158.65 - - [27/Jul/2026:07:32:33 +0000] "POST /wp-cron.php?doing_wp_cron=1785137553.2737720012664794921875 HTTP/1.1" 200 31 "-" "WordPress/7.0; https://weelorum.com"
187.236.124.90 - - [27/Jul/2026:07:32:33 +0000] "POST /xmlrpc.php HTTP/1.1" 405 427 "-" "Mozilla/5.0 (Macintosh; Intel Mac OS X 10_15_7; arm64) AppleWebKit/537.36 (KHTML, like Gecko) Safari/14.0.0.0 Safari/537.36"
156.59.198.135 - - [27/Jul/2026:07:32:34 +0000] "GET /wp-content/uploads/2026/06/cell-4-swi-fence.png HTTP/1.1" 200 3156 "https://weelorum.com/" "Mozilla/5.0 (Linux; Android 5.0) AppleWebKit/537.36 (KHTML, like Gecko) Mobile Safari/537.36 (compatible; Bytespider; spider-feedback@bytedance.com)"
182.252.88.231 - - [27/Jul/2026:07:32:35 +0000] "POST /xmlrpc.php HTTP/1.1" 405 427 "-" "Jetpack by WordPress.com (Jetpack 13.0; WordPress 6.3)"
159.89.192.64 - - [27/Jul/2026:07:32:42 +0000] "GET /blog/how-to-build-a-fitness-app-must-have-features-cost/ HTTP/1.1" 200 85840 "-" "Mozilla/5.0 (Macintosh; Intel Mac OS X 10_15_7) AppleWebKit/537.36 (KHTML, like Gecko) Chrome/145.0.0.0 Safari/537.36"
138.0.33.211 - - [27/Jul/2026:07:32:43 +0000] "GET /blog/how-to-hire-the-best-contractor-for-b2b-mobile-app-development/ HTTP/1.1" 200 90966 "-" "Mozilla/5.0 (Macintosh; Intel Mac OS X 10_15_7) AppleWebKit/537.36 (KHTML, like Gecko) Chrome/145.0.0.0 Safari/537.36"
43.119.100.25 - - [27/Jul/2026:07:32:43 +0000] "GET /wp-content/cache/min/1/wp-content/themes/weelorum-theme/css/awards-section.css?ver=1784812621 HTTP/1.1" 200 1392 "https://weelorum.com/blog/how-to-build-a-fitness-app-must-have-features-cost/" "Mozilla/5.0 (Macintosh; Intel Mac OS X 10_15_7) AppleWebKit/537.36 (KHTML, like Gecko) Chrome/145.0.0.0 Safari/537.36"
43.119.100.207 - - [27/Jul/2026:07:32:43 +0000] "GET /wp-content/cache/background-css/1/weelorum.com/wp-content/cache/min/1/wp-content/themes/weelorum-theme/assets/css/wl-pages.css?ver=1784812621&wpr_t=1785086697 HTTP/1.1" 200 58160 "https://weelorum.com/blog/how-to-build-a-fitness-app-must-have-features-cost/" "Mozilla/5.0 (Macintosh; Intel Mac OS X 10_15_7) AppleWebKit/537.36 (KHTML, like Gecko) Chrome/145.0.0.0 Safari/537.36"
189.129.32.44 - - [27/Jul/2026:07:32:44 +0000] "GET /blog/the-functionality-of-ai-powered-media-sharing-app/ HTTP/1.1" 200 90034 "-" "Mozilla/5.0 (Macintosh; Intel Mac OS X 10_15_7) AppleWebKit/537.36 (KHTML, like Gecko) Chrome/145.0.0.0 Safari/537.36"
43.119.100.66 - - [27/Jul/2026:07:32:45 +0000] "GET /wp-content/plugins/wp-rocket/assets/js/lazyload/17.8.3/lazyload.min.js HTTP/1.1" 200 3400 "https://weelorum.com/blog/how-to-build-a-fitness-app-must-have-features-cost/" "Mozilla/5.0 (Macintosh; Intel Mac OS X 10_15_7) AppleWebKit/537.36 (KHTML, like Gecko) Chrome/145.0.0.0 Safari/537.36"
43.119.100.201 - - [27/Jul/2026:07:32:45 +0000] "GET /wp-content/cache/min/1/wp-content/themes/weelorum-theme/assets/js/main.js?ver=1784812621 HTTP/1.1" 200 1767 "https://weelorum.com/blog/how-to-build-a-fitness-app-must-have-features-cost/" "Mozilla/5.0 (Macintosh; Intel Mac OS X 10_15_7) AppleWebKit/537.36 (KHTML, like Gecko) Chrome/145.0.0.0 Safari/537.36"
43.119.100.233 - - [27/Jul/2026:07:32:45 +0000] "GET /wp-includes/js/jquery/jquery-migrate.min.js?ver=3.4.1 HTTP/1.1" 200 5355 "https://weelorum.com/blog/how-to-build-a-fitness-app-must-have-features-cost/" "Mozilla/5.0 (Macintosh; Intel Mac OS X 10_15_7) AppleWebKit/537.36 (KHTML, like Gecko) Chrome/145.0.0.0 Safari/537.36"
43.119.100.172 - - [27/Jul/2026:07:32:45 +0000] "GET /wp-content/themes/weelorum-theme/assets/fonts/montserrat.woff2 HTTP/1.1" 200 30300 "https://weelorum.com/blog/how-to-hire-the-best-contractor-for-b2b-mobile-app-development/" "Mozilla/5.0 (Macintosh; Intel Mac OS X 10_15_7) AppleWebKit/537.36 (KHTML, like Gecko) Chrome/145.0.0.0 Safari/537.36"
168.144.33.167 - - [27/Jul/2026:07:32:45 +0000] "GET /portfolio-projects/learnpath/ HTTP/1.1" 200 70064 "-" "Mozilla/5.0 (Macintosh; Intel Mac OS X 10_15_7) AppleWebKit/537.36 (KHTML, like Gecko) Chrome/145.0.0.0 Safari/537.36"
