87.199.196.181 - - [27/Jul/2026:01:41:26 +0000] "GET /blog/the-functionality-of-ai-powered-media-sharing-app/ HTTP/1.0" 200 220264 "https://weelorum.com/blog/the-functionality-of-ai-powered-media-sharing-app/#comment-40086" "Mozilla/5.0 (Windows NT 10.0; Win64; x64) AppleWebKit/537.36 (KHTML, like Gecko) Chrome/129.0.0.0 Safari/537.36"
177.184.239.196 - - [27/Jul/2026:01:41:28 +0000] "POST /xmlrpc.php HTTP/1.1" 405 427 "-" "WordPress.com; https://wordpress.com"
146.190.158.65 - - [27/Jul/2026:01:41:40 +0000] "POST /wp-cron.php?doing_wp_cron=1785116500.1130850315093994140625 HTTP/1.1" 200 31 "-" "WordPress/7.0; https://weelorum.com"
177.184.239.196 - - [27/Jul/2026:01:41:40 +0000] "POST /xmlrpc.php HTTP/1.1" 405 427 "-" "Jetpack by WordPress.com"
177.184.239.196 - - [27/Jul/2026:01:41:51 +0000] "POST /xmlrpc.php HTTP/1.1" 405 427 "-" "Jetpack/12.1; WordPress/6.4; http://site46864473.com"
146.190.158.65 - - [27/Jul/2026:01:42:01 +0000] "GET / HTTP/1.1" 301 169 "-" "Mozilla/5.0 (X11; Linux x86_64) AppleWebKit/537.36 (KHTML, like Gecko) Chrome/44.0.2403.157 Safari/537.36"
146.190.158.65 - - [27/Jul/2026:01:42:01 +0000] "GET / HTTP/1.1" 200 32502 "http://146.190.158.65" "Mozilla/5.0 (X11; Linux x86_64) AppleWebKit/537.36 (KHTML, like Gecko) Chrome/44.0.2403.157 Safari/537.36"
177.184.239.196 - - [27/Jul/2026:01:42:02 +0000] "POST /xmlrpc.php HTTP/1.1" 405 427 "-" "Jetpack/12.1; WordPress/6.2; http://site84153874.com"
177.184.239.196 - - [27/Jul/2026:01:42:13 +0000] "POST /xmlrpc.php HTTP/1.1" 405 427 "-" "Jetpack by WordPress.com"
146.190.158.65 - - [27/Jul/2026:01:42:24 +0000] "POST /wp-cron.php?doing_wp_cron=1785116544.8749399185180664062500 HTTP/1.1" 200 31 "-" "WordPress/7.0; https://weelorum.com"
177.184.239.196 - - [27/Jul/2026:01:42:24 +0000] "POST /xmlrpc.php HTTP/1.1" 405 427 "-" "WordPress.com; https://wordpress.com"
146.190.158.65 - - [27/Jul/2026:01:42:36 +0000] "POST /wp-cron.php?doing_wp_cron=1785116556.2196478843688964843750 HTTP/1.1" 200 31 "-" "WordPress/7.0; https://weelorum.com"
177.184.239.196 - - [27/Jul/2026:01:42:36 +0000] "POST /xmlrpc.php HTTP/1.1" 405 427 "-" "Jetpack by WordPress.com (Jetpack 12.1; WordPress 6.2)"
146.190.158.65 - - [27/Jul/2026:01:43:32 +0000] "POST /wp-cron.php?doing_wp_cron=1785116612.4530770778656005859375 HTTP/1.1" 200 31 "-" "WordPress/7.0; https://weelorum.com"
177.184.239.196 - - [27/Jul/2026:01:43:32 +0000] "POST /xmlrpc.php HTTP/1.1" 405 427 "-" "Jetpack by WordPress.com"
146.190.158.65 - - [27/Jul/2026:01:43:43 +0000] "POST /wp-cron.php?doing_wp_cron=1785116623.3025240898132324218750 HTTP/1.1" 200 31 "-" "WordPress/7.0; https://weelorum.com"
177.184.239.196 - - [27/Jul/2026:01:43:43 +0000] "POST /xmlrpc.php HTTP/1.1" 405 427 "-" "Jetpack by WordPress.com (Jetpack 12.1; WordPress 6.4)"
177.184.239.196 - - [27/Jul/2026:01:43:54 +0000] "POST /xmlrpc.php HTTP/1.1" 405 427 "-" "Jetpack/12.0; WordPress/6.3; http://site55677857.com"
146.190.158.65 - - [27/Jul/2026:01:44:05 +0000] "POST /wp-cron.php?doing_wp_cron=1785116645.8238430023193359375000 HTTP/1.1" 200 31 "-" "WordPress/7.0; https://weelorum.com"
177.184.239.196 - - [27/Jul/2026:01:44:05 +0000] "POST /xmlrpc.php HTTP/1.1" 405 427 "-" "WordPress.com; https://wordpress.com"
146.190.158.65 - - [27/Jul/2026:01:44:16 +0000] "POST /wp-cron.php?doing_wp_cron=1785116656.8424119949340820312500 HTTP/1.1" 200 31 "-" "WordPress/7.0; https://weelorum.com"
177.184.239.196 - - [27/Jul/2026:01:44:16 +0000] "POST /xmlrpc.php HTTP/1.1" 405 427 "-" "Jetpack by WordPress.com"
146.190.158.65 - - [27/Jul/2026:01:44:28 +0000] "POST /wp-cron.php?doing_wp_cron=1785116668.2016260623931884765625 HTTP/1.1" 200 31 "-" "WordPress/7.0; https://weelorum.com"
177.184.239.196 - - [27/Jul/2026:01:44:28 +0000] "POST /xmlrpc.php HTTP/1.1" 405 427 "-" "Jetpack by WordPress.com"
177.184.239.196 - - [27/Jul/2026:01:44:39 +0000] "POST /xmlrpc.php HTTP/1.1" 405 427 "-" "Jetpack by WordPress.com (Jetpack 12.0; WordPress 6.4)"
146.190.158.65 - - [27/Jul/2026:01:44:50 +0000] "POST /wp-cron.php?doing_wp_cron=1785116690.3814620971679687500000 HTTP/1.1" 200 31 "-" "WordPress/7.0; https://weelorum.com"
177.184.239.196 - - [27/Jul/2026:01:44:50 +0000] "POST /xmlrpc.php HTTP/1.1" 405 427 "-" "Jetpack/12.5; WordPress/6.4; http://site49786373.com"
157.55.39.6 - - [27/Jul/2026:01:45:00 +0000] "GET /blog/key-steps-to-successfully-launch-a-new-mobile-app/ HTTP/1.1" 200 88050 "-" "Mozilla/5.0 AppleWebKit/537.36 (KHTML, like Gecko; compatible; bingbot/2.0; +http://www.bing.com/bingbot.htm) Chrome/116.0.1938.76 Safari/537.36"
177.184.239.196 - - [27/Jul/2026:01:45:01 +0000] "POST /xmlrpc.php HTTP/1.1" 405 427 "-" "WordPress.com; https://wordpress.com"
177.184.239.196 - - [27/Jul/2026:01:45:12 +0000] "POST /xmlrpc.php HTTP/1.1" 405 427 "-" "WordPress.com; https://wordpress.com"
52.167.144.158 - - [27/Jul/2026:01:45:19 +0000] "GET /wp-content/cache/background-css/1/weelorum.com/wp-content/cache/min/1/wp-content/themes/weelorum-theme/assets/css/wl-pages.css?ver=1784812621&wpr_t=1785086821 HTTP/1.1" 200 58160 "https://weelorum.com/blog/key-steps-to-successfully-launch-a-new-mobile-app/" "Mozilla/5.0 AppleWebKit/537.36 (KHTML, like Gecko; compatible; bingbot/2.0; +http://www.bing.com/bingbot.htm) Chrome/136.0.0.0 Safari/537.36 AppleWebKit/537.36 (KHTML, like Gecko; compatible; bingbot/2.0; +http://www.bing.com/bingbot.htm) Chrome/116.0.1938.76 Safari/537.36"
146.190.158.65 - - [27/Jul/2026:01:45:24 +0000] "POST /wp-cron.php?doing_wp_cron=1785116724.0861020088195800781250 HTTP/1.1" 200 31 "-" "WordPress/7.0; https://weelorum.com"
177.184.239.196 - - [27/Jul/2026:01:45:24 +0000] "POST /xmlrpc.php HTTP/1.1" 405 427 "-" "Jetpack/12.0; WordPress/6.1; http://site22707884.com"
190.103.180.74 - - [27/Jul/2026:01:45:25 +0000] "GET /services/end-to-end-application-development-services/tel:380962170860 HTTP/1.1" 404 29678 "-" "Mozilla/5.0 (Windows NT 10.0; Win64; x64) AppleWebKit/537.36 (KHTML, like Gecko) Chrome/80.0.3987.163 Safari/537.36"
146.190.158.65 - - [27/Jul/2026:01:45:35 +0000] "POST /wp-cron.php?doing_wp_cron=1785116735.2568979263305664062500 HTTP/1.1" 200 31 "-" "WordPress/7.0; https://weelorum.com"
177.184.239.196 - - [27/Jul/2026:01:45:35 +0000] "POST /xmlrpc.php HTTP/1.1" 405 427 "-" "Jetpack by WordPress.com"
146.190.158.65 - - [27/Jul/2026:01:45:46 +0000] "POST /wp-cron.php?doing_wp_cron=1785116746.4899649620056152343750 HTTP/1.1" 200 31 "-" "WordPress/7.0; https://weelorum.com"
177.184.239.196 - - [27/Jul/2026:01:45:46 +0000] "POST /xmlrpc.php HTTP/1.1" 405 427 "-" "Jetpack/13.0; WordPress/6.4; http://site56599584.com"
177.184.239.196 - - [27/Jul/2026:01:45:57 +0000] "POST /xmlrpc.php HTTP/1.1" 405 427 "-" "Jetpack by WordPress.com (Jetpack 12.5; WordPress 6.1)"
177.184.239.196 - - [27/Jul/2026:01:46:08 +0000] "POST /xmlrpc.php HTTP/1.1" 405 427 "-" "Jetpack by WordPress.com"
146.190.158.65 - - [27/Jul/2026:01:46:19 +0000] "POST /wp-cron.php?doing_wp_cron=1785116779.9128310680389404296875 HTTP/1.1" 200 31 "-" "WordPress/7.0; https://weelorum.com"
177.184.239.196 - - [27/Jul/2026:01:46:19 +0000] "POST /xmlrpc.php HTTP/1.1" 405 427 "-" "WordPress.com; https://wordpress.com"
146.190.158.65 - - [27/Jul/2026:01:46:28 +0000] "POST /wp-cron.php?doing_wp_cron=1785116788.3774609565734863281250 HTTP/1.1" 200 31 "-" "WordPress/7.0; https://weelorum.com"
192.141.28.2 - - [27/Jul/2026:01:46:28 +0000] "GET /app-like-facebook-how-to-develop-a-social-media-app-in-2023/tel:380962170860 HTTP/1.1" 404 29705 "-" "Mozilla/5.0 (Windows NT 10.0; Win64; x64) AppleWebKit/537.36 (KHTML, like Gecko) Chrome/83.0.4103.106 Safari/537.36"
177.184.239.196 - - [27/Jul/2026:01:46:31 +0000] "POST /xmlrpc.php HTTP/1.1" 405 427 "-" "Jetpack by WordPress.com"
146.190.158.65 - - [27/Jul/2026:01:46:42 +0000] "POST /wp-cron.php?doing_wp_cron=1785116802.0550420284271240234375 HTTP/1.1" 200 31 "-" "WordPress/7.0; https://weelorum.com"
177.184.239.196 - - [27/Jul/2026:01:46:42 +0000] "POST /xmlrpc.php HTTP/1.1" 405 427 "-" "Jetpack/13.0; WordPress/6.3; http://site90530484.com"
91.84.124.42 - - [27/Jul/2026:01:46:43 +0000] "GET /blog/find-out-how-to-estimate-cost-of-app-development-with-weelorum/ HTTP/1.0" 200 365755 "https://weelorum.com/blog/find-out-how-to-estimate-cost-of-app-development-with-weelorum/" "Mozilla/5.0 (Windows NT 10.0; Win64; x64) AppleWebKit/537.36 (KHTML, like Gecko) Chrome/131.0.0.0 Safari/537.36 Avast/131.0.0.0"
91.84.124.42 - - [27/Jul/2026:01:46:44 +0000] "POST /wp-comments-post.php HTTP/1.0" 302 0 "https://weelorum.com/blog/find-out-how-to-estimate-cost-of-app-development-with-weelorum/" "Mozilla/5.0 (Windows NT 10.0; Win64; x64) AppleWebKit/537.36 (KHTML, like Gecko) Chrome/131.0.0.0 Safari/537.36 Avast/131.0.0.0"
91.84.124.42 - - [27/Jul/2026:01:46:45 +0000] "GET /blog/find-out-how-to-estimate-cost-of-app-development-with-weelorum/ HTTP/1.0" 200 212840 "https://weelorum.com/blog/find-out-how-to-estimate-cost-of-app-development-with-weelorum/#comment-40087" "Mozilla/5.0 (Windows NT 10.0; Win64; x64) AppleWebKit/537.36 (KHTML, like Gecko) Chrome/131.0.0.0 Safari/537.36 Avast/131.0.0.0"
177.184.239.196 - - [27/Jul/2026:01:46:53 +0000] "POST /xmlrpc.php HTTP/1.1" 405 427 "-" "Jetpack/13.0; WordPress/6.2; http://site84861922.com"
177.184.239.196 - - [27/Jul/2026:01:47:04 +0000] "POST /xmlrpc.php HTTP/1.1" 405 427 "-" "Jetpack by WordPress.com"
146.190.158.65 - - [27/Jul/2026:01:47:15 +0000] "POST /wp-cron.php?doing_wp_cron=1785116835.6496419906616210937500 HTTP/1.1" 200 31 "-" "WordPress/7.0; https://weelorum.com"
177.184.239.196 - - [27/Jul/2026:01:47:15 +0000] "POST /xmlrpc.php HTTP/1.1" 405 427 "-" "Jetpack by WordPress.com"
146.190.158.65 - - [27/Jul/2026:01:47:26 +0000] "POST /wp-cron.php?doing_wp_cron=1785116846.5493299961090087890625 HTTP/1.1" 200 31 "-" "WordPress/7.0; https://weelorum.com"
177.184.239.196 - - [27/Jul/2026:01:47:26 +0000] "POST /xmlrpc.php HTTP/1.1" 405 427 "-" "Jetpack/13.0; WordPress/6.1; http://site48208933.com"
177.184.239.196 - - [27/Jul/2026:01:47:37 +0000] "POST /xmlrpc.php HTTP/1.1" 405 427 "-" "Jetpack by WordPress.com"
146.190.158.65 - - [27/Jul/2026:01:47:48 +0000] "POST /wp-cron.php?doing_wp_cron=1785116868.7942900657653808593750 HTTP/1.1" 200 31 "-" "WordPress/7.0; https://weelorum.com"
177.184.239.196 - - [27/Jul/2026:01:47:48 +0000] "POST /xmlrpc.php HTTP/1.1" 405 427 "-" "Jetpack by WordPress.com (Jetpack 12.1; WordPress 6.1)"
177.184.239.196 - - [27/Jul/2026:01:47:59 +0000] "POST /xmlrpc.php HTTP/1.1" 405 427 "-" "WordPress.com; https://wordpress.com"
177.184.239.196 - - [27/Jul/2026:01:48:10 +0000] "POST /xmlrpc.php HTTP/1.1" 405 427 "-" "Jetpack/12.5; WordPress/6.3; http://site30163574.com"
146.190.158.65 - - [27/Jul/2026:01:48:19 +0000] "POST /wp-cron.php?doing_wp_cron=1785116899.8823380470275878906250 HTTP/1.1" 200 31 "-" "WordPress/7.0; https://weelorum.com"
62.197.45.116 - - [27/Jul/2026:01:48:19 +0000] "GET /key-things-you-should-know-when-making-a-calendar-app/ HTTP/1.0" 404 130387 "https://weelorum.com/key-things-you-should-know-when-making-a-calendar-app/" "Mozilla/5.0 (Windows NT 10.0; Win64; x64) AppleWebKit/537.36 (KHTML, like Gecko) Chrome/131.0.0.0 Safari/537.36"
62.197.45.116 - - [27/Jul/2026:01:48:21 +0000] "POST /key-things-you-should-know-when-making-a-calendar-app/ HTTP/1.0" 404 123665 "https://weelorum.com/key-things-you-should-know-when-making-a-calendar-app/" "Mozilla/5.0 (Windows NT 10.0; Win64; x64) AppleWebKit/537.36 (KHTML, like Gecko) Chrome/131.0.0.0 Safari/537.36"
177.184.239.196 - - [27/Jul/2026:01:48:21 +0000] "POST /xmlrpc.php HTTP/1.1" 405 427 "-" "Jetpack by WordPress.com (Jetpack 13.0; WordPress 6.1)"
146.190.158.65 - - [27/Jul/2026:01:48:32 +0000] "POST /wp-cron.php?doing_wp_cron=1785116912.8575348854064941406250 HTTP/1.1" 200 31 "-" "WordPress/7.0; https://weelorum.com"
177.184.239.196 - - [27/Jul/2026:01:48:32 +0000] "POST /xmlrpc.php HTTP/1.1" 405 427 "-" "Jetpack/13.0; WordPress/6.4; http://site57954155.com"
146.190.158.65 - - [27/Jul/2026:01:48:44 +0000] "POST /wp-cron.php?doing_wp_cron=1785116924.1735880374908447265625 HTTP/1.1" 200 31 "-" "WordPress/7.0; https://weelorum.com"
177.184.239.196 - - [27/Jul/2026:01:48:44 +0000] "POST /xmlrpc.php HTTP/1.1" 405 427 "-" "Jetpack by WordPress.com"
177.184.239.196 - - [27/Jul/2026:01:48:55 +0000] "POST /xmlrpc.php HTTP/1.1" 405 427 "-" "Jetpack/12.1; WordPress/6.1; http://site77411174.com"
177.184.239.196 - - [27/Jul/2026:01:49:06 +0000] "POST /xmlrpc.php HTTP/1.1" 405 427 "-" "Jetpack by WordPress.com (Jetpack 13.0; WordPress 6.1)"
146.190.158.65 - - [27/Jul/2026:01:49:17 +0000] "POST /wp-cron.php?doing_wp_cron=1785116957.7519180774688720703125 HTTP/1.1" 200 31 "-" "WordPress/7.0; https://weelorum.com"
177.184.239.196 - - [27/Jul/2026:01:49:17 +0000] "POST /xmlrpc.php HTTP/1.1" 405 427 "-" "Jetpack by WordPress.com (Jetpack 12.0; WordPress 6.2)"
146.190.158.65 - - [27/Jul/2026:01:49:28 +0000] "POST /wp-cron.php?doing_wp_cron=1785116968.8051691055297851562500 HTTP/1.1" 200 31 "-" "WordPress/7.0; https://weelorum.com"
177.184.239.196 - - [27/Jul/2026:01:49:28 +0000] "POST /xmlrpc.php HTTP/1.1" 405 427 "-" "WordPress.com; https://wordpress.com"
40.77.167.143 - - [27/Jul/2026:01:49:39 +0000] "GET /service/iot-integration/ HTTP/1.1" 200 55294 "-" "Mozilla/5.0 AppleWebKit/537.36 (KHTML, like Gecko; compatible; bingbot/2.0; +http://www.bing.com/bingbot.htm) Chrome/116.0.1938.76 Safari/537.36"
177.184.239.196 - - [27/Jul/2026:01:49:39 +0000] "POST /xmlrpc.php HTTP/1.1" 405 427 "-" "Jetpack by WordPress.com (Jetpack 13.0; WordPress 6.1)"
146.190.158.65 - - [27/Jul/2026:01:49:50 +0000] "POST /wp-cron.php?doing_wp_cron=1785116990.8737978935241699218750 HTTP/1.1" 200 31 "-" "WordPress/7.0; https://weelorum.com"
177.184.239.196 - - [27/Jul/2026:01:49:50 +0000] "POST /xmlrpc.php HTTP/1.1" 405 427 "-" "Jetpack by WordPress.com"
185.231.153.163 - - [27/Jul/2026:01:49:52 +0000] "GET /blog/find-out-how-to-estimate-cost-of-app-development-with-weelorum/ HTTP/1.0" 200 365755 "-" "Mozilla/5.0 (Windows NT 6.3; Win64; x64) AppleWebKit/537.36 (KHTML, like Gecko) Chrome/75.0.3770.100 Safari/537.36"
177.184.239.196 - - [27/Jul/2026:01:50:02 +0000] "POST /xmlrpc.php HTTP/1.1" 405 427 "-" "WordPress.com; https://wordpress.com"
185.231.153.163 - - [27/Jul/2026:01:50:11 +0000] "GET /blog/find-out-how-to-estimate-cost-of-app-development-with-weelorum/ HTTP/1.0" 200 365755 "-" "Mozilla/5.0 (Windows NT 6.3; Win64; x64) AppleWebKit/537.36 (KHTML, like Gecko) Chrome/75.0.3770.100 Safari/537.36"
177.184.239.196 - - [27/Jul/2026:01:50:12 +0000] "POST /xmlrpc.php HTTP/1.1" 405 427 "-" "WordPress.com; https://wordpress.com"
146.190.158.65 - - [27/Jul/2026:01:50:24 +0000] "POST /wp-cron.php?doing_wp_cron=1785117024.0357379913330078125000 HTTP/1.1" 200 31 "-" "WordPress/7.0; https://weelorum.com"
177.184.239.196 - - [27/Jul/2026:01:50:24 +0000] "POST /xmlrpc.php HTTP/1.1" 405 427 "-" "WordPress.com; https://wordpress.com"
146.190.158.65 - - [27/Jul/2026:01:50:35 +0000] "POST /wp-cron.php?doing_wp_cron=1785117035.2502379417419433593750 HTTP/1.1" 200 31 "-" "WordPress/7.0; https://weelorum.com"
177.184.239.196 - - [27/Jul/2026:01:50:35 +0000] "POST /xmlrpc.php HTTP/1.1" 405 427 "-" "Jetpack by WordPress.com"
104.164.163.251 - - [27/Jul/2026:01:50:44 +0000] "GET / HTTP/1.1" 301 169 "-" "Mozilla/5.0 (compatible; Baiduspider/2.0; +http://www.baidu.com/search/spider.html)"
104.164.163.251 - - [27/Jul/2026:01:50:44 +0000] "GET / HTTP/1.1" 200 79980 "-" "Mozilla/5.0 (compatible; Baiduspider/2.0; +http://www.baidu.com/search/spider.html)"
146.190.158.65 - - [27/Jul/2026:01:50:46 +0000] "POST /wp-cron.php?doing_wp_cron=1785117046.3530209064483642578125 HTTP/1.1" 200 31 "-" "WordPress/7.0; https://weelorum.com"
177.184.239.196 - - [27/Jul/2026:01:50:46 +0000] "POST /xmlrpc.php HTTP/1.1" 405 427 "-" "Jetpack by WordPress.com"
91.142.73.116 - - [27/Jul/2026:01:50:53 +0000] "GET / HTTP/1.0" 301 169 "http://weelorum.com/" "Mozilla/5.0 (Windows NT 10.0; Win64; x64) AppleWebKit/537.36 (KHTML, like Gecko) Chrome/130.0.0.0 Safari/537.36"
91.142.73.116 - - [27/Jul/2026:01:50:54 +0000] "GET / HTTP/1.0" 200 332927 "https://weelorum.com/" "Mozilla/5.0 (Windows NT 10.0; Win64; x64) AppleWebKit/537.36 (KHTML, like Gecko) Chrome/130.0.0.0 Safari/537.36"
177.184.239.196 - - [27/Jul/2026:01:50:57 +0000] "POST /xmlrpc.php HTTP/1.1" 405 427 "-" "Jetpack by WordPress.com (Jetpack 12.5; WordPress 6.2)"
66.249.76.133 - - [27/Jul/2026:01:51:00 +0000] "GET /robots.txt HTTP/1.1" 301 169 "-" "Mozilla/5.0 (compatible; Googlebot/2.1; +http://www.google.com/bot.html)"
66.249.70.65 - - [27/Jul/2026:01:51:01 +0000] "GET /robots.txt HTTP/1.1" 200 140 "-" "Mozilla/5.0 (compatible; Googlebot/2.1; +http://www.google.com/bot.html)"
177.184.239.196 - - [27/Jul/2026:01:51:08 +0000] "POST /xmlrpc.php HTTP/1.1" 405 427 "-" "WordPress.com; https://wordpress.com"
146.190.158.65 - - [27/Jul/2026:01:51:19 +0000] "POST /wp-cron.php?doing_wp_cron=1785117079.4625229835510253906250 HTTP/1.1" 200 31 "-" "WordPress/7.0; https://weelorum.com"
177.184.239.196 - - [27/Jul/2026:01:51:19 +0000] "POST /xmlrpc.php HTTP/1.1" 405 427 "-" "Jetpack by WordPress.com"
146.190.158.65 - - [27/Jul/2026:01:51:30 +0000] "POST /wp-cron.php?doing_wp_cron=1785117090.3309299945831298828125 HTTP/1.1" 200 31 "-" "WordPress/7.0; https://weelorum.com"
177.184.239.196 - - [27/Jul/2026:01:51:30 +0000] "POST /xmlrpc.php HTTP/1.1" 405 427 "-" "Jetpack/13.0; WordPress/6.3; http://site78886252.com"
146.190.158.65 - - [27/Jul/2026:01:51:41 +0000] "POST /wp-cron.php?doing_wp_cron=1785117101.3424689769744873046875 HTTP/1.1" 200 31 "-" "WordPress/7.0; https://weelorum.com"
177.184.239.196 - - [27/Jul/2026:01:51:41 +0000] "POST /xmlrpc.php HTTP/1.1" 405 427 "-" "WordPress.com; https://wordpress.com"
177.184.239.196 - - [27/Jul/2026:01:51:52 +0000] "POST /xmlrpc.php HTTP/1.1" 405 427 "-" "Jetpack by WordPress.com (Jetpack 12.5; WordPress 6.4)"
66.249.73.224 - - [27/Jul/2026:01:51:58 +0000] "GET /blog/app-like-facebook-how-to-develop-a-social-media-app-in-2023/ HTTP/1.1" 200 90309 "-" "Mozilla/5.0 (Linux; Android 6.0.1; Nexus 5X Build/MMB29P) AppleWebKit/537.36 (KHTML, like Gecko) Chrome/150.0.7871.186 Mobile Safari/537.36 (compatible; Googlebot/2.1; +http://www.google.com/bot.html)"
177.184.239.196 - - [27/Jul/2026:01:52:03 +0000] "POST /xmlrpc.php HTTP/1.1" 405 427 "-" "Jetpack by WordPress.com (Jetpack 12.5; WordPress 6.1)"
177.184.239.196 - - [27/Jul/2026:01:52:14 +0000] "POST /xmlrpc.php HTTP/1.1" 405 427 "-" "Jetpack by WordPress.com (Jetpack 12.0; WordPress 6.3)"
146.190.158.65 - - [27/Jul/2026:01:52:25 +0000] "POST /wp-cron.php?doing_wp_cron=1785117145.4362010955810546875000 HTTP/1.1" 200 31 "-" "WordPress/7.0; https://weelorum.com"
177.184.239.196 - - [27/Jul/2026:01:52:25 +0000] "POST /xmlrpc.php HTTP/1.1" 405 427 "-" "Jetpack by WordPress.com"
146.190.158.65 - - [27/Jul/2026:01:52:36 +0000] "POST /wp-cron.php?doing_wp_cron=1785117156.4724700450897216796875 HTTP/1.1" 200 31 "-" "WordPress/7.0; https://weelorum.com"
177.184.239.196 - - [27/Jul/2026:01:52:36 +0000] "POST /xmlrpc.php HTTP/1.1" 405 427 "-" "Jetpack by WordPress.com"
216.73.217.153 - - [27/Jul/2026:01:52:46 +0000] "GET /robots.txt HTTP/1.1" 200 140 "-" "Mozilla/5.0 AppleWebKit/537.36 (KHTML, like Gecko; compatible; ClaudeBot/1.0; +claudebot@anthropic.com)"
146.190.158.65 - - [27/Jul/2026:01:52:47 +0000] "POST /wp-cron.php?doing_wp_cron=1785117167.1078689098358154296875 HTTP/1.1" 200 31 "-" "WordPress/7.0; https://weelorum.com"
216.73.217.153 - - [27/Jul/2026:01:52:47 +0000] "GET /sitemap_index.xml HTTP/1.1" 200 439 "-" "Mozilla/5.0 AppleWebKit/537.36 (KHTML, like Gecko; compatible; ClaudeBot/1.0; +claudebot@anthropic.com)"
177.184.239.196 - - [27/Jul/2026:01:52:47 +0000] "POST /xmlrpc.php HTTP/1.1" 405 427 "-" "Jetpack/12.0; WordPress/6.1; http://site67689922.com"
177.184.239.196 - - [27/Jul/2026:01:52:58 +0000] "POST /xmlrpc.php HTTP/1.1" 405 427 "-" "Jetpack/12.5; WordPress/6.2; http://site86329749.com"
54.39.210.65 - - [27/Jul/2026:01:53:07 +0000] "GET /robots.txt HTTP/1.1" 200 140 "-" "Mozilla/5.0 (compatible; AhrefsBot/7.0; +http://ahrefs.com/robot/)"
177.184.239.196 - - [27/Jul/2026:01:53:09 +0000] "POST /xmlrpc.php HTTP/1.1" 405 427 "-" "Jetpack/13.0; WordPress/6.2; http://site86762129.com"
146.190.158.65 - - [27/Jul/2026:01:53:20 +0000] "POST /wp-cron.php?doing_wp_cron=1785117200.9189050197601318359375 HTTP/1.1" 200 31 "-" "WordPress/7.0; https://weelorum.com"
177.184.239.196 - - [27/Jul/2026:01:53:20 +0000] "POST /xmlrpc.php HTTP/1.1" 405 427 "-" "Jetpack/13.0; WordPress/6.1; http://site30030985.com"
146.190.158.65 - - [27/Jul/2026:01:53:27 +0000] "POST /wp-cron.php?doing_wp_cron=1785117207.5302820205688476562500 HTTP/1.1" 200 31 "-" "WordPress/7.0; https://weelorum.com"
148.113.130.219 - - [27/Jul/2026:01:53:27 +0000] "GET /success-stories HTTP/1.1" 301 5 "-" "Mozilla/5.0 (compatible; AhrefsBot/7.0; +http://ahrefs.com/robot/)"
177.184.239.196 - - [27/Jul/2026:01:53:32 +0000] "POST /xmlrpc.php HTTP/1.1" 405 427 "-" "WordPress.com; https://wordpress.com"
146.190.158.65 - - [27/Jul/2026:01:53:43 +0000] "POST /wp-cron.php?doing_wp_cron=1785117223.2237930297851562500000 HTTP/1.1" 200 31 "-" "WordPress/7.0; https://weelorum.com"
177.184.239.196 - - [27/Jul/2026:01:53:43 +0000] "POST /xmlrpc.php HTTP/1.1" 405 427 "-" "Jetpack by WordPress.com (Jetpack 12.0; WordPress 6.1)"
177.184.239.196 - - [27/Jul/2026:01:53:54 +0000] "POST /xmlrpc.php HTTP/1.1" 405 427 "-" "Jetpack by WordPress.com (Jetpack 12.1; WordPress 6.3)"
177.184.239.196 - - [27/Jul/2026:01:54:05 +0000] "POST /xmlrpc.php HTTP/1.1" 405 427 "-" "Jetpack by WordPress.com (Jetpack 12.5; WordPress 6.4)"
146.190.158.65 - - [27/Jul/2026:01:54:16 +0000] "POST /wp-cron.php?doing_wp_cron=1785117256.6357359886169433593750 HTTP/1.1" 200 31 "-" "WordPress/7.0; https://weelorum.com"
177.184.239.196 - - [27/Jul/2026:01:54:16 +0000] "POST /xmlrpc.php HTTP/1.1" 405 427 "-" "Jetpack by WordPress.com"
146.190.158.65 - - [27/Jul/2026:01:54:27 +0000] "POST /wp-cron.php?doing_wp_cron=1785117267.7506649494171142578125 HTTP/1.1" 200 31 "-" "WordPress/7.0; https://weelorum.com"
177.184.239.196 - - [27/Jul/2026:01:54:27 +0000] "POST /xmlrpc.php HTTP/1.1" 405 427 "-" "WordPress.com; https://wordpress.com"
177.184.239.196 - - [27/Jul/2026:01:54:39 +0000] "POST /xmlrpc.php HTTP/1.1" 405 427 "-" "Jetpack by WordPress.com (Jetpack 12.5; WordPress 6.3)"
180.142.197.187 - - [27/Jul/2026:01:54:39 +0000] "POST /wp-comments-post.php HTTP/1.1" 302 5 "-" "Mozilla/5.0 (Windows NT 10.0; Win64; x64) AppleWebKit/537.36 (KHTML, like Gecko) Chrome/108.0.0.0 Safari/537.36 Edg/108.0.1462.46"
180.142.197.187 - - [27/Jul/2026:01:54:39 +0000] "GET /blog/telemedicine-app-development-nuances-strategy-to-follow/ HTTP/1.1" 200 94873 "-" "Mozilla/5.0 (Windows NT 10.0; Win64; x64) AppleWebKit/537.36 (KHTML, like Gecko) Chrome/108.0.0.0 Safari/537.36 Edg/108.0.1462.46"
47.128.116.145 - - [27/Jul/2026:01:54:41 +0000] "GET /portfolio-projects/ HTTP/1.1" 200 57758 "-" "Mozilla/5.0 (compatible; Bytespider; spider-feedback@bytedance.com) AppleWebKit/537.36 (KHTML, like Gecko) Chrome/70.0.0.0 Safari/537.36"
47.128.116.145 - - [27/Jul/2026:01:54:43 +0000] "GET /wp-includes/js/jquery/jquery-migrate.min.js?ver=3.4.1 HTTP/1.1" 200 5355 "https://weelorum.com/portfolio-projects/" "Mozilla/5.0 (compatible; Bytespider; spider-feedback@bytedance.com) AppleWebKit/537.36 (KHTML, like Gecko) Chrome/70.0.0.0 Safari/537.36"
47.128.116.145 - - [27/Jul/2026:01:54:43 +0000] "GET /wp-includes/js/jquery/jquery.min.js?ver=3.7.1 HTTP/1.1" 200 35451 "https://weelorum.com/portfolio-projects/" "Mozilla/5.0 (compatible; Bytespider; spider-feedback@bytedance.com) AppleWebKit/537.36 (KHTML, like Gecko) Chrome/70.0.0.0 Safari/537.36"
47.128.116.145 - - [27/Jul/2026:01:54:43 +0000] "GET /wp-content/plugins/wp-rocket/assets/js/lazyload/17.8.3/lazyload.min.js HTTP/1.1" 200 3400 "https://weelorum.com/portfolio-projects/" "Mozilla/5.0 (compatible; Bytespider; spider-feedback@bytedance.com) AppleWebKit/537.36 (KHTML, like Gecko) Chrome/70.0.0.0 Safari/537.36"
47.128.116.145 - - [27/Jul/2026:01:54:44 +0000] "GET /wp-content/plugins/wp-rocket/assets/js/wpr-beacon.min.js HTTP/1.1" 200 9198 "https://weelorum.com/portfolio-projects/" "Mozilla/5.0 (compatible; Bytespider; spider-feedback@bytedance.com) AppleWebKit/537.36 (KHTML, like Gecko) Chrome/70.0.0.0 Safari/537.36"
47.128.116.145 - - [27/Jul/2026:01:54:44 +0000] "GET /wp-content/uploads/2026/06/zinglez-410x233.jpg HTTP/1.1" 206 500 "https://weelorum.com/portfolio-projects/" "Mozilla/5.0 (compatible; Bytespider; spider-feedback@bytedance.com) AppleWebKit/537.36 (KHTML, like Gecko) Chrome/70.0.0.0 Safari/537.36"
47.128.116.145 - - [27/Jul/2026:01:54:44 +0000] "GET /wp-content/uploads/2026/06/photocopy-410x233.jpg HTTP/1.1" 206 500 "https://weelorum.com/portfolio-projects/" "Mozilla/5.0 (compatible; Bytespider; spider-feedback@bytedance.com) AppleWebKit/537.36 (KHTML, like Gecko) Chrome/70.0.0.0 Safari/537.36"
47.128.116.145 - - [27/Jul/2026:01:54:44 +0000] "GET /wp-content/uploads/2026/06/vortex-410x233.jpg HTTP/1.1" 206 500 "https://weelorum.com/portfolio-projects/" "Mozilla/5.0 (compatible; Bytespider; spider-feedback@bytedance.com) AppleWebKit/537.36 (KHTML, like Gecko) Chrome/70.0.0.0 Safari/537.36"
47.128.116.145 - - [27/Jul/2026:01:54:44 +0000] "GET /wp-content/uploads/2022/05/logo.png HTTP/1.1" 206 500 "https://weelorum.com/portfolio-projects/" "Mozilla/5.0 (compatible; Bytespider; spider-feedback@bytedance.com) AppleWebKit/537.36 (KHTML, like Gecko) Chrome/70.0.0.0 Safari/537.36"
47.128.116.145 - - [27/Jul/2026:01:54:44 +0000] "GET /wp-content/themes/weelorum-theme/assets/images/icon-facebook.png HTTP/1.1" 206 313 "https://weelorum.com/portfolio-projects/" "Mozilla/5.0 (compatible; Bytespider; spider-feedback@bytedance.com) AppleWebKit/537.36 (KHTML, like Gecko) Chrome/70.0.0.0 Safari/537.36"
47.128.116.145 - - [27/Jul/2026:01:54:44 +0000] "GET /wp-content/themes/weelorum-theme/assets/images/icon-linkedin.png HTTP/1.1" 206 461 "https://weelorum.com/portfolio-projects/" "Mozilla/5.0 (compatible; Bytespider; spider-feedback@bytedance.com) AppleWebKit/537.36 (KHTML, like Gecko) Chrome/70.0.0.0 Safari/537.36"
47.128.116.145 - - [27/Jul/2026:01:54:44 +0000] "GET /wp-content/themes/weelorum-theme/assets/images/footer-award-1.png HTTP/1.1" 206 500 "https://weelorum.com/portfolio-projects/" "Mozilla/5.0 (compatible; Bytespider; spider-feedback@bytedance.com) AppleWebKit/537.36 (KHTML, like Gecko) Chrome/70.0.0.0 Safari/537.36"
47.128.116.145 - - [27/Jul/2026:01:54:44 +0000] "GET /wp-content/themes/weelorum-theme/assets/images/icon-telegram.png HTTP/1.1" 206 500 "https://weelorum.com/portfolio-projects/" "Mozilla/5.0 (compatible; Bytespider; spider-feedback@bytedance.com) AppleWebKit/537.36 (KHTML, like Gecko) Chrome/70.0.0.0 Safari/537.36"
47.128.116.145 - - [27/Jul/2026:01:54:44 +0000] "GET /wp-content/themes/weelorum-theme/assets/images/footer-award-2.svg HTTP/1.1" 206 500 "https://weelorum.com/portfolio-projects/" "Mozilla/5.0 (compatible; Bytespider; spider-feedback@bytedance.com) AppleWebKit/537.36 (KHTML, like Gecko) Chrome/70.0.0.0 Safari/537.36"
47.128.116.145 - - [27/Jul/2026:01:54:45 +0000] "GET /wp-content/themes/weelorum-theme/assets/images/footer-award-2.svg HTTP/1.1" 304 0 "https://weelorum.com/portfolio-projects/" "Mozilla/5.0 (compatible; Bytespider; spider-feedback@bytedance.com) AppleWebKit/537.36 (KHTML, like Gecko) Chrome/70.0.0.0 Safari/537.36"
47.128.116.145 - - [27/Jul/2026:01:54:45 +0000] "GET /wp-content/themes/weelorum-theme/assets/images/footer-award-2.svg HTTP/1.1" 200 30445 "https://weelorum.com/portfolio-projects/" "Mozilla/5.0 (compatible; Bytespider; spider-feedback@bytedance.com) AppleWebKit/537.36 (KHTML, like Gecko) Chrome/70.0.0.0 Safari/537.36"
146.190.158.65 - - [27/Jul/2026:01:54:45 +0000] "POST /wp-cron.php?doing_wp_cron=1785117285.4283161163330078125000 HTTP/1.1" 200 31 "-" "WordPress/7.0; https://weelorum.com"
47.128.116.145 - - [27/Jul/2026:01:54:45 +0000] "POST /wp-admin/admin-ajax.php HTTP/1.1" 200 109 "https://weelorum.com/portfolio-projects/" "Mozilla/5.0 (compatible; Bytespider; spider-feedback@bytedance.com) AppleWebKit/537.36 (KHTML, like Gecko) Chrome/70.0.0.0 Safari/537.36"
47.128.116.145 - - [27/Jul/2026:01:54:46 +0000] "POST /wp-admin/admin-ajax.php HTTP/1.1" 200 516 "https://weelorum.com/portfolio-projects/" "Mozilla/5.0 (compatible; Bytespider; spider-feedback@bytedance.com) AppleWebKit/537.36 (KHTML, like Gecko) Chrome/70.0.0.0 Safari/537.36"
177.184.239.196 - - [27/Jul/2026:01:54:50 +0000] "POST /xmlrpc.php HTTP/1.1" 405 427 "-" "Jetpack by WordPress.com (Jetpack 12.1; WordPress 6.1)"
177.184.239.196 - - [27/Jul/2026:01:55:01 +0000] "POST /xmlrpc.php HTTP/1.1" 405 427 "-" "Jetpack by WordPress.com"
177.184.239.196 - - [27/Jul/2026:01:55:12 +0000] "POST /xmlrpc.php HTTP/1.1" 405 427 "-" "Jetpack by WordPress.com"
146.190.158.65 - - [27/Jul/2026:01:55:23 +0000] "POST /wp-cron.php?doing_wp_cron=1785117323.5734028816223144531250 HTTP/1.1" 200 31 "-" "WordPress/7.0; https://weelorum.com"
177.184.239.196 - - [27/Jul/2026:01:55:23 +0000] "POST /xmlrpc.php HTTP/1.1" 405 427 "-" "Jetpack by WordPress.com (Jetpack 12.5; WordPress 6.1)"
146.190.158.65 - - [27/Jul/2026:01:55:34 +0000] "POST /wp-cron.php?doing_wp_cron=1785117334.6916749477386474609375 HTTP/1.1" 200 31 "-" "WordPress/7.0; https://weelorum.com"
177.184.239.196 - - [27/Jul/2026:01:55:34 +0000] "POST /xmlrpc.php HTTP/1.1" 405 427 "-" "WordPress.com; https://wordpress.com"
146.190.158.65 - - [27/Jul/2026:01:55:45 +0000] "POST /wp-cron.php?doing_wp_cron=1785117345.6576819419860839843750 HTTP/1.1" 200 31 "-" "WordPress/7.0; https://weelorum.com"
177.184.239.196 - - [27/Jul/2026:01:55:45 +0000] "POST /xmlrpc.php HTTP/1.1" 405 427 "-" "Jetpack/12.1; WordPress/6.3; http://site23149965.com"
177.184.239.196 - - [27/Jul/2026:01:55:56 +0000] "POST /xmlrpc.php HTTP/1.1" 405 427 "-" "WordPress.com; https://wordpress.com"
146.190.158.65 - - [27/Jul/2026:01:56:01 +0000] "GET / HTTP/1.1" 301 169 "-" "Mozilla/5.0 (X11; Linux x86_64) AppleWebKit/537.36 (KHTML, like Gecko) Chrome/44.0.2403.157 Safari/537.36"
146.190.158.65 - - [27/Jul/2026:01:56:01 +0000] "GET / HTTP/1.1" 200 32502 "http://146.190.158.65" "Mozilla/5.0 (X11; Linux x86_64) AppleWebKit/537.36 (KHTML, like Gecko) Chrome/44.0.2403.157 Safari/537.36"
177.184.239.196 - - [27/Jul/2026:01:56:07 +0000] "POST /xmlrpc.php HTTP/1.1" 405 427 "-" "Jetpack/12.5; WordPress/6.4; http://site37201346.com"
146.190.158.65 - - [27/Jul/2026:01:56:19 +0000] "POST /wp-cron.php?doing_wp_cron=1785117379.4264500141143798828125 HTTP/1.1" 200 31 "-" "WordPress/7.0; https://weelorum.com"
177.184.239.196 - - [27/Jul/2026:01:56:19 +0000] "POST /xmlrpc.php HTTP/1.1" 405 427 "-" "Jetpack by WordPress.com (Jetpack 12.0; WordPress 6.4)"
146.190.158.65 - - [27/Jul/2026:01:56:30 +0000] "POST /wp-cron.php?doing_wp_cron=1785117390.2974290847778320312500 HTTP/1.1" 200 31 "-" "WordPress/7.0; https://weelorum.com"
177.184.239.196 - - [27/Jul/2026:01:56:30 +0000] "POST /xmlrpc.php HTTP/1.1" 405 427 "-" "Jetpack by WordPress.com"
146.190.158.65 - - [27/Jul/2026:01:56:41 +0000] "POST /wp-cron.php?doing_wp_cron=1785117401.3179678916931152343750 HTTP/1.1" 200 31 "-" "WordPress/7.0; https://weelorum.com"
177.184.239.196 - - [27/Jul/2026:01:56:41 +0000] "POST /xmlrpc.php HTTP/1.1" 405 427 "-" "WordPress.com; https://wordpress.com"
177.184.239.196 - - [27/Jul/2026:01:56:52 +0000] "POST /xmlrpc.php HTTP/1.1" 405 427 "-" "Jetpack by WordPress.com (Jetpack 12.1; WordPress 6.2)"
177.184.239.196 - - [27/Jul/2026:01:57:03 +0000] "POST /xmlrpc.php HTTP/1.1" 405 427 "-" "Jetpack by WordPress.com"
177.184.239.196 - - [27/Jul/2026:01:57:14 +0000] "POST /xmlrpc.php HTTP/1.1" 405 427 "-" "WordPress.com; https://wordpress.com"
146.190.158.65 - - [27/Jul/2026:01:57:25 +0000] "POST /wp-cron.php?doing_wp_cron=1785117445.4955999851226806640625 HTTP/1.1" 200 31 "-" "WordPress/7.0; https://weelorum.com"
177.184.239.196 - - [27/Jul/2026:01:57:25 +0000] "POST /xmlrpc.php HTTP/1.1" 405 427 "-" "Jetpack/13.0; WordPress/6.2; http://site39042284.com"
146.190.158.65 - - [27/Jul/2026:01:57:36 +0000] "POST /wp-cron.php?doing_wp_cron=1785117456.6416440010070800781250 HTTP/1.1" 200 31 "-" "WordPress/7.0; https://weelorum.com"
177.184.239.196 - - [27/Jul/2026:01:57:36 +0000] "POST /xmlrpc.php HTTP/1.1" 405 427 "-" "Jetpack by WordPress.com"
109.248.142.166 - - [27/Jul/2026:01:57:41 +0000] "GET /blog/find-out-how-to-estimate-cost-of-app-development-with-weelorum/ HTTP/1.0" 200 130863 "https://weelorum.com/blog/find-out-how-to-estimate-cost-of-app-development-with-weelorum/#comment-36077/" "Mozilla/5.0 (Windows NT 10.0; Win64; x64) AppleWebKit/537.36 (KHTML, like Gecko) Chrome/130.0.0.0 Safari/537.36"
146.190.158.65 - - [27/Jul/2026:01:57:47 +0000] "POST /wp-cron.php?doing_wp_cron=1785117467.6388020515441894531250 HTTP/1.1" 200 31 "-" "WordPress/7.0; https://weelorum.com"
177.184.239.196 - - [27/Jul/2026:01:57:47 +0000] "POST /xmlrpc.php HTTP/1.1" 405 427 "-" "WordPress.com; https://wordpress.com"
191.232.199.39 - - [27/Jul/2026:01:57:47 +0000] "GET //wp-content/plugins/fix/up.php HTTP/1.1" 301 169 "-" "Mozilla/5.0 (Windows NT 10.0; Win64; x64) AppleWebKit/537.36 (KHTML, like Gecko) Chrome/85.0.4183.102 Safari/537.36"
191.232.199.39 - - [27/Jul/2026:01:57:48 +0000] "GET //wp-content/plugins/fix/up.php HTTP/1.1" 404 47 "-" "Mozilla/5.0 (Windows NT 10.0; Win64; x64) AppleWebKit/537.36 (KHTML, like Gecko) Chrome/85.0.4183.102 Safari/537.36"
177.184.239.196 - - [27/Jul/2026:01:57:58 +0000] "POST /xmlrpc.php HTTP/1.1" 405 427 "-" "Jetpack by WordPress.com (Jetpack 13.0; WordPress 6.2)"
177.184.239.196 - - [27/Jul/2026:01:58:09 +0000] "POST /xmlrpc.php HTTP/1.1" 405 427 "-" "Jetpack by WordPress.com"
146.190.158.65 - - [27/Jul/2026:01:58:20 +0000] "POST /wp-cron.php?doing_wp_cron=1785117500.6300230026245117187500 HTTP/1.1" 200 31 "-" "WordPress/7.0; https://weelorum.com"
177.184.239.196 - - [27/Jul/2026:01:58:20 +0000] "POST /xmlrpc.php HTTP/1.1" 405 427 "-" "Jetpack/12.1; WordPress/6.3; http://site11570115.com"
146.190.158.65 - - [27/Jul/2026:01:58:31 +0000] "POST /wp-cron.php?doing_wp_cron=1785117511.6442310810089111328125 HTTP/1.1" 200 31 "-" "WordPress/7.0; https://weelorum.com"
177.184.239.196 - - [27/Jul/2026:01:58:31 +0000] "POST /xmlrpc.php HTTP/1.1" 405 427 "-" "Jetpack by WordPress.com"
109.248.142.166 - - [27/Jul/2026:01:58:32 +0000] "GET / HTTP/1.0" 200 130863 "https://weelorum.com/" "Mozilla/5.0 (Windows NT 10.0; Win64; x64) AppleWebKit/537.36 (KHTML, like Gecko) Chrome/130.0.0.0 Safari/537.36"
146.190.158.65 - - [27/Jul/2026:01:58:42 +0000] "POST /wp-cron.php?doing_wp_cron=1785117522.6512269973754882812500 HTTP/1.1" 200 31 "-" "WordPress/7.0; https://weelorum.com"
177.184.239.196 - - [27/Jul/2026:01:58:42 +0000] "POST /xmlrpc.php HTTP/1.1" 405 427 "-" "WordPress.com; https://wordpress.com"
177.184.239.196 - - [27/Jul/2026:01:58:53 +0000] "POST /xmlrpc.php HTTP/1.1" 405 427 "-" "WordPress.com; https://wordpress.com"
177.184.239.196 - - [27/Jul/2026:01:59:04 +0000] "POST /xmlrpc.php HTTP/1.1" 405 427 "-" "Jetpack by WordPress.com"
146.190.158.65 - - [27/Jul/2026:01:59:15 +0000] "POST /wp-cron.php?doing_wp_cron=1785117555.6020860671997070312500 HTTP/1.1" 200 31 "-" "WordPress/7.0; https://weelorum.com"
177.184.239.196 - - [27/Jul/2026:01:59:15 +0000] "POST /xmlrpc.php HTTP/1.1" 405 427 "-" "WordPress.com; https://wordpress.com"
146.190.158.65 - - [27/Jul/2026:01:59:26 +0000] "POST /wp-cron.php?doing_wp_cron=1785117566.5325610637664794921875 HTTP/1.1" 200 31 "-" "WordPress/7.0; https://weelorum.com"
177.184.239.196 - - [27/Jul/2026:01:59:26 +0000] "POST /xmlrpc.php HTTP/1.1" 405 427 "-" "Jetpack/12.1; WordPress/6.3; http://site92394207.com"
177.184.239.196 - - [27/Jul/2026:01:59:38 +0000] "POST /xmlrpc.php HTTP/1.1" 405 427 "-" "Jetpack by WordPress.com"
162.120.187.7 - - [27/Jul/2026:01:59:38 +0000] "GET /services/ai-assisted-mvps-with-claude-ai/ HTTP/1.1" 200 81408 "https://www.google.com/" "Mozilla/5.0 (Windows NT 10.0; Win64; x64) AppleWebKit/537.36 (KHTML, like Gecko) Chrome/149.0.0.0 Safari/537.36"
66.249.93.6 - - [27/Jul/2026:01:59:38 +0000] "GET /.well-known/traffic-advice HTTP/1.1" 404 29676 "-" "Chrome Privacy Preserving Prefetch Proxy"
146.190.158.65 - - [27/Jul/2026:01:59:49 +0000] "POST /wp-cron.php?doing_wp_cron=1785117589.0728490352630615234375 HTTP/1.1" 200 31 "-" "WordPress/7.0; https://weelorum.com"
177.184.239.196 - - [27/Jul/2026:01:59:49 +0000] "POST /xmlrpc.php HTTP/1.1" 405 427 "-" "WordPress.com; https://wordpress.com"
84.32.10.214 - - [27/Jul/2026:01:59:49 +0000] "GET /wp-content/themes/weelorum-theme/assets/fonts/montserrat.woff2 HTTP/1.1" 200 30300 "https://weelorum.com/services/ai-assisted-mvps-with-claude-ai/" "Mozilla/5.0 (Windows NT 10.0; Win64; x64) AppleWebKit/537.36 (KHTML, like Gecko) Chrome/149.0.0.0 Safari/537.36"
84.32.10.214 - - [27/Jul/2026:01:59:49 +0000] "GET /wp-content/cache/min/1/wp-content/themes/weelorum-theme/css/awards-section.css?ver=1784812621 HTTP/1.1" 200 1392 "https://weelorum.com/services/ai-assisted-mvps-with-claude-ai/" "Mozilla/5.0 (Windows NT 10.0; Win64; x64) AppleWebKit/537.36 (KHTML, like Gecko) Chrome/149.0.0.0 Safari/537.36"
84.32.10.214 - - [27/Jul/2026:01:59:49 +0000] "GET /wp-content/cache/background-css/1/weelorum.com/wp-content/cache/min/1/wp-content/themes/weelorum-theme/assets/css/wl-pages.css?ver=1784812621&wpr_t=1785086885 HTTP/1.1" 200 58160 "https://weelorum.com/services/ai-assisted-mvps-with-claude-ai/" "Mozilla/5.0 (Windows NT 10.0; Win64; x64) AppleWebKit/537.36 (KHTML, like Gecko) Chrome/149.0.0.0 Safari/537.36"
84.32.10.214 - - [27/Jul/2026:01:59:49 +0000] "GET /wp-includes/js/dist/i18n.min.js?ver=781d11515ad3d91786ec HTTP/1.1" 200 2574 "https://weelorum.com/services/ai-assisted-mvps-with-claude-ai/" "Mozilla/5.0 (Windows NT 10.0; Win64; x64) AppleWebKit/537.36 (KHTML, like Gecko) Chrome/149.0.0.0 Safari/537.36"
84.32.10.214 - - [27/Jul/2026:01:59:50 +0000] "HEAD /wp-content/uploads/2022/12/namebg-web-colorblack.svg HTTP/1.1" 404 0 "-" "-"
84.32.10.214 - - [27/Jul/2026:01:59:50 +0000] "GET /wp-content/uploads/fbrfg/site.webmanifest HTTP/1.1" 200 476 "https://weelorum.com/services/ai-assisted-mvps-with-claude-ai/" "Mozilla/5.0 (Windows NT 10.0; Win64; x64) AppleWebKit/537.36 (KHTML, like Gecko) Chrome/149.0.0.0 Safari/537.36"
84.32.10.214 - - [27/Jul/2026:01:59:50 +0000] "GET /wp-includes/js/jquery/jquery.min.js?ver=3.7.1 HTTP/1.1" 200 35451 "https://weelorum.com/services/ai-assisted-mvps-with-claude-ai/" "Mozilla/5.0 (Windows NT 10.0; Win64; x64) AppleWebKit/537.36 (KHTML, like Gecko) Chrome/149.0.0.0 Safari/537.36"
84.32.10.214 - - [27/Jul/2026:01:59:50 +0000] "GET /wp-content/uploads/2022/12/NameBG-Web-ColorBlack.svg HTTP/1.1" 200 901 "https://weelorum.com/services/ai-assisted-mvps-with-claude-ai/" "Mozilla/5.0 (Windows NT 10.0; Win64; x64) AppleWebKit/537.36 (KHTML, like Gecko) Chrome/149.0.0.0 Safari/537.36"
84.32.10.214 - - [27/Jul/2026:01:59:50 +0000] "GET /wp-includes/js/jquery/jquery-migrate.min.js?ver=3.4.1 HTTP/1.1" 200 5355 "https://weelorum.com/services/ai-assisted-mvps-with-claude-ai/" "Mozilla/5.0 (Windows NT 10.0; Win64; x64) AppleWebKit/537.36 (KHTML, like Gecko) Chrome/149.0.0.0 Safari/537.36"
84.32.10.214 - - [27/Jul/2026:01:59:50 +0000] "GET /wp-content/cache/min/1/wp-content/themes/weelorum-theme/assets/js/main.js?ver=1784812621 HTTP/1.1" 200 1767 "https://weelorum.com/services/ai-assisted-mvps-with-claude-ai/" "Mozilla/5.0 (Windows NT 10.0; Win64; x64) AppleWebKit/537.36 (KHTML, like Gecko) Chrome/149.0.0.0 Safari/537.36"
84.32.10.214 - - [27/Jul/2026:01:59:50 +0000] "GET /wp-content/cache/min/1/wp-content/plugins/contact-form-7/includes/swv/js/index.js?ver=1784812623 HTTP/1.1" 200 3887 "https://weelorum.com/services/ai-assisted-mvps-with-claude-ai/" "Mozilla/5.0 (Windows NT 10.0; Win64; x64) AppleWebKit/537.36 (KHTML, like Gecko) Chrome/149.0.0.0 Safari/537.36"
84.32.10.214 - - [27/Jul/2026:01:59:50 +0000] "GET /wp-content/cache/min/1/wp-content/plugins/contact-form-7/includes/js/index.js?ver=1784812623 HTTP/1.1" 200 4803 "https://weelorum.com/services/ai-assisted-mvps-with-claude-ai/" "Mozilla/5.0 (Windows NT 10.0; Win64; x64) AppleWebKit/537.36 (KHTML, like Gecko) Chrome/149.0.0.0 Safari/537.36"
84.32.10.214 - - [27/Jul/2026:01:59:51 +0000] "GET /wp-content/plugins/wp-rocket/assets/js/lazyload/17.8.3/lazyload.min.js HTTP/1.1" 200 3400 "https://weelorum.com/services/ai-assisted-mvps-with-claude-ai/" "Mozilla/5.0 (Windows NT 10.0; Win64; x64) AppleWebKit/537.36 (KHTML, like Gecko) Chrome/149.0.0.0 Safari/537.36"
84.32.10.214 - - [27/Jul/2026:01:59:51 +0000] "HEAD /wp-content/themes/weelorum-theme/assets/images/logo.png HTTP/1.1" 200 0 "-" "-"
84.32.10.214 - - [27/Jul/2026:01:59:51 +0000] "GET /wp-content/themes/weelorum-theme/assets/images/logo.png HTTP/1.1" 200 4112 "https://weelorum.com/wp-content/cache/background-css/1/weelorum.com/wp-content/cache/min/1/wp-content/themes/weelorum-theme/assets/css/wl-pages.css?ver=1784812621&wpr_t=1785086885" "Mozilla/5.0 (Windows NT 10.0; Win64; x64) AppleWebKit/537.36 (KHTML, like Gecko) Chrome/149.0.0.0 Safari/537.36"
84.32.10.214 - - [27/Jul/2026:01:59:51 +0000] "GET /wp-json/contact-form-7/v1/contact-forms/217/feedback/schema HTTP/1.1" 200 259 "https://weelorum.com/services/ai-assisted-mvps-with-claude-ai/" "Mozilla/5.0 (Windows NT 10.0; Win64; x64) AppleWebKit/537.36 (KHTML, like Gecko) Chrome/149.0.0.0 Safari/537.36"
84.32.10.214 - - [27/Jul/2026:01:59:53 +0000] "GET /wp-content/uploads/fbrfg/favicon.ico HTTP/1.1" 200 1924 "https://weelorum.com/services/ai-assisted-mvps-with-claude-ai/" "Mozilla/5.0 (Windows NT 10.0; Win64; x64) AppleWebKit/537.36 (KHTML, like Gecko) Chrome/149.0.0.0 Safari/537.36"
84.32.10.214 - - [27/Jul/2026:01:59:53 +0000] "GET /wp-json/contact-form-7/v1/contact-forms/217/refill HTTP/1.1" 200 33 "https://weelorum.com/services/ai-assisted-mvps-with-claude-ai/" "Mozilla/5.0 (Windows NT 10.0; Win64; x64) AppleWebKit/537.36 (KHTML, like Gecko) Chrome/149.0.0.0 Safari/537.36"
177.184.239.196 - - [27/Jul/2026:01:59:59 +0000] "POST /xmlrpc.php HTTP/1.1" 405 427 "-" "WordPress.com; https://wordpress.com"
146.190.158.65 - - [27/Jul/2026:02:00:02 +0000] "GET / HTTP/1.1" 301 169 "-" "Mozilla/5.0 (X11; Linux x86_64) AppleWebKit/537.36 (KHTML, like Gecko) Chrome/44.0.2403.157 Safari/537.36"
146.190.158.65 - - [27/Jul/2026:02:00:02 +0000] "GET / HTTP/1.1" 200 79980 "http://146.190.158.65" "Mozilla/5.0 (X11; Linux x86_64) AppleWebKit/537.36 (KHTML, like Gecko) Chrome/44.0.2403.157 Safari/537.36"
177.184.239.196 - - [27/Jul/2026:02:00:10 +0000] "POST /xmlrpc.php HTTP/1.1" 405 427 "-" "WordPress.com; https://wordpress.com"
146.190.158.65 - - [27/Jul/2026:02:00:21 +0000] "POST /wp-cron.php?doing_wp_cron=1785117621.6200189590454101562500 HTTP/1.1" 200 31 "-" "WordPress/7.0; https://weelorum.com"
177.184.239.196 - - [27/Jul/2026:02:00:21 +0000] "POST /xmlrpc.php HTTP/1.1" 405 427 "-" "Jetpack by WordPress.com (Jetpack 12.0; WordPress 6.1)"
146.190.158.65 - - [27/Jul/2026:02:00:32 +0000] "POST /wp-cron.php?doing_wp_cron=1785117632.2983019351959228515625 HTTP/1.1" 200 31 "-" "WordPress/7.0; https://weelorum.com"
177.184.239.196 - - [27/Jul/2026:02:00:32 +0000] "POST /xmlrpc.php HTTP/1.1" 405 427 "-" "Jetpack/13.0; WordPress/6.1; http://site30001376.com"
146.190.158.65 - - [27/Jul/2026:02:00:42 +0000] "POST /wp-cron.php?doing_wp_cron=1785117642.9413070678710937500000 HTTP/1.1" 200 31 "-" "WordPress/7.0; https://weelorum.com"
177.184.239.196 - - [27/Jul/2026:02:00:42 +0000] "POST /xmlrpc.php HTTP/1.1" 405 427 "-" "Jetpack by WordPress.com"
177.184.239.196 - - [27/Jul/2026:02:00:53 +0000] "POST /xmlrpc.php HTTP/1.1" 405 427 "-" "Jetpack/12.5; WordPress/6.3; http://site11527231.com"
177.184.239.196 - - [27/Jul/2026:02:01:04 +0000] "POST /xmlrpc.php HTTP/1.1" 405 427 "-" "WordPress.com; https://wordpress.com"
54.87.113.56 - - [27/Jul/2026:02:01:14 +0000] "GET /blog/fintech-mobile-application-development-features-challenges-and-cost HTTP/1.1" 301 5 "-" "Mozilla/5.0 AppleWebKit/605.1.15 (KHTML, like Gecko) Chrome/139.0.0.0 Safari/605.1.15"
54.87.113.56 - - [27/Jul/2026:02:01:15 +0000] "GET /blog/fintech-mobile-application-development-features-challenges-and-cost/ HTTP/1.1" 200 92212 "-" "Mozilla/5.0 AppleWebKit/605.1.15 (KHTML, like Gecko) Chrome/139.0.0.0 Safari/605.1.15"
146.190.158.65 - - [27/Jul/2026:02:01:15 +0000] "POST /wp-cron.php?doing_wp_cron=1785117675.2583560943603515625000 HTTP/1.1" 200 31 "-" "WordPress/7.0; https://weelorum.com"
177.184.239.196 - - [27/Jul/2026:02:01:15 +0000] "POST /xmlrpc.php HTTP/1.1" 405 427 "-" "Jetpack/12.0; WordPress/6.1; http://site18267135.com"
177.184.239.196 - - [27/Jul/2026:02:01:25 +0000] "POST /xmlrpc.php HTTP/1.1" 405 427 "-" "Jetpack by WordPress.com (Jetpack 12.5; WordPress 6.3)"
146.190.158.65 - - [27/Jul/2026:02:01:36 +0000] "POST /wp-cron.php?doing_wp_cron=1785117696.6056759357452392578125 HTTP/1.1" 200 31 "-" "WordPress/7.0; https://weelorum.com"
177.184.239.196 - - [27/Jul/2026:02:01:36 +0000] "POST /xmlrpc.php HTTP/1.1" 405 427 "-" "Jetpack by WordPress.com (Jetpack 12.1; WordPress 6.2)"
146.190.158.65 - - [27/Jul/2026:02:01:47 +0000] "POST /wp-cron.php?doing_wp_cron=1785117707.3478159904479980468750 HTTP/1.1" 200 31 "-" "WordPress/7.0; https://weelorum.com"
177.184.239.196 - - [27/Jul/2026:02:01:47 +0000] "POST /xmlrpc.php HTTP/1.1" 405 427 "-" "Jetpack by WordPress.com"
177.184.239.196 - - [27/Jul/2026:02:01:58 +0000] "POST /xmlrpc.php HTTP/1.1" 405 427 "-" "WordPress.com; https://wordpress.com"
94.158.60.204 - - [27/Jul/2026:02:02:04 +0000] "GET /solutions/travel-mobile-app-development-services/tel:380962170860 HTTP/1.1" 404 29678 "-" "Mozilla/5.0 (X11; Linux x86_64) AppleWebKit/537.36 (KHTML, like Gecko) Chrome/34.0.1847.137 Safari/4E423F"
146.190.158.65 - - [27/Jul/2026:02:02:08 +0000] "POST /wp-cron.php?doing_wp_cron=1785117728.8030979633331298828125 HTTP/1.1" 200 31 "-" "WordPress/7.0; https://weelorum.com"
177.184.239.196 - - [27/Jul/2026:02:02:08 +0000] "POST /xmlrpc.php HTTP/1.1" 405 427 "-" "Jetpack by WordPress.com (Jetpack 12.0; WordPress 6.2)"
146.190.158.65 - - [27/Jul/2026:02:02:19 +0000] "POST /wp-cron.php?doing_wp_cron=1785117739.6097090244293212890625 HTTP/1.1" 200 31 "-" "WordPress/7.0; https://weelorum.com"
177.184.239.196 - - [27/Jul/2026:02:02:19 +0000] "POST /xmlrpc.php HTTP/1.1" 405 427 "-" "Jetpack/12.5; WordPress/6.1; http://site69573356.com"
146.190.158.65 - - [27/Jul/2026:02:02:30 +0000] "POST /wp-cron.php?doing_wp_cron=1785117750.1949570178985595703125 HTTP/1.1" 200 31 "-" "WordPress/7.0; https://weelorum.com"
177.184.239.196 - - [27/Jul/2026:02:02:30 +0000] "POST /xmlrpc.php HTTP/1.1" 405 427 "-" "Jetpack by WordPress.com (Jetpack 13.0; WordPress 6.3)"
146.190.158.65 - - [27/Jul/2026:02:02:40 +0000] "POST /wp-cron.php?doing_wp_cron=1785117760.9462070465087890625000 HTTP/1.1" 200 31 "-" "WordPress/7.0; https://weelorum.com"
177.184.239.196 - - [27/Jul/2026:02:02:40 +0000] "POST /xmlrpc.php HTTP/1.1" 405 427 "-" "Jetpack by WordPress.com"
177.184.239.196 - - [27/Jul/2026:02:02:51 +0000] "POST /xmlrpc.php HTTP/1.1" 405 427 "-" "Jetpack/12.0; WordPress/6.2; http://site27732152.com"
185.191.171.6 - - [27/Jul/2026:02:02:56 +0000] "GET /portfolio-projects/ HTTP/1.1" 200 57758 "-" "Mozilla/5.0 (compatible; SemrushBot/7~bl; +http://www.semrush.com/bot.html)"
177.184.239.196 - - [27/Jul/2026:02:03:02 +0000] "POST /xmlrpc.php HTTP/1.1" 405 427 "-" "Jetpack by WordPress.com (Jetpack 12.0; WordPress 6.1)"
177.184.239.196 - - [27/Jul/2026:02:03:13 +0000] "POST /xmlrpc.php HTTP/1.1" 405 427 "-" "WordPress.com; https://wordpress.com"
146.190.158.65 - - [27/Jul/2026:02:03:24 +0000] "POST /wp-cron.php?doing_wp_cron=1785117804.0273880958557128906250 HTTP/1.1" 200 31 "-" "WordPress/7.0; https://weelorum.com"
177.184.239.196 - - [27/Jul/2026:02:03:24 +0000] "POST /xmlrpc.php HTTP/1.1" 405 427 "-" "Jetpack by WordPress.com"
146.190.158.65 - - [27/Jul/2026:02:03:34 +0000] "POST /wp-cron.php?doing_wp_cron=1785117814.8427379131317138671875 HTTP/1.1" 200 31 "-" "WordPress/7.0; https://weelorum.com"
177.184.239.196 - - [27/Jul/2026:02:03:34 +0000] "POST /xmlrpc.php HTTP/1.1" 405 427 "-" "WordPress.com; https://wordpress.com"
146.190.158.65 - - [27/Jul/2026:02:03:45 +0000] "POST /wp-cron.php?doing_wp_cron=1785117825.5014290809631347656250 HTTP/1.1" 200 31 "-" "WordPress/7.0; https://weelorum.com"
177.184.239.196 - - [27/Jul/2026:02:03:45 +0000] "POST /xmlrpc.php HTTP/1.1" 405 427 "-" "WordPress.com; https://wordpress.com"
177.184.239.196 - - [27/Jul/2026:02:03:56 +0000] "POST /xmlrpc.php HTTP/1.1" 405 427 "-" "Jetpack by WordPress.com (Jetpack 12.5; WordPress 6.3)"
177.184.239.196 - - [27/Jul/2026:02:04:07 +0000] "POST /xmlrpc.php HTTP/1.1" 405 427 "-" "Jetpack by WordPress.com (Jetpack 12.0; WordPress 6.3)"
146.190.158.65 - - [27/Jul/2026:02:04:18 +0000] "POST /wp-cron.php?doing_wp_cron=1785117858.0866420269012451171875 HTTP/1.1" 200 31 "-" "WordPress/7.0; https://weelorum.com"
177.184.239.196 - - [27/Jul/2026:02:04:18 +0000] "POST /xmlrpc.php HTTP/1.1" 405 427 "-" "Jetpack by WordPress.com"
57.141.18.110 - - [27/Jul/2026:02:04:21 +0000] "GET /technology/kotlin/ HTTP/1.1" 200 227868 "-" "Mozilla/5.0 (Windows NT 10.0; Win64; x64) AppleWebKit/537.36 (KHTML, like Gecko) Chrome/145.0.0.0 Safari/537.36 (compatible; meta-externalagent/1.1 (+https://developers.facebook.com/docs/sharing/webmasters/crawler))"
146.190.158.65 - - [27/Jul/2026:02:04:29 +0000] "POST /wp-cron.php?doing_wp_cron=1785117869.2103550434112548828125 HTTP/1.1" 200 31 "-" "WordPress/7.0; https://weelorum.com"
177.184.239.196 - - [27/Jul/2026:02:04:29 +0000] "POST /xmlrpc.php HTTP/1.1" 405 427 "-" "Jetpack by WordPress.com (Jetpack 12.1; WordPress 6.2)"
