216.73.217.153 - - [27/Jul/2026:03:15:46 +0000] "GET /technology/postgresql/ HTTP/1.1" 200 55260 "-" "Mozilla/5.0 AppleWebKit/537.36 (KHTML, like Gecko; compatible; ClaudeBot/1.0; +claudebot@anthropic.com)"
185.191.171.7 - - [27/Jul/2026:03:16:04 +0000] "GET /technology/postgresql/ HTTP/1.1" 200 55260 "-" "Mozilla/5.0 (compatible; SemrushBot/7~bl; +http://www.semrush.com/bot.html)"
146.190.158.65 - - [27/Jul/2026:03:17:33 +0000] "POST /wp-cron.php?doing_wp_cron=1785122253.8379280567169189453125 HTTP/1.1" 200 31 "-" "WordPress/7.0; https://weelorum.com"
216.73.217.153 - - [27/Jul/2026:03:17:33 +0000] "GET /technology/postgresql/feed/ HTTP/1.1" 200 2222 "-" "Mozilla/5.0 AppleWebKit/537.36 (KHTML, like Gecko; compatible; ClaudeBot/1.0; +claudebot@anthropic.com)"
191.37.151.181 - - [27/Jul/2026:03:18:08 +0000] "GET /blog/technologies-for-music-streaming-app-development-backend-frontend/ HTTP/1.1" 200 88760 "-" "Mozilla/5.0 (Macintosh; Intel Mac OS X 10.15; rv:133.0) Gecko/20100101 Firefox/133.0"
91.84.114.150 - - [27/Jul/2026:03:18:44 +0000] "GET /blog/find-out-how-to-estimate-cost-of-app-development-with-weelorum/ HTTP/1.0" 200 365755 "https://weelorum.com/blog/find-out-how-to-estimate-cost-of-app-development-with-weelorum/" "Mozilla/5.0 (Windows NT 10.0; Win64; x64) AppleWebKit/537.36 (KHTML, like Gecko) Chrome/131.0.0.0 Safari/537.36"
146.190.158.65 - - [27/Jul/2026:03:18:45 +0000] "POST /wp-cron.php?doing_wp_cron=1785122325.2850580215454101562500 HTTP/1.1" 200 31 "-" "WordPress/7.0; https://weelorum.com"
91.84.114.150 - - [27/Jul/2026:03:18:45 +0000] "POST /wp-comments-post.php HTTP/1.0" 302 0 "https://weelorum.com/blog/find-out-how-to-estimate-cost-of-app-development-with-weelorum/" "Mozilla/5.0 (Windows NT 10.0; Win64; x64) AppleWebKit/537.36 (KHTML, like Gecko) Chrome/131.0.0.0 Safari/537.36"
91.84.114.150 - - [27/Jul/2026:03:18:46 +0000] "GET /blog/find-out-how-to-estimate-cost-of-app-development-with-weelorum/ HTTP/1.0" 200 212791 "https://weelorum.com/blog/find-out-how-to-estimate-cost-of-app-development-with-weelorum/#comment-40090" "Mozilla/5.0 (Windows NT 10.0; Win64; x64) AppleWebKit/537.36 (KHTML, like Gecko) Chrome/131.0.0.0 Safari/537.36"
47.128.115.87 - - [27/Jul/2026:03:19:00 +0000] "GET /services/end-to-end-application-development-services HTTP/1.1" 301 5 "-" "Mozilla/5.0 (compatible; Bytespider; spider-feedback@bytedance.com) AppleWebKit/537.36 (KHTML, like Gecko) Chrome/70.0.0.0 Safari/537.36"
47.128.115.87 - - [27/Jul/2026:03:19:00 +0000] "GET /services/end-to-end-application-development-services/ HTTP/1.1" 200 78053 "-" "Mozilla/5.0 (compatible; Bytespider; spider-feedback@bytedance.com) AppleWebKit/537.36 (KHTML, like Gecko) Chrome/70.0.0.0 Safari/537.36"
47.128.115.87 - - [27/Jul/2026:03:19:01 +0000] "GET /wp-content/uploads/2022/12/NameBG-Web-ColorBlack.svg HTTP/1.1" 206 500 "https://weelorum.com/services/end-to-end-application-development-services/" "Mozilla/5.0 (compatible; Bytespider; spider-feedback@bytedance.com) AppleWebKit/537.36 (KHTML, like Gecko) Chrome/70.0.0.0 Safari/537.36"
47.128.115.87 - - [27/Jul/2026:03:19:01 +0000] "GET /wp-content/uploads/2022/12/NameBG-Web-ColorBlack.svg HTTP/1.1" 304 0 "https://weelorum.com/services/end-to-end-application-development-services/" "Mozilla/5.0 (compatible; Bytespider; spider-feedback@bytedance.com) AppleWebKit/537.36 (KHTML, like Gecko) Chrome/70.0.0.0 Safari/537.36"
47.128.115.87 - - [27/Jul/2026:03:19:02 +0000] "GET /wp-content/uploads/2022/12/NameBG-Web-ColorBlack.svg HTTP/1.1" 200 901 "https://weelorum.com/services/end-to-end-application-development-services/" "Mozilla/5.0 (compatible; Bytespider; spider-feedback@bytedance.com) AppleWebKit/537.36 (KHTML, like Gecko) Chrome/70.0.0.0 Safari/537.36"
47.128.115.87 - - [27/Jul/2026:03:19:03 +0000] "GET /wp-content/themes/weelorum-theme/assets/images/footer-award-2.svg HTTP/1.1" 206 500 "https://weelorum.com/services/end-to-end-application-development-services/" "Mozilla/5.0 (compatible; Bytespider; spider-feedback@bytedance.com) AppleWebKit/537.36 (KHTML, like Gecko) Chrome/70.0.0.0 Safari/537.36"
47.128.115.87 - - [27/Jul/2026:03:19:03 +0000] "GET /wp-json/contact-form-7/v1/contact-forms/217/feedback/schema HTTP/1.1" 200 259 "https://weelorum.com/services/end-to-end-application-development-services/" "Mozilla/5.0 (compatible; Bytespider; spider-feedback@bytedance.com) AppleWebKit/537.36 (KHTML, like Gecko) Chrome/70.0.0.0 Safari/537.36"
47.128.115.87 - - [27/Jul/2026:03:19:04 +0000] "GET /wp-content/themes/weelorum-theme/assets/images/footer-award-2.svg HTTP/1.1" 304 0 "https://weelorum.com/services/end-to-end-application-development-services/" "Mozilla/5.0 (compatible; Bytespider; spider-feedback@bytedance.com) AppleWebKit/537.36 (KHTML, like Gecko) Chrome/70.0.0.0 Safari/537.36"
47.128.115.87 - - [27/Jul/2026:03:19:04 +0000] "GET /wp-content/themes/weelorum-theme/assets/images/footer-award-2.svg HTTP/1.1" 200 30445 "https://weelorum.com/services/end-to-end-application-development-services/" "Mozilla/5.0 (compatible; Bytespider; spider-feedback@bytedance.com) AppleWebKit/537.36 (KHTML, like Gecko) Chrome/70.0.0.0 Safari/537.36"
47.128.115.87 - - [27/Jul/2026:03:19:05 +0000] "GET /wp-json/contact-form-7/v1/contact-forms/217/refill HTTP/1.1" 200 33 "https://weelorum.com/services/end-to-end-application-development-services/" "Mozilla/5.0 (compatible; Bytespider; spider-feedback@bytedance.com) AppleWebKit/537.36 (KHTML, like Gecko) Chrome/70.0.0.0 Safari/537.36"
167.71.20.201 - - [27/Jul/2026:03:22:18 +0000] "GET /wp-content/uploads/2025/11/5-Must-Have-Features-for-a-Successful-AI-Powered-Dating-App.png HTTP/1.1" 200 32361 "-" "Mozilla/5.0 (iPhone; CPU iPhone OS 17_6_1 like Mac OS X) AppleWebKit/605.1.15 (KHTML, like Gecko) CriOS/135.0.7049.83 Mobile/15E148 Safari/604.1"
185.191.171.5 - - [27/Jul/2026:03:24:08 +0000] "GET /technology/google-maps-api/ HTTP/1.1" 200 55305 "-" "Mozilla/5.0 (compatible; SemrushBot/7~bl; +http://www.semrush.com/bot.html)"
146.190.158.65 - - [27/Jul/2026:03:24:40 +0000] "POST /wp-cron.php?doing_wp_cron=1785122680.3866660594940185546875 HTTP/1.1" 200 31 "-" "WordPress/7.0; https://weelorum.com"
220.196.160.40 - - [27/Jul/2026:03:24:40 +0000] "GET /solutions/event-app-development-company HTTP/1.1" 301 5 "-" "Mozilla/5.0 (Windows NT 10.0; Win64; x64) AppleWebKit/537.36 (KHTML, like Gecko) Chrome/122.0.0.0 Safari/537.36"
220.196.160.40 - - [27/Jul/2026:03:24:40 +0000] "GET /solutions/event-app-development-company/ HTTP/1.1" 200 79294 "-" "Mozilla/5.0 (Windows NT 10.0; Win64; x64) AppleWebKit/537.36 (KHTML, like Gecko) Chrome/122.0.0.0 Safari/537.36"
104.165.2.185 - - [27/Jul/2026:03:25:23 +0000] "GET / HTTP/1.1" 301 169 "-" "Mozilla/5.0 (compatible; Baiduspider/2.0; +http://www.baidu.com/search/spider.html)"
104.165.2.185 - - [27/Jul/2026:03:25:23 +0000] "GET / HTTP/1.1" 200 79980 "-" "Mozilla/5.0 (compatible; Baiduspider/2.0; +http://www.baidu.com/search/spider.html)"
188.130.218.240 - - [27/Jul/2026:03:26:24 +0000] "GET /blog/find-out-how-to-estimate-cost-of-app-development-with-weelorum/ HTTP/1.0" 200 196399 "https://weelorum.com/blog/find-out-how-to-estimate-cost-of-app-development-with-weelorum/#comment-36098/" "Mozilla/5.0 (Windows NT 10.0; Win64; x64) AppleWebKit/537.36 (KHTML, like Gecko) Chrome/129.0.0.0 Safari/537.36"
188.130.218.240 - - [27/Jul/2026:03:27:15 +0000] "GET / HTTP/1.0" 200 130863 "https://weelorum.com/" "Mozilla/5.0 (Windows NT 10.0; Win64; x64) AppleWebKit/537.36 (KHTML, like Gecko) Chrome/129.0.0.0 Safari/537.36"
146.190.158.65 - - [27/Jul/2026:03:27:25 +0000] "POST /wp-cron.php?doing_wp_cron=1785122845.8864169120788574218750 HTTP/1.1" 200 31 "-" "WordPress/7.0; https://weelorum.com"
47.82.48.42 - - [27/Jul/2026:03:27:25 +0000] "GET /page-sitemap.xml HTTP/1.1" 200 2919 "-" "Mozilla/5.0 (Windows NT 10.0; Win64; x64) AppleWebKit/537.36 (KHTML, like Gecko) Chrome/148.0.0.0 Safari/537.36"
173.252.82.49 - - [27/Jul/2026:03:27:56 +0000] "GET /robots.txt HTTP/1.1" 206 150 "-" "facebookexternalhit/1.1 (+http://www.facebook.com/externalhit_uatext.php)"
146.190.158.65 - - [27/Jul/2026:03:27:57 +0000] "POST /wp-cron.php?doing_wp_cron=1785122877.3623149394989013671875 HTTP/1.1" 200 31 "-" "WordPress/7.0; https://weelorum.com"
113.189.60.163 - - [27/Jul/2026:03:27:57 +0000] "GET /how-to-build-a-messaging-app-for-chats-steps-and-examples-of-apps/tel:380962170860 HTTP/1.1" 404 29716 "-" "Mozilla/5.0 (Windows NT 10.0; Win64; x64) AppleWebKit/537.36 (KHTML, like Gecko) Chrome/80.0.3987.132 Safari/537.36"
9.139.3.4 - - [27/Jul/2026:03:28:00 +0000] "GET /services/ai-assisted-mvps-with-claude-ai/ HTTP/1.1" 200 81408 "-" "Mozilla/5.0 (Macintosh; Intel Mac OS X 10_15_7) AppleWebKit/537.36 (KHTML, like Gecko) Chrome/133.0.0.0 Safari/537.36"
146.190.158.65 - - [27/Jul/2026:03:28:01 +0000] "GET / HTTP/1.1" 301 169 "-" "Mozilla/5.0 (X11; Linux x86_64) AppleWebKit/537.36 (KHTML, like Gecko) Chrome/44.0.2403.157 Safari/537.36"
146.190.158.65 - - [27/Jul/2026:03:28:01 +0000] "GET / HTTP/1.1" 200 32502 "http://146.190.158.65" "Mozilla/5.0 (X11; Linux x86_64) AppleWebKit/537.36 (KHTML, like Gecko) Chrome/44.0.2403.157 Safari/537.36"
73.1.242.75 - - [27/Jul/2026:03:28:15 +0000] "GET /our-team/ HTTP/1.1" 200 70503 "-" "Mozilla/5.0 (Windows NT 10.0; Win64; x64) AppleWebKit/537.36 (KHTML, like Gecko) Chrome/99.0.4844.51 Safari/537.36"
146.190.158.65 - - [27/Jul/2026:03:28:21 +0000] "POST /wp-cron.php?doing_wp_cron=1785122901.5523281097412109375000 HTTP/1.1" 200 31 "-" "WordPress/7.0; https://weelorum.com"
190.44.152.20 - - [27/Jul/2026:03:28:21 +0000] "GET /privacy-policy HTTP/1.1" 301 5 "-" "Mozilla/5.0 (Macintosh; Intel Mac OS X 10_15_7) AppleWebKit/537.36 (KHTML, like Gecko) Chrome/124.0.0.0 Safari/537.36"
190.44.152.20 - - [27/Jul/2026:03:28:22 +0000] "GET /privacy-policy/ HTTP/1.1" 200 60584 "-" "Mozilla/5.0 (Macintosh; Intel Mac OS X 10_15_7) AppleWebKit/537.36 (KHTML, like Gecko) Chrome/124.0.0.0 Safari/537.36"
23.84.247.230 - - [27/Jul/2026:03:28:28 +0000] "GET /app-audit/ HTTP/1.1" 200 85870 "-" "Mozilla/5.0 (Macintosh; Intel Mac OS X 10_15_7) AppleWebKit/537.36 (KHTML, like Gecko) Chrome/120.0.0.0 Safari/537.36"
47.82.13.44 - - [27/Jul/2026:03:28:42 +0000] "GET /success-stories/krankque/ HTTP/1.1" 200 75224 "-" "Mozilla/5.0 (Macintosh; Intel Mac OS X 10_15_7) AppleWebKit/537.36 (KHTML, like Gecko) Chrome/146.0.0.0 Safari/537.36"
47.82.54.170 - - [27/Jul/2026:03:28:45 +0000] "GET /success-stories/my-store/ HTTP/1.1" 200 75177 "-" "Mozilla/5.0 (Windows NT 10.0; Win64; x64) AppleWebKit/537.36 (KHTML, like Gecko) Chrome/144.0.0.0 Safari/537.36"
87.199.194.213 - - [27/Jul/2026:03:28:49 +0000] "GET /blog/find-out-how-to-estimate-cost-of-app-development-with-weelorum/ HTTP/1.0" 200 365755 "https://weelorum.com/blog/find-out-how-to-estimate-cost-of-app-development-with-weelorum/" "Mozilla/5.0 (Windows NT 10.0; Win64; x64) AppleWebKit/537.36 (KHTML, like Gecko) Chrome/131.0.0.0 Safari/537.36"
146.190.158.65 - - [27/Jul/2026:03:28:50 +0000] "POST /wp-cron.php?doing_wp_cron=1785122930.5626978874206542968750 HTTP/1.1" 200 31 "-" "WordPress/7.0; https://weelorum.com"
87.199.194.213 - - [27/Jul/2026:03:28:50 +0000] "POST /wp-comments-post.php HTTP/1.0" 302 0 "https://weelorum.com/blog/find-out-how-to-estimate-cost-of-app-development-with-weelorum/" "Mozilla/5.0 (Windows NT 10.0; Win64; x64) AppleWebKit/537.36 (KHTML, like Gecko) Chrome/131.0.0.0 Safari/537.36"
87.199.194.213 - - [27/Jul/2026:03:28:51 +0000] "GET /blog/find-out-how-to-estimate-cost-of-app-development-with-weelorum/ HTTP/1.0" 200 130759 "https://weelorum.com/blog/find-out-how-to-estimate-cost-of-app-development-with-weelorum/#comment-40091" "Mozilla/5.0 (Windows NT 10.0; Win64; x64) AppleWebKit/537.36 (KHTML, like Gecko) Chrome/131.0.0.0 Safari/537.36"
47.82.54.235 - - [27/Jul/2026:03:28:58 +0000] "GET /success-stories/car-wash-ordering-vortex/ HTTP/1.1" 200 67763 "-" "Mozilla/5.0 (Macintosh; Intel Mac OS X 10_15_7) AppleWebKit/537.36 (KHTML, like Gecko) Chrome/147.0.0.0 Safari/537.36"
47.82.49.241 - - [27/Jul/2026:03:28:58 +0000] "GET /frontpage/ HTTP/1.1" 200 83719 "-" "Mozilla/5.0 (Windows NT 10.0; Win64; x64) AppleWebKit/537.36 (KHTML, like Gecko) Chrome/147.0.0.0 Safari/537.36"
47.82.15.128 - - [27/Jul/2026:03:29:03 +0000] "GET /success-stories/bliss-pool/ HTTP/1.1" 200 74718 "-" "Mozilla/5.0 (Macintosh; Intel Mac OS X 10_15_7) AppleWebKit/537.36 (KHTML, like Gecko) Chrome/139.0.0.0 Safari/537.36"
47.82.55.138 - - [27/Jul/2026:03:29:03 +0000] "GET /success-stories/zinglez/ HTTP/1.1" 200 74834 "-" "Mozilla/5.0 (Macintosh; Intel Mac OS X 10_15_7) AppleWebKit/537.36 (KHTML, like Gecko) Chrome/142.0.0.0 Safari/537.36"
47.82.55.30 - - [27/Jul/2026:03:29:08 +0000] "GET /portfolio/ HTTP/1.1" 200 63694 "-" "Mozilla/5.0 (Macintosh; Intel Mac OS X 10_15_7) AppleWebKit/537.36 (KHTML, like Gecko) Chrome/145.0.0.0 Safari/537.36"
47.82.54.78 - - [27/Jul/2026:03:29:08 +0000] "GET /company/ HTTP/1.1" 200 53083 "-" "Mozilla/5.0 (Macintosh; Intel Mac OS X 10_15_7) AppleWebKit/537.36 (KHTML, like Gecko) Chrome/146.0.0.0 Safari/537.36"
34.96.45.175 - - [27/Jul/2026:03:29:16 +0000] "GET /blog/what-ai-is-capable-of-gemini-pro-and-chatgpt4s-potential/ HTTP/1.1" 200 95937 "-" "Mozilla/5.0 (Macintosh; Intel Mac OS X 10_15_7) AppleWebKit/537.36 (KHTML, like Gecko) Chrome/124.0.0.0 Safari/537.36"
146.190.158.65 - - [27/Jul/2026:03:29:20 +0000] "POST /wp-cron.php?doing_wp_cron=1785122960.9706919193267822265625 HTTP/1.1" 200 31 "-" "WordPress/7.0; https://weelorum.com"
194.55.228.156 - - [27/Jul/2026:03:29:20 +0000] "GET /blog/5-must-have-features-for-a-successful-ai-powered-dating-app HTTP/1.1" 301 5 "-" "Mozilla/5.0 (Macintosh; Intel Mac OS X 10_15_7) AppleWebKit/537.36 (KHTML, like Gecko) Chrome/142.0.0.0 Safari/537.36"
185.47.95.61 - - [27/Jul/2026:03:29:21 +0000] "GET /blog/5-must-have-features-for-a-successful-ai-powered-dating-app/ HTTP/1.1" 200 89554 "-" "Mozilla/5.0 (Macintosh; Intel Mac OS X 10_15_7) AppleWebKit/537.36 (KHTML, like Gecko) Chrome/142.0.0.0 Safari/537.36"
146.190.158.65 - - [27/Jul/2026:03:30:35 +0000] "POST /wp-cron.php?doing_wp_cron=1785123035.1289141178131103515625 HTTP/1.1" 200 31 "-" "WordPress/7.0; https://weelorum.com"
39.101.95.69 - - [27/Jul/2026:03:30:35 +0000] "GET /sitemap_index.xml HTTP/1.1" 200 439 "-" "Mozilla/5.0 (Macintosh; Intel Mac OS X 10_15_7) AppleWebKit/537.36 (KHTML, like Gecko) Chrome/148.0.0.0 Safari/537.36"
146.190.158.65 - - [27/Jul/2026:03:31:04 +0000] "POST /wp-cron.php?doing_wp_cron=1785123063.9997229576110839843750 HTTP/1.1" 200 31 "-" "WordPress/7.0; https://weelorum.com"
47.82.54.158 - - [27/Jul/2026:03:31:04 +0000] "GET /sitemap_index.xml HTTP/1.1" 200 439 "-" "Mozilla/5.0 (Macintosh; Intel Mac OS X 10_15_7) AppleWebKit/537.36 (KHTML, like Gecko) Chrome/144.0.0.0 Safari/537.36"
146.190.158.65 - - [27/Jul/2026:03:31:38 +0000] "POST /wp-cron.php?doing_wp_cron=1785123098.5346610546112060546875 HTTP/1.1" 200 31 "-" "WordPress/7.0; https://weelorum.com"
47.128.116.120 - - [27/Jul/2026:03:31:38 +0000] "GET /blog/key-things-you-should-know-when-making-a-calendar-app HTTP/1.1" 301 5 "-" "Mozilla/5.0 (Linux; Android 5.0) AppleWebKit/537.36 (KHTML, like Gecko) Mobile Safari/537.36 (compatible; Bytespider; spider-feedback@bytedance.com)"
47.128.116.120 - - [27/Jul/2026:03:31:38 +0000] "GET /blog/key-things-you-should-know-when-making-a-calendar-app/ HTTP/1.1" 200 91282 "-" "Mozilla/5.0 (Linux; Android 5.0) AppleWebKit/537.36 (KHTML, like Gecko) Mobile Safari/537.36 (compatible; Bytespider; spider-feedback@bytedance.com)"
47.128.116.120 - - [27/Jul/2026:03:31:39 +0000] "GET /wp-content/uploads/2023/03/36.Mob_.375.svg HTTP/1.1" 206 500 "https://weelorum.com/blog/key-things-you-should-know-when-making-a-calendar-app/" "Mozilla/5.0 (Linux; Android 5.0) AppleWebKit/537.36 (KHTML, like Gecko) Mobile Safari/537.36 (compatible; Bytespider; spider-feedback@bytedance.com)"
47.128.116.120 - - [27/Jul/2026:03:31:39 +0000] "GET /wp-content/uploads/2023/03/36.Mob_.375.svg HTTP/1.1" 304 0 "https://weelorum.com/blog/key-things-you-should-know-when-making-a-calendar-app/" "Mozilla/5.0 (Linux; Android 5.0) AppleWebKit/537.36 (KHTML, like Gecko) Mobile Safari/537.36 (compatible; Bytespider; spider-feedback@bytedance.com)"
47.128.116.120 - - [27/Jul/2026:03:31:40 +0000] "GET /wp-content/uploads/2023/03/key-things.png HTTP/1.1" 206 500 "https://weelorum.com/blog/key-things-you-should-know-when-making-a-calendar-app/" "Mozilla/5.0 (Linux; Android 5.0) AppleWebKit/537.36 (KHTML, like Gecko) Mobile Safari/537.36 (compatible; Bytespider; spider-feedback@bytedance.com)"
47.128.116.120 - - [27/Jul/2026:03:31:40 +0000] "GET /wp-content/uploads/2023/03/36.Mob_.375.svg HTTP/1.1" 200 39316 "https://weelorum.com/blog/key-things-you-should-know-when-making-a-calendar-app/" "Mozilla/5.0 (Linux; Android 5.0) AppleWebKit/537.36 (KHTML, like Gecko) Mobile Safari/537.36 (compatible; Bytespider; spider-feedback@bytedance.com)"
47.128.116.120 - - [27/Jul/2026:03:31:40 +0000] "GET /wp-content/uploads/2023/03/logistics.png HTTP/1.1" 206 500 "https://weelorum.com/blog/key-things-you-should-know-when-making-a-calendar-app/" "Mozilla/5.0 (Linux; Android 5.0) AppleWebKit/537.36 (KHTML, like Gecko) Mobile Safari/537.36 (compatible; Bytespider; spider-feedback@bytedance.com)"
47.128.116.120 - - [27/Jul/2026:03:31:40 +0000] "GET /wp-content/uploads/2023/03/tourism.png HTTP/1.1" 206 500 "https://weelorum.com/blog/key-things-you-should-know-when-making-a-calendar-app/" "Mozilla/5.0 (Linux; Android 5.0) AppleWebKit/537.36 (KHTML, like Gecko) Mobile Safari/537.36 (compatible; Bytespider; spider-feedback@bytedance.com)"
47.128.116.120 - - [27/Jul/2026:03:31:40 +0000] "GET /wp-content/uploads/2023/03/how-much.png HTTP/1.1" 206 500 "https://weelorum.com/blog/key-things-you-should-know-when-making-a-calendar-app/" "Mozilla/5.0 (Linux; Android 5.0) AppleWebKit/537.36 (KHTML, like Gecko) Mobile Safari/537.36 (compatible; Bytespider; spider-feedback@bytedance.com)"
47.128.116.120 - - [27/Jul/2026:03:31:41 +0000] "GET /wp-content/uploads/2022/08/3.-Preview-articles.svg HTTP/1.1" 206 500 "https://weelorum.com/blog/key-things-you-should-know-when-making-a-calendar-app/" "Mozilla/5.0 (Linux; Android 5.0) AppleWebKit/537.36 (KHTML, like Gecko) Mobile Safari/537.36 (compatible; Bytespider; spider-feedback@bytedance.com)"
47.128.116.120 - - [27/Jul/2026:03:31:41 +0000] "GET /wp-content/uploads/2022/11/19.-630_344.svg HTTP/1.1" 206 500 "https://weelorum.com/blog/key-things-you-should-know-when-making-a-calendar-app/" "Mozilla/5.0 (Linux; Android 5.0) AppleWebKit/537.36 (KHTML, like Gecko) Mobile Safari/537.36 (compatible; Bytespider; spider-feedback@bytedance.com)"
47.128.116.120 - - [27/Jul/2026:03:31:41 +0000] "GET /wp-content/uploads/2022/09/14.-Preview-articles.svg HTTP/1.1" 206 500 "https://weelorum.com/blog/key-things-you-should-know-when-making-a-calendar-app/" "Mozilla/5.0 (Linux; Android 5.0) AppleWebKit/537.36 (KHTML, like Gecko) Mobile Safari/537.36 (compatible; Bytespider; spider-feedback@bytedance.com)"
47.128.116.120 - - [27/Jul/2026:03:31:41 +0000] "GET /wp-content/uploads/2023/03/10-steps.png HTTP/1.1" 206 500 "https://weelorum.com/blog/key-things-you-should-know-when-making-a-calendar-app/" "Mozilla/5.0 (Linux; Android 5.0) AppleWebKit/537.36 (KHTML, like Gecko) Mobile Safari/537.36 (compatible; Bytespider; spider-feedback@bytedance.com)"
47.128.116.120 - - [27/Jul/2026:03:31:41 +0000] "GET /wp-content/themes/weelorum-theme/assets/images/footer-award-2.svg HTTP/1.1" 206 500 "https://weelorum.com/blog/key-things-you-should-know-when-making-a-calendar-app/" "Mozilla/5.0 (Linux; Android 5.0) AppleWebKit/537.36 (KHTML, like Gecko) Mobile Safari/537.36 (compatible; Bytespider; spider-feedback@bytedance.com)"
47.128.116.120 - - [27/Jul/2026:03:31:41 +0000] "GET /wp-content/uploads/2022/11/16.-630_344.svg HTTP/1.1" 206 500 "https://weelorum.com/blog/key-things-you-should-know-when-making-a-calendar-app/" "Mozilla/5.0 (Linux; Android 5.0) AppleWebKit/537.36 (KHTML, like Gecko) Mobile Safari/537.36 (compatible; Bytespider; spider-feedback@bytedance.com)"
47.128.116.120 - - [27/Jul/2026:03:31:41 +0000] "GET /wp-content/uploads/2022/08/3.-Preview-articles.svg HTTP/1.1" 304 0 "https://weelorum.com/blog/key-things-you-should-know-when-making-a-calendar-app/" "Mozilla/5.0 (Linux; Android 5.0) AppleWebKit/537.36 (KHTML, like Gecko) Mobile Safari/537.36 (compatible; Bytespider; spider-feedback@bytedance.com)"
47.128.116.120 - - [27/Jul/2026:03:31:41 +0000] "GET /wp-content/uploads/2022/11/19.-630_344.svg HTTP/1.1" 304 0 "https://weelorum.com/blog/key-things-you-should-know-when-making-a-calendar-app/" "Mozilla/5.0 (Linux; Android 5.0) AppleWebKit/537.36 (KHTML, like Gecko) Mobile Safari/537.36 (compatible; Bytespider; spider-feedback@bytedance.com)"
146.190.158.65 - - [27/Jul/2026:03:31:41 +0000] "POST /wp-cron.php?doing_wp_cron=1785123101.5328528881072998046875 HTTP/1.1" 200 31 "-" "WordPress/7.0; https://weelorum.com"
47.128.116.120 - - [27/Jul/2026:03:31:41 +0000] "GET /wp-json/contact-form-7/v1/contact-forms/217/feedback/schema HTTP/1.1" 200 259 "https://weelorum.com/blog/key-things-you-should-know-when-making-a-calendar-app/" "Mozilla/5.0 (Linux; Android 5.0) AppleWebKit/537.36 (KHTML, like Gecko) Mobile Safari/537.36 (compatible; Bytespider; spider-feedback@bytedance.com)"
47.128.116.120 - - [27/Jul/2026:03:31:41 +0000] "GET /wp-content/uploads/2022/09/14.-Preview-articles.svg HTTP/1.1" 304 0 "https://weelorum.com/blog/key-things-you-should-know-when-making-a-calendar-app/" "Mozilla/5.0 (Linux; Android 5.0) AppleWebKit/537.36 (KHTML, like Gecko) Mobile Safari/537.36 (compatible; Bytespider; spider-feedback@bytedance.com)"
47.128.116.120 - - [27/Jul/2026:03:31:41 +0000] "GET /wp-content/themes/weelorum-theme/assets/images/footer-award-2.svg HTTP/1.1" 304 0 "https://weelorum.com/blog/key-things-you-should-know-when-making-a-calendar-app/" "Mozilla/5.0 (Linux; Android 5.0) AppleWebKit/537.36 (KHTML, like Gecko) Mobile Safari/537.36 (compatible; Bytespider; spider-feedback@bytedance.com)"
47.128.116.120 - - [27/Jul/2026:03:31:41 +0000] "GET /wp-content/uploads/2022/11/16.-630_344.svg HTTP/1.1" 304 0 "https://weelorum.com/blog/key-things-you-should-know-when-making-a-calendar-app/" "Mozilla/5.0 (Linux; Android 5.0) AppleWebKit/537.36 (KHTML, like Gecko) Mobile Safari/537.36 (compatible; Bytespider; spider-feedback@bytedance.com)"
47.128.116.120 - - [27/Jul/2026:03:31:41 +0000] "GET /wp-content/uploads/2022/11/19.-630_344.svg HTTP/1.1" 200 70290 "https://weelorum.com/blog/key-things-you-should-know-when-making-a-calendar-app/" "Mozilla/5.0 (Linux; Android 5.0) AppleWebKit/537.36 (KHTML, like Gecko) Mobile Safari/537.36 (compatible; Bytespider; spider-feedback@bytedance.com)"
47.128.116.120 - - [27/Jul/2026:03:31:41 +0000] "GET /wp-content/uploads/2022/08/3.-Preview-articles.svg HTTP/1.1" 200 118945 "https://weelorum.com/blog/key-things-you-should-know-when-making-a-calendar-app/" "Mozilla/5.0 (Linux; Android 5.0) AppleWebKit/537.36 (KHTML, like Gecko) Mobile Safari/537.36 (compatible; Bytespider; spider-feedback@bytedance.com)"
47.128.116.120 - - [27/Jul/2026:03:31:41 +0000] "GET /wp-content/uploads/2022/09/14.-Preview-articles.svg HTTP/1.1" 200 73347 "https://weelorum.com/blog/key-things-you-should-know-when-making-a-calendar-app/" "Mozilla/5.0 (Linux; Android 5.0) AppleWebKit/537.36 (KHTML, like Gecko) Mobile Safari/537.36 (compatible; Bytespider; spider-feedback@bytedance.com)"
47.128.116.120 - - [27/Jul/2026:03:31:42 +0000] "GET /wp-content/themes/weelorum-theme/assets/images/footer-award-2.svg HTTP/1.1" 200 30445 "https://weelorum.com/blog/key-things-you-should-know-when-making-a-calendar-app/" "Mozilla/5.0 (Linux; Android 5.0) AppleWebKit/537.36 (KHTML, like Gecko) Mobile Safari/537.36 (compatible; Bytespider; spider-feedback@bytedance.com)"
47.128.116.120 - - [27/Jul/2026:03:31:42 +0000] "GET /wp-content/uploads/2022/11/16.-630_344.svg HTTP/1.1" 200 89962 "https://weelorum.com/blog/key-things-you-should-know-when-making-a-calendar-app/" "Mozilla/5.0 (Linux; Android 5.0) AppleWebKit/537.36 (KHTML, like Gecko) Mobile Safari/537.36 (compatible; Bytespider; spider-feedback@bytedance.com)"
47.128.116.120 - - [27/Jul/2026:03:31:42 +0000] "GET /wp-json/contact-form-7/v1/contact-forms/217/refill HTTP/1.1" 200 33 "https://weelorum.com/blog/key-things-you-should-know-when-making-a-calendar-app/" "Mozilla/5.0 (Linux; Android 5.0) AppleWebKit/537.36 (KHTML, like Gecko) Mobile Safari/537.36 (compatible; Bytespider; spider-feedback@bytedance.com)"
87.199.196.181 - - [27/Jul/2026:03:32:25 +0000] "GET /blog/native-vs-hybrid-mobile-apps-which-is-better-to-choose/ HTTP/1.0" 200 360901 "https://weelorum.com/blog/native-vs-hybrid-mobile-apps-which-is-better-to-choose/" "Mozilla/5.0 (Windows NT 10.0; Win64; x64) AppleWebKit/537.36 (KHTML, like Gecko) Chrome/129.0.0.0 Safari/537.36"
146.190.158.65 - - [27/Jul/2026:03:32:26 +0000] "POST /wp-cron.php?doing_wp_cron=1785123146.4349949359893798828125 HTTP/1.1" 200 31 "-" "WordPress/7.0; https://weelorum.com"
87.199.196.181 - - [27/Jul/2026:03:32:26 +0000] "POST /wp-comments-post.php HTTP/1.0" 302 0 "https://weelorum.com/blog/native-vs-hybrid-mobile-apps-which-is-better-to-choose/" "Mozilla/5.0 (Windows NT 10.0; Win64; x64) AppleWebKit/537.36 (KHTML, like Gecko) Chrome/129.0.0.0 Safari/537.36"
87.199.196.181 - - [27/Jul/2026:03:32:27 +0000] "GET /blog/native-vs-hybrid-mobile-apps-which-is-better-to-choose/ HTTP/1.0" 200 130759 "https://weelorum.com/blog/native-vs-hybrid-mobile-apps-which-is-better-to-choose/#comment-40092" "Mozilla/5.0 (Windows NT 10.0; Win64; x64) AppleWebKit/537.36 (KHTML, like Gecko) Chrome/129.0.0.0 Safari/537.36"
172.202.44.182 - - [27/Jul/2026:03:34:05 +0000] "GET /wp-content/plugins/fix/up.php HTTP/1.1" 301 169 "-" "Mozilla/5.0"
172.202.44.182 - - [27/Jul/2026:03:34:05 +0000] "GET /wp-content/plugins/fix/up.php HTTP/1.1" 404 47 "http://weelorum.com/wp-content/plugins/fix/up.php" "Mozilla/5.0"
172.202.44.182 - - [27/Jul/2026:03:34:05 +0000] "GET /wp-content/plugins/fix/up.php HTTP/1.1" 404 47 "-" "Mozilla/5.0"
146.190.158.65 - - [27/Jul/2026:03:34:32 +0000] "POST /wp-cron.php?doing_wp_cron=1785123272.3481390476226806640625 HTTP/1.1" 200 31 "-" "WordPress/7.0; https://weelorum.com"
39.101.93.102 - - [27/Jul/2026:03:34:32 +0000] "GET /page-sitemap.xml HTTP/1.1" 200 2919 "-" "Mozilla/5.0 (Windows NT 10.0; Win64; x64) AppleWebKit/537.36 (KHTML, like Gecko) Chrome/148.0.0.0 Safari/537.36"
146.190.158.65 - - [27/Jul/2026:03:34:46 +0000] "POST /wp-cron.php?doing_wp_cron=1785123286.6056311130523681640625 HTTP/1.1" 200 31 "-" "WordPress/7.0; https://weelorum.com"
39.101.94.232 - - [27/Jul/2026:03:34:46 +0000] "GET /post-sitemap.xml HTTP/1.1" 200 5025 "-" "Mozilla/5.0 (Windows NT 10.0; Win64; x64) AppleWebKit/537.36 (KHTML, like Gecko) Chrome/141.0.0.0 Safari/537.36"
51.161.37.80 - - [27/Jul/2026:03:35:04 +0000] "GET /blog/ai-generated-apps-issues-risks-founders-need-to-know/ HTTP/1.1" 200 84580 "-" "Mozilla/5.0 (compatible; AhrefsBot/7.0; +http://ahrefs.com/robot/)"
47.82.52.98 - - [27/Jul/2026:03:37:15 +0000] "GET /industry/beauty-wellness/ HTTP/1.1" 200 55270 "-" "Mozilla/5.0 (Macintosh; Intel Mac OS X 10_15_7) AppleWebKit/537.36 (KHTML, like Gecko) Chrome/148.0.0.0 Safari/537.36"
146.190.158.65 - - [27/Jul/2026:03:38:32 +0000] "POST /wp-cron.php?doing_wp_cron=1785123512.8490269184112548828125 HTTP/1.1" 200 31 "-" "WordPress/7.0; https://weelorum.com"
203.2.115.155 - - [27/Jul/2026:03:38:32 +0000] "GET /wp-login.php HTTP/1.1" 404 27221 "-" "Apache-HttpClient/4.5.2 (Java/1.8.0_161)"
203.2.115.155 - - [27/Jul/2026:03:38:33 +0000] "GET /?author=1 HTTP/1.1" 404 27223 "-" "Apache-HttpClient/4.5.2 (Java/1.8.0_161)"
203.2.115.155 - - [27/Jul/2026:03:38:34 +0000] "GET /?author=2 HTTP/1.1" 301 5 "-" "Apache-HttpClient/4.5.2 (Java/1.8.0_161)"
203.2.115.155 - - [27/Jul/2026:03:38:34 +0000] "GET /blog/natasha/ HTTP/1.1" 200 54832 "-" "Apache-HttpClient/4.5.2 (Java/1.8.0_161)"
203.2.115.155 - - [27/Jul/2026:03:38:35 +0000] "GET /?author=3 HTTP/1.1" 301 5 "-" "Apache-HttpClient/4.5.2 (Java/1.8.0_161)"
203.2.115.155 - - [27/Jul/2026:03:38:35 +0000] "GET /blog/ilya-budko/ HTTP/1.1" 200 62099 "-" "Apache-HttpClient/4.5.2 (Java/1.8.0_161)"
203.2.115.155 - - [27/Jul/2026:03:38:36 +0000] "GET /?author=4 HTTP/1.1" 301 5 "-" "Apache-HttpClient/4.5.2 (Java/1.8.0_161)"
203.2.115.155 - - [27/Jul/2026:03:38:36 +0000] "GET /blog/alex/ HTTP/1.1" 200 55035 "-" "Apache-HttpClient/4.5.2 (Java/1.8.0_161)"
203.2.115.155 - - [27/Jul/2026:03:38:37 +0000] "GET /?author=5 HTTP/1.1" 404 27222 "-" "Apache-HttpClient/4.5.2 (Java/1.8.0_161)"
203.2.115.155 - - [27/Jul/2026:03:38:39 +0000] "GET /?author=6 HTTP/1.1" 301 5 "-" "Apache-HttpClient/4.5.2 (Java/1.8.0_161)"
203.2.115.155 - - [27/Jul/2026:03:38:39 +0000] "GET /blog/tanyadigi/ HTTP/1.1" 200 54638 "-" "Apache-HttpClient/4.5.2 (Java/1.8.0_161)"
146.190.158.65 - - [27/Jul/2026:03:38:41 +0000] "POST /wp-cron.php?doing_wp_cron=1785123521.2186129093170166015625 HTTP/1.1" 200 31 "-" "WordPress/7.0; https://weelorum.com"
203.2.115.155 - - [27/Jul/2026:03:38:41 +0000] "GET /?author=7 HTTP/1.1" 301 5 "-" "Apache-HttpClient/4.5.2 (Java/1.8.0_161)"
203.2.115.155 - - [27/Jul/2026:03:38:41 +0000] "GET /blog/wp2_297418/ HTTP/1.1" 200 54754 "-" "Apache-HttpClient/4.5.2 (Java/1.8.0_161)"
203.2.115.155 - - [27/Jul/2026:03:38:45 +0000] "GET /?author=8 HTTP/1.1" 301 5 "-" "Apache-HttpClient/4.5.2 (Java/1.8.0_161)"
203.2.115.155 - - [27/Jul/2026:03:38:45 +0000] "GET /blog/w2s_f938264248a5/ HTTP/1.1" 200 54773 "-" "Apache-HttpClient/4.5.2 (Java/1.8.0_161)"
20.194.1.1 - - [27/Jul/2026:03:38:50 +0000] "GET /blog/5-must-have-features-for-a-successful-ai-powered-dating-app/ HTTP/1.1" 200 89554 "-" "Mozilla/5.0 AppleWebKit/537.36 (KHTML, like Gecko); compatible; ChatGPT-User/1.0; +https://openai.com/bot"
203.2.115.155 - - [27/Jul/2026:03:38:50 +0000] "GET /?author=9 HTTP/1.1" 301 5 "-" "Apache-HttpClient/4.5.2 (Java/1.8.0_161)"
203.2.115.155 - - [27/Jul/2026:03:38:51 +0000] "GET /blog/w2s_8a96c5d3189c/ HTTP/1.1" 404 29670 "-" "Apache-HttpClient/4.5.2 (Java/1.8.0_161)"
203.2.115.155 - - [27/Jul/2026:03:38:52 +0000] "GET /?author=10 HTTP/1.1" 301 5 "-" "Apache-HttpClient/4.5.2 (Java/1.8.0_161)"
203.2.115.155 - - [27/Jul/2026:03:38:53 +0000] "GET /blog/w2s_4387482c124b/ HTTP/1.1" 404 29669 "-" "Apache-HttpClient/4.5.2 (Java/1.8.0_161)"
203.2.115.155 - - [27/Jul/2026:03:38:54 +0000] "GET /?author=11 HTTP/1.1" 301 5 "-" "Apache-HttpClient/4.5.2 (Java/1.8.0_161)"
203.2.115.155 - - [27/Jul/2026:03:38:55 +0000] "GET /blog/w2s_1604d49a15c2/ HTTP/1.1" 404 29669 "-" "Apache-HttpClient/4.5.2 (Java/1.8.0_161)"
203.2.115.155 - - [27/Jul/2026:03:38:57 +0000] "GET /?author=12 HTTP/1.1" 301 5 "-" "Apache-HttpClient/4.5.2 (Java/1.8.0_161)"
203.2.115.155 - - [27/Jul/2026:03:38:57 +0000] "GET /blog/w2s_1ec555b4db7d/ HTTP/1.1" 404 29669 "-" "Apache-HttpClient/4.5.2 (Java/1.8.0_161)"
203.2.115.155 - - [27/Jul/2026:03:38:59 +0000] "GET /?author=13 HTTP/1.1" 301 5 "-" "Apache-HttpClient/4.5.2 (Java/1.8.0_161)"
203.2.115.155 - - [27/Jul/2026:03:38:59 +0000] "GET /blog/bob_3248275eb12c/ HTTP/1.1" 404 29669 "-" "Apache-HttpClient/4.5.2 (Java/1.8.0_161)"
203.2.115.155 - - [27/Jul/2026:03:39:01 +0000] "GET /?author=14 HTTP/1.1" 301 5 "-" "Apache-HttpClient/4.5.2 (Java/1.8.0_161)"
203.2.115.155 - - [27/Jul/2026:03:39:02 +0000] "GET /blog/yun_11/ HTTP/1.1" 404 29659 "-" "Apache-HttpClient/4.5.2 (Java/1.8.0_161)"
203.2.115.155 - - [27/Jul/2026:03:39:04 +0000] "GET /?author=15 HTTP/1.1" 301 5 "-" "Apache-HttpClient/4.5.2 (Java/1.8.0_161)"
203.2.115.155 - - [27/Jul/2026:03:39:05 +0000] "GET /blog/system_updater/ HTTP/1.1" 404 29664 "-" "Apache-HttpClient/4.5.2 (Java/1.8.0_161)"
203.2.115.155 - - [27/Jul/2026:03:39:10 +0000] "GET /?author=16 HTTP/1.1" 301 5 "-" "Apache-HttpClient/4.5.2 (Java/1.8.0_161)"
203.2.115.155 - - [27/Jul/2026:03:39:10 +0000] "GET /blog/bob_18a6ec5d984e/ HTTP/1.1" 404 29669 "-" "Apache-HttpClient/4.5.2 (Java/1.8.0_161)"
203.2.115.155 - - [27/Jul/2026:03:39:12 +0000] "GET /?author=17 HTTP/1.1" 301 5 "-" "Apache-HttpClient/4.5.2 (Java/1.8.0_161)"
203.2.115.155 - - [27/Jul/2026:03:39:13 +0000] "GET /blog/bob_8d7927fd6742/ HTTP/1.1" 404 29670 "-" "Apache-HttpClient/4.5.2 (Java/1.8.0_161)"
146.190.158.65 - - [27/Jul/2026:03:39:16 +0000] "POST /wp-cron.php?doing_wp_cron=1785123556.0373260974884033203125 HTTP/1.1" 200 31 "-" "WordPress/7.0; https://weelorum.com"
203.2.115.155 - - [27/Jul/2026:03:39:16 +0000] "GET /?author=18 HTTP/1.1" 404 27222 "-" "Apache-HttpClient/4.5.2 (Java/1.8.0_161)"
203.2.115.155 - - [27/Jul/2026:03:39:17 +0000] "GET /?author=19 HTTP/1.1" 404 27222 "-" "Apache-HttpClient/4.5.2 (Java/1.8.0_161)"
172.213.208.20 - - [27/Jul/2026:03:39:17 +0000] "GET /wp-includes/Text/Diff/ HTTP/1.1" 403 187 "-" "Mozilla/5.0 (Windows NT 10.0; Win64; x64) AppleWebKit/537.36 (KHTML, like Gecko) Chrome/120.0.0.0 Safari/537.36"
172.213.208.20 - - [27/Jul/2026:03:39:17 +0000] "GET /.well-known/acme-challenge/file.php HTTP/1.1" 404 188 "-" "Mozilla/5.0 (Windows NT 10.0; Win64; x64) AppleWebKit/537.36 (KHTML, like Gecko) Chrome/120.0.0.0 Safari/537.36"
172.213.208.20 - - [27/Jul/2026:03:39:18 +0000] "GET /ahax.php HTTP/1.1" 404 47 "-" "Mozilla/5.0 (Windows NT 10.0; Win64; x64) AppleWebKit/537.36 (KHTML, like Gecko) Chrome/120.0.0.0 Safari/537.36"
172.213.208.20 - - [27/Jul/2026:03:39:18 +0000] "GET /breads1.php HTTP/1.1" 404 47 "-" "Mozilla/5.0 (Windows NT 10.0; Win64; x64) AppleWebKit/537.36 (KHTML, like Gecko) Chrome/120.0.0.0 Safari/537.36"
203.2.115.155 - - [27/Jul/2026:03:39:18 +0000] "GET /?author=20 HTTP/1.1" 404 27223 "-" "Apache-HttpClient/4.5.2 (Java/1.8.0_161)"
172.213.208.20 - - [27/Jul/2026:03:39:18 +0000] "GET /must.php HTTP/1.1" 404 47 "-" "Mozilla/5.0 (Windows NT 10.0; Win64; x64) AppleWebKit/537.36 (KHTML, like Gecko) Chrome/120.0.0.0 Safari/537.36"
172.213.208.20 - - [27/Jul/2026:03:39:18 +0000] "GET /up.php HTTP/1.1" 404 47 "-" "Mozilla/5.0 (Windows NT 10.0; Win64; x64) AppleWebKit/537.36 (KHTML, like Gecko) Chrome/120.0.0.0 Safari/537.36"
172.213.208.20 - - [27/Jul/2026:03:39:18 +0000] "GET /upload.php HTTP/1.1" 404 47 "-" "Mozilla/5.0 (Windows NT 10.0; Win64; x64) AppleWebKit/537.36 (KHTML, like Gecko) Chrome/120.0.0.0 Safari/537.36"
172.213.208.20 - - [27/Jul/2026:03:39:18 +0000] "GET /wp-admin/css/colors/midnight/ HTTP/1.1" 403 187 "-" "Mozilla/5.0 (Windows NT 10.0; Win64; x64) AppleWebKit/537.36 (KHTML, like Gecko) Chrome/120.0.0.0 Safari/537.36"
172.213.208.20 - - [27/Jul/2026:03:39:19 +0000] "GET /wp-content/155.php HTTP/1.1" 404 47 "-" "Mozilla/5.0 (Windows NT 10.0; Win64; x64) AppleWebKit/537.36 (KHTML, like Gecko) Chrome/120.0.0.0 Safari/537.36"
172.213.208.20 - - [27/Jul/2026:03:39:19 +0000] "GET /wp-content/themes/about.php HTTP/1.1" 404 47 "-" "Mozilla/5.0 (Windows NT 10.0; Win64; x64) AppleWebKit/537.36 (KHTML, like Gecko) Chrome/120.0.0.0 Safari/537.36"
172.213.208.20 - - [27/Jul/2026:03:39:19 +0000] "GET /wp-update.php HTTP/1.1" 404 47 "-" "Mozilla/5.0 (Windows NT 10.0; Win64; x64) AppleWebKit/537.36 (KHTML, like Gecko) Chrome/120.0.0.0 Safari/537.36"
172.213.208.20 - - [27/Jul/2026:03:39:19 +0000] "GET /xmrlpc.php HTTP/1.1" 404 47 "-" "Mozilla/5.0 (Windows NT 10.0; Win64; x64) AppleWebKit/537.36 (KHTML, like Gecko) Chrome/120.0.0.0 Safari/537.36"
172.213.208.20 - - [27/Jul/2026:03:39:19 +0000] "GET /about/function.php HTTP/1.1" 404 47 "-" "Mozilla/5.0 (Windows NT 10.0; Win64; x64) AppleWebKit/537.36 (KHTML, like Gecko) Chrome/120.0.0.0 Safari/537.36"
172.213.208.20 - - [27/Jul/2026:03:39:19 +0000] "GET /an.php HTTP/1.1" 404 47 "-" "Mozilla/5.0 (Windows NT 10.0; Win64; x64) AppleWebKit/537.36 (KHTML, like Gecko) Chrome/120.0.0.0 Safari/537.36"
203.2.115.155 - - [27/Jul/2026:03:39:19 +0000] "GET /xmlrpc.php HTTP/1.1" 405 53 "-" "Apache-HttpClient/4.5.2 (Java/1.8.0_161)"
172.213.208.20 - - [27/Jul/2026:03:39:20 +0000] "GET /asw.php HTTP/1.1" 404 47 "-" "Mozilla/5.0 (Windows NT 10.0; Win64; x64) AppleWebKit/537.36 (KHTML, like Gecko) Chrome/120.0.0.0 Safari/537.36"
203.2.115.155 - - [27/Jul/2026:03:39:20 +0000] "POST /xmlrpc.php HTTP/1.1" 405 427 "-" "Apache-HttpClient/4.5.2 (Java/1.8.0_161)"
172.213.208.20 - - [27/Jul/2026:03:39:20 +0000] "GET /item.php HTTP/1.1" 404 47 "-" "Mozilla/5.0 (Windows NT 10.0; Win64; x64) AppleWebKit/537.36 (KHTML, like Gecko) Chrome/120.0.0.0 Safari/537.36"
172.213.208.20 - - [27/Jul/2026:03:39:20 +0000] "GET /jga.php HTTP/1.1" 404 47 "-" "Mozilla/5.0 (Windows NT 10.0; Win64; x64) AppleWebKit/537.36 (KHTML, like Gecko) Chrome/120.0.0.0 Safari/537.36"
203.2.115.155 - - [27/Jul/2026:03:39:20 +0000] "POST /xmlrpc.php HTTP/1.1" 405 427 "-" "Apache-HttpClient/4.5.2 (Java/1.8.0_161)"
172.213.208.20 - - [27/Jul/2026:03:39:20 +0000] "GET /mac.php HTTP/1.1" 404 47 "-" "Mozilla/5.0 (Windows NT 10.0; Win64; x64) AppleWebKit/537.36 (KHTML, like Gecko) Chrome/120.0.0.0 Safari/537.36"
172.213.208.20 - - [27/Jul/2026:03:39:20 +0000] "GET /system.php HTTP/1.1" 404 47 "-" "Mozilla/5.0 (Windows NT 10.0; Win64; x64) AppleWebKit/537.36 (KHTML, like Gecko) Chrome/120.0.0.0 Safari/537.36"
172.213.208.20 - - [27/Jul/2026:03:39:20 +0000] "GET /wp-access.php HTTP/1.1" 404 47 "-" "Mozilla/5.0 (Windows NT 10.0; Win64; x64) AppleWebKit/537.36 (KHTML, like Gecko) Chrome/120.0.0.0 Safari/537.36"
203.2.115.155 - - [27/Jul/2026:03:39:21 +0000] "POST /xmlrpc.php HTTP/1.1" 405 427 "-" "Apache-HttpClient/4.5.2 (Java/1.8.0_161)"
172.213.208.20 - - [27/Jul/2026:03:39:21 +0000] "GET /wp-load.php HTTP/1.1" 200 31 "-" "Mozilla/5.0 (Windows NT 10.0; Win64; x64) AppleWebKit/537.36 (KHTML, like Gecko) Chrome/120.0.0.0 Safari/537.36"
203.2.115.155 - - [27/Jul/2026:03:39:21 +0000] "POST /xmlrpc.php HTTP/1.1" 405 427 "-" "Apache-HttpClient/4.5.2 (Java/1.8.0_161)"
172.213.208.20 - - [27/Jul/2026:03:39:21 +0000] "GET /zafir1.php HTTP/1.1" 404 47 "-" "Mozilla/5.0 (Windows NT 10.0; Win64; x64) AppleWebKit/537.36 (KHTML, like Gecko) Chrome/120.0.0.0 Safari/537.36"
172.213.208.20 - - [27/Jul/2026:03:39:21 +0000] "GET /abc.php HTTP/1.1" 404 47 "-" "Mozilla/5.0 (Windows NT 10.0; Win64; x64) AppleWebKit/537.36 (KHTML, like Gecko) Chrome/120.0.0.0 Safari/537.36"
203.2.115.155 - - [27/Jul/2026:03:39:21 +0000] "POST /xmlrpc.php HTTP/1.1" 405 427 "-" "Apache-HttpClient/4.5.2 (Java/1.8.0_161)"
172.213.208.20 - - [27/Jul/2026:03:39:21 +0000] "GET /c1.php HTTP/1.1" 404 47 "-" "Mozilla/5.0 (Windows NT 10.0; Win64; x64) AppleWebKit/537.36 (KHTML, like Gecko) Chrome/120.0.0.0 Safari/537.36"
203.2.115.155 - - [27/Jul/2026:03:39:22 +0000] "POST /xmlrpc.php HTTP/1.1" 405 427 "-" "Apache-HttpClient/4.5.2 (Java/1.8.0_161)"
172.213.208.20 - - [27/Jul/2026:03:39:22 +0000] "GET /index.php/feed/atom/ HTTP/1.1" 301 5 "-" "Mozilla/5.0 (Windows NT 10.0; Win64; x64) AppleWebKit/537.36 (KHTML, like Gecko) Chrome/120.0.0.0 Safari/537.36"
172.213.208.20 - - [27/Jul/2026:03:39:22 +0000] "GET /root.php HTTP/1.1" 404 47 "-" "Mozilla/5.0 (Windows NT 10.0; Win64; x64) AppleWebKit/537.36 (KHTML, like Gecko) Chrome/120.0.0.0 Safari/537.36"
203.2.115.155 - - [27/Jul/2026:03:39:22 +0000] "POST /xmlrpc.php HTTP/1.1" 405 427 "-" "Apache-HttpClient/4.5.2 (Java/1.8.0_161)"
172.213.208.20 - - [27/Jul/2026:03:39:22 +0000] "GET /shell.php HTTP/1.1" 404 47 "-" "Mozilla/5.0 (Windows NT 10.0; Win64; x64) AppleWebKit/537.36 (KHTML, like Gecko) Chrome/120.0.0.0 Safari/537.36"
172.213.208.20 - - [27/Jul/2026:03:39:22 +0000] "GET /wp-content/plugins/linkpreview/il.php HTTP/1.1" 404 47 "-" "Mozilla/5.0 (Windows NT 10.0; Win64; x64) AppleWebKit/537.36 (KHTML, like Gecko) Chrome/120.0.0.0 Safari/537.36"
203.2.115.155 - - [27/Jul/2026:03:39:22 +0000] "POST /xmlrpc.php HTTP/1.1" 405 427 "-" "Apache-HttpClient/4.5.2 (Java/1.8.0_161)"
172.213.208.20 - - [27/Jul/2026:03:39:23 +0000] "GET /wp-header-json.php HTTP/1.1" 404 47 "-" "Mozilla/5.0 (Windows NT 10.0; Win64; x64) AppleWebKit/537.36 (KHTML, like Gecko) Chrome/120.0.0.0 Safari/537.36"
172.213.208.20 - - [27/Jul/2026:03:39:23 +0000] "GET /zup.php HTTP/1.1" 404 47 "-" "Mozilla/5.0 (Windows NT 10.0; Win64; x64) AppleWebKit/537.36 (KHTML, like Gecko) Chrome/120.0.0.0 Safari/537.36"
203.2.115.155 - - [27/Jul/2026:03:39:23 +0000] "POST /xmlrpc.php HTTP/1.1" 405 427 "-" "Apache-HttpClient/4.5.2 (Java/1.8.0_161)"
172.213.208.20 - - [27/Jul/2026:03:39:23 +0000] "GET /a9.php HTTP/1.1" 404 47 "-" "Mozilla/5.0 (Windows NT 10.0; Win64; x64) AppleWebKit/537.36 (KHTML, like Gecko) Chrome/120.0.0.0 Safari/537.36"
172.213.208.20 - - [27/Jul/2026:03:39:23 +0000] "GET /admin/index.php HTTP/1.1" 404 47 "-" "Mozilla/5.0 (Windows NT 10.0; Win64; x64) AppleWebKit/537.36 (KHTML, like Gecko) Chrome/120.0.0.0 Safari/537.36"
203.2.115.155 - - [27/Jul/2026:03:39:23 +0000] "POST /xmlrpc.php HTTP/1.1" 405 427 "-" "Apache-HttpClient/4.5.2 (Java/1.8.0_161)"
172.213.208.20 - - [27/Jul/2026:03:39:23 +0000] "GET /content.php HTTP/1.1" 404 47 "-" "Mozilla/5.0 (Windows NT 10.0; Win64; x64) AppleWebKit/537.36 (KHTML, like Gecko) Chrome/120.0.0.0 Safari/537.36"
172.213.208.20 - - [27/Jul/2026:03:39:23 +0000] "GET /makeasmtp.php HTTP/1.1" 404 47 "-" "Mozilla/5.0 (Windows NT 10.0; Win64; x64) AppleWebKit/537.36 (KHTML, like Gecko) Chrome/120.0.0.0 Safari/537.36"
172.213.208.20 - - [27/Jul/2026:03:39:24 +0000] "GET /paku.php HTTP/1.1" 404 47 "-" "Mozilla/5.0 (Windows NT 10.0; Win64; x64) AppleWebKit/537.36 (KHTML, like Gecko) Chrome/120.0.0.0 Safari/537.36"
172.213.208.20 - - [27/Jul/2026:03:39:24 +0000] "GET /rtx.php HTTP/1.1" 404 47 "-" "Mozilla/5.0 (Windows NT 10.0; Win64; x64) AppleWebKit/537.36 (KHTML, like Gecko) Chrome/120.0.0.0 Safari/537.36"
203.2.115.155 - - [27/Jul/2026:03:39:24 +0000] "POST /xmlrpc.php HTTP/1.1" 405 427 "-" "Apache-HttpClient/4.5.2 (Java/1.8.0_161)"
172.213.208.20 - - [27/Jul/2026:03:39:24 +0000] "GET /update/da222.php HTTP/1.1" 404 47 "-" "Mozilla/5.0 (Windows NT 10.0; Win64; x64) AppleWebKit/537.36 (KHTML, like Gecko) Chrome/120.0.0.0 Safari/537.36"
172.213.208.20 - - [27/Jul/2026:03:39:24 +0000] "GET /wp-admin/maint/ HTTP/1.1" 403 187 "-" "Mozilla/5.0 (Windows NT 10.0; Win64; x64) AppleWebKit/537.36 (KHTML, like Gecko) Chrome/120.0.0.0 Safari/537.36"
172.213.208.20 - - [27/Jul/2026:03:39:24 +0000] "GET /wp-admin/min.php HTTP/1.1" 404 47 "-" "Mozilla/5.0 (Windows NT 10.0; Win64; x64) AppleWebKit/537.36 (KHTML, like Gecko) Chrome/120.0.0.0 Safari/537.36"
203.2.115.155 - - [27/Jul/2026:03:39:24 +0000] "POST /xmlrpc.php HTTP/1.1" 405 427 "-" "Apache-HttpClient/4.5.2 (Java/1.8.0_161)"
172.213.208.20 - - [27/Jul/2026:03:39:24 +0000] "GET /wp-admin/wp-fileesx-449.php HTTP/1.1" 404 47 "-" "Mozilla/5.0 (Windows NT 10.0; Win64; x64) AppleWebKit/537.36 (KHTML, like Gecko) Chrome/120.0.0.0 Safari/537.36"
172.213.208.20 - - [27/Jul/2026:03:39:25 +0000] "GET /wp-content/themes/min.php HTTP/1.1" 404 47 "-" "Mozilla/5.0 (Windows NT 10.0; Win64; x64) AppleWebKit/537.36 (KHTML, like Gecko) Chrome/120.0.0.0 Safari/537.36"
203.2.115.155 - - [27/Jul/2026:03:39:25 +0000] "POST /xmlrpc.php HTTP/1.1" 405 427 "-" "Apache-HttpClient/4.5.2 (Java/1.8.0_161)"
172.213.208.20 - - [27/Jul/2026:03:39:25 +0000] "GET /wp-content/themes/x/bypass.php HTTP/1.1" 404 47 "-" "Mozilla/5.0 (Windows NT 10.0; Win64; x64) AppleWebKit/537.36 (KHTML, like Gecko) Chrome/120.0.0.0 Safari/537.36"
203.2.115.155 - - [27/Jul/2026:03:39:25 +0000] "POST /xmlrpc.php HTTP/1.1" 405 427 "-" "Apache-HttpClient/4.5.2 (Java/1.8.0_161)"
172.213.208.20 - - [27/Jul/2026:03:39:25 +0000] "GET /wp-includes/images/media/ HTTP/1.1" 403 187 "-" "Mozilla/5.0 (Windows NT 10.0; Win64; x64) AppleWebKit/537.36 (KHTML, like Gecko) Chrome/120.0.0.0 Safari/537.36"
172.213.208.20 - - [27/Jul/2026:03:39:25 +0000] "GET /wp-includes/interactivity-api/index.php HTTP/1.1" 404 47 "-" "Mozilla/5.0 (Windows NT 10.0; Win64; x64) AppleWebKit/537.36 (KHTML, like Gecko) Chrome/120.0.0.0 Safari/537.36"
203.2.115.155 - - [27/Jul/2026:03:39:25 +0000] "POST /xmlrpc.php HTTP/1.1" 405 427 "-" "Apache-HttpClient/4.5.2 (Java/1.8.0_161)"
172.213.208.20 - - [27/Jul/2026:03:39:25 +0000] "GET /wp-info.php HTTP/1.1" 404 47 "-" "Mozilla/5.0 (Windows NT 10.0; Win64; x64) AppleWebKit/537.36 (KHTML, like Gecko) Chrome/120.0.0.0 Safari/537.36"
172.213.208.20 - - [27/Jul/2026:03:39:26 +0000] "GET /wp-wordfence-waf.php HTTP/1.1" 404 47 "-" "Mozilla/5.0 (Windows NT 10.0; Win64; x64) AppleWebKit/537.36 (KHTML, like Gecko) Chrome/120.0.0.0 Safari/537.36"
146.190.158.65 - - [27/Jul/2026:03:39:26 +0000] "POST /wp-cron.php?doing_wp_cron=1785123566.2221279144287109375000 HTTP/1.1" 200 31 "-" "WordPress/7.0; https://weelorum.com"
203.2.115.155 - - [27/Jul/2026:03:39:26 +0000] "POST /xmlrpc.php HTTP/1.1" 405 427 "-" "Apache-HttpClient/4.5.2 (Java/1.8.0_161)"
172.213.208.20 - - [27/Jul/2026:03:39:26 +0000] "GET /ws49.php HTTP/1.1" 404 47 "-" "Mozilla/5.0 (Windows NT 10.0; Win64; x64) AppleWebKit/537.36 (KHTML, like Gecko) Chrome/120.0.0.0 Safari/537.36"
172.213.208.20 - - [27/Jul/2026:03:39:26 +0000] "GET /xxx.php HTTP/1.1" 404 47 "-" "Mozilla/5.0 (Windows NT 10.0; Win64; x64) AppleWebKit/537.36 (KHTML, like Gecko) Chrome/120.0.0.0 Safari/537.36"
203.2.115.155 - - [27/Jul/2026:03:39:26 +0000] "POST /xmlrpc.php HTTP/1.1" 405 427 "-" "Apache-HttpClient/4.5.2 (Java/1.8.0_161)"
172.213.208.20 - - [27/Jul/2026:03:39:26 +0000] "GET /0x.php HTTP/1.1" 404 47 "-" "Mozilla/5.0 (Windows NT 10.0; Win64; x64) AppleWebKit/537.36 (KHTML, like Gecko) Chrome/120.0.0.0 Safari/537.36"
172.213.208.20 - - [27/Jul/2026:03:39:26 +0000] "GET /CDX1.php HTTP/1.1" 404 47 "-" "Mozilla/5.0 (Windows NT 10.0; Win64; x64) AppleWebKit/537.36 (KHTML, like Gecko) Chrome/120.0.0.0 Safari/537.36"
172.213.208.20 - - [27/Jul/2026:03:39:26 +0000] "GET /akcc.php HTTP/1.1" 404 47 "-" "Mozilla/5.0 (Windows NT 10.0; Win64; x64) AppleWebKit/537.36 (KHTML, like Gecko) Chrome/120.0.0.0 Safari/537.36"
172.213.208.20 - - [27/Jul/2026:03:39:27 +0000] "GET /control.php HTTP/1.1" 404 47 "-" "Mozilla/5.0 (Windows NT 10.0; Win64; x64) AppleWebKit/537.36 (KHTML, like Gecko) Chrome/120.0.0.0 Safari/537.36"
203.2.115.155 - - [27/Jul/2026:03:39:27 +0000] "POST /xmlrpc.php HTTP/1.1" 405 427 "-" "Apache-HttpClient/4.5.2 (Java/1.8.0_161)"
203.2.115.155 - - [27/Jul/2026:03:39:27 +0000] "POST /xmlrpc.php HTTP/1.1" 405 427 "-" "Apache-HttpClient/4.5.2 (Java/1.8.0_161)"
172.213.208.20 - - [27/Jul/2026:03:39:27 +0000] "GET /images/ HTTP/1.1" 404 29656 "-" "Mozilla/5.0 (Windows NT 10.0; Win64; x64) AppleWebKit/537.36 (KHTML, like Gecko) Chrome/120.0.0.0 Safari/537.36"
172.213.208.20 - - [27/Jul/2026:03:39:28 +0000] "GET /modules/mod_footer/tmpl/index.php HTTP/1.1" 404 47 "-" "Mozilla/5.0 (Windows NT 10.0; Win64; x64) AppleWebKit/537.36 (KHTML, like Gecko) Chrome/120.0.0.0 Safari/537.36"
203.2.115.155 - - [27/Jul/2026:03:39:28 +0000] "POST /xmlrpc.php HTTP/1.1" 405 427 "-" "Apache-HttpClient/4.5.2 (Java/1.8.0_161)"
172.213.208.20 - - [27/Jul/2026:03:39:28 +0000] "GET /s.php HTTP/1.1" 404 47 "-" "Mozilla/5.0 (Windows NT 10.0; Win64; x64) AppleWebKit/537.36 (KHTML, like Gecko) Chrome/120.0.0.0 Safari/537.36"
172.213.208.20 - - [27/Jul/2026:03:39:28 +0000] "GET /sagax.php HTTP/1.1" 404 47 "-" "Mozilla/5.0 (Windows NT 10.0; Win64; x64) AppleWebKit/537.36 (KHTML, like Gecko) Chrome/120.0.0.0 Safari/537.36"
203.2.115.155 - - [27/Jul/2026:03:39:28 +0000] "POST /xmlrpc.php HTTP/1.1" 405 427 "-" "Apache-HttpClient/4.5.2 (Java/1.8.0_161)"
172.213.208.20 - - [27/Jul/2026:03:39:29 +0000] "GET /vendor/ HTTP/1.1" 404 29662 "-" "Mozilla/5.0 (Windows NT 10.0; Win64; x64) AppleWebKit/537.36 (KHTML, like Gecko) Chrome/120.0.0.0 Safari/537.36"
203.2.115.155 - - [27/Jul/2026:03:39:29 +0000] "POST /xmlrpc.php HTTP/1.1" 405 427 "-" "Apache-HttpClient/4.5.2 (Java/1.8.0_161)"
172.213.208.20 - - [27/Jul/2026:03:39:29 +0000] "GET /wp-admin/wp-teest.php HTTP/1.1" 404 47 "-" "Mozilla/5.0 (Windows NT 10.0; Win64; x64) AppleWebKit/537.36 (KHTML, like Gecko) Chrome/120.0.0.0 Safari/537.36"
203.2.115.155 - - [27/Jul/2026:03:39:29 +0000] "POST /xmlrpc.php HTTP/1.1" 405 427 "-" "Apache-HttpClient/4.5.2 (Java/1.8.0_161)"
172.213.208.20 - - [27/Jul/2026:03:39:29 +0000] "GET /wp-content/plugins/ftde.php HTTP/1.1" 404 47 "-" "Mozilla/5.0 (Windows NT 10.0; Win64; x64) AppleWebKit/537.36 (KHTML, like Gecko) Chrome/120.0.0.0 Safari/537.36"
172.213.208.20 - - [27/Jul/2026:03:39:29 +0000] "GET /wp-includes/Text/Diff/Engine/ HTTP/1.1" 403 187 "-" "Mozilla/5.0 (Windows NT 10.0; Win64; x64) AppleWebKit/537.36 (KHTML, like Gecko) Chrome/120.0.0.0 Safari/537.36"
203.2.115.155 - - [27/Jul/2026:03:39:29 +0000] "POST /xmlrpc.php HTTP/1.1" 405 427 "-" "Apache-HttpClient/4.5.2 (Java/1.8.0_161)"
172.213.208.20 - - [27/Jul/2026:03:39:29 +0000] "GET /z.php HTTP/1.1" 404 47 "-" "Mozilla/5.0 (Windows NT 10.0; Win64; x64) AppleWebKit/537.36 (KHTML, like Gecko) Chrome/120.0.0.0 Safari/537.36"
172.213.208.20 - - [27/Jul/2026:03:39:30 +0000] "GET /f35.php HTTP/1.1" 404 47 "-" "Mozilla/5.0 (Windows NT 10.0; Win64; x64) AppleWebKit/537.36 (KHTML, like Gecko) Chrome/120.0.0.0 Safari/537.36"
203.2.115.155 - - [27/Jul/2026:03:39:30 +0000] "POST /xmlrpc.php HTTP/1.1" 405 427 "-" "Apache-HttpClient/4.5.2 (Java/1.8.0_161)"
172.213.208.20 - - [27/Jul/2026:03:39:30 +0000] "GET /file61.php HTTP/1.1" 404 47 "-" "Mozilla/5.0 (Windows NT 10.0; Win64; x64) AppleWebKit/537.36 (KHTML, like Gecko) Chrome/120.0.0.0 Safari/537.36"
172.213.208.20 - - [27/Jul/2026:03:39:30 +0000] "GET /system_log.php HTTP/1.1" 404 47 "-" "Mozilla/5.0 (Windows NT 10.0; Win64; x64) AppleWebKit/537.36 (KHTML, like Gecko) Chrome/120.0.0.0 Safari/537.36"
172.213.208.20 - - [27/Jul/2026:03:39:30 +0000] "GET /v.php HTTP/1.1" 404 47 "-" "Mozilla/5.0 (Windows NT 10.0; Win64; x64) AppleWebKit/537.36 (KHTML, like Gecko) Chrome/120.0.0.0 Safari/537.36"
203.2.115.155 - - [27/Jul/2026:03:39:30 +0000] "POST /xmlrpc.php HTTP/1.1" 405 427 "-" "Apache-HttpClient/4.5.2 (Java/1.8.0_161)"
