177.184.239.196 - - [27/Jul/2026:02:04:39 +0000] "POST /xmlrpc.php HTTP/1.1" 405 427 "-" "Jetpack by WordPress.com (Jetpack 12.1; WordPress 6.4)"
146.190.158.65 - - [27/Jul/2026:02:04:47 +0000] "POST /wp-cron.php?doing_wp_cron=1785117887.7105350494384765625000 HTTP/1.1" 200 31 "-" "WordPress/7.0; https://weelorum.com"
54.84.250.51 - - [27/Jul/2026:02:04:47 +0000] "GET /?s HTTP/1.1" 200 30222 "-" "Mozilla/5.0 AppleWebKit/537.36 (KHTML, like Gecko; compatible; Amazonbot/0.1; +https://developer.amazon.com/support/amazonbot) Chrome/119.0.6045.214 Safari/537.36"
177.184.239.196 - - [27/Jul/2026:02:04:50 +0000] "POST /xmlrpc.php HTTP/1.1" 405 427 "-" "Jetpack/13.0; WordPress/6.1; http://site93809411.com"
172.120.9.37 - - [27/Jul/2026:02:07:35 +0000] "GET / HTTP/1.1" 301 169 "-" "Mozilla/5.0 (compatible; Baiduspider/2.0; +http://www.baidu.com/search/spider.html)"
172.120.9.37 - - [27/Jul/2026:02:07:35 +0000] "GET / HTTP/1.1" 200 79980 "-" "Mozilla/5.0 (compatible; Baiduspider/2.0; +http://www.baidu.com/search/spider.html)"
85.208.96.195 - - [27/Jul/2026:02:08:59 +0000] "GET /industry/healthcare/ HTTP/1.1" 200 55350 "-" "Mozilla/5.0 (compatible; SemrushBot/7~bl; +http://www.semrush.com/bot.html)"
85.208.96.204 - - [27/Jul/2026:02:09:01 +0000] "GET /technology/healthkit/ HTTP/1.1" 200 54411 "-" "Mozilla/5.0 (compatible; SemrushBot/7~bl; +http://www.semrush.com/bot.html)"
173.252.82.50 - - [27/Jul/2026:02:10:41 +0000] "GET /wp-content/uploads/2023/06/shine-160.png HTTP/1.1" 200 28347 "-" "meta-externalagent/1.1 (+https://developers.facebook.com/docs/sharing/webmasters/crawler)"
146.190.158.65 - - [27/Jul/2026:02:10:58 +0000] "POST /wp-cron.php?doing_wp_cron=1785118258.4922780990600585937500 HTTP/1.1" 200 31 "-" "WordPress/7.0; https://weelorum.com"
17.241.227.202 - - [27/Jul/2026:02:10:58 +0000] "GET /blog/feed/ HTTP/1.1" 200 397402 "-" "Mozilla/5.0 (Macintosh; Intel Mac OS X 10_15_7) AppleWebKit/605.1.15 (KHTML, like Gecko) Version/17.4 Safari/605.1.15 (Applebot/0.1; +http://www.apple.com/go/applebot)"
62.238.53.232 - - [27/Jul/2026:02:12:36 +0000] "GET /wp-content/themes/weelorum-theme/assets/images/hero-elem-5-min.webp HTTP/1.1" 200 89454 "-" "Mozilla/5.0 (X11; Ubuntu; Linux x86_64; rv:72.0) Gecko/20100101 Firefox/72.0"
85.208.96.208 - - [27/Jul/2026:02:12:45 +0000] "GET /portfolio-projects/payflow/ HTTP/1.1" 200 70929 "-" "Mozilla/5.0 (compatible; SemrushBot/7~bl; +http://www.semrush.com/bot.html)"
146.190.158.65 - - [27/Jul/2026:02:14:01 +0000] "GET / HTTP/1.1" 301 169 "-" "Mozilla/5.0 (X11; Linux x86_64) AppleWebKit/537.36 (KHTML, like Gecko) Chrome/44.0.2403.157 Safari/537.36"
146.190.158.65 - - [27/Jul/2026:02:14:02 +0000] "GET / HTTP/1.1" 200 32502 "http://146.190.158.65" "Mozilla/5.0 (X11; Linux x86_64) AppleWebKit/537.36 (KHTML, like Gecko) Chrome/44.0.2403.157 Safari/537.36"
104.164.156.104 - - [27/Jul/2026:02:18:22 +0000] "GET / HTTP/1.1" 301 169 "-" "Mozilla/5.0 (compatible; Baiduspider/2.0; +http://www.baidu.com/search/spider.html)"
104.164.156.104 - - [27/Jul/2026:02:18:22 +0000] "GET / HTTP/1.1" 200 79980 "-" "Mozilla/5.0 (compatible; Baiduspider/2.0; +http://www.baidu.com/search/spider.html)"
185.38.219.134 - - [27/Jul/2026:02:18:28 +0000] "GET /blog/technologies-for-music-streaming-app-development-backend-frontend/ HTTP/1.1" 200 88760 "-" "Mozilla/5.0 (Macintosh; Intel Mac OS X 10_15_7) AppleWebKit/605.1.15 (KHTML, like Gecko) Version/26.2 Safari/605.1.15"
140.150.235.135 - - [27/Jul/2026:02:19:05 +0000] "GET /wp-content/uploads/2026/06/cell-7-digiproduct.png HTTP/1.1" 200 4537 "-" "Mozilla/5.0 (compatible; crawler)"
146.190.158.65 - - [27/Jul/2026:02:19:50 +0000] "POST /wp-cron.php?doing_wp_cron=1785118790.0161569118499755859375 HTTP/1.1" 200 31 "-" "WordPress/7.0; https://weelorum.com"
43.173.177.29 - - [27/Jul/2026:02:19:50 +0000] "GET /coping-with-the-greatest-challenges-in-developing-a-music-streaming-app-for-ios/ HTTP/1.1" 404 29694 "-" "Mozilla/5.0 (Windows NT 10.0; Win64; x64) AppleWebKit/537.36 (KHTML, like Gecko) Chrome/109.0.0.0 Safari/537.36"
43.173.180.245 - - [27/Jul/2026:02:19:56 +0000] "GET /wp-admin/admin-ajax.php?action=check_custom_clutch&nonce=7a68a0a8d5 HTTP/1.1" 200 343 "https://weelorum.com/coping-with-the-greatest-challenges-in-developing-a-music-streaming-app-for-ios/" "Mozilla/5.0 (Windows NT 10.0; Win64; x64) AppleWebKit/537.36 (KHTML, like Gecko) Chrome/109.0.0.0 Safari/537.36"
95.245.35.214 - - [27/Jul/2026:02:20:25 +0000] "GET /blog/discover-how-to-build-an-mvp-for-a-mobile-app-timing-stages-and-evaluation/ HTTP/1.1" 301 169 "-" "Mozilla/5.0 (compatible; Googlebot/2.1; +http://www.google.com/bot.html)"
95.245.35.214 - - [27/Jul/2026:02:20:26 +0000] "GET /blog/discover-how-to-build-an-mvp-for-a-mobile-app-timing-stages-and-evaluation/ HTTP/1.1" 200 89793 "http://weelorum.com/blog/discover-how-to-build-an-mvp-for-a-mobile-app-timing-stages-and-evaluation/" "Mozilla/5.0 (compatible; Googlebot/2.1; +http://www.google.com/bot.html)"
146.190.158.65 - - [27/Jul/2026:02:21:42 +0000] "POST /wp-cron.php?doing_wp_cron=1785118902.1398959159851074218750 HTTP/1.1" 200 31 "-" "WordPress/7.0; https://weelorum.com"
62.238.54.9 - - [27/Jul/2026:02:21:42 +0000] "GET /wp-content/uploads/2022/12/microsoft.svg HTTP/1.1" 404 130474 "-" "Mozilla/5.0 (X11; Ubuntu; Linux x86_64; rv:72.0) Gecko/20100101 Firefox/72.0"
146.190.158.65 - - [27/Jul/2026:02:23:04 +0000] "POST /wp-cron.php?doing_wp_cron=1785118984.7434298992156982421875 HTTP/1.1" 200 31 "-" "WordPress/7.0; https://weelorum.com"
190.201.200.199 - - [27/Jul/2026:02:23:04 +0000] "GET /technologies/iot-application-development-services/tel:380962170860 HTTP/1.1" 404 29675 "-" "Mozilla/5.0 (Macintosh; Intel Mac OS X 10_15_6) AppleWebKit/537.36 (KHTML, like Gecko) Chrome/87.0.4280.88 Safari/537.36"
95.245.35.214 - - [27/Jul/2026:02:23:44 +0000] "GET /blog/find-out-how-to-estimate-cost-of-app-development-with-weelorum/ HTTP/1.1" 301 169 "-" "Mozilla/5.0 (compatible; Googlebot/2.1; +http://www.google.com/bot.html)"
95.245.35.214 - - [27/Jul/2026:02:23:45 +0000] "GET /blog/find-out-how-to-estimate-cost-of-app-development-with-weelorum/ HTTP/1.1" 200 89296 "http://weelorum.com/blog/find-out-how-to-estimate-cost-of-app-development-with-weelorum/" "Mozilla/5.0 (compatible; Googlebot/2.1; +http://www.google.com/bot.html)"
77.75.78.166 - - [27/Jul/2026:02:24:12 +0000] "GET /blog/how-to-develop-an-app-like-snapchat-everything-you-need-to-know/ HTTP/1.1" 200 91212 "-" "Mozilla/5.0 (compatible; SeznamBot/4.0; +https://o-seznam.cz/napoveda/vyhledavani/en/seznambot-crawler/)"
65.108.83.170 - - [27/Jul/2026:02:24:42 +0000] "GET /wp-content/uploads/2022/08/cropped-cropped-CEO-1-104x104.jpg HTTP/1.1" 200 2683 "-" "Mozilla/5.0 (X11; Ubuntu; Linux x86_64; rv:72.0) Gecko/20100101 Firefox/72.0"
146.190.158.65 - - [27/Jul/2026:02:28:01 +0000] "GET / HTTP/1.1" 301 169 "-" "Mozilla/5.0 (X11; Linux x86_64) AppleWebKit/537.36 (KHTML, like Gecko) Chrome/44.0.2403.157 Safari/537.36"
146.190.158.65 - - [27/Jul/2026:02:28:01 +0000] "GET / HTTP/1.1" 200 32502 "http://146.190.158.65" "Mozilla/5.0 (X11; Linux x86_64) AppleWebKit/537.36 (KHTML, like Gecko) Chrome/44.0.2403.157 Safari/537.36"
62.238.60.89 - - [27/Jul/2026:02:28:18 +0000] "GET /wp-content/uploads/2024/11/GetBooks-360x522.png HTTP/1.1" 200 45200 "-" "Mozilla/5.0 (X11; Ubuntu; Linux x86_64; rv:72.0) Gecko/20100101 Firefox/72.0"
149.102.230.118 - - [27/Jul/2026:02:29:35 +0000] "GET / HTTP/1.1" 200 79980 "-" "Go-http-client/1.1"
84.233.195.152 - - [27/Jul/2026:02:29:35 +0000] "GET / HTTP/1.1" 200 79980 "-" "Go-http-client/1.1"
149.102.230.118 - - [27/Jul/2026:02:29:36 +0000] "GET / HTTP/1.1" 200 79980 "-" "Go-http-client/1.1"
84.233.195.160 - - [27/Jul/2026:02:29:38 +0000] "GET / HTTP/1.1" 200 79980 "-" "Go-http-client/1.1"
84.233.195.150 - - [27/Jul/2026:02:29:38 +0000] "GET / HTTP/1.1" 200 79980 "-" "Go-http-client/1.1"
84.233.195.157 - - [27/Jul/2026:02:29:39 +0000] "GET / HTTP/1.1" 200 79980 "-" "Go-http-client/1.1"
146.190.158.65 - - [27/Jul/2026:02:30:28 +0000] "POST /wp-cron.php?doing_wp_cron=1785119428.4576969146728515625000 HTTP/1.1" 200 31 "-" "WordPress/7.0; https://weelorum.com"
199.101.136.221 - - [27/Jul/2026:02:30:28 +0000] "GET /services/ai-assisted-mvps-with-claude-ai HTTP/1.1" 301 5 "-" "Mozilla/5.0 (Macintosh; Intel Mac OS X 13_4_1) AppleWebKit/605.1.15 (KHTML, like Gecko) Version/16.5 Safari/605.1.15 Edg/114.0.1823.79"
68.65.221.74 - - [27/Jul/2026:02:30:29 +0000] "GET /services/ai-assisted-mvps-with-claude-ai/ HTTP/1.1" 200 81408 "-" "Mozilla/5.0 (Macintosh; Intel Mac OS X 13_4_1) AppleWebKit/605.1.15 (KHTML, like Gecko) Version/16.5 Safari/605.1.15 Edg/114.0.1823.79"
85.208.96.199 - - [27/Jul/2026:02:32:26 +0000] "GET /technology/stripe/ HTTP/1.1" 200 55319 "-" "Mozilla/5.0 (compatible; SemrushBot/7~bl; +http://www.semrush.com/bot.html)"
146.190.158.65 - - [27/Jul/2026:02:33:39 +0000] "POST /wp-cron.php?doing_wp_cron=1785119619.3086938858032226562500 HTTP/1.1" 200 31 "-" "WordPress/7.0; https://weelorum.com"
152.249.161.84 - - [27/Jul/2026:02:33:39 +0000] "GET /coping-with-the-greatest-challenges-in-developing-a-music-streaming-app-for-ios/ HTTP/1.1" 404 29694 "-" "Mozilla/5.0 (Windows NT 10.0; Win64; x64) AppleWebKit/537.36 (KHTML, like Gecko) Chrome/103.0.0.0 Safari/537.36"
146.190.158.65 - - [27/Jul/2026:02:33:46 +0000] "POST /wp-cron.php?doing_wp_cron=1785119626.1494710445404052734375 HTTP/1.1" 200 31 "-" "WordPress/7.0; https://weelorum.com"
5.144.120.22 - - [27/Jul/2026:02:33:46 +0000] "GET /wp-admin/admin-ajax.php?action=check_custom_clutch&nonce=7a68a0a8d5 HTTP/1.1" 200 343 "https://weelorum.com/coping-with-the-greatest-challenges-in-developing-a-music-streaming-app-for-ios/" "Mozilla/5.0 (Windows NT 10.0; Win64; x64) AppleWebKit/537.36 (KHTML, like Gecko) Chrome/103.0.0.0 Safari/537.36"
74.7.228.14 - - [27/Jul/2026:02:34:40 +0000] "GET /robots.txt HTTP/1.1" 200 140 "-" "Mozilla/5.0 (Macintosh; Intel Mac OS X 10_15_7) AppleWebKit/537.36 (KHTML, like Gecko) Chrome/131.0.0.0 Safari/537.36; compatible; OAI-SearchBot/1.4; robots.txt; +https://openai.com/searchbot"
185.191.171.2 - - [27/Jul/2026:02:35:39 +0000] "GET /service/ux-ui-design/ HTTP/1.1" 200 55269 "-" "Mozilla/5.0 (compatible; SemrushBot/7~bl; +http://www.semrush.com/bot.html)"
57.141.18.11 - - [27/Jul/2026:02:41:08 +0000] "GET /success-stories/zinglez/ HTTP/1.1" 200 303199 "-" "Mozilla/5.0 (Windows NT 10.0; Win64; x64) AppleWebKit/537.36 (KHTML, like Gecko) Chrome/145.0.0.0 Safari/537.36 (compatible; meta-externalagent/1.1 (+https://developers.facebook.com/docs/sharing/webmasters/crawler))"
212.34.141.234 - - [27/Jul/2026:02:41:36 +0000] "GET /blog/find-out-how-to-estimate-cost-of-app-development-with-weelorum/ HTTP/1.0" 200 365755 "https://weelorum.com/blog/find-out-how-to-estimate-cost-of-app-development-with-weelorum/" "Mozilla/5.0 (Windows NT 10.0; Win64; x64) AppleWebKit/537.36 (KHTML, like Gecko) Chrome/130.0.0.0 Safari/537.36"
146.190.158.65 - - [27/Jul/2026:02:41:37 +0000] "POST /wp-cron.php?doing_wp_cron=1785120097.1708879470825195312500 HTTP/1.1" 200 31 "-" "WordPress/7.0; https://weelorum.com"
212.34.141.234 - - [27/Jul/2026:02:41:37 +0000] "POST /wp-comments-post.php HTTP/1.0" 302 0 "https://weelorum.com/blog/find-out-how-to-estimate-cost-of-app-development-with-weelorum/" "Mozilla/5.0 (Windows NT 10.0; Win64; x64) AppleWebKit/537.36 (KHTML, like Gecko) Chrome/130.0.0.0 Safari/537.36"
212.34.141.234 - - [27/Jul/2026:02:41:38 +0000] "GET /blog/find-out-how-to-estimate-cost-of-app-development-with-weelorum/ HTTP/1.0" 200 212786 "https://weelorum.com/blog/find-out-how-to-estimate-cost-of-app-development-with-weelorum/#comment-40089" "Mozilla/5.0 (Windows NT 10.0; Win64; x64) AppleWebKit/537.36 (KHTML, like Gecko) Chrome/130.0.0.0 Safari/537.36"
146.190.158.65 - - [27/Jul/2026:02:42:01 +0000] "GET / HTTP/1.1" 301 169 "-" "Mozilla/5.0 (X11; Linux x86_64) AppleWebKit/537.36 (KHTML, like Gecko) Chrome/44.0.2403.157 Safari/537.36"
146.190.158.65 - - [27/Jul/2026:02:42:01 +0000] "GET / HTTP/1.1" 200 79980 "http://146.190.158.65" "Mozilla/5.0 (X11; Linux x86_64) AppleWebKit/537.36 (KHTML, like Gecko) Chrome/44.0.2403.157 Safari/537.36"
187.77.185.125 - - [27/Jul/2026:02:43:08 +0000] "GET / HTTP/1.1" 200 79980 "-" "Mozilla/5.0 (X11; Linux x86_64) AppleWebKit/537.36 (KHTML, like Gecko) HeadlessChrome/145.0.7632.6 Safari/537.36"
187.77.185.125 - - [27/Jul/2026:02:43:09 +0000] "GET /wp-content/themes/weelorum-theme/assets/fonts/montserrat.woff2 HTTP/1.1" 200 30300 "https://weelorum.com/" "Mozilla/5.0 (X11; Linux x86_64) AppleWebKit/537.36 (KHTML, like Gecko) HeadlessChrome/145.0.7632.6 Safari/537.36"
187.77.185.125 - - [27/Jul/2026:02:43:09 +0000] "GET /wp-content/themes/weelorum-theme/assets/images/hero-default-bg-desktop.webp HTTP/1.1" 200 8256 "https://weelorum.com/" "Mozilla/5.0 (X11; Linux x86_64) AppleWebKit/537.36 (KHTML, like Gecko) HeadlessChrome/145.0.7632.6 Safari/537.36"
187.77.185.125 - - [27/Jul/2026:02:43:09 +0000] "GET /wp-content/cache/background-css/1/weelorum.com/wp-content/cache/min/1/wp-content/themes/weelorum-theme/assets/css/wl-pages.css?ver=1784812621&wpr_t=1785086881 HTTP/1.1" 200 58160 "https://weelorum.com/" "Mozilla/5.0 (X11; Linux x86_64) AppleWebKit/537.36 (KHTML, like Gecko) HeadlessChrome/145.0.7632.6 Safari/537.36"
187.77.185.125 - - [27/Jul/2026:02:43:09 +0000] "GET /wp-content/cache/min/1/wp-content/themes/weelorum-theme/css/awards-section.css?ver=1784812621 HTTP/1.1" 200 1392 "https://weelorum.com/" "Mozilla/5.0 (X11; Linux x86_64) AppleWebKit/537.36 (KHTML, like Gecko) HeadlessChrome/145.0.7632.6 Safari/537.36"
187.77.185.125 - - [27/Jul/2026:02:43:10 +0000] "GET /wp-includes/js/dist/i18n.min.js?ver=781d11515ad3d91786ec HTTP/1.1" 200 2574 "https://weelorum.com/" "Mozilla/5.0 (X11; Linux x86_64) AppleWebKit/537.36 (KHTML, like Gecko) HeadlessChrome/145.0.7632.6 Safari/537.36"
187.77.185.125 - - [27/Jul/2026:02:43:10 +0000] "GET /wp-includes/js/jquery/jquery.min.js?ver=3.7.1 HTTP/1.1" 200 35451 "https://weelorum.com/" "Mozilla/5.0 (X11; Linux x86_64) AppleWebKit/537.36 (KHTML, like Gecko) HeadlessChrome/145.0.7632.6 Safari/537.36"
187.77.185.125 - - [27/Jul/2026:02:43:10 +0000] "GET /wp-includes/js/jquery/jquery-migrate.min.js?ver=3.4.1 HTTP/1.1" 200 5355 "https://weelorum.com/" "Mozilla/5.0 (X11; Linux x86_64) AppleWebKit/537.36 (KHTML, like Gecko) HeadlessChrome/145.0.7632.6 Safari/537.36"
187.77.185.125 - - [27/Jul/2026:02:43:10 +0000] "GET /wp-content/cache/min/1/wp-content/plugins/contact-form-7/includes/swv/js/index.js?ver=1784812623 HTTP/1.1" 200 3887 "https://weelorum.com/" "Mozilla/5.0 (X11; Linux x86_64) AppleWebKit/537.36 (KHTML, like Gecko) HeadlessChrome/145.0.7632.6 Safari/537.36"
187.77.185.125 - - [27/Jul/2026:02:43:10 +0000] "GET /wp-content/cache/min/1/wp-content/themes/weelorum-theme/assets/js/main.js?ver=1784812621 HTTP/1.1" 200 1767 "https://weelorum.com/" "Mozilla/5.0 (X11; Linux x86_64) AppleWebKit/537.36 (KHTML, like Gecko) HeadlessChrome/145.0.7632.6 Safari/537.36"
187.77.185.125 - - [27/Jul/2026:02:43:10 +0000] "GET /wp-content/cache/min/1/wp-content/plugins/contact-form-7/includes/js/index.js?ver=1784812623 HTTP/1.1" 200 4803 "https://weelorum.com/" "Mozilla/5.0 (X11; Linux x86_64) AppleWebKit/537.36 (KHTML, like Gecko) HeadlessChrome/145.0.7632.6 Safari/537.36"
187.77.185.125 - - [27/Jul/2026:02:43:10 +0000] "GET /wp-content/plugins/wp-rocket/assets/js/lazyload/17.8.3/lazyload.min.js HTTP/1.1" 200 3400 "https://weelorum.com/" "Mozilla/5.0 (X11; Linux x86_64) AppleWebKit/537.36 (KHTML, like Gecko) HeadlessChrome/145.0.7632.6 Safari/537.36"
187.77.185.125 - - [27/Jul/2026:02:43:10 +0000] "GET /wp-content/themes/weelorum-theme/assets/images/logo-black.png HTTP/1.1" 200 4286 "https://weelorum.com/wp-content/cache/background-css/1/weelorum.com/wp-content/cache/min/1/wp-content/themes/weelorum-theme/assets/css/wl-pages.css?ver=1784812621&wpr_t=1785086881" "Mozilla/5.0 (X11; Linux x86_64) AppleWebKit/537.36 (KHTML, like Gecko) HeadlessChrome/145.0.7632.6 Safari/537.36"
187.77.185.125 - - [27/Jul/2026:02:43:10 +0000] "GET /wp-content/themes/weelorum-theme/assets/images/hero-v2-bg.webp HTTP/1.1" 200 5696 "https://weelorum.com/wp-content/cache/background-css/1/weelorum.com/wp-content/cache/min/1/wp-content/themes/weelorum-theme/assets/css/wl-pages.css?ver=1784812621&wpr_t=1785086881" "Mozilla/5.0 (X11; Linux x86_64) AppleWebKit/537.36 (KHTML, like Gecko) HeadlessChrome/145.0.7632.6 Safari/537.36"
146.190.158.65 - - [27/Jul/2026:02:43:13 +0000] "POST /wp-cron.php?doing_wp_cron=1785120192.2580618858337402343750 HTTP/1.1" 499 0 "-" "WordPress/7.0; https://weelorum.com"
146.190.158.65 - - [27/Jul/2026:02:43:13 +0000] "POST /wp-cron.php?doing_wp_cron=1785120192.2517690658569335937500 HTTP/1.1" 499 0 "-" "WordPress/7.0; https://weelorum.com"
187.77.185.125 - - [27/Jul/2026:02:43:13 +0000] "GET /wp-json/contact-form-7/v1/contact-forms/217/feedback/schema HTTP/1.1" 200 259 "https://weelorum.com/" "Mozilla/5.0 (X11; Linux x86_64) AppleWebKit/537.36 (KHTML, like Gecko) HeadlessChrome/145.0.7632.6 Safari/537.36"
187.77.185.125 - - [27/Jul/2026:02:43:13 +0000] "GET /wp-json/contact-form-7/v1/contact-forms/217/refill HTTP/1.1" 200 33 "https://weelorum.com/" "Mozilla/5.0 (X11; Linux x86_64) AppleWebKit/537.36 (KHTML, like Gecko) HeadlessChrome/145.0.7632.6 Safari/537.36"
185.191.171.2 - - [27/Jul/2026:02:43:34 +0000] "GET /robots.txt HTTP/1.1" 200 140 "-" "Mozilla/5.0 (compatible; SemrushBot/7~bl; +http://www.semrush.com/bot.html)"
85.208.96.200 - - [27/Jul/2026:02:43:34 +0000] "GET /service/mobile-development/ HTTP/1.1" 200 56308 "-" "Mozilla/5.0 (compatible; SemrushBot/7~bl; +http://www.semrush.com/bot.html)"
146.190.158.65 - - [27/Jul/2026:02:49:20 +0000] "POST /wp-cron.php?doing_wp_cron=1785120560.9136760234832763671875 HTTP/1.1" 200 31 "-" "WordPress/7.0; https://weelorum.com"
45.127.247.73 - - [27/Jul/2026:02:49:20 +0000] "GET /how-to-develop-an-app-like-snapchat-everything-you-need-to-know/tel:380962170860 HTTP/1.1" 404 29721 "-" "Mozilla/5.0 (Windows NT 4.0; WOW64) AppleWebKit/537.36 (KHTML, like Gecko) Chrome/37.0.2049.0 Safari/537.36"
146.190.158.65 - - [27/Jul/2026:02:49:45 +0000] "POST /wp-cron.php?doing_wp_cron=1785120585.3568480014801025390625 HTTP/1.1" 200 31 "-" "WordPress/7.0; https://weelorum.com"
66.146.237.5 - - [27/Jul/2026:02:49:45 +0000] "GET /blog/how-to-create-a-dating-app-like-tinder-what-to-notice-for-development/feed HTTP/1.1" 301 5 "-" "Mozilla/5.0 (X11; Linux x86_64) AppleWebKit/537.36 (KHTML, like Gecko) Chrome/114.0.5735.199 Safari/537.36"
34.224.132.215 - - [27/Jul/2026:02:49:47 +0000] "GET /blog/mobile-app-development-process-full-overview-based-on-strong-expertise/ HTTP/1.1" 200 90251 "-" "Mozilla/5.0 AppleWebKit/537.36 (KHTML, like Gecko; compatible; Amazonbot/0.1; +https://developer.amazon.com/support/amazonbot) Chrome/119.0.6045.214 Safari/537.36"
167.160.76.91 - - [27/Jul/2026:02:49:48 +0000] "GET /blog/how-to-create-a-dating-app-like-tinder-what-to-notice-for-development/feed/ HTTP/1.1" 200 974 "-" "Mozilla/5.0 (X11; Linux x86_64) AppleWebKit/537.36 (KHTML, like Gecko) Chrome/114.0.5735.199 Safari/537.36"
3.208.156.9 - - [27/Jul/2026:02:49:51 +0000] "GET /blog/how-to-track-mobile-analytics-to-collect-all-needed-app-data/ HTTP/1.1" 200 89891 "-" "Mozilla/5.0 AppleWebKit/537.36 (KHTML, like Gecko; compatible; Amazonbot/0.1; +https://developer.amazon.com/support/amazonbot) Chrome/119.0.6045.214 Safari/537.36"
123.160.223.73 - - [27/Jul/2026:02:55:08 +0000] "GET / HTTP/1.1" 200 79980 "-" "Mozilla/5.0 (Macintosh; Intel Mac OS X 10_15_7) AppleWebKit/537.36 (KHTML, like Gecko) Chrome/120.0.0.0 Safari/537.36"
123.160.223.74 - - [27/Jul/2026:02:55:09 +0000] "GET /wp-content/uploads/fbrfg/favicon.ico HTTP/1.1" 200 1924 "-" "Mozilla/5.0 (Macintosh; Intel Mac OS X 10_15_7) AppleWebKit/537.36 (KHTML, like Gecko) Chrome/120.0.0.0 Safari/537.36"
146.190.158.65 - - [27/Jul/2026:02:56:01 +0000] "GET / HTTP/1.1" 301 169 "-" "Mozilla/5.0 (X11; Linux x86_64) AppleWebKit/537.36 (KHTML, like Gecko) Chrome/44.0.2403.157 Safari/537.36"
146.190.158.65 - - [27/Jul/2026:02:56:01 +0000] "GET / HTTP/1.1" 200 16118 "http://146.190.158.65" "Mozilla/5.0 (X11; Linux x86_64) AppleWebKit/537.36 (KHTML, like Gecko) Chrome/44.0.2403.157 Safari/537.36"
154.222.131.117 - - [27/Jul/2026:02:56:05 +0000] "GET /wp-content/uploads/2022/12/25.630.svg HTTP/1.1" 200 31845 "-" "Mozilla/5.0 (compatible; crawler)"
146.190.158.65 - - [27/Jul/2026:03:00:02 +0000] "GET / HTTP/1.1" 301 169 "-" "Mozilla/5.0 (X11; Linux x86_64) AppleWebKit/537.36 (KHTML, like Gecko) Chrome/44.0.2403.157 Safari/537.36"
146.190.158.65 - - [27/Jul/2026:03:00:02 +0000] "GET / HTTP/1.1" 200 48886 "http://146.190.158.65" "Mozilla/5.0 (X11; Linux x86_64) AppleWebKit/537.36 (KHTML, like Gecko) Chrome/44.0.2403.157 Safari/537.36"
47.128.116.157 - - [27/Jul/2026:03:00:26 +0000] "GET /blog/app-development-costs-beyond-coding-budget-for-2025/ HTTP/1.1" 200 92798 "-" "Mozilla/5.0 (Linux; Android 5.0) AppleWebKit/537.36 (KHTML, like Gecko) Mobile Safari/537.36 (compatible; Bytespider; spider-feedback@bytedance.com)"
47.128.116.157 - - [27/Jul/2026:03:00:27 +0000] "GET /wp-content/cache/background-css/1/weelorum.com/wp-content/cache/min/1/wp-content/themes/weelorum-theme/assets/css/wl-pages.css?ver=1784812621&wpr_t=1785086932 HTTP/1.1" 200 58160 "https://weelorum.com/blog/app-development-costs-beyond-coding-budget-for-2025/" "Mozilla/5.0 (Linux; Android 5.0) AppleWebKit/537.36 (KHTML, like Gecko) Mobile Safari/537.36 (compatible; Bytespider; spider-feedback@bytedance.com)"
47.128.116.157 - - [27/Jul/2026:03:00:27 +0000] "GET /wp-content/cache/min/1/wp-content/themes/weelorum-theme/css/awards-section.css?ver=1784812621 HTTP/1.1" 200 1392 "https://weelorum.com/blog/app-development-costs-beyond-coding-budget-for-2025/" "Mozilla/5.0 (Linux; Android 5.0) AppleWebKit/537.36 (KHTML, like Gecko) Mobile Safari/537.36 (compatible; Bytespider; spider-feedback@bytedance.com)"
47.128.116.157 - - [27/Jul/2026:03:00:28 +0000] "GET /wp-content/themes/weelorum-theme/assets/images/hero-default-bg-mobile.png HTTP/1.1" 206 500 "https://weelorum.com/blog/app-development-costs-beyond-coding-budget-for-2025/" "Mozilla/5.0 (Linux; Android 5.0) AppleWebKit/537.36 (KHTML, like Gecko) Mobile Safari/537.36 (compatible; Bytespider; spider-feedback@bytedance.com)"
47.128.116.157 - - [27/Jul/2026:03:00:28 +0000] "GET /wp-content/cache/min/1/wp-content/plugins/contact-form-7/includes/swv/js/index.js?ver=1784812623 HTTP/1.1" 200 3887 "https://weelorum.com/blog/app-development-costs-beyond-coding-budget-for-2025/" "Mozilla/5.0 (Linux; Android 5.0) AppleWebKit/537.36 (KHTML, like Gecko) Mobile Safari/537.36 (compatible; Bytespider; spider-feedback@bytedance.com)"
47.128.116.157 - - [27/Jul/2026:03:00:28 +0000] "GET /wp-includes/js/dist/i18n.min.js?ver=781d11515ad3d91786ec HTTP/1.1" 200 2574 "https://weelorum.com/blog/app-development-costs-beyond-coding-budget-for-2025/" "Mozilla/5.0 (Linux; Android 5.0) AppleWebKit/537.36 (KHTML, like Gecko) Mobile Safari/537.36 (compatible; Bytespider; spider-feedback@bytedance.com)"
47.128.116.157 - - [27/Jul/2026:03:00:28 +0000] "GET /wp-content/cache/min/1/wp-content/themes/weelorum-theme/assets/js/main.js?ver=1784812621 HTTP/1.1" 200 1767 "https://weelorum.com/blog/app-development-costs-beyond-coding-budget-for-2025/" "Mozilla/5.0 (Linux; Android 5.0) AppleWebKit/537.36 (KHTML, like Gecko) Mobile Safari/537.36 (compatible; Bytespider; spider-feedback@bytedance.com)"
47.128.116.157 - - [27/Jul/2026:03:00:28 +0000] "GET /wp-content/themes/weelorum-theme/assets/images/logo.png HTTP/1.1" 206 500 "https://weelorum.com/wp-content/cache/background-css/1/weelorum.com/wp-content/cache/min/1/wp-content/themes/weelorum-theme/assets/css/wl-pages.css?ver=1784812621&wpr_t=1785086932" "Mozilla/5.0 (Linux; Android 5.0) AppleWebKit/537.36 (KHTML, like Gecko) Mobile Safari/537.36 (compatible; Bytespider; spider-feedback@bytedance.com)"
47.128.116.157 - - [27/Jul/2026:03:00:28 +0000] "GET /wp-content/uploads/2025/11/image-1-1024x682.jpeg HTTP/1.1" 206 500 "https://weelorum.com/blog/app-development-costs-beyond-coding-budget-for-2025/" "Mozilla/5.0 (Linux; Android 5.0) AppleWebKit/537.36 (KHTML, like Gecko) Mobile Safari/537.36 (compatible; Bytespider; spider-feedback@bytedance.com)"
47.128.116.157 - - [27/Jul/2026:03:00:28 +0000] "GET /wp-content/cache/min/1/wp-content/plugins/contact-form-7/includes/js/index.js?ver=1784812623 HTTP/1.1" 200 4803 "https://weelorum.com/blog/app-development-costs-beyond-coding-budget-for-2025/" "Mozilla/5.0 (Linux; Android 5.0) AppleWebKit/537.36 (KHTML, like Gecko) Mobile Safari/537.36 (compatible; Bytespider; spider-feedback@bytedance.com)"
47.128.116.157 - - [27/Jul/2026:03:00:28 +0000] "GET /wp-content/uploads/2025/11/image-1024x641.jpeg HTTP/1.1" 206 500 "https://weelorum.com/blog/app-development-costs-beyond-coding-budget-for-2025/" "Mozilla/5.0 (Linux; Android 5.0) AppleWebKit/537.36 (KHTML, like Gecko) Mobile Safari/537.36 (compatible; Bytespider; spider-feedback@bytedance.com)"
47.128.116.157 - - [27/Jul/2026:03:00:28 +0000] "GET /wp-content/uploads/2025/11/image-2-1024x706.jpeg HTTP/1.1" 206 500 "https://weelorum.com/blog/app-development-costs-beyond-coding-budget-for-2025/" "Mozilla/5.0 (Linux; Android 5.0) AppleWebKit/537.36 (KHTML, like Gecko) Mobile Safari/537.36 (compatible; Bytespider; spider-feedback@bytedance.com)"
47.128.116.157 - - [27/Jul/2026:03:00:28 +0000] "GET /wp-content/uploads/2025/11/image-3-1024x682.jpeg HTTP/1.1" 206 500 "https://weelorum.com/blog/app-development-costs-beyond-coding-budget-for-2025/" "Mozilla/5.0 (Linux; Android 5.0) AppleWebKit/537.36 (KHTML, like Gecko) Mobile Safari/537.36 (compatible; Bytespider; spider-feedback@bytedance.com)"
47.128.116.157 - - [27/Jul/2026:03:00:29 +0000] "GET /wp-content/uploads/2026/06/ChatGPT-Image-5-%D0%B8%D1%8E%D0%BD.-2026-%D0%B3.-15_04_55-2-285x162.png HTTP/1.1" 206 500 "https://weelorum.com/blog/app-development-costs-beyond-coding-budget-for-2025/" "Mozilla/5.0 (Linux; Android 5.0) AppleWebKit/537.36 (KHTML, like Gecko) Mobile Safari/537.36 (compatible; Bytespider; spider-feedback@bytedance.com)"
47.128.116.157 - - [27/Jul/2026:03:00:29 +0000] "GET /wp-content/uploads/2025/09/photo_2025-09-26_15-02-54-285x162.jpg HTTP/1.1" 206 500 "https://weelorum.com/blog/app-development-costs-beyond-coding-budget-for-2025/" "Mozilla/5.0 (Linux; Android 5.0) AppleWebKit/537.36 (KHTML, like Gecko) Mobile Safari/537.36 (compatible; Bytespider; spider-feedback@bytedance.com)"
47.128.116.157 - - [27/Jul/2026:03:00:29 +0000] "GET /wp-content/uploads/2025/06/blockchain-med-1-285x162.png HTTP/1.1" 206 500 "https://weelorum.com/blog/app-development-costs-beyond-coding-budget-for-2025/" "Mozilla/5.0 (Linux; Android 5.0) AppleWebKit/537.36 (KHTML, like Gecko) Mobile Safari/537.36 (compatible; Bytespider; spider-feedback@bytedance.com)"
47.128.116.157 - - [27/Jul/2026:03:00:29 +0000] "GET /wp-content/uploads/2025/03/Weelorum-What-AI-Is-Capable-Of-285x162.png HTTP/1.1" 206 500 "https://weelorum.com/blog/app-development-costs-beyond-coding-budget-for-2025/" "Mozilla/5.0 (Linux; Android 5.0) AppleWebKit/537.36 (KHTML, like Gecko) Mobile Safari/537.36 (compatible; Bytespider; spider-feedback@bytedance.com)"
47.128.116.157 - - [27/Jul/2026:03:00:29 +0000] "GET /wp-content/uploads/2022/08/13.-Preview-articles.svg HTTP/1.1" 206 500 "https://weelorum.com/blog/app-development-costs-beyond-coding-budget-for-2025/" "Mozilla/5.0 (Linux; Android 5.0) AppleWebKit/537.36 (KHTML, like Gecko) Mobile Safari/537.36 (compatible; Bytespider; spider-feedback@bytedance.com)"
47.128.116.157 - - [27/Jul/2026:03:00:29 +0000] "GET /wp-content/uploads/2022/08/3.-Preview-articles.svg HTTP/1.1" 206 500 "https://weelorum.com/blog/app-development-costs-beyond-coding-budget-for-2025/" "Mozilla/5.0 (Linux; Android 5.0) AppleWebKit/537.36 (KHTML, like Gecko) Mobile Safari/537.36 (compatible; Bytespider; spider-feedback@bytedance.com)"
47.128.116.157 - - [27/Jul/2026:03:00:29 +0000] "GET /wp-content/uploads/2022/09/14.-Preview-articles.svg HTTP/1.1" 206 500 "https://weelorum.com/blog/app-development-costs-beyond-coding-budget-for-2025/" "Mozilla/5.0 (Linux; Android 5.0) AppleWebKit/537.36 (KHTML, like Gecko) Mobile Safari/537.36 (compatible; Bytespider; spider-feedback@bytedance.com)"
47.128.116.157 - - [27/Jul/2026:03:00:29 +0000] "GET /wp-content/uploads/2022/08/13.-Preview-articles.svg HTTP/1.1" 304 0 "https://weelorum.com/blog/app-development-costs-beyond-coding-budget-for-2025/" "Mozilla/5.0 (Linux; Android 5.0) AppleWebKit/537.36 (KHTML, like Gecko) Mobile Safari/537.36 (compatible; Bytespider; spider-feedback@bytedance.com)"
47.128.116.157 - - [27/Jul/2026:03:00:29 +0000] "GET /wp-content/uploads/2022/08/3.-Preview-articles.svg HTTP/1.1" 304 0 "https://weelorum.com/blog/app-development-costs-beyond-coding-budget-for-2025/" "Mozilla/5.0 (Linux; Android 5.0) AppleWebKit/537.36 (KHTML, like Gecko) Mobile Safari/537.36 (compatible; Bytespider; spider-feedback@bytedance.com)"
47.128.116.157 - - [27/Jul/2026:03:00:29 +0000] "GET /wp-content/uploads/2022/09/14.-Preview-articles.svg HTTP/1.1" 304 0 "https://weelorum.com/blog/app-development-costs-beyond-coding-budget-for-2025/" "Mozilla/5.0 (Linux; Android 5.0) AppleWebKit/537.36 (KHTML, like Gecko) Mobile Safari/537.36 (compatible; Bytespider; spider-feedback@bytedance.com)"
47.128.116.157 - - [27/Jul/2026:03:00:29 +0000] "GET /wp-content/uploads/2022/09/14.-Preview-articles.svg HTTP/1.1" 200 73347 "https://weelorum.com/blog/app-development-costs-beyond-coding-budget-for-2025/" "Mozilla/5.0 (Linux; Android 5.0) AppleWebKit/537.36 (KHTML, like Gecko) Mobile Safari/537.36 (compatible; Bytespider; spider-feedback@bytedance.com)"
47.128.116.157 - - [27/Jul/2026:03:00:29 +0000] "GET /wp-content/themes/weelorum-theme/assets/images/footer-award-2.svg HTTP/1.1" 206 500 "https://weelorum.com/blog/app-development-costs-beyond-coding-budget-for-2025/" "Mozilla/5.0 (Linux; Android 5.0) AppleWebKit/537.36 (KHTML, like Gecko) Mobile Safari/537.36 (compatible; Bytespider; spider-feedback@bytedance.com)"
47.128.116.157 - - [27/Jul/2026:03:00:30 +0000] "GET /wp-content/uploads/2022/08/13.-Preview-articles.svg HTTP/1.1" 200 98301 "https://weelorum.com/blog/app-development-costs-beyond-coding-budget-for-2025/" "Mozilla/5.0 (Linux; Android 5.0) AppleWebKit/537.36 (KHTML, like Gecko) Mobile Safari/537.36 (compatible; Bytespider; spider-feedback@bytedance.com)"
47.128.116.157 - - [27/Jul/2026:03:00:30 +0000] "GET /wp-content/uploads/2022/08/3.-Preview-articles.svg HTTP/1.1" 200 118945 "https://weelorum.com/blog/app-development-costs-beyond-coding-budget-for-2025/" "Mozilla/5.0 (Linux; Android 5.0) AppleWebKit/537.36 (KHTML, like Gecko) Mobile Safari/537.36 (compatible; Bytespider; spider-feedback@bytedance.com)"
47.128.116.157 - - [27/Jul/2026:03:00:30 +0000] "GET /wp-content/themes/weelorum-theme/assets/images/footer-award-2.svg HTTP/1.1" 304 0 "https://weelorum.com/blog/app-development-costs-beyond-coding-budget-for-2025/" "Mozilla/5.0 (Linux; Android 5.0) AppleWebKit/537.36 (KHTML, like Gecko) Mobile Safari/537.36 (compatible; Bytespider; spider-feedback@bytedance.com)"
146.190.158.65 - - [27/Jul/2026:03:00:30 +0000] "POST /wp-cron.php?doing_wp_cron=1785121230.2742559909820556640625 HTTP/1.1" 200 31 "-" "WordPress/7.0; https://weelorum.com"
47.128.116.157 - - [27/Jul/2026:03:00:30 +0000] "GET /wp-json/contact-form-7/v1/contact-forms/217/feedback/schema HTTP/1.1" 200 259 "https://weelorum.com/blog/app-development-costs-beyond-coding-budget-for-2025/" "Mozilla/5.0 (Linux; Android 5.0) AppleWebKit/537.36 (KHTML, like Gecko) Mobile Safari/537.36 (compatible; Bytespider; spider-feedback@bytedance.com)"
47.128.116.157 - - [27/Jul/2026:03:00:30 +0000] "GET /wp-content/themes/weelorum-theme/assets/images/footer-award-2.svg HTTP/1.1" 200 30445 "https://weelorum.com/blog/app-development-costs-beyond-coding-budget-for-2025/" "Mozilla/5.0 (Linux; Android 5.0) AppleWebKit/537.36 (KHTML, like Gecko) Mobile Safari/537.36 (compatible; Bytespider; spider-feedback@bytedance.com)"
47.128.116.157 - - [27/Jul/2026:03:00:31 +0000] "GET /wp-json/contact-form-7/v1/contact-forms/217/refill HTTP/1.1" 200 33 "https://weelorum.com/blog/app-development-costs-beyond-coding-budget-for-2025/" "Mozilla/5.0 (Linux; Android 5.0) AppleWebKit/537.36 (KHTML, like Gecko) Mobile Safari/537.36 (compatible; Bytespider; spider-feedback@bytedance.com)"
85.208.96.194 - - [27/Jul/2026:03:02:34 +0000] "GET /services/ai-assisted-mvps-with-claude-ai/ HTTP/1.1" 200 81408 "-" "Mozilla/5.0 (compatible; SemrushBot/7~bl; +http://www.semrush.com/bot.html)"
43.136.167.197 - - [27/Jul/2026:03:04:31 +0000] "GET / HTTP/1.1" 301 169 "-" "Mozilla/5.0 (iPhone; CPU iPhone OS 13_2_3 like Mac OS X) AppleWebKit/605.1.15 (KHTML, like Gecko) Version/13.0.3 Mobile/15E148 Safari/604.1"
43.136.167.197 - - [27/Jul/2026:03:04:33 +0000] "GET / HTTP/1.1" 200 80014 "http://weelorum.com" "Mozilla/5.0 (iPhone; CPU iPhone OS 13_2_3 like Mac OS X) AppleWebKit/605.1.15 (KHTML, like Gecko) Version/13.0.3 Mobile/15E148 Safari/604.1"
80.121.1.135 - - [27/Jul/2026:03:06:25 +0000] "GET /blog/find-out-how-to-estimate-cost-of-app-development-with-weelorum/ HTTP/1.1" 200 89296 "-" "Mozilla/5.0 (compatible; Googlebot/2.1; +http://www.google.com/bot.html)"
52.200.58.199 - - [27/Jul/2026:03:06:31 +0000] "GET /wp-json/oembed/1.0/embed?format=xml&url=https://weelorum.com/technologies/native-android-app-development-company/ HTTP/1.1" 301 5 "-" "Mozilla/5.0 AppleWebKit/537.36 (KHTML, like Gecko; compatible; Amazonbot/0.1; +https://developer.amazon.com/support/amazonbot) Chrome/119.0.6045.214 Safari/537.36"
146.190.158.65 - - [27/Jul/2026:03:06:32 +0000] "POST /wp-cron.php?doing_wp_cron=1785121592.0785439014434814453125 HTTP/1.1" 200 31 "-" "WordPress/7.0; https://weelorum.com"
52.71.216.196 - - [27/Jul/2026:03:06:32 +0000] "GET /wp-json/oembed/1.0/embed?format=xml&url=https:/weelorum.com/technologies/native-android-app-development-company/ HTTP/1.1" 404 133 "-" "Mozilla/5.0 AppleWebKit/537.36 (KHTML, like Gecko; compatible; Amazonbot/0.1; +https://developer.amazon.com/support/amazonbot) Chrome/119.0.6045.214 Safari/537.36"
209.242.197.184 - - [27/Jul/2026:03:07:24 +0000] "GET /wp-content/uploads/2022/08/13.-Preview-articles.svg HTTP/1.1" 200 232397 "https://weelorum.com/blog/" "Mozilla/5.0 (Macintosh; Intel Mac OS X 10_15_7) AppleWebKit/537.36 (KHTML, like Gecko) Chrome/130.0.0.0 Safari/537.36"
146.190.158.65 - - [27/Jul/2026:03:08:28 +0000] "POST /wp-cron.php?doing_wp_cron=1785121708.4048590660095214843750 HTTP/1.1" 200 31 "-" "WordPress/7.0; https://weelorum.com"
199.101.142.11 - - [27/Jul/2026:03:08:28 +0000] "GET /blog/4-steps-of-digital-wallet-development-and-keeping-it-secure HTTP/1.1" 301 5 "-" "Mozilla/5.0 (Macintosh; Intel Mac OS X 13_4_1) AppleWebKit/537.36 (KHTML, like Gecko) Chrome/114.0.5735.199 Safari/537.36"
207.254.93.170 - - [27/Jul/2026:03:08:29 +0000] "GET /blog/4-steps-of-digital-wallet-development-and-keeping-it-secure/ HTTP/1.1" 200 89708 "-" "Mozilla/5.0 (Macintosh; Intel Mac OS X 13_4_1) AppleWebKit/537.36 (KHTML, like Gecko) Chrome/114.0.5735.199 Safari/537.36"
38.175.103.97 - - [27/Jul/2026:03:09:54 +0000] "GET / HTTP/1.1" 200 79980 "-" "Mozilla/5.0 (compatible; Googlebot/2.1; +http://www.google.com/bot.html)"
38.175.103.97 - - [27/Jul/2026:03:09:55 +0000] "GET /wp-content/themes/weelorum-theme/assets/fonts/montserrat.woff2 HTTP/1.1" 200 30300 "https://weelorum.com/" "Mozilla/5.0 (compatible; Googlebot/2.1; +http://www.google.com/bot.html)"
38.175.103.97 - - [27/Jul/2026:03:09:55 +0000] "GET /wp-includes/js/dist/i18n.min.js?ver=781d11515ad3d91786ec HTTP/1.1" 200 2574 "https://weelorum.com/" "Mozilla/5.0 (compatible; Googlebot/2.1; +http://www.google.com/bot.html)"
38.175.103.97 - - [27/Jul/2026:03:09:55 +0000] "GET /wp-content/cache/min/1/wp-content/plugins/contact-form-7/includes/swv/js/index.js?ver=1784812623 HTTP/1.1" 200 3887 "https://weelorum.com/" "Mozilla/5.0 (compatible; Googlebot/2.1; +http://www.google.com/bot.html)"
38.175.103.97 - - [27/Jul/2026:03:09:55 +0000] "GET /wp-content/cache/min/1/wp-content/themes/weelorum-theme/css/awards-section.css?ver=1784812621 HTTP/1.1" 200 1392 "https://weelorum.com/" "Mozilla/5.0 (compatible; Googlebot/2.1; +http://www.google.com/bot.html)"
38.175.103.97 - - [27/Jul/2026:03:09:55 +0000] "GET /wp-content/cache/background-css/1/weelorum.com/wp-content/cache/min/1/wp-content/themes/weelorum-theme/assets/css/wl-pages.css?ver=1784812621&wpr_t=1785086881 HTTP/1.1" 200 58160 "https://weelorum.com/" "Mozilla/5.0 (compatible; Googlebot/2.1; +http://www.google.com/bot.html)"
38.175.103.97 - - [27/Jul/2026:03:09:55 +0000] "GET /wp-includes/js/jquery/jquery.min.js?ver=3.7.1 HTTP/1.1" 200 35451 "https://weelorum.com/" "Mozilla/5.0 (compatible; Googlebot/2.1; +http://www.google.com/bot.html)"
38.175.103.97 - - [27/Jul/2026:03:09:55 +0000] "GET /wp-content/cache/min/1/wp-content/plugins/contact-form-7/includes/js/index.js?ver=1784812623 HTTP/1.1" 200 4803 "https://weelorum.com/" "Mozilla/5.0 (compatible; Googlebot/2.1; +http://www.google.com/bot.html)"
38.175.103.97 - - [27/Jul/2026:03:09:55 +0000] "GET /wp-includes/js/jquery/jquery-migrate.min.js?ver=3.4.1 HTTP/1.1" 200 5355 "https://weelorum.com/" "Mozilla/5.0 (compatible; Googlebot/2.1; +http://www.google.com/bot.html)"
38.175.103.97 - - [27/Jul/2026:03:09:55 +0000] "GET /wp-content/cache/min/1/wp-content/themes/weelorum-theme/assets/js/main.js?ver=1784812621 HTTP/1.1" 200 1767 "https://weelorum.com/" "Mozilla/5.0 (compatible; Googlebot/2.1; +http://www.google.com/bot.html)"
38.175.103.97 - - [27/Jul/2026:03:09:55 +0000] "GET /wp-content/plugins/wp-rocket/assets/js/lazyload/17.8.3/lazyload.min.js HTTP/1.1" 200 3400 "https://weelorum.com/" "Mozilla/5.0 (compatible; Googlebot/2.1; +http://www.google.com/bot.html)"
38.175.103.97 - - [27/Jul/2026:03:09:56 +0000] "GET /wp-content/themes/weelorum-theme/assets/images/hero-default-bg-desktop.webp HTTP/1.1" 200 8256 "https://weelorum.com/" "Mozilla/5.0 (compatible; Googlebot/2.1; +http://www.google.com/bot.html)"
38.175.103.97 - - [27/Jul/2026:03:10:00 +0000] "GET /wp-content/uploads/fbrfg/apple-touch-icon.png HTTP/1.1" 200 5628 "https://weelorum.com/" "Mozilla/5.0 (compatible; Googlebot/2.1; +http://www.google.com/bot.html)"
38.175.103.97 - - [27/Jul/2026:03:10:01 +0000] "GET /wp-content/uploads/fbrfg/favicon-16x16.png HTTP/1.1" 200 696 "https://weelorum.com/" "Mozilla/5.0 (compatible; Googlebot/2.1; +http://www.google.com/bot.html)"
38.175.103.97 - - [27/Jul/2026:03:10:10 +0000] "GET /wp-content/themes/weelorum-theme/assets/images/hero-v2-bg.webp HTTP/1.1" 200 5696 "https://weelorum.com/wp-content/cache/background-css/1/weelorum.com/wp-content/cache/min/1/wp-content/themes/weelorum-theme/assets/css/wl-pages.css?ver=1784812621&wpr_t=1785086881" "Mozilla/5.0 (compatible; Googlebot/2.1; +http://www.google.com/bot.html)"
38.175.103.97 - - [27/Jul/2026:03:10:10 +0000] "GET /wp-content/themes/weelorum-theme/assets/images/logo-black.png HTTP/1.1" 200 4286 "https://weelorum.com/wp-content/cache/background-css/1/weelorum.com/wp-content/cache/min/1/wp-content/themes/weelorum-theme/assets/css/wl-pages.css?ver=1784812621&wpr_t=1785086881" "Mozilla/5.0 (compatible; Googlebot/2.1; +http://www.google.com/bot.html)"
38.175.103.97 - - [27/Jul/2026:03:10:11 +0000] "GET /wp-content/uploads/2026/06/cell-0-custom-surgical.png HTTP/1.1" 200 4302 "https://weelorum.com/" "Mozilla/5.0 (compatible; Googlebot/2.1; +http://www.google.com/bot.html)"
38.175.103.97 - - [27/Jul/2026:03:10:11 +0000] "GET /wp-content/themes/weelorum-theme/assets/images/about-team-v2.webp HTTP/1.1" 200 55660 "https://weelorum.com/" "Mozilla/5.0 (compatible; Googlebot/2.1; +http://www.google.com/bot.html)"
38.175.103.97 - - [27/Jul/2026:03:10:11 +0000] "GET /wp-content/uploads/2026/06/zinglez.jpg HTTP/1.1" 200 201426 "https://weelorum.com/" "Mozilla/5.0 (compatible; Googlebot/2.1; +http://www.google.com/bot.html)"
38.175.103.97 - - [27/Jul/2026:03:10:11 +0000] "GET /wp-content/uploads/2026/06/photocopy.jpg HTTP/1.1" 200 161910 "https://weelorum.com/" "Mozilla/5.0 (compatible; Googlebot/2.1; +http://www.google.com/bot.html)"
38.175.103.97 - - [27/Jul/2026:03:10:11 +0000] "GET /wp-content/uploads/2026/06/vortex.jpg HTTP/1.1" 200 188617 "https://weelorum.com/" "Mozilla/5.0 (compatible; Googlebot/2.1; +http://www.google.com/bot.html)"
38.175.103.97 - - [27/Jul/2026:03:10:11 +0000] "GET /wp-content/uploads/2026/06/cell-1-music-coast.png HTTP/1.1" 200 10322 "https://weelorum.com/" "Mozilla/5.0 (compatible; Googlebot/2.1; +http://www.google.com/bot.html)"
146.190.158.65 - - [27/Jul/2026:03:10:11 +0000] "POST /wp-cron.php?doing_wp_cron=1785121811.5574591159820556640625 HTTP/1.1" 200 31 "-" "WordPress/7.0; https://weelorum.com"
38.175.103.97 - - [27/Jul/2026:03:10:11 +0000] "GET /wp-json/contact-form-7/v1/contact-forms/217/feedback/schema HTTP/1.1" 200 259 "https://weelorum.com/" "Mozilla/5.0 (compatible; Googlebot/2.1; +http://www.google.com/bot.html)"
38.175.103.97 - - [27/Jul/2026:03:10:11 +0000] "GET /wp-content/uploads/2026/06/cell-2-ventor-tech.png HTTP/1.1" 200 3179 "https://weelorum.com/" "Mozilla/5.0 (compatible; Googlebot/2.1; +http://www.google.com/bot.html)"
38.175.103.97 - - [27/Jul/2026:03:10:11 +0000] "GET /wp-content/uploads/2026/06/cell-4-swi-fence.png HTTP/1.1" 200 3156 "https://weelorum.com/" "Mozilla/5.0 (compatible; Googlebot/2.1; +http://www.google.com/bot.html)"
38.175.103.97 - - [27/Jul/2026:03:10:11 +0000] "GET /wp-content/uploads/2026/06/cell-3-photaka.png HTTP/1.1" 200 3936 "https://weelorum.com/" "Mozilla/5.0 (compatible; Googlebot/2.1; +http://www.google.com/bot.html)"
38.175.103.97 - - [27/Jul/2026:03:10:11 +0000] "GET /wp-content/uploads/2026/06/cell-5-zimo.png HTTP/1.1" 200 1705 "https://weelorum.com/" "Mozilla/5.0 (compatible; Googlebot/2.1; +http://www.google.com/bot.html)"
38.175.103.97 - - [27/Jul/2026:03:10:11 +0000] "GET /wp-content/uploads/2026/06/cell-6-jon-drock.png HTTP/1.1" 200 3271 "https://weelorum.com/" "Mozilla/5.0 (compatible; Googlebot/2.1; +http://www.google.com/bot.html)"
38.175.103.97 - - [27/Jul/2026:03:10:12 +0000] "GET /wp-content/uploads/2026/06/cell-7-digiproduct.png HTTP/1.1" 200 4537 "https://weelorum.com/" "Mozilla/5.0 (compatible; Googlebot/2.1; +http://www.google.com/bot.html)"
38.175.103.97 - - [27/Jul/2026:03:10:12 +0000] "GET /wp-content/uploads/2026/06/cell-8-bliss-pool.png HTTP/1.1" 200 3496 "https://weelorum.com/" "Mozilla/5.0 (compatible; Googlebot/2.1; +http://www.google.com/bot.html)"
38.175.103.97 - - [27/Jul/2026:03:10:12 +0000] "GET /wp-content/uploads/2026/06/cell-9-yellow-brick-cinema.png HTTP/1.1" 200 5503 "https://weelorum.com/" "Mozilla/5.0 (compatible; Googlebot/2.1; +http://www.google.com/bot.html)"
38.175.103.97 - - [27/Jul/2026:03:10:12 +0000] "GET /wp-content/uploads/2022/05/logo.png HTTP/1.1" 200 2047 "https://weelorum.com/" "Mozilla/5.0 (compatible; Googlebot/2.1; +http://www.google.com/bot.html)"
38.175.103.97 - - [27/Jul/2026:03:10:12 +0000] "GET /wp-content/themes/weelorum-theme/assets/images/icon-linkedin.png HTTP/1.1" 200 461 "https://weelorum.com/" "Mozilla/5.0 (compatible; Googlebot/2.1; +http://www.google.com/bot.html)"
38.175.103.97 - - [27/Jul/2026:03:10:12 +0000] "GET /wp-content/themes/weelorum-theme/assets/images/icon-facebook.png HTTP/1.1" 200 313 "https://weelorum.com/" "Mozilla/5.0 (compatible; Googlebot/2.1; +http://www.google.com/bot.html)"
38.175.103.97 - - [27/Jul/2026:03:10:12 +0000] "GET /wp-content/themes/weelorum-theme/assets/images/footer-award-1.png HTTP/1.1" 200 5163 "https://weelorum.com/" "Mozilla/5.0 (compatible; Googlebot/2.1; +http://www.google.com/bot.html)"
38.175.103.97 - - [27/Jul/2026:03:10:12 +0000] "GET /wp-content/themes/weelorum-theme/assets/images/icon-telegram.png HTTP/1.1" 200 670 "https://weelorum.com/" "Mozilla/5.0 (compatible; Googlebot/2.1; +http://www.google.com/bot.html)"
38.175.103.97 - - [27/Jul/2026:03:10:12 +0000] "GET /wp-content/themes/weelorum-theme/assets/images/footer-award-2.svg HTTP/1.1" 200 30445 "https://weelorum.com/" "Mozilla/5.0 (compatible; Googlebot/2.1; +http://www.google.com/bot.html)"
38.175.103.97 - - [27/Jul/2026:03:10:12 +0000] "GET /wp-content/cache/min/1/wp-content/plugins/countup-js/js/countup.js?ver=1784812621 HTTP/1.1" 200 1507 "https://weelorum.com/" "Mozilla/5.0 (compatible; Googlebot/2.1; +http://www.google.com/bot.html)"
38.175.103.97 - - [27/Jul/2026:03:10:12 +0000] "GET /wp-includes/js/dist/hooks.min.js?ver=7496969728ca0f95732d HTTP/1.1" 200 1909 "https://weelorum.com/" "Mozilla/5.0 (compatible; Googlebot/2.1; +http://www.google.com/bot.html)"
38.175.103.97 - - [27/Jul/2026:03:10:12 +0000] "GET /wp-content/cache/min/1/wp-content/plugins/cookie-law-info/legacy/public/js/cookie-law-info-public.js?ver=1784812621 HTTP/1.1" 200 7917 "https://weelorum.com/" "Mozilla/5.0 (compatible; Googlebot/2.1; +http://www.google.com/bot.html)"
38.175.103.97 - - [27/Jul/2026:03:10:12 +0000] "GET /wp-content/plugins/add-to-any/addtoany.min.js?ver=1.1 HTTP/1.1" 200 137 "https://weelorum.com/" "Mozilla/5.0 (compatible; Googlebot/2.1; +http://www.google.com/bot.html)"
38.175.103.97 - - [27/Jul/2026:03:10:13 +0000] "GET /wp-content/plugins/rate-my-post/public/js/rate-my-post.min.js?ver=4.5.1 HTTP/1.1" 200 5596 "https://weelorum.com/" "Mozilla/5.0 (compatible; Googlebot/2.1; +http://www.google.com/bot.html)"
38.175.103.97 - - [27/Jul/2026:03:10:13 +0000] "GET /wp-content/cache/min/1/wp-content/themes/weelorum-theme/assets/js/scroll-handler.js?ver=1784812621 HTTP/1.1" 200 1531 "https://weelorum.com/" "Mozilla/5.0 (compatible; Googlebot/2.1; +http://www.google.com/bot.html)"
38.175.103.97 - - [27/Jul/2026:03:10:13 +0000] "GET /wp-content/cache/min/1/wp-content/themes/weelorum-theme/assets/js/footer-scripts.js?ver=1784812621 HTTP/1.1" 200 1745 "https://weelorum.com/" "Mozilla/5.0 (compatible; Googlebot/2.1; +http://www.google.com/bot.html)"
38.175.103.97 - - [27/Jul/2026:03:10:13 +0000] "GET /wp-content/cache/min/1/wp-content/themes/weelorum-theme/assets/js/floating-discovery.js?ver=1784812621 HTTP/1.1" 200 1459 "https://weelorum.com/" "Mozilla/5.0 (compatible; Googlebot/2.1; +http://www.google.com/bot.html)"
38.175.103.97 - - [27/Jul/2026:03:10:13 +0000] "GET /wp-content/themes/weelorum-theme/assets/js/swiper.min.js?ver=3.0.0 HTTP/1.1" 200 52198 "https://weelorum.com/" "Mozilla/5.0 (compatible; Googlebot/2.1; +http://www.google.com/bot.html)"
38.175.103.97 - - [27/Jul/2026:03:10:13 +0000] "GET /wp-content/cache/min/1/wp-content/themes/weelorum-theme/assets/js/swiper-init.js?ver=1784812621 HTTP/1.1" 200 1831 "https://weelorum.com/" "Mozilla/5.0 (compatible; Googlebot/2.1; +http://www.google.com/bot.html)"
38.175.103.97 - - [27/Jul/2026:03:10:13 +0000] "GET /wp-content/cache/min/1/wp-content/themes/weelorum-theme/assets/js/header-v2.js?ver=1784812621 HTTP/1.1" 200 1204 "https://weelorum.com/" "Mozilla/5.0 (compatible; Googlebot/2.1; +http://www.google.com/bot.html)"
38.175.103.97 - - [27/Jul/2026:03:10:13 +0000] "GET /wp-content/cache/min/1/wp-content/themes/weelorum-theme/assets/js/wl-pages.js?ver=1784812621 HTTP/1.1" 200 4498 "https://weelorum.com/" "Mozilla/5.0 (compatible; Googlebot/2.1; +http://www.google.com/bot.html)"
38.175.103.97 - - [27/Jul/2026:03:10:13 +0000] "GET /wp-content/plugins/drag-and-drop-multiple-file-upload-contact-form-7/assets/js/codedropz-uploader-min.js?ver=1.3.9.8 HTTP/1.1" 200 4191 "https://weelorum.com/" "Mozilla/5.0 (compatible; Googlebot/2.1; +http://www.google.com/bot.html)"
38.175.103.97 - - [27/Jul/2026:03:10:13 +0000] "GET /wp-content/cache/min/1/wp-content/plugins/akismet/_inc/akismet-frontend.js?ver=1784812623 HTTP/1.1" 200 2088 "https://weelorum.com/" "Mozilla/5.0 (compatible; Googlebot/2.1; +http://www.google.com/bot.html)"
38.175.103.97 - - [27/Jul/2026:03:10:13 +0000] "GET /wp-content/cache/min/1/assets/external/widget.js?ver=1784812623 HTTP/1.1" 200 4483 "https://weelorum.com/" "Mozilla/5.0 (compatible; Googlebot/2.1; +http://www.google.com/bot.html)"
146.190.158.65 - - [27/Jul/2026:03:10:15 +0000] "POST /wp-cron.php?doing_wp_cron=1785121815.6647779941558837890625 HTTP/1.1" 200 31 "-" "WordPress/7.0; https://weelorum.com"
38.175.103.97 - - [27/Jul/2026:03:10:15 +0000] "GET /wp-json/contact-form-7/v1/contact-forms/217/refill HTTP/1.1" 200 33 "https://weelorum.com/" "Mozilla/5.0 (compatible; Googlebot/2.1; +http://www.google.com/bot.html)"
199.34.87.24 - - [27/Jul/2026:03:13:08 +0000] "GET / HTTP/1.1" 200 80014 "-" "Mozilla/5.0 (iPhone; CPU iPhone OS 16_5 like Mac OS X) AppleWebKit/605.1.15 (KHTML, like Gecko) Version/16.5 Mobile/15E148 Safari/604.1"
146.190.158.65 - - [27/Jul/2026:03:14:01 +0000] "GET / HTTP/1.1" 301 169 "-" "Mozilla/5.0 (X11; Linux x86_64) AppleWebKit/537.36 (KHTML, like Gecko) Chrome/44.0.2403.157 Safari/537.36"
146.190.158.65 - - [27/Jul/2026:03:14:01 +0000] "GET / HTTP/1.1" 200 32502 "http://146.190.158.65" "Mozilla/5.0 (X11; Linux x86_64) AppleWebKit/537.36 (KHTML, like Gecko) Chrome/44.0.2403.157 Safari/537.36"
188.130.128.18 - - [27/Jul/2026:03:14:06 +0000] "GET /blog/find-out-how-to-estimate-cost-of-app-development-with-weelorum/ HTTP/1.0" 200 130863 "https://weelorum.com/blog/find-out-how-to-estimate-cost-of-app-development-with-weelorum/#comment-33682/" "Mozilla/5.0 (Windows NT 10.0; Win64; x64) AppleWebKit/537.36 (KHTML, like Gecko) Chrome/131.0.0.0 Safari/537.36"
188.130.128.18 - - [27/Jul/2026:03:14:58 +0000] "GET / HTTP/1.0" 200 130863 "https://weelorum.com/" "Mozilla/5.0 (Windows NT 10.0; Win64; x64) AppleWebKit/537.36 (KHTML, like Gecko) Chrome/131.0.0.0 Safari/537.36"
216.73.217.153 - - [27/Jul/2026:03:15:46 +0000] "GET /robots.txt HTTP/1.1" 200 140 "-" "Mozilla/5.0 AppleWebKit/537.36 (KHTML, like Gecko; compatible; ClaudeBot/1.0; +claudebot@anthropic.com)"
