43.119.100.16 - - [27/Jul/2026:06:56:42 +0000] "GET /wp-content/cache/background-css/1/weelorum.com/wp-content/cache/min/1/wp-content/themes/weelorum-theme/assets/css/wl-pages.css?ver=1784812621&wpr_t=1785086699 HTTP/1.1" 200 58160 "https://weelorum.com/blog/hospital-application-development-challenges-key-features-and-cost/" "Mozilla/5.0 (Macintosh; Intel Mac OS X 10_15_7) AppleWebKit/537.36 (KHTML, like Gecko) Chrome/145.0.0.0 Safari/537.36"
168.144.97.154 - - [27/Jul/2026:06:56:42 +0000] "GET /blog/find-out-how-to-estimate-cost-of-app-development-with-weelorum/ HTTP/1.1" 200 89296 "-" "Mozilla/5.0 (Macintosh; Intel Mac OS X 10_15_7) AppleWebKit/537.36 (KHTML, like Gecko) Chrome/145.0.0.0 Safari/537.36"
47.82.201.188 - - [27/Jul/2026:06:56:42 +0000] "GET /wp-content/cache/background-css/1/weelorum.com/wp-content/cache/min/1/wp-content/themes/weelorum-theme/assets/css/wl-pages.css?ver=1784812621&wpr_t=1785086929 HTTP/1.1" 200 58160 "https://weelorum.com/blog/5-must-have-features-for-a-successful-ai-powered-dating-app/" "Mozilla/5.0 (Macintosh; Intel Mac OS X 10_15_7) AppleWebKit/537.36 (KHTML, like Gecko) Chrome/145.0.0.0 Safari/537.36"
47.82.201.19 - - [27/Jul/2026:06:56:43 +0000] "GET /wp-content/cache/background-css/1/weelorum.com/wp-content/cache/min/1/wp-content/themes/weelorum-theme/assets/css/wl-pages.css?ver=1784812621&wpr_t=1785086770 HTTP/1.1" 200 58160 "https://weelorum.com/blog/diet-and-nutrition-app-development-all-you-need-to-know/" "Mozilla/5.0 (Macintosh; Intel Mac OS X 10_15_7) AppleWebKit/537.36 (KHTML, like Gecko) Chrome/145.0.0.0 Safari/537.36"
177.95.249.73 - - [27/Jul/2026:06:56:43 +0000] "GET /blog/15-kpis-for-mobile-apps-key-mobile-app-metrics-for-success/ HTTP/1.1" 200 87016 "-" "Mozilla/5.0 (Macintosh; Intel Mac OS X 10_15_7) AppleWebKit/537.36 (KHTML, like Gecko) Chrome/145.0.0.0 Safari/537.36"
47.82.201.15 - - [27/Jul/2026:06:56:43 +0000] "GET /wp-content/cache/background-css/1/weelorum.com/wp-content/cache/min/1/wp-content/themes/weelorum-theme/assets/css/wl-pages.css?ver=1784812621&wpr_t=1785086686 HTTP/1.1" 200 58160 "https://weelorum.com/blog/find-out-how-to-estimate-cost-of-app-development-with-weelorum/" "Mozilla/5.0 (Macintosh; Intel Mac OS X 10_15_7) AppleWebKit/537.36 (KHTML, like Gecko) Chrome/145.0.0.0 Safari/537.36"
123.16.36.97 - - [27/Jul/2026:06:56:43 +0000] "GET /blog/7-design-ideas-to-make-a-user-friendly-application/ HTTP/1.1" 200 85018 "-" "Mozilla/5.0 (Macintosh; Intel Mac OS X 10_15_7) AppleWebKit/537.36 (KHTML, like Gecko) Chrome/145.0.0.0 Safari/537.36"
43.119.100.144 - - [27/Jul/2026:06:56:44 +0000] "GET /wp-json/contact-form-7/v1/contact-forms/217/feedback/schema HTTP/1.1" 200 259 "https://weelorum.com/blog/hospital-application-development-challenges-key-features-and-cost/" "Mozilla/5.0 (Macintosh; Intel Mac OS X 10_15_7) AppleWebKit/537.36 (KHTML, like Gecko) Chrome/145.0.0.0 Safari/537.36"
152.42.200.193 - - [27/Jul/2026:06:56:44 +0000] "GET /blog/key-steps-to-successfully-launch-a-new-mobile-app/ HTTP/1.1" 200 88050 "-" "Mozilla/5.0 (Macintosh; Intel Mac OS X 10_15_7) AppleWebKit/537.36 (KHTML, like Gecko) Chrome/145.0.0.0 Safari/537.36"
47.82.201.20 - - [27/Jul/2026:06:56:45 +0000] "GET /wp-content/cache/background-css/1/weelorum.com/wp-content/cache/min/1/wp-content/themes/weelorum-theme/assets/css/wl-pages.css?ver=1784812621&wpr_t=1785086640 HTTP/1.1" 200 58160 "https://weelorum.com/blog/7-design-ideas-to-make-a-user-friendly-application/" "Mozilla/5.0 (Macintosh; Intel Mac OS X 10_15_7) AppleWebKit/537.36 (KHTML, like Gecko) Chrome/145.0.0.0 Safari/537.36"
43.119.100.55 - - [27/Jul/2026:06:56:45 +0000] "GET /wp-json/contact-form-7/v1/contact-forms/217/refill HTTP/1.1" 200 33 "https://weelorum.com/blog/hospital-application-development-challenges-key-features-and-cost/" "Mozilla/5.0 (Macintosh; Intel Mac OS X 10_15_7) AppleWebKit/537.36 (KHTML, like Gecko) Chrome/145.0.0.0 Safari/537.36"
43.119.100.168 - - [27/Jul/2026:06:56:45 +0000] "GET /wp-json/contact-form-7/v1/contact-forms/217/feedback/schema HTTP/1.1" 200 259 "https://weelorum.com/blog/find-out-how-to-estimate-cost-of-app-development-with-weelorum/" "Mozilla/5.0 (Macintosh; Intel Mac OS X 10_15_7) AppleWebKit/537.36 (KHTML, like Gecko) Chrome/145.0.0.0 Safari/537.36"
43.119.100.55 - - [27/Jul/2026:06:56:45 +0000] "GET /wp-includes/js/jquery/jquery.min.js?ver=3.7.1 HTTP/1.1" 200 35451 "https://weelorum.com/blog/7-design-ideas-to-make-a-user-friendly-application/" "Mozilla/5.0 (Macintosh; Intel Mac OS X 10_15_7) AppleWebKit/537.36 (KHTML, like Gecko) Chrome/145.0.0.0 Safari/537.36"
47.82.201.232 - - [27/Jul/2026:06:56:45 +0000] "GET /wp-content/cache/background-css/1/weelorum.com/wp-content/cache/min/1/wp-content/themes/weelorum-theme/assets/css/wl-pages.css?ver=1784812621&wpr_t=1785086821 HTTP/1.1" 200 58160 "https://weelorum.com/blog/key-steps-to-successfully-launch-a-new-mobile-app/" "Mozilla/5.0 (Macintosh; Intel Mac OS X 10_15_7) AppleWebKit/537.36 (KHTML, like Gecko) Chrome/145.0.0.0 Safari/537.36"
43.119.100.156 - - [27/Jul/2026:06:56:45 +0000] "GET /wp-content/cache/background-css/1/weelorum.com/wp-content/cache/min/1/wp-content/themes/weelorum-theme/assets/css/wl-pages.css?ver=1784812621&wpr_t=1785086938 HTTP/1.1" 200 58160 "https://weelorum.com/blog/15-kpis-for-mobile-apps-key-mobile-app-metrics-for-success/" "Mozilla/5.0 (Macintosh; Intel Mac OS X 10_15_7) AppleWebKit/537.36 (KHTML, like Gecko) Chrome/145.0.0.0 Safari/537.36"
165.245.186.27 - - [27/Jul/2026:06:56:46 +0000] "GET /blog/app-development-costs-beyond-coding-budget-for-2025/ HTTP/1.1" 200 92807 "-" "Mozilla/5.0 (Macintosh; Intel Mac OS X 10_15_7) AppleWebKit/537.36 (KHTML, like Gecko) Chrome/145.0.0.0 Safari/537.36"
43.119.100.56 - - [27/Jul/2026:06:56:46 +0000] "GET /wp-json/contact-form-7/v1/contact-forms/217/refill HTTP/1.1" 200 33 "https://weelorum.com/blog/find-out-how-to-estimate-cost-of-app-development-with-weelorum/" "Mozilla/5.0 (Macintosh; Intel Mac OS X 10_15_7) AppleWebKit/537.36 (KHTML, like Gecko) Chrome/145.0.0.0 Safari/537.36"
43.119.100.39 - - [27/Jul/2026:06:56:47 +0000] "GET /wp-json/contact-form-7/v1/contact-forms/217/feedback/schema HTTP/1.1" 200 259 "https://weelorum.com/blog/7-design-ideas-to-make-a-user-friendly-application/" "Mozilla/5.0 (Macintosh; Intel Mac OS X 10_15_7) AppleWebKit/537.36 (KHTML, like Gecko) Chrome/145.0.0.0 Safari/537.36"
47.82.201.15 - - [27/Jul/2026:06:56:47 +0000] "GET /wp-json/contact-form-7/v1/contact-forms/217/feedback/schema HTTP/1.1" 200 259 "https://weelorum.com/blog/diet-and-nutrition-app-development-all-you-need-to-know/" "Mozilla/5.0 (Macintosh; Intel Mac OS X 10_15_7) AppleWebKit/537.36 (KHTML, like Gecko) Chrome/145.0.0.0 Safari/537.36"
43.119.100.180 - - [27/Jul/2026:06:56:47 +0000] "GET /wp-json/contact-form-7/v1/contact-forms/217/refill HTTP/1.1" 200 33 "https://weelorum.com/blog/7-design-ideas-to-make-a-user-friendly-application/" "Mozilla/5.0 (Macintosh; Intel Mac OS X 10_15_7) AppleWebKit/537.36 (KHTML, like Gecko) Chrome/145.0.0.0 Safari/537.36"
43.119.100.201 - - [27/Jul/2026:06:56:47 +0000] "GET /wp-content/cache/background-css/1/weelorum.com/wp-content/cache/min/1/wp-content/themes/weelorum-theme/assets/css/wl-pages.css?ver=1784812621&wpr_t=1785086931 HTTP/1.1" 200 58160 "https://weelorum.com/blog/app-development-costs-beyond-coding-budget-for-2025/" "Mozilla/5.0 (Macintosh; Intel Mac OS X 10_15_7) AppleWebKit/537.36 (KHTML, like Gecko) Chrome/145.0.0.0 Safari/537.36"
47.82.201.20 - - [27/Jul/2026:06:56:47 +0000] "GET /wp-json/contact-form-7/v1/contact-forms/217/feedback/schema HTTP/1.1" 200 259 "https://weelorum.com/blog/15-kpis-for-mobile-apps-key-mobile-app-metrics-for-success/" "Mozilla/5.0 (Macintosh; Intel Mac OS X 10_15_7) AppleWebKit/537.36 (KHTML, like Gecko) Chrome/145.0.0.0 Safari/537.36"
47.82.201.227 - - [27/Jul/2026:06:56:48 +0000] "GET /wp-json/contact-form-7/v1/contact-forms/217/feedback/schema HTTP/1.1" 200 259 "https://weelorum.com/blog/key-steps-to-successfully-launch-a-new-mobile-app/" "Mozilla/5.0 (Macintosh; Intel Mac OS X 10_15_7) AppleWebKit/537.36 (KHTML, like Gecko) Chrome/145.0.0.0 Safari/537.36"
47.82.201.244 - - [27/Jul/2026:06:56:48 +0000] "GET /wp-json/contact-form-7/v1/contact-forms/217/refill HTTP/1.1" 200 33 "https://weelorum.com/blog/diet-and-nutrition-app-development-all-you-need-to-know/" "Mozilla/5.0 (Macintosh; Intel Mac OS X 10_15_7) AppleWebKit/537.36 (KHTML, like Gecko) Chrome/145.0.0.0 Safari/537.36"
47.82.201.29 - - [27/Jul/2026:06:56:49 +0000] "GET /wp-json/contact-form-7/v1/contact-forms/217/refill HTTP/1.1" 200 33 "https://weelorum.com/blog/15-kpis-for-mobile-apps-key-mobile-app-metrics-for-success/" "Mozilla/5.0 (Macintosh; Intel Mac OS X 10_15_7) AppleWebKit/537.36 (KHTML, like Gecko) Chrome/145.0.0.0 Safari/537.36"
43.119.100.140 - - [27/Jul/2026:06:56:49 +0000] "GET /wp-json/contact-form-7/v1/contact-forms/217/refill HTTP/1.1" 200 33 "https://weelorum.com/blog/key-steps-to-successfully-launch-a-new-mobile-app/" "Mozilla/5.0 (Macintosh; Intel Mac OS X 10_15_7) AppleWebKit/537.36 (KHTML, like Gecko) Chrome/145.0.0.0 Safari/537.36"
47.82.201.15 - - [27/Jul/2026:06:56:50 +0000] "GET /wp-json/contact-form-7/v1/contact-forms/217/feedback/schema HTTP/1.1" 200 259 "https://weelorum.com/blog/app-development-costs-beyond-coding-budget-for-2025/" "Mozilla/5.0 (Macintosh; Intel Mac OS X 10_15_7) AppleWebKit/537.36 (KHTML, like Gecko) Chrome/145.0.0.0 Safari/537.36"
223.235.101.235 - - [27/Jul/2026:06:56:51 +0000] "POST /xmlrpc.php HTTP/1.1" 405 427 "-" "Jetpack/12.1; WordPress/6.3; http://site91357829.com"
47.82.201.243 - - [27/Jul/2026:06:56:51 +0000] "GET /wp-json/contact-form-7/v1/contact-forms/217/refill HTTP/1.1" 200 33 "https://weelorum.com/blog/app-development-costs-beyond-coding-budget-for-2025/" "Mozilla/5.0 (Macintosh; Intel Mac OS X 10_15_7) AppleWebKit/537.36 (KHTML, like Gecko) Chrome/145.0.0.0 Safari/537.36"
45.77.250.192 - - [27/Jul/2026:06:56:52 +0000] "GET /blog/comprehensive-guide-to-creating-an-app-like-bereal/ HTTP/1.1" 200 90033 "-" "Mozilla/5.0 (Macintosh; Intel Mac OS X 10_15_7) AppleWebKit/537.36 (KHTML, like Gecko) Chrome/145.0.0.0 Safari/537.36"
47.82.201.220 - - [27/Jul/2026:06:56:53 +0000] "GET /wp-content/cache/background-css/1/weelorum.com/wp-content/cache/min/1/wp-content/themes/weelorum-theme/assets/css/wl-pages.css?ver=1784812621&wpr_t=1785086701 HTTP/1.1" 200 58160 "https://weelorum.com/blog/comprehensive-guide-to-creating-an-app-like-bereal/" "Mozilla/5.0 (Macintosh; Intel Mac OS X 10_15_7) AppleWebKit/537.36 (KHTML, like Gecko) Chrome/145.0.0.0 Safari/537.36"
186.122.224.23 - - [27/Jul/2026:06:56:53 +0000] "GET /portfolio-projects/medconnect-2/ HTTP/1.1" 200 70955 "-" "Mozilla/5.0 (Macintosh; Intel Mac OS X 10_15_7) AppleWebKit/537.36 (KHTML, like Gecko) Chrome/145.0.0.0 Safari/537.36"
43.119.100.217 - - [27/Jul/2026:06:56:54 +0000] "GET /wp-json/contact-form-7/v1/contact-forms/217/feedback/schema HTTP/1.1" 200 259 "https://weelorum.com/blog/5-must-have-features-for-a-successful-ai-powered-dating-app/" "Mozilla/5.0 (Macintosh; Intel Mac OS X 10_15_7) AppleWebKit/537.36 (KHTML, like Gecko) Chrome/145.0.0.0 Safari/537.36"
43.119.100.168 - - [27/Jul/2026:06:56:55 +0000] "GET /wp-json/contact-form-7/v1/contact-forms/217/feedback/schema HTTP/1.1" 200 259 "https://weelorum.com/blog/comprehensive-guide-to-creating-an-app-like-bereal/" "Mozilla/5.0 (Macintosh; Intel Mac OS X 10_15_7) AppleWebKit/537.36 (KHTML, like Gecko) Chrome/145.0.0.0 Safari/537.36"
43.119.100.5 - - [27/Jul/2026:06:56:56 +0000] "GET /wp-json/contact-form-7/v1/contact-forms/217/refill HTTP/1.1" 200 33 "https://weelorum.com/blog/comprehensive-guide-to-creating-an-app-like-bereal/" "Mozilla/5.0 (Macintosh; Intel Mac OS X 10_15_7) AppleWebKit/537.36 (KHTML, like Gecko) Chrome/145.0.0.0 Safari/537.36"
149.20.246.82 - - [27/Jul/2026:06:56:57 +0000] "GET /blog/5-must-have-features-for-a-successful-ai-powered-dating-app HTTP/1.1" 301 5 "-" "Mozilla/5.0 (X11; Linux x86_64) AppleWebKit/537.36 (KHTML, like Gecko) Chrome/114.0.5735.199 Safari/537.36"
43.119.100.186 - - [27/Jul/2026:06:56:57 +0000] "GET /wp-content/cache/background-css/1/weelorum.com/wp-content/cache/min/1/wp-content/themes/weelorum-theme/assets/css/wl-pages.css?ver=1784812621&wpr_t=1785087239 HTTP/1.1" 200 58160 "https://weelorum.com/portfolio-projects/medconnect-2/" "Mozilla/5.0 (Macintosh; Intel Mac OS X 10_15_7) AppleWebKit/537.36 (KHTML, like Gecko) Chrome/145.0.0.0 Safari/537.36"
165.22.248.217 - - [27/Jul/2026:06:56:58 +0000] "GET /blog/ui-ux-design/ HTTP/1.1" 200 64236 "-" "Mozilla/5.0 (Macintosh; Intel Mac OS X 10_15_7) AppleWebKit/537.36 (KHTML, like Gecko) Chrome/145.0.0.0 Safari/537.36"
47.82.201.247 - - [27/Jul/2026:06:56:58 +0000] "GET /wp-content/plugins/wp-rocket/assets/js/wpr-beacon.min.js HTTP/1.1" 200 9198 "https://weelorum.com/portfolio-projects/medconnect-2/" "Mozilla/5.0 (Macintosh; Intel Mac OS X 10_15_7) AppleWebKit/537.36 (KHTML, like Gecko) Chrome/145.0.0.0 Safari/537.36"
43.119.100.145 - - [27/Jul/2026:06:56:58 +0000] "GET /wp-json/contact-form-7/v1/contact-forms/217/refill HTTP/1.1" 200 33 "https://weelorum.com/blog/5-must-have-features-for-a-successful-ai-powered-dating-app/" "Mozilla/5.0 (Macintosh; Intel Mac OS X 10_15_7) AppleWebKit/537.36 (KHTML, like Gecko) Chrome/145.0.0.0 Safari/537.36"
43.119.100.199 - - [27/Jul/2026:06:56:59 +0000] "GET /wp-json/contact-form-7/v1/contact-forms/217/feedback/schema HTTP/1.1" 200 259 "https://weelorum.com/portfolio-projects/medconnect-2/" "Mozilla/5.0 (Macintosh; Intel Mac OS X 10_15_7) AppleWebKit/537.36 (KHTML, like Gecko) Chrome/145.0.0.0 Safari/537.36"
43.119.100.131 - - [27/Jul/2026:06:56:59 +0000] "GET /wp-content/cache/background-css/1/weelorum.com/wp-content/cache/min/1/wp-content/themes/weelorum-theme/assets/css/wl-pages.css?ver=1784812621&wpr_t=1785086879 HTTP/1.1" 200 58160 "https://weelorum.com/blog/ui-ux-design/" "Mozilla/5.0 (Macintosh; Intel Mac OS X 10_15_7) AppleWebKit/537.36 (KHTML, like Gecko) Chrome/145.0.0.0 Safari/537.36"
159.89.205.25 - - [27/Jul/2026:06:57:00 +0000] "GET /blog/guide-to-developing-a-gps-navigation-application/ HTTP/1.1" 200 94172 "-" "Mozilla/5.0 (Macintosh; Intel Mac OS X 10_15_7) AppleWebKit/537.36 (KHTML, like Gecko) Chrome/145.0.0.0 Safari/537.36"
45.70.58.29 - - [27/Jul/2026:06:57:00 +0000] "GET /blog/fintech-mobile-application-development-features-challenges-and-cost/ HTTP/1.1" 200 92212 "-" "Mozilla/5.0 (Macintosh; Intel Mac OS X 10_15_7) AppleWebKit/537.36 (KHTML, like Gecko) Chrome/145.0.0.0 Safari/537.36"
47.82.201.13 - - [27/Jul/2026:06:57:01 +0000] "GET /wp-json/contact-form-7/v1/contact-forms/217/feedback/schema HTTP/1.1" 200 259 "https://weelorum.com/blog/ui-ux-design/" "Mozilla/5.0 (Macintosh; Intel Mac OS X 10_15_7) AppleWebKit/537.36 (KHTML, like Gecko) Chrome/145.0.0.0 Safari/537.36"
47.82.201.238 - - [27/Jul/2026:06:57:01 +0000] "GET /wp-content/cache/background-css/1/weelorum.com/wp-content/cache/min/1/wp-content/themes/weelorum-theme/assets/css/wl-pages.css?ver=1784812621&wpr_t=1785086684 HTTP/1.1" 200 58160 "https://weelorum.com/blog/guide-to-developing-a-gps-navigation-application/" "Mozilla/5.0 (Macintosh; Intel Mac OS X 10_15_7) AppleWebKit/537.36 (KHTML, like Gecko) Chrome/145.0.0.0 Safari/537.36"
47.82.201.30 - - [27/Jul/2026:06:57:02 +0000] "GET /wp-json/contact-form-7/v1/contact-forms/217/refill HTTP/1.1" 200 33 "https://weelorum.com/blog/ui-ux-design/" "Mozilla/5.0 (Macintosh; Intel Mac OS X 10_15_7) AppleWebKit/537.36 (KHTML, like Gecko) Chrome/145.0.0.0 Safari/537.36"
139.180.130.122 - - [27/Jul/2026:06:57:02 +0000] "GET /blog/mobile-app-development-process-full-overview-based-on-strong-expertise/ HTTP/1.1" 200 90251 "-" "Mozilla/5.0 (Macintosh; Intel Mac OS X 10_15_7) AppleWebKit/537.36 (KHTML, like Gecko) Chrome/145.0.0.0 Safari/537.36"
223.235.101.235 - - [27/Jul/2026:06:57:02 +0000] "POST /xmlrpc.php HTTP/1.1" 405 427 "-" "WordPress.com; https://wordpress.com"
43.119.100.44 - - [27/Jul/2026:06:57:02 +0000] "GET /wp-content/cache/background-css/1/weelorum.com/wp-content/cache/min/1/wp-content/themes/weelorum-theme/assets/css/wl-pages.css?ver=1784812621&wpr_t=1785086644 HTTP/1.1" 200 58160 "https://weelorum.com/blog/fintech-mobile-application-development-features-challenges-and-cost/" "Mozilla/5.0 (Macintosh; Intel Mac OS X 10_15_7) AppleWebKit/537.36 (KHTML, like Gecko) Chrome/145.0.0.0 Safari/537.36"
168.144.47.1 - - [27/Jul/2026:06:57:03 +0000] "GET /blog/native-vs-hybrid-mobile-apps-which-is-better-to-choose/ HTTP/1.1" 200 87385 "-" "Mozilla/5.0 (Macintosh; Intel Mac OS X 10_15_7) AppleWebKit/537.36 (KHTML, like Gecko) Chrome/145.0.0.0 Safari/537.36"
43.119.100.164 - - [27/Jul/2026:06:57:03 +0000] "GET /wp-json/contact-form-7/v1/contact-forms/217/feedback/schema HTTP/1.1" 200 259 "https://weelorum.com/blog/guide-to-developing-a-gps-navigation-application/" "Mozilla/5.0 (Macintosh; Intel Mac OS X 10_15_7) AppleWebKit/537.36 (KHTML, like Gecko) Chrome/145.0.0.0 Safari/537.36"
43.119.100.175 - - [27/Jul/2026:06:57:03 +0000] "GET /wp-content/cache/background-css/1/weelorum.com/wp-content/cache/min/1/wp-content/themes/weelorum-theme/assets/css/wl-pages.css?ver=1784812621&wpr_t=1785086814 HTTP/1.1" 200 58160 "https://weelorum.com/blog/mobile-app-development-process-full-overview-based-on-strong-expertise/" "Mozilla/5.0 (Macintosh; Intel Mac OS X 10_15_7) AppleWebKit/537.36 (KHTML, like Gecko) Chrome/145.0.0.0 Safari/537.36"
47.82.201.41 - - [27/Jul/2026:06:57:03 +0000] "GET /wp-json/contact-form-7/v1/contact-forms/217/refill HTTP/1.1" 200 33 "https://weelorum.com/blog/guide-to-developing-a-gps-navigation-application/" "Mozilla/5.0 (Macintosh; Intel Mac OS X 10_15_7) AppleWebKit/537.36 (KHTML, like Gecko) Chrome/145.0.0.0 Safari/537.36"
47.82.201.233 - - [27/Jul/2026:06:57:04 +0000] "GET /wp-json/contact-form-7/v1/contact-forms/217/refill HTTP/1.1" 200 33 "https://weelorum.com/portfolio-projects/medconnect-2/" "Mozilla/5.0 (Macintosh; Intel Mac OS X 10_15_7) AppleWebKit/537.36 (KHTML, like Gecko) Chrome/145.0.0.0 Safari/537.36"
43.119.100.226 - - [27/Jul/2026:06:57:04 +0000] "GET /wp-content/cache/background-css/1/weelorum.com/wp-content/cache/min/1/wp-content/themes/weelorum-theme/assets/css/wl-pages.css?ver=1784812621&wpr_t=1785086759 HTTP/1.1" 200 58160 "https://weelorum.com/blog/native-vs-hybrid-mobile-apps-which-is-better-to-choose/" "Mozilla/5.0 (Macintosh; Intel Mac OS X 10_15_7) AppleWebKit/537.36 (KHTML, like Gecko) Chrome/145.0.0.0 Safari/537.36"
47.82.201.37 - - [27/Jul/2026:06:57:04 +0000] "GET /wp-json/contact-form-7/v1/contact-forms/217/feedback/schema HTTP/1.1" 200 259 "https://weelorum.com/blog/fintech-mobile-application-development-features-challenges-and-cost/" "Mozilla/5.0 (Macintosh; Intel Mac OS X 10_15_7) AppleWebKit/537.36 (KHTML, like Gecko) Chrome/145.0.0.0 Safari/537.36"
47.82.201.22 - - [27/Jul/2026:06:57:05 +0000] "GET /wp-json/contact-form-7/v1/contact-forms/217/feedback/schema HTTP/1.1" 200 259 "https://weelorum.com/blog/mobile-app-development-process-full-overview-based-on-strong-expertise/" "Mozilla/5.0 (Macintosh; Intel Mac OS X 10_15_7) AppleWebKit/537.36 (KHTML, like Gecko) Chrome/145.0.0.0 Safari/537.36"
43.119.100.62 - - [27/Jul/2026:06:57:05 +0000] "GET /wp-json/contact-form-7/v1/contact-forms/217/refill HTTP/1.1" 200 33 "https://weelorum.com/blog/mobile-app-development-process-full-overview-based-on-strong-expertise/" "Mozilla/5.0 (Macintosh; Intel Mac OS X 10_15_7) AppleWebKit/537.36 (KHTML, like Gecko) Chrome/145.0.0.0 Safari/537.36"
47.82.201.27 - - [27/Jul/2026:06:57:06 +0000] "GET /wp-json/contact-form-7/v1/contact-forms/217/feedback/schema HTTP/1.1" 200 259 "https://weelorum.com/blog/native-vs-hybrid-mobile-apps-which-is-better-to-choose/" "Mozilla/5.0 (Macintosh; Intel Mac OS X 10_15_7) AppleWebKit/537.36 (KHTML, like Gecko) Chrome/145.0.0.0 Safari/537.36"
43.119.100.223 - - [27/Jul/2026:06:57:06 +0000] "GET /wp-json/contact-form-7/v1/contact-forms/217/refill HTTP/1.1" 200 33 "https://weelorum.com/blog/native-vs-hybrid-mobile-apps-which-is-better-to-choose/" "Mozilla/5.0 (Macintosh; Intel Mac OS X 10_15_7) AppleWebKit/537.36 (KHTML, like Gecko) Chrome/145.0.0.0 Safari/537.36"
47.82.201.197 - - [27/Jul/2026:06:57:06 +0000] "GET /wp-json/contact-form-7/v1/contact-forms/217/refill HTTP/1.1" 200 33 "https://weelorum.com/blog/fintech-mobile-application-development-features-challenges-and-cost/" "Mozilla/5.0 (Macintosh; Intel Mac OS X 10_15_7) AppleWebKit/537.36 (KHTML, like Gecko) Chrome/145.0.0.0 Safari/537.36"
168.91.34.7 - - [27/Jul/2026:06:57:09 +0000] "GET /blog/5-must-have-features-for-a-successful-ai-powered-dating-app/ HTTP/1.1" 200 89554 "-" "Mozilla/5.0 (X11; Linux x86_64) AppleWebKit/537.36 (KHTML, like Gecko) Chrome/114.0.5735.199 Safari/537.36"
223.235.101.235 - - [27/Jul/2026:06:57:12 +0000] "POST /xmlrpc.php HTTP/1.1" 405 427 "-" "Jetpack/13.0; WordPress/6.2; http://site91917369.com"
146.190.158.65 - - [27/Jul/2026:06:57:23 +0000] "POST /wp-cron.php?doing_wp_cron=1785135443.4464750289916992187500 HTTP/1.1" 200 31 "-" "WordPress/7.0; https://weelorum.com"
223.235.101.235 - - [27/Jul/2026:06:57:23 +0000] "POST /xmlrpc.php HTTP/1.1" 405 427 "-" "Jetpack by WordPress.com"
146.190.158.65 - - [27/Jul/2026:06:57:34 +0000] "POST /wp-cron.php?doing_wp_cron=1785135454.0968499183654785156250 HTTP/1.1" 200 31 "-" "WordPress/7.0; https://weelorum.com"
223.235.101.235 - - [27/Jul/2026:06:57:34 +0000] "POST /xmlrpc.php HTTP/1.1" 405 427 "-" "Jetpack by WordPress.com (Jetpack 12.1; WordPress 6.4)"
146.190.158.65 - - [27/Jul/2026:06:57:44 +0000] "POST /wp-cron.php?doing_wp_cron=1785135464.7395339012145996093750 HTTP/1.1" 200 31 "-" "WordPress/7.0; https://weelorum.com"
223.235.101.235 - - [27/Jul/2026:06:57:44 +0000] "POST /xmlrpc.php HTTP/1.1" 405 427 "-" "WordPress.com; https://wordpress.com"
223.235.101.235 - - [27/Jul/2026:06:57:55 +0000] "POST /xmlrpc.php HTTP/1.1" 405 427 "-" "WordPress.com; https://wordpress.com"
223.235.101.235 - - [27/Jul/2026:06:58:05 +0000] "POST /xmlrpc.php HTTP/1.1" 405 427 "-" "WordPress.com; https://wordpress.com"
187.236.124.90 - - [27/Jul/2026:06:58:06 +0000] "POST /xmlrpc.php HTTP/1.1" 405 427 "-" "Mozilla/5.0 (Windows NT 6.3; x64) AppleWebKit/537.36 (KHTML, like Gecko) Edge/100.0.0.0 Safari/537.36"
146.190.158.65 - - [27/Jul/2026:06:58:16 +0000] "POST /wp-cron.php?doing_wp_cron=1785135496.5270240306854248046875 HTTP/1.1" 200 31 "-" "WordPress/7.0; https://weelorum.com"
223.235.101.235 - - [27/Jul/2026:06:58:16 +0000] "POST /xmlrpc.php HTTP/1.1" 405 427 "-" "WordPress.com; https://wordpress.com"
146.190.158.65 - - [27/Jul/2026:06:58:27 +0000] "POST /wp-cron.php?doing_wp_cron=1785135507.1934919357299804687500 HTTP/1.1" 200 31 "-" "WordPress/7.0; https://weelorum.com"
223.235.101.235 - - [27/Jul/2026:06:58:27 +0000] "POST /xmlrpc.php HTTP/1.1" 405 427 "-" "Jetpack by WordPress.com"
57.141.18.0 - - [27/Jul/2026:06:58:31 +0000] "GET /industry/education/ HTTP/1.1" 200 226753 "-" "Mozilla/5.0 (Windows NT 10.0; Win64; x64) AppleWebKit/537.36 (KHTML, like Gecko) Chrome/145.0.0.0 Safari/537.36 (compatible; meta-externalagent/1.1 (+https://developers.facebook.com/docs/sharing/webmasters/crawler))"
223.235.101.235 - - [27/Jul/2026:06:58:37 +0000] "POST /xmlrpc.php HTTP/1.1" 405 427 "-" "Jetpack/12.1; WordPress/6.3; http://site95969352.com"
45.3.55.235 - - [27/Jul/2026:06:58:41 +0000] "GET / HTTP/1.1" 200 333070 "-" "wp2shell"
146.190.158.65 - - [27/Jul/2026:06:58:45 +0000] "POST /wp-cron.php?doing_wp_cron=1785135525.6785140037536621093750 HTTP/1.1" 200 31 "-" "WordPress/7.0; https://weelorum.com"
45.3.55.235 - - [27/Jul/2026:06:58:45 +0000] "GET /wp-json/ HTTP/1.1" 200 286854 "-" "wp2shell"
223.235.101.235 - - [27/Jul/2026:06:58:48 +0000] "POST /xmlrpc.php HTTP/1.1" 405 427 "-" "WordPress.com; https://wordpress.com"
45.3.55.235 - - [27/Jul/2026:06:58:53 +0000] "GET /?rest_route=/ HTTP/1.1" 200 286854 "-" "wp2shell"
223.235.101.235 - - [27/Jul/2026:06:58:59 +0000] "POST /xmlrpc.php HTTP/1.1" 405 427 "-" "WordPress.com; https://wordpress.com"
45.3.55.235 - - [27/Jul/2026:06:59:00 +0000] "GET /wp-json/ HTTP/1.1" 200 286854 "-" "wp2shell"
45.3.55.235 - - [27/Jul/2026:06:59:07 +0000] "GET /?rest_route=/ HTTP/1.1" 200 286854 "-" "wp2shell"
223.235.101.235 - - [27/Jul/2026:06:59:09 +0000] "POST /xmlrpc.php HTTP/1.1" 405 427 "-" "Jetpack/12.1; WordPress/6.2; http://site71453235.com"
146.190.158.65 - - [27/Jul/2026:06:59:16 +0000] "POST /wp-cron.php?doing_wp_cron=1785135556.1580009460449218750000 HTTP/1.1" 200 31 "-" "WordPress/7.0; https://weelorum.com"
45.3.55.235 - - [27/Jul/2026:06:59:16 +0000] "POST /?rest_route=/batch/v1 HTTP/1.1" 207 631 "-" "wp2shell"
223.235.101.235 - - [27/Jul/2026:06:59:20 +0000] "POST /xmlrpc.php HTTP/1.1" 405 427 "-" "WordPress.com; https://wordpress.com"
146.190.158.65 - - [27/Jul/2026:06:59:32 +0000] "POST /wp-cron.php?doing_wp_cron=1785135571.3289151191711425781250 HTTP/1.1" 499 0 "-" "WordPress/7.0; https://weelorum.com"
223.235.101.235 - - [27/Jul/2026:06:59:32 +0000] "POST /xmlrpc.php HTTP/1.1" 405 427 "-" "Jetpack/13.0; WordPress/6.2; http://site80154256.com"
146.190.158.65 - - [27/Jul/2026:06:59:34 +0000] "POST /wp-cron.php?doing_wp_cron=1785135574.4238569736480712890625 HTTP/1.1" 200 31 "-" "WordPress/7.0; https://weelorum.com"
45.3.55.235 - - [27/Jul/2026:06:59:35 +0000] "POST /?rest_route=/batch/v1 HTTP/1.1" 207 937696 "-" "wp2shell"
223.235.101.235 - - [27/Jul/2026:06:59:41 +0000] "POST /xmlrpc.php HTTP/1.1" 405 427 "-" "WordPress.com; https://wordpress.com"
45.3.55.235 - - [27/Jul/2026:06:59:45 +0000] "POST /?rest_route=/batch/v1 HTTP/1.1" 207 45870 "-" "wp2shell"
45.3.55.235 - - [27/Jul/2026:06:59:51 +0000] "POST /?rest_route=/batch/v1 HTTP/1.1" 207 45870 "-" "wp2shell"
223.235.101.235 - - [27/Jul/2026:06:59:52 +0000] "POST /xmlrpc.php HTTP/1.1" 405 427 "-" "Jetpack by WordPress.com"
45.3.55.235 - - [27/Jul/2026:06:59:54 +0000] "POST /?rest_route=/batch/v1 HTTP/1.1" 207 45870 "-" "wp2shell"
66.146.233.65 - - [27/Jul/2026:06:59:57 +0000] "GET /technologies/native-android-app-development-company HTTP/1.1" 301 5 "-" "Mozilla/5.0 (X11; Linux x86_64) AppleWebKit/537.36 (KHTML, like Gecko) Chrome/114.0.5735.199 Safari/537.36"
64.16.146.198 - - [27/Jul/2026:06:59:57 +0000] "GET /technologies/native-android-app-development-company/ HTTP/1.1" 200 81360 "-" "Mozilla/5.0 (X11; Linux x86_64) AppleWebKit/537.36 (KHTML, like Gecko) Chrome/114.0.5735.199 Safari/537.36"
45.3.55.235 - - [27/Jul/2026:07:00:00 +0000] "POST /?rest_route=/batch/v1 HTTP/1.1" 207 45870 "-" "wp2shell"
146.190.158.65 - - [27/Jul/2026:07:00:01 +0000] "GET / HTTP/1.1" 301 169 "-" "Mozilla/5.0 (X11; Linux x86_64) AppleWebKit/537.36 (KHTML, like Gecko) Chrome/44.0.2403.157 Safari/537.36"
146.190.158.65 - - [27/Jul/2026:07:00:01 +0000] "GET / HTTP/1.1" 200 32502 "http://146.190.158.65" "Mozilla/5.0 (X11; Linux x86_64) AppleWebKit/537.36 (KHTML, like Gecko) Chrome/44.0.2403.157 Safari/537.36"
223.235.101.235 - - [27/Jul/2026:07:00:03 +0000] "POST /xmlrpc.php HTTP/1.1" 405 427 "-" "Jetpack/13.0; WordPress/6.4; http://site88954170.com"
45.3.55.235 - - [27/Jul/2026:07:00:03 +0000] "POST /?rest_route=/batch/v1 HTTP/1.1" 207 45870 "-" "wp2shell"
45.3.55.235 - - [27/Jul/2026:07:00:09 +0000] "POST /?rest_route=/batch/v1 HTTP/1.1" 207 45870 "-" "wp2shell"
223.235.101.235 - - [27/Jul/2026:07:00:13 +0000] "POST /xmlrpc.php HTTP/1.1" 405 427 "-" "WordPress.com; https://wordpress.com"
223.235.101.235 - - [27/Jul/2026:07:00:24 +0000] "POST /xmlrpc.php HTTP/1.1" 405 427 "-" "Jetpack by WordPress.com (Jetpack 12.1; WordPress 6.1)"
146.190.158.65 - - [27/Jul/2026:07:00:34 +0000] "POST /wp-cron.php?doing_wp_cron=1785135634.8621199131011962890625 HTTP/1.1" 200 31 "-" "WordPress/7.0; https://weelorum.com"
223.235.101.235 - - [27/Jul/2026:07:00:34 +0000] "POST /xmlrpc.php HTTP/1.1" 405 427 "-" "Jetpack/13.0; WordPress/6.1; http://site28532315.com"
146.190.158.65 - - [27/Jul/2026:07:00:40 +0000] "POST /wp-cron.php?doing_wp_cron=1785135640.0020821094512939453125 HTTP/1.1" 200 31 "-" "WordPress/7.0; https://weelorum.com"
187.236.124.90 - - [27/Jul/2026:07:00:40 +0000] "GET /wp-json/wp/v2/users HTTP/1.1" 200 22687 "-" "Mozilla/4.0 (compatible; Win32; WinHttp.WinHttpRequest.5)"
223.235.101.235 - - [27/Jul/2026:07:00:45 +0000] "POST /xmlrpc.php HTTP/1.1" 405 427 "-" "WordPress.com; https://wordpress.com"
223.235.101.235 - - [27/Jul/2026:07:00:56 +0000] "POST /xmlrpc.php HTTP/1.1" 405 427 "-" "Jetpack/12.0; WordPress/6.1; http://site18527332.com"
187.236.124.90 - - [27/Jul/2026:07:01:00 +0000] "POST /xmlrpc.php HTTP/1.1" 405 427 "-" "Mozilla/5.0 (Windows NT 6.2; x64) AppleWebKit/537.36 (KHTML, like Gecko) Chrome/107.0.0.0 Safari/537.36"
223.235.101.235 - - [27/Jul/2026:07:01:06 +0000] "POST /xmlrpc.php HTTP/1.1" 405 427 "-" "WordPress.com; https://wordpress.com"
146.190.158.65 - - [27/Jul/2026:07:01:17 +0000] "POST /wp-cron.php?doing_wp_cron=1785135677.1884949207305908203125 HTTP/1.1" 200 31 "-" "WordPress/7.0; https://weelorum.com"
223.235.101.235 - - [27/Jul/2026:07:01:17 +0000] "POST /xmlrpc.php HTTP/1.1" 405 427 "-" "Jetpack by WordPress.com (Jetpack 12.1; WordPress 6.1)"
187.236.124.90 - - [27/Jul/2026:07:01:20 +0000] "POST /xmlrpc.php HTTP/1.1" 405 427 "-" "Mozilla/5.0 (Macintosh; Intel Mac OS X 10_15_7; arm64) AppleWebKit/537.36 (KHTML, like Gecko) Firefox/98.0.0.0 Safari/537.36"
146.190.158.65 - - [27/Jul/2026:07:01:28 +0000] "POST /wp-cron.php?doing_wp_cron=1785135687.9699749946594238281250 HTTP/1.1" 499 0 "-" "WordPress/7.0; https://weelorum.com"
223.235.101.235 - - [27/Jul/2026:07:01:28 +0000] "POST /xmlrpc.php HTTP/1.1" 405 427 "-" "WordPress.com; https://wordpress.com"
146.190.158.65 - - [27/Jul/2026:07:01:34 +0000] "POST /wp-cron.php?doing_wp_cron=1785135694.8912489414215087890625 HTTP/1.1" 200 31 "-" "WordPress/7.0; https://weelorum.com"
45.3.55.235 - - [27/Jul/2026:07:01:36 +0000] "POST /?rest_route=/batch/v1 HTTP/1.1" 207 937689 "-" "wp2shell"
223.235.101.235 - - [27/Jul/2026:07:01:38 +0000] "POST /xmlrpc.php HTTP/1.1" 405 427 "-" "Jetpack/13.0; WordPress/6.2; http://site20176183.com"
187.236.124.90 - - [27/Jul/2026:07:01:42 +0000] "POST /xmlrpc.php HTTP/1.1" 405 427 "-" "Mozilla/5.0 (Windows NT 6.2; x86) AppleWebKit/537.36 (KHTML, like Gecko) Safari/14.0.0.0 Safari/537.36"
223.235.101.235 - - [27/Jul/2026:07:01:49 +0000] "POST /xmlrpc.php HTTP/1.1" 405 427 "-" "Jetpack by WordPress.com (Jetpack 13.0; WordPress 6.4)"
74.125.215.35 - - [27/Jul/2026:07:01:54 +0000] "GET /app-audit/?gclid=625715219 HTTP/1.1" 200 85870 "-" "Mozilla/5.0 AppleWebKit/537.36 (KHTML, like Gecko; Mozilla/5.0, Google-AdWords-Express) Chrome/150.0.7871.124 Safari/537.36"
74.125.215.35 - - [27/Jul/2026:07:01:54 +0000] "GET /wp-content/cache/background-css/1/weelorum.com/wp-content/cache/min/1/wp-content/themes/weelorum-theme/assets/css/wl-pages.css?ver=1784812621&wpr_t=1785086995 HTTP/1.1" 200 58160 "https://weelorum.com/app-audit/?gclid=625715219" "Mozilla/5.0 AppleWebKit/537.36 (KHTML, like Gecko; Mozilla/5.0, Google-AdWords-Express) Chrome/150.0.7871.124 Safari/537.36"
74.125.215.36 - - [27/Jul/2026:07:01:54 +0000] "GET /wp-includes/js/dist/i18n.min.js?ver=781d11515ad3d91786ec HTTP/1.1" 200 2574 "https://weelorum.com/app-audit/?gclid=625715219" "Mozilla/5.0 AppleWebKit/537.36 (KHTML, like Gecko; Mozilla/5.0, Google-AdWords-Express) Chrome/150.0.7871.124 Safari/537.36"
74.125.215.34 - - [27/Jul/2026:07:01:54 +0000] "GET /wp-content/cache/min/1/wp-content/themes/weelorum-theme/css/awards-section.css?ver=1784812621 HTTP/1.1" 200 1392 "https://weelorum.com/app-audit/?gclid=625715219" "Mozilla/5.0 AppleWebKit/537.36 (KHTML, like Gecko; Mozilla/5.0, Google-AdWords-Express) Chrome/150.0.7871.124 Safari/537.36"
74.125.215.34 - - [27/Jul/2026:07:01:54 +0000] "GET /wp-content/plugins/wp-rocket/assets/js/lazyload/17.8.3/lazyload.min.js HTTP/1.1" 200 3400 "https://weelorum.com/app-audit/?gclid=625715219" "Mozilla/5.0 AppleWebKit/537.36 (KHTML, like Gecko; Mozilla/5.0, Google-AdWords-Express) Chrome/150.0.7871.124 Safari/537.36"
74.125.215.35 - - [27/Jul/2026:07:01:54 +0000] "GET /wp-content/cache/min/1/wp-content/plugins/contact-form-7/includes/swv/js/index.js?ver=1784812623 HTTP/1.1" 200 3887 "https://weelorum.com/app-audit/?gclid=625715219" "Mozilla/5.0 AppleWebKit/537.36 (KHTML, like Gecko; Mozilla/5.0, Google-AdWords-Express) Chrome/150.0.7871.124 Safari/537.36"
74.125.215.36 - - [27/Jul/2026:07:01:54 +0000] "GET /wp-content/cache/min/1/wp-content/plugins/contact-form-7/includes/js/index.js?ver=1784812623 HTTP/1.1" 200 4803 "https://weelorum.com/app-audit/?gclid=625715219" "Mozilla/5.0 AppleWebKit/537.36 (KHTML, like Gecko; Mozilla/5.0, Google-AdWords-Express) Chrome/150.0.7871.124 Safari/537.36"
74.125.215.35 - - [27/Jul/2026:07:01:54 +0000] "GET /wp-includes/js/jquery/jquery-migrate.min.js?ver=3.4.1 HTTP/1.1" 200 5355 "https://weelorum.com/app-audit/?gclid=625715219" "Mozilla/5.0 AppleWebKit/537.36 (KHTML, like Gecko; Mozilla/5.0, Google-AdWords-Express) Chrome/150.0.7871.124 Safari/537.36"
74.125.215.34 - - [27/Jul/2026:07:01:54 +0000] "GET /wp-content/cache/min/1/wp-content/themes/weelorum-theme/assets/js/main.js?ver=1784812621 HTTP/1.1" 200 1767 "https://weelorum.com/app-audit/?gclid=625715219" "Mozilla/5.0 AppleWebKit/537.36 (KHTML, like Gecko; Mozilla/5.0, Google-AdWords-Express) Chrome/150.0.7871.124 Safari/537.36"
74.125.215.34 - - [27/Jul/2026:07:01:55 +0000] "GET /wp-includes/js/jquery/jquery.min.js?ver=3.7.1 HTTP/1.1" 200 35451 "https://weelorum.com/app-audit/?gclid=625715219" "Mozilla/5.0 AppleWebKit/537.36 (KHTML, like Gecko; Mozilla/5.0, Google-AdWords-Express) Chrome/150.0.7871.124 Safari/537.36"
74.125.215.36 - - [27/Jul/2026:07:01:55 +0000] "GET /wp-json/contact-form-7/v1/contact-forms/217/feedback/schema HTTP/1.1" 200 259 "https://weelorum.com/app-audit/?gclid=625715219" "Mozilla/5.0 AppleWebKit/537.36 (KHTML, like Gecko; Mozilla/5.0, Google-AdWords-Express) Chrome/150.0.7871.124 Safari/537.36"
74.125.215.34 - - [27/Jul/2026:07:01:55 +0000] "GET /wp-json/contact-form-7/v1/contact-forms/217/refill HTTP/1.1" 200 33 "https://weelorum.com/app-audit/?gclid=625715219" "Mozilla/5.0 AppleWebKit/537.36 (KHTML, like Gecko; Mozilla/5.0, Google-AdWords-Express) Chrome/150.0.7871.124 Safari/537.36"
74.125.215.36 - - [27/Jul/2026:07:01:56 +0000] "GET /wp-includes/js/dist/hooks.min.js?ver=7496969728ca0f95732d HTTP/1.1" 200 1909 "https://weelorum.com/app-audit/?gclid=625715219" "Mozilla/5.0 AppleWebKit/537.36 (KHTML, like Gecko; Mozilla/5.0, Google-AdWords-Express) Chrome/150.0.7871.124 Safari/537.36"
74.125.215.35 - - [27/Jul/2026:07:01:56 +0000] "GET /wp-content/plugins/add-to-any/addtoany.min.js?ver=1.1 HTTP/1.1" 200 137 "https://weelorum.com/app-audit/?gclid=625715219" "Mozilla/5.0 AppleWebKit/537.36 (KHTML, like Gecko; Mozilla/5.0, Google-AdWords-Express) Chrome/150.0.7871.124 Safari/537.36"
74.125.215.34 - - [27/Jul/2026:07:01:56 +0000] "GET /wp-content/cache/min/1/wp-content/themes/weelorum-theme/assets/js/footer-scripts.js?ver=1784812621 HTTP/1.1" 200 1745 "https://weelorum.com/app-audit/?gclid=625715219" "Mozilla/5.0 AppleWebKit/537.36 (KHTML, like Gecko; Mozilla/5.0, Google-AdWords-Express) Chrome/150.0.7871.124 Safari/537.36"
74.125.215.34 - - [27/Jul/2026:07:01:56 +0000] "GET /wp-content/cache/min/1/wp-content/plugins/akismet/_inc/akismet-frontend.js?ver=1784812623 HTTP/1.1" 200 2088 "https://weelorum.com/app-audit/?gclid=625715219" "Mozilla/5.0 AppleWebKit/537.36 (KHTML, like Gecko; Mozilla/5.0, Google-AdWords-Express) Chrome/150.0.7871.124 Safari/537.36"
74.125.215.36 - - [27/Jul/2026:07:01:56 +0000] "GET /wp-content/cache/min/1/wp-content/themes/weelorum-theme/assets/js/floating-discovery.js?ver=1784812621 HTTP/1.1" 200 1459 "https://weelorum.com/app-audit/?gclid=625715219" "Mozilla/5.0 AppleWebKit/537.36 (KHTML, like Gecko; Mozilla/5.0, Google-AdWords-Express) Chrome/150.0.7871.124 Safari/537.36"
74.125.215.35 - - [27/Jul/2026:07:01:56 +0000] "GET /wp-content/cache/min/1/wp-content/themes/weelorum-theme/assets/js/swiper-init.js?ver=1784812621 HTTP/1.1" 200 1831 "https://weelorum.com/app-audit/?gclid=625715219" "Mozilla/5.0 AppleWebKit/537.36 (KHTML, like Gecko; Mozilla/5.0, Google-AdWords-Express) Chrome/150.0.7871.124 Safari/537.36"
74.125.215.36 - - [27/Jul/2026:07:01:56 +0000] "GET /wp-content/cache/min/1/wp-content/plugins/cookie-law-info/legacy/public/js/cookie-law-info-public.js?ver=1784812621 HTTP/1.1" 200 7917 "https://weelorum.com/app-audit/?gclid=625715219" "Mozilla/5.0 AppleWebKit/537.36 (KHTML, like Gecko; Mozilla/5.0, Google-AdWords-Express) Chrome/150.0.7871.124 Safari/537.36"
74.125.215.36 - - [27/Jul/2026:07:01:56 +0000] "GET /wp-content/plugins/rate-my-post/public/js/rate-my-post.min.js?ver=4.5.1 HTTP/1.1" 200 5596 "https://weelorum.com/app-audit/?gclid=625715219" "Mozilla/5.0 AppleWebKit/537.36 (KHTML, like Gecko; Mozilla/5.0, Google-AdWords-Express) Chrome/150.0.7871.124 Safari/537.36"
74.125.215.35 - - [27/Jul/2026:07:01:56 +0000] "GET /wp-content/plugins/drag-and-drop-multiple-file-upload-contact-form-7/assets/js/codedropz-uploader-min.js?ver=1.3.9.8 HTTP/1.1" 200 4191 "https://weelorum.com/app-audit/?gclid=625715219" "Mozilla/5.0 AppleWebKit/537.36 (KHTML, like Gecko; Mozilla/5.0, Google-AdWords-Express) Chrome/150.0.7871.124 Safari/537.36"
74.125.215.36 - - [27/Jul/2026:07:01:56 +0000] "GET /wp-content/cache/min/1/wp-content/themes/weelorum-theme/assets/js/scroll-handler.js?ver=1784812621 HTTP/1.1" 200 1531 "https://weelorum.com/app-audit/?gclid=625715219" "Mozilla/5.0 AppleWebKit/537.36 (KHTML, like Gecko; Mozilla/5.0, Google-AdWords-Express) Chrome/150.0.7871.124 Safari/537.36"
74.125.215.36 - - [27/Jul/2026:07:01:56 +0000] "GET /wp-content/cache/min/1/wp-content/themes/weelorum-theme/assets/js/header-v2.js?ver=1784812621 HTTP/1.1" 200 1204 "https://weelorum.com/app-audit/?gclid=625715219" "Mozilla/5.0 AppleWebKit/537.36 (KHTML, like Gecko; Mozilla/5.0, Google-AdWords-Express) Chrome/150.0.7871.124 Safari/537.36"
74.125.215.34 - - [27/Jul/2026:07:01:56 +0000] "GET /wp-content/cache/min/1/assets/external/widget.js?ver=1784812623 HTTP/1.1" 200 4483 "https://weelorum.com/app-audit/?gclid=625715219" "Mozilla/5.0 AppleWebKit/537.36 (KHTML, like Gecko; Mozilla/5.0, Google-AdWords-Express) Chrome/150.0.7871.124 Safari/537.36"
74.125.215.36 - - [27/Jul/2026:07:01:56 +0000] "GET /wp-content/themes/weelorum-theme/assets/js/swiper.min.js?ver=3.0.0 HTTP/1.1" 200 52198 "https://weelorum.com/app-audit/?gclid=625715219" "Mozilla/5.0 AppleWebKit/537.36 (KHTML, like Gecko; Mozilla/5.0, Google-AdWords-Express) Chrome/150.0.7871.124 Safari/537.36"
74.125.215.36 - - [27/Jul/2026:07:01:56 +0000] "GET /wp-content/cache/min/1/wp-content/themes/weelorum-theme/assets/js/wl-pages.js?ver=1784812621 HTTP/1.1" 200 4498 "https://weelorum.com/app-audit/?gclid=625715219" "Mozilla/5.0 AppleWebKit/537.36 (KHTML, like Gecko; Mozilla/5.0, Google-AdWords-Express) Chrome/150.0.7871.124 Safari/537.36"
74.125.215.36 - - [27/Jul/2026:07:01:56 +0000] "GET /wp-content/cache/min/1/wp-content/plugins/countup-js/js/countup.js?ver=1784812621 HTTP/1.1" 200 1507 "https://weelorum.com/app-audit/?gclid=625715219" "Mozilla/5.0 AppleWebKit/537.36 (KHTML, like Gecko; Mozilla/5.0, Google-AdWords-Express) Chrome/150.0.7871.124 Safari/537.36"
223.235.101.235 - - [27/Jul/2026:07:01:59 +0000] "POST /xmlrpc.php HTTP/1.1" 405 427 "-" "WordPress.com; https://wordpress.com"
187.236.124.90 - - [27/Jul/2026:07:02:01 +0000] "POST /xmlrpc.php HTTP/1.1" 405 427 "-" "Mozilla/5.0 (Windows NT 6.3; x64) AppleWebKit/537.36 (KHTML, like Gecko) Chrome/114.0.0.0 Safari/537.36"
223.235.101.235 - - [27/Jul/2026:07:02:10 +0000] "POST /xmlrpc.php HTTP/1.1" 405 427 "-" "WordPress.com; https://wordpress.com"
223.235.101.235 - - [27/Jul/2026:07:02:21 +0000] "POST /xmlrpc.php HTTP/1.1" 405 427 "-" "WordPress.com; https://wordpress.com"
187.236.124.90 - - [27/Jul/2026:07:02:21 +0000] "POST /xmlrpc.php HTTP/1.1" 405 427 "-" "Mozilla/5.0 (Linux; Android 10; x86) AppleWebKit/537.36 (KHTML, like Gecko) Opera/62.0.0.0 Safari/537.36"
223.235.101.235 - - [27/Jul/2026:07:02:31 +0000] "POST /xmlrpc.php HTTP/1.1" 405 427 "-" "Jetpack/12.0; WordPress/6.1; http://site31731930.com"
216.73.216.69 - - [27/Jul/2026:07:02:38 +0000] "GET /blog/client-guides/ HTTP/1.1" 200 67488 "-" "Mozilla/5.0 AppleWebKit/537.36 (KHTML, like Gecko; compatible; ClaudeBot/1.0; +claudebot@anthropic.com)"
146.190.158.65 - - [27/Jul/2026:07:02:39 +0000] "POST /wp-cron.php?doing_wp_cron=1785135759.7410860061645507812500 HTTP/1.1" 200 31 "-" "WordPress/7.0; https://weelorum.com"
187.236.124.90 - - [27/Jul/2026:07:02:39 +0000] "POST /xmlrpc.php HTTP/1.1" 405 427 "-" "Mozilla/5.0 (X11; Ubuntu; Linux x86_64; x86) AppleWebKit/537.36 (KHTML, like Gecko) Opera/76.0.0.0 Safari/537.36"
146.190.158.65 - - [27/Jul/2026:07:02:42 +0000] "POST /wp-cron.php?doing_wp_cron=1785135762.2764649391174316406250 HTTP/1.1" 200 31 "-" "WordPress/7.0; https://weelorum.com"
223.235.101.235 - - [27/Jul/2026:07:02:42 +0000] "POST /xmlrpc.php HTTP/1.1" 405 427 "-" "Jetpack by WordPress.com"
223.235.101.235 - - [27/Jul/2026:07:02:52 +0000] "POST /xmlrpc.php HTTP/1.1" 405 427 "-" "Jetpack/12.5; WordPress/6.4; http://site43277282.com"
187.236.124.90 - - [27/Jul/2026:07:03:02 +0000] "POST /xmlrpc.php HTTP/1.1" 405 427 "-" "Mozilla/5.0 (Macintosh; Intel Mac OS X 10_15_7; x86) AppleWebKit/537.36 (KHTML, like Gecko) Opera/79.0.0.0 Safari/537.36"
223.235.101.235 - - [27/Jul/2026:07:03:03 +0000] "POST /xmlrpc.php HTTP/1.1" 405 427 "-" "Jetpack by WordPress.com"
223.235.101.235 - - [27/Jul/2026:07:03:14 +0000] "POST /xmlrpc.php HTTP/1.1" 405 427 "-" "WordPress.com; https://wordpress.com"
146.190.158.65 - - [27/Jul/2026:07:03:24 +0000] "POST /wp-cron.php?doing_wp_cron=1785135804.9368360042572021484375 HTTP/1.1" 200 31 "-" "WordPress/7.0; https://weelorum.com"
223.235.101.235 - - [27/Jul/2026:07:03:24 +0000] "POST /xmlrpc.php HTTP/1.1" 405 427 "-" "WordPress.com; https://wordpress.com"
146.190.158.65 - - [27/Jul/2026:07:03:27 +0000] "POST /wp-cron.php?doing_wp_cron=1785135807.0099599361419677734375 HTTP/1.1" 200 31 "-" "WordPress/7.0; https://weelorum.com"
187.236.124.90 - - [27/Jul/2026:07:03:27 +0000] "POST /xmlrpc.php HTTP/1.1" 405 427 "-" "Mozilla/5.0 (Windows NT 6.2; x86) AppleWebKit/537.36 (KHTML, like Gecko) Safari/13.0.0.0 Safari/537.36"
198.145.140.172 - - [27/Jul/2026:07:03:30 +0000] "GET /blog/an-ultimate-guide-for-how-to-make-money-from-mobile-apps/ HTTP/1.1" 200 93893 "-" "Mozilla/5.0 (Macintosh; Intel Mac OS X 10_15_7) AppleWebKit/605.1.15 (KHTML, like Gecko) Version/26.2 Safari/605.1.15"
223.235.101.235 - - [27/Jul/2026:07:03:35 +0000] "POST /xmlrpc.php HTTP/1.1" 405 427 "-" "WordPress.com; https://wordpress.com"
146.103.121.241 - - [27/Jul/2026:07:03:44 +0000] "GET /blog/find-out-how-to-estimate-cost-of-app-development-with-weelorum/ HTTP/1.0" 200 365755 "https://weelorum.com/blog/find-out-how-to-estimate-cost-of-app-development-with-weelorum/" "Mozilla/5.0 (Windows NT 10.0; Win64; x64) AppleWebKit/537.36 (KHTML, like Gecko) Chrome/130.0.0.0 Safari/537.36"
146.190.158.65 - - [27/Jul/2026:07:03:45 +0000] "POST /wp-cron.php?doing_wp_cron=1785135825.8703069686889648437500 HTTP/1.1" 200 31 "-" "WordPress/7.0; https://weelorum.com"
146.103.121.241 - - [27/Jul/2026:07:03:46 +0000] "POST /wp-comments-post.php HTTP/1.0" 302 0 "https://weelorum.com/blog/find-out-how-to-estimate-cost-of-app-development-with-weelorum/" "Mozilla/5.0 (Windows NT 10.0; Win64; x64) AppleWebKit/537.36 (KHTML, like Gecko) Chrome/130.0.0.0 Safari/537.36"
223.235.101.235 - - [27/Jul/2026:07:03:46 +0000] "POST /xmlrpc.php HTTP/1.1" 405 427 "-" "Jetpack by WordPress.com"
146.103.121.241 - - [27/Jul/2026:07:03:47 +0000] "GET /blog/find-out-how-to-estimate-cost-of-app-development-with-weelorum/ HTTP/1.0" 200 212847 "https://weelorum.com/blog/find-out-how-to-estimate-cost-of-app-development-with-weelorum/#comment-40102" "Mozilla/5.0 (Windows NT 10.0; Win64; x64) AppleWebKit/537.36 (KHTML, like Gecko) Chrome/130.0.0.0 Safari/537.36"
187.236.124.90 - - [27/Jul/2026:07:03:50 +0000] "POST /xmlrpc.php HTTP/1.1" 405 427 "-" "Mozilla/5.0 (Windows NT 10.0; x64) AppleWebKit/537.36 (KHTML, like Gecko) Opera/66.0.0.0 Safari/537.36"
185.191.171.10 - - [27/Jul/2026:07:03:54 +0000] "GET /technology/flutter/ HTTP/1.1" 200 55112 "-" "Mozilla/5.0 (compatible; SemrushBot/7~bl; +http://www.semrush.com/bot.html)"
223.235.101.235 - - [27/Jul/2026:07:03:56 +0000] "POST /xmlrpc.php HTTP/1.1" 405 427 "-" "Jetpack by WordPress.com (Jetpack 12.1; WordPress 6.1)"
20.203.219.190 - - [27/Jul/2026:07:04:02 +0000] "GET /wp-content/plugins/hellopress/wp_filemanager.php HTTP/1.1" 301 169 "-" "-"
20.203.219.190 - - [27/Jul/2026:07:04:04 +0000] "GET /wp-content/plugins/hellopress/wp_filemanager.php HTTP/1.1" 404 27 "-" "-"
20.203.219.190 - - [27/Jul/2026:07:04:05 +0000] "GET /this_is_a_new_hello_world.php HTTP/1.1" 301 169 "-" "-"
20.203.219.190 - - [27/Jul/2026:07:04:05 +0000] "GET /this_is_a_new_hello_world.php HTTP/1.1" 404 27 "-" "-"
20.203.219.190 - - [27/Jul/2026:07:04:06 +0000] "GET /images.php HTTP/1.1" 301 169 "-" "-"
20.203.219.190 - - [27/Jul/2026:07:04:06 +0000] "GET /images.php HTTP/1.1" 404 27 "-" "-"
20.203.219.190 - - [27/Jul/2026:07:04:06 +0000] "GET /bootstrap.php HTTP/1.1" 301 169 "-" "-"
20.203.219.190 - - [27/Jul/2026:07:04:06 +0000] "GET /bootstrap.php HTTP/1.1" 404 27 "-" "-"
20.203.219.190 - - [27/Jul/2026:07:04:06 +0000] "GET /fpwch.php HTTP/1.1" 301 169 "-" "-"
20.203.219.190 - - [27/Jul/2026:07:04:07 +0000] "GET /fpwch.php HTTP/1.1" 404 27 "-" "-"
20.203.219.190 - - [27/Jul/2026:07:04:07 +0000] "GET /hypo.php HTTP/1.1" 301 169 "-" "-"
20.203.219.190 - - [27/Jul/2026:07:04:07 +0000] "GET /hypo.php HTTP/1.1" 404 27 "-" "-"
223.235.101.235 - - [27/Jul/2026:07:04:07 +0000] "POST /xmlrpc.php HTTP/1.1" 405 427 "-" "Jetpack by WordPress.com"
20.203.219.190 - - [27/Jul/2026:07:04:07 +0000] "GET /kir.php HTTP/1.1" 301 169 "-" "-"
20.203.219.190 - - [27/Jul/2026:07:04:07 +0000] "GET /kir.php HTTP/1.1" 404 27 "-" "-"
20.203.219.190 - - [27/Jul/2026:07:04:08 +0000] "GET /blacks.php HTTP/1.1" 301 169 "-" "-"
20.203.219.190 - - [27/Jul/2026:07:04:08 +0000] "GET /blacks.php HTTP/1.1" 404 27 "-" "-"
20.203.219.190 - - [27/Jul/2026:07:04:08 +0000] "GET /cap.php HTTP/1.1" 301 169 "-" "-"
20.203.219.190 - - [27/Jul/2026:07:04:08 +0000] "GET /cap.php HTTP/1.1" 404 27 "-" "-"
20.203.219.190 - - [27/Jul/2026:07:04:08 +0000] "GET /ccc.php HTTP/1.1" 301 169 "-" "-"
20.203.219.190 - - [27/Jul/2026:07:04:08 +0000] "GET /ccc.php HTTP/1.1" 404 27 "-" "-"
20.203.219.190 - - [27/Jul/2026:07:04:09 +0000] "GET /wp-5jbk59g.php HTTP/1.1" 301 169 "-" "-"
20.203.219.190 - - [27/Jul/2026:07:04:09 +0000] "GET /wp-5jbk59g.php HTTP/1.1" 404 27 "-" "-"
20.203.219.190 - - [27/Jul/2026:07:04:09 +0000] "GET /123.php HTTP/1.1" 301 169 "-" "-"
20.203.219.190 - - [27/Jul/2026:07:04:09 +0000] "GET /123.php HTTP/1.1" 404 27 "-" "-"
20.203.219.190 - - [27/Jul/2026:07:04:09 +0000] "GET /reviall.php HTTP/1.1" 301 169 "-" "-"
20.203.219.190 - - [27/Jul/2026:07:04:09 +0000] "GET /reviall.php HTTP/1.1" 404 27 "-" "-"
20.203.219.190 - - [27/Jul/2026:07:04:10 +0000] "GET /cmd.php HTTP/1.1" 301 169 "-" "-"
220.196.160.40 - - [27/Jul/2026:07:04:10 +0000] "GET /technologies/s,n.rel=e,%22preconnect%22!==e&&(n.as=%22script%22,n.fetchPriority=i?&&&&&%22high%22:%22low%22),t.getAttribute&%22module%22===t.getAttribute(%22data-rocket-type%22)&(n.crossOrigin=!0),t.crossOrigin&(n.crossOrigin=t.crossOrigin),t.integrity&(n.integrity=t.integrity),t.nonce&(n.nonce=t.nonce),o.appendChild(n),this.trash.push(n),i=!1%7D%7D),document.head.appendChild(o)%7DW()%7Bthis.trash.forEach(t= HTTP/1.1" 301 5 "-" "Mozilla/5.0 (X11; Linux x86_64) AppleWebKit/537.36 (KHTML, like Gecko) Chrome/122.0.0.0 Safari/537.36"
20.203.219.190 - - [27/Jul/2026:07:04:10 +0000] "GET /cmd.php HTTP/1.1" 404 27 "-" "-"
20.203.219.190 - - [27/Jul/2026:07:04:10 +0000] "GET /common.php HTTP/1.1" 301 169 "-" "-"
220.196.160.40 - - [27/Jul/2026:07:04:10 +0000] "GET /technologies/s,n.rel=e,%22preconnect%22!==e&&(n.as=%22script%22,n.fetchpriority=i?&&&&&%22high%22:%22low%22),t.getAttribute&%22module%22===t.getAttribute(%22data-rocket-type%22)&(n.crossOrigin=!0),t.crossOrigin&(n.crossOrigin=t.crossOrigin),t.integrity&(n.integrity=t.integrity),t.nonce&(n.nonce=t.nonce),o.appendChild(n),this.trash.push(n),i=!1%7D%7D),document.head.appendChild(o)%7DW()%7Bthis.trash.forEach(t= HTTP/1.1" 301 5 "-" "Mozilla/5.0 (X11; Linux x86_64) AppleWebKit/537.36 (KHTML, like Gecko) Chrome/122.0.0.0 Safari/537.36"
20.203.219.190 - - [27/Jul/2026:07:04:10 +0000] "GET /common.php HTTP/1.1" 404 27 "-" "-"
20.203.219.190 - - [27/Jul/2026:07:04:10 +0000] "GET /zoomab.php HTTP/1.1" 301 169 "-" "-"
20.203.219.190 - - [27/Jul/2026:07:04:10 +0000] "GET /zoomab.php HTTP/1.1" 404 27 "-" "-"
220.196.160.40 - - [27/Jul/2026:07:04:11 +0000] "GET /technologies/s,n.rel=e,%22preconnect%22!==e&&(n.as=%22script%22,n.fetchpriority=i?%22high%22:%22low%22),t.getAttribute&%22module%22===t.getAttribute(%22data-rocket-type%22)&(n.crossOrigin=!0),t.crossOrigin&(n.crossOrigin=t.crossOrigin),t.integrity&(n.integrity=t.integrity),t.nonce&(n.nonce=t.nonce),o.appendChild(n),this.trash.push(n),i=!1%7D%7D),document.head.appendChild(o)%7DW()%7Bthis.trash.forEach(t= HTTP/1.1" 404 27455 "-" "Mozilla/5.0 (X11; Linux x86_64) AppleWebKit/537.36 (KHTML, like Gecko) Chrome/122.0.0.0 Safari/537.36"
20.203.219.190 - - [27/Jul/2026:07:04:11 +0000] "GET /zewuaq.php HTTP/1.1" 301 169 "-" "-"
20.203.219.190 - - [27/Jul/2026:07:04:11 +0000] "GET /zewuaq.php HTTP/1.1" 404 27 "-" "-"
20.203.219.190 - - [27/Jul/2026:07:04:11 +0000] "GET /bootstrap.php HTTP/1.1" 301 169 "-" "-"
20.203.219.190 - - [27/Jul/2026:07:04:11 +0000] "GET /bootstrap.php HTTP/1.1" 404 27 "-" "-"
20.203.219.190 - - [27/Jul/2026:07:04:11 +0000] "GET /shell.php HTTP/1.1" 301 169 "-" "-"
20.203.219.190 - - [27/Jul/2026:07:04:12 +0000] "GET /shell.php HTTP/1.1" 404 27 "-" "-"
