54.174.58.249 - - [27/Jul/2026:10:21:35 +0000] "GET /wp-includes/js/jquery/jquery.min.js?ver=3.7.1 HTTP/1.1" 200 35451 "https://weelorum.com/blog/7-best-location-based-app-ideas-choose-one-and-hit-the-jackpot/" "Mozilla/5.0 AppleWebKit/537.36 (KHTML, like Gecko; compatible; HubSpot Crawler; +https://www.hubspot.com) Chrome/131.0.0.0 Safari/537.36"
54.174.58.245 - - [27/Jul/2026:10:21:35 +0000] "GET /wp-includes/js/jquery/jquery-migrate.min.js?ver=3.4.1 HTTP/1.1" 200 5355 "https://weelorum.com/blog/7-best-location-based-app-ideas-choose-one-and-hit-the-jackpot/" "Mozilla/5.0 AppleWebKit/537.36 (KHTML, like Gecko; compatible; HubSpot Crawler; +https://www.hubspot.com) Chrome/131.0.0.0 Safari/537.36"
54.174.58.246 - - [27/Jul/2026:10:21:35 +0000] "GET /wp-content/cache/min/1/wp-content/themes/weelorum-theme/assets/js/main.js?ver=1784812621 HTTP/1.1" 200 1767 "https://weelorum.com/blog/7-best-location-based-app-ideas-choose-one-and-hit-the-jackpot/" "Mozilla/5.0 AppleWebKit/537.36 (KHTML, like Gecko; compatible; HubSpot Crawler; +https://www.hubspot.com) Chrome/131.0.0.0 Safari/537.36"
54.174.58.225 - - [27/Jul/2026:10:21:35 +0000] "GET /wp-content/uploads/fbrfg/site.webmanifest HTTP/1.1" 200 476 "https://weelorum.com/blog/7-best-location-based-app-ideas-choose-one-and-hit-the-jackpot/" "Mozilla/5.0 AppleWebKit/537.36 (KHTML, like Gecko; compatible; HubSpot Crawler; +https://www.hubspot.com) Chrome/131.0.0.0 Safari/537.36"
54.174.58.245 - - [27/Jul/2026:10:21:35 +0000] "GET /wp-content/cache/min/1/wp-content/plugins/contact-form-7/includes/swv/js/index.js?ver=1784812623 HTTP/1.1" 200 3887 "https://weelorum.com/blog/7-best-location-based-app-ideas-choose-one-and-hit-the-jackpot/" "Mozilla/5.0 AppleWebKit/537.36 (KHTML, like Gecko; compatible; HubSpot Crawler; +https://www.hubspot.com) Chrome/131.0.0.0 Safari/537.36"
54.174.58.246 - - [27/Jul/2026:10:21:35 +0000] "GET /wp-content/cache/min/1/wp-content/plugins/contact-form-7/includes/js/index.js?ver=1784812623 HTTP/1.1" 200 4803 "https://weelorum.com/blog/7-best-location-based-app-ideas-choose-one-and-hit-the-jackpot/" "Mozilla/5.0 AppleWebKit/537.36 (KHTML, like Gecko; compatible; HubSpot Crawler; +https://www.hubspot.com) Chrome/131.0.0.0 Safari/537.36"
54.174.58.225 - - [27/Jul/2026:10:21:35 +0000] "GET /wp-content/plugins/wp-rocket/assets/js/lazyload/17.8.3/lazyload.min.js HTTP/1.1" 200 3400 "https://weelorum.com/blog/7-best-location-based-app-ideas-choose-one-and-hit-the-jackpot/" "Mozilla/5.0 AppleWebKit/537.36 (KHTML, like Gecko; compatible; HubSpot Crawler; +https://www.hubspot.com) Chrome/131.0.0.0 Safari/537.36"
54.174.58.246 - - [27/Jul/2026:10:21:35 +0000] "GET /wp-content/uploads/fbrfg/favicon.ico HTTP/1.1" 200 1924 "https://weelorum.com/blog/7-best-location-based-app-ideas-choose-one-and-hit-the-jackpot/" "Mozilla/5.0 AppleWebKit/537.36 (KHTML, like Gecko; compatible; HubSpot Crawler; +https://www.hubspot.com) Chrome/131.0.0.0 Safari/537.36"
54.174.58.249 - - [27/Jul/2026:10:21:35 +0000] "GET /wp-json/contact-form-7/v1/contact-forms/217/feedback/schema HTTP/1.1" 200 259 "https://weelorum.com/blog/7-best-location-based-app-ideas-choose-one-and-hit-the-jackpot/" "Mozilla/5.0 AppleWebKit/537.36 (KHTML, like Gecko; compatible; HubSpot Crawler; +https://www.hubspot.com) Chrome/131.0.0.0 Safari/537.36"
146.190.158.65 - - [27/Jul/2026:10:21:35 +0000] "POST /wp-cron.php?doing_wp_cron=1785147695.5912170410156250000000 HTTP/1.1" 200 31 "-" "WordPress/7.0; https://weelorum.com"
54.174.58.225 - - [27/Jul/2026:10:21:35 +0000] "GET /wp-json/contact-form-7/v1/contact-forms/217/refill HTTP/1.1" 200 33 "https://weelorum.com/blog/7-best-location-based-app-ideas-choose-one-and-hit-the-jackpot/" "Mozilla/5.0 AppleWebKit/537.36 (KHTML, like Gecko; compatible; HubSpot Crawler; +https://www.hubspot.com) Chrome/131.0.0.0 Safari/537.36"
156.59.198.135 - - [27/Jul/2026:10:23:03 +0000] "GET /wp-content/uploads/2026/06/cell-1-music-coast.png HTTP/1.1" 200 10322 "https://weelorum.com/" "Mozilla/5.0 (Linux; Android 5.0) AppleWebKit/537.36 (KHTML, like Gecko) Mobile Safari/537.36 (compatible; Bytespider; spider-feedback@bytedance.com)"
77.75.76.163 - - [27/Jul/2026:10:23:28 +0000] "GET /blog/the-role-of-a-discovery-phase-in-application-development/ HTTP/1.1" 200 84829 "-" "Mozilla/5.0 (compatible; SeznamBot/4.0; +https://o-seznam.cz/napoveda/vyhledavani/en/seznambot-crawler/)"
9.142.187.101 - - [27/Jul/2026:10:23:54 +0000] "GET /wp-content/uploads/2026/06/photocopy.jpg HTTP/1.1" 200 161910 "-" "Mozilla/5.0 (compatible; crawler)"
136.117.247.153 - - [27/Jul/2026:10:24:37 +0000] "GET /technologies/iot-application-development-services/ HTTP/1.1" 200 79365 "-" "Mozilla/5.0 (Linux; Android 12; Pixel 6) AppleWebKit/537.36 (KHTML, like Gecko) Chrome/114.0.0.0 Mobile Safari/537.36"
146.190.158.65 - - [27/Jul/2026:10:25:33 +0000] "POST /wp-cron.php?doing_wp_cron=1785147933.2268190383911132812500 HTTP/1.1" 200 31 "-" "WordPress/7.0; https://weelorum.com"
82.215.103.222 - - [27/Jul/2026:10:25:33 +0000] "GET /tips-and-examples-for-ecommerce-mobile-application-development/tel:380962170860 HTTP/1.1" 404 29707 "-" "Mozilla/5.0 (Windows NT 10.0; Win64; x64) AppleWebKit/537.36 (KHTML, like Gecko) Chrome/79.0.3945.79 Safari/537.36"
31.76.150.101 - - [27/Jul/2026:10:26:25 +0000] "GET /wp-content/uploads/2023/02/Rectangle-2714.svg HTTP/1.1" 200 144 "-" "Mozilla/5.0 (compatible; crawler)"
146.190.158.65 - - [27/Jul/2026:10:28:01 +0000] "GET / HTTP/1.1" 301 169 "-" "Mozilla/5.0 (X11; Linux x86_64) AppleWebKit/537.36 (KHTML, like Gecko) Chrome/44.0.2403.157 Safari/537.36"
146.190.158.65 - - [27/Jul/2026:10:28:01 +0000] "GET / HTTP/1.1" 200 32502 "http://146.190.158.65" "Mozilla/5.0 (X11; Linux x86_64) AppleWebKit/537.36 (KHTML, like Gecko) Chrome/44.0.2403.157 Safari/537.36"
146.190.158.65 - - [27/Jul/2026:10:28:42 +0000] "POST /wp-cron.php?doing_wp_cron=1785148122.8097209930419921875000 HTTP/1.1" 200 31 "-" "WordPress/7.0; https://weelorum.com"
57.141.18.114 - - [27/Jul/2026:10:28:42 +0000] "GET /comments/feed/ HTTP/1.1" 200 787 "-" "Mozilla/5.0 (Windows NT 10.0; Win64; x64) AppleWebKit/537.36 (KHTML, like Gecko) Chrome/145.0.0.0 Safari/537.36 (compatible; meta-webindexer/1.1 (+https://developers.facebook.com/docs/sharing/webmasters/crawler))"
52.230.164.177 - - [27/Jul/2026:10:28:55 +0000] "GET /solutions/music-streaming-app-development-services/ HTTP/1.1" 200 78399 "-" "Mozilla/5.0 AppleWebKit/537.36 (KHTML, like Gecko); compatible; ChatGPT-User/1.0; +https://openai.com/bot"
94.25.173.253 - - [27/Jul/2026:10:33:11 +0000] "GET /blog/find-out-how-to-estimate-cost-of-app-development-with-weelorum/ HTTP/1.0" 301 169 "http://weelorum.com/blog/find-out-how-to-estimate-cost-of-app-development-with-weelorum/#comment-32702/" "Mozilla/5.0 (Windows NT 10.0; Win64; x64) AppleWebKit/537.36 (KHTML, like Gecko) Chrome/131.0.0.0 Safari/537.36"
94.25.173.253 - - [27/Jul/2026:10:35:12 +0000] "GET /blog/find-out-how-to-estimate-cost-of-app-development-with-weelorum/ HTTP/1.0" 200 32559 "https://weelorum.com/blog/find-out-how-to-estimate-cost-of-app-development-with-weelorum/" "Mozilla/5.0 (Windows NT 10.0; Win64; x64) AppleWebKit/537.36 (KHTML, like Gecko) Chrome/131.0.0.0 Safari/537.36"
94.25.173.253 - - [27/Jul/2026:10:35:46 +0000] "GET / HTTP/1.0" 200 65327 "https://weelorum.com/" "Mozilla/5.0 (Windows NT 10.0; Win64; x64) AppleWebKit/537.36 (KHTML, like Gecko) Chrome/131.0.0.0 Safari/537.36"
216.73.216.42 - - [27/Jul/2026:10:36:26 +0000] "GET /robots.txt HTTP/1.1" 200 140 "-" "Mozilla/5.0 AppleWebKit/537.36 (KHTML, like Gecko; compatible; ClaudeBot/1.0; +claudebot@anthropic.com)"
146.190.158.65 - - [27/Jul/2026:10:36:27 +0000] "POST /wp-cron.php?doing_wp_cron=1785148587.1408030986785888671875 HTTP/1.1" 200 31 "-" "WordPress/7.0; https://weelorum.com"
216.73.216.42 - - [27/Jul/2026:10:36:27 +0000] "GET /blog/how-to-build-a-messaging-app-for-chats-steps-and-examples-of-apps/feed/ HTTP/1.1" 200 962 "-" "Mozilla/5.0 AppleWebKit/537.36 (KHTML, like Gecko; compatible; ClaudeBot/1.0; +claudebot@anthropic.com)"
216.73.216.42 - - [27/Jul/2026:10:36:27 +0000] "GET /blog/social-media-app-development-key-stages-and-requirements/ HTTP/1.1" 200 91273 "-" "Mozilla/5.0 AppleWebKit/537.36 (KHTML, like Gecko; compatible; ClaudeBot/1.0; +claudebot@anthropic.com)"
146.190.158.65 - - [27/Jul/2026:10:37:14 +0000] "POST /wp-cron.php?doing_wp_cron=1785148633.9919579029083251953125 HTTP/1.1" 200 31 "-" "WordPress/7.0; https://weelorum.com"
216.73.216.42 - - [27/Jul/2026:10:37:14 +0000] "GET /blog/how-to-track-mobile-analytics-to-collect-all-needed-app-data/feed/ HTTP/1.1" 200 962 "-" "Mozilla/5.0 AppleWebKit/537.36 (KHTML, like Gecko; compatible; ClaudeBot/1.0; +claudebot@anthropic.com)"
216.73.216.42 - - [27/Jul/2026:10:37:14 +0000] "GET /blog/how-to-develop-an-app-like-snapchat-everything-you-need-to-know/feed/ HTTP/1.1" 200 956 "-" "Mozilla/5.0 AppleWebKit/537.36 (KHTML, like Gecko; compatible; ClaudeBot/1.0; +claudebot@anthropic.com)"
146.190.158.65 - - [27/Jul/2026:10:37:19 +0000] "POST /wp-cron.php?doing_wp_cron=1785148639.4336121082305908203125 HTTP/1.1" 200 31 "-" "WordPress/7.0; https://weelorum.com"
216.73.216.42 - - [27/Jul/2026:10:37:19 +0000] "GET /blog/tips-and-examples-for-ecommerce-mobile-application-development/feed/ HTTP/1.1" 200 952 "-" "Mozilla/5.0 AppleWebKit/537.36 (KHTML, like Gecko; compatible; ClaudeBot/1.0; +claudebot@anthropic.com)"
43.166.136.153 - - [27/Jul/2026:10:37:40 +0000] "GET / HTTP/1.1" 301 169 "-" "Mozilla/5.0 (iPhone; CPU iPhone OS 13_2_3 like Mac OS X) AppleWebKit/605.1.15 (KHTML, like Gecko) Version/13.0.3 Mobile/15E148 Safari/604.1"
146.190.158.65 - - [27/Jul/2026:10:37:41 +0000] "POST /wp-cron.php?doing_wp_cron=1785148661.7260930538177490234375 HTTP/1.1" 200 31 "-" "WordPress/7.0; https://weelorum.com"
43.166.136.153 - - [27/Jul/2026:10:37:41 +0000] "GET / HTTP/1.1" 301 5 "http://www.weelorum.com" "Mozilla/5.0 (iPhone; CPU iPhone OS 13_2_3 like Mac OS X) AppleWebKit/605.1.15 (KHTML, like Gecko) Version/13.0.3 Mobile/15E148 Safari/604.1"
43.166.136.153 - - [27/Jul/2026:10:37:43 +0000] "GET / HTTP/1.1" 200 80014 "https://www.weelorum.com/" "Mozilla/5.0 (iPhone; CPU iPhone OS 13_2_3 like Mac OS X) AppleWebKit/605.1.15 (KHTML, like Gecko) Version/13.0.3 Mobile/15E148 Safari/604.1"
207.97.158.26 - - [27/Jul/2026:10:38:07 +0000] "GET /wp-content/uploads/2026/06/vortex.jpg HTTP/1.1" 200 188617 "-" "Mozilla/5.0 (compatible; crawler)"
146.190.158.65 - - [27/Jul/2026:10:38:22 +0000] "POST /wp-cron.php?doing_wp_cron=1785148702.6542959213256835937500 HTTP/1.1" 200 31 "-" "WordPress/7.0; https://weelorum.com"
216.73.216.42 - - [27/Jul/2026:10:38:22 +0000] "GET /blog/comprehensive-guide-to-creating-an-app-like-bereal/feed/ HTTP/1.1" 200 916 "-" "Mozilla/5.0 AppleWebKit/537.36 (KHTML, like Gecko; compatible; ClaudeBot/1.0; +claudebot@anthropic.com)"
146.190.158.65 - - [27/Jul/2026:10:38:26 +0000] "POST /wp-cron.php?doing_wp_cron=1785148706.2463920116424560546875 HTTP/1.1" 200 31 "-" "WordPress/7.0; https://weelorum.com"
216.73.216.42 - - [27/Jul/2026:10:38:26 +0000] "GET /blog/how-to-develop-taxi-app-like-uber-complete-guide/feed/ HTTP/1.1" 200 911 "-" "Mozilla/5.0 AppleWebKit/537.36 (KHTML, like Gecko; compatible; ClaudeBot/1.0; +claudebot@anthropic.com)"
216.73.216.42 - - [27/Jul/2026:10:38:56 +0000] "GET /blog/complete-guide-to-developing-a-photo-sharing-application/ HTTP/1.1" 200 90447 "-" "Mozilla/5.0 AppleWebKit/537.36 (KHTML, like Gecko; compatible; ClaudeBot/1.0; +claudebot@anthropic.com)"
146.190.158.65 - - [27/Jul/2026:10:39:28 +0000] "POST /wp-cron.php?doing_wp_cron=1785148768.8932230472564697265625 HTTP/1.1" 200 31 "-" "WordPress/7.0; https://weelorum.com"
216.73.216.42 - - [27/Jul/2026:10:39:28 +0000] "GET /blog/social-media-app-development-key-stages-and-requirements/feed/ HTTP/1.1" 200 935 "-" "Mozilla/5.0 AppleWebKit/537.36 (KHTML, like Gecko; compatible; ClaudeBot/1.0; +claudebot@anthropic.com)"
216.73.216.42 - - [27/Jul/2026:10:39:29 +0000] "GET /blog/key-challenges-in-mobile-app-development-and-how-to-overcome-them/feed/ HTTP/1.1" 200 961 "-" "Mozilla/5.0 AppleWebKit/537.36 (KHTML, like Gecko; compatible; ClaudeBot/1.0; +claudebot@anthropic.com)"
216.73.216.42 - - [27/Jul/2026:10:39:49 +0000] "GET /blog/4-key-points-of-successful-saas-mobile-application-development/ HTTP/1.1" 200 87544 "-" "Mozilla/5.0 AppleWebKit/537.36 (KHTML, like Gecko; compatible; ClaudeBot/1.0; +claudebot@anthropic.com)"
146.190.158.65 - - [27/Jul/2026:10:40:26 +0000] "POST /wp-cron.php?doing_wp_cron=1785148826.1321640014648437500000 HTTP/1.1" 200 31 "-" "WordPress/7.0; https://weelorum.com"
216.73.216.42 - - [27/Jul/2026:10:40:26 +0000] "GET /blog/ways-of-music-streaming-app-monetization/feed/ HTTP/1.1" 200 886 "-" "Mozilla/5.0 AppleWebKit/537.36 (KHTML, like Gecko; compatible; ClaudeBot/1.0; +claudebot@anthropic.com)"
216.73.216.42 - - [27/Jul/2026:10:40:36 +0000] "GET /blog/how-to-build-a-fitness-app-must-have-features-cost/feed/ HTTP/1.1" 200 924 "-" "Mozilla/5.0 AppleWebKit/537.36 (KHTML, like Gecko; compatible; ClaudeBot/1.0; +claudebot@anthropic.com)"
146.190.158.65 - - [27/Jul/2026:10:41:00 +0000] "POST /wp-cron.php?doing_wp_cron=1785148860.4827299118041992187500 HTTP/1.1" 200 31 "-" "WordPress/7.0; https://weelorum.com"
216.73.216.42 - - [27/Jul/2026:10:41:00 +0000] "GET /blog/hospital-application-development-challenges-key-features-and-cost/feed/ HTTP/1.1" 200 964 "-" "Mozilla/5.0 AppleWebKit/537.36 (KHTML, like Gecko; compatible; ClaudeBot/1.0; +claudebot@anthropic.com)"
146.190.158.65 - - [27/Jul/2026:10:41:22 +0000] "POST /wp-cron.php?doing_wp_cron=1785148882.2702419757843017578125 HTTP/1.1" 200 31 "-" "WordPress/7.0; https://weelorum.com"
216.73.216.42 - - [27/Jul/2026:10:41:22 +0000] "GET /blog/how-to-make-a-shopping-app-team-of-developers-process-points/feed/ HTTP/1.1" 200 954 "-" "Mozilla/5.0 AppleWebKit/537.36 (KHTML, like Gecko; compatible; ClaudeBot/1.0; +claudebot@anthropic.com)"
146.190.158.65 - - [27/Jul/2026:10:41:59 +0000] "POST /wp-cron.php?doing_wp_cron=1785148919.3823499679565429687500 HTTP/1.1" 200 31 "-" "WordPress/7.0; https://weelorum.com"
216.73.216.42 - - [27/Jul/2026:10:41:59 +0000] "GET /blog/what-you-need-to-know-for-developing-a-music-streaming-app-for-ios/feed/ HTTP/1.1" 200 964 "-" "Mozilla/5.0 AppleWebKit/537.36 (KHTML, like Gecko; compatible; ClaudeBot/1.0; +claudebot@anthropic.com)"
146.190.158.65 - - [27/Jul/2026:10:42:01 +0000] "GET / HTTP/1.1" 301 169 "-" "Mozilla/5.0 (X11; Linux x86_64) AppleWebKit/537.36 (KHTML, like Gecko) Chrome/44.0.2403.157 Safari/537.36"
146.190.158.65 - - [27/Jul/2026:10:42:01 +0000] "GET / HTTP/1.1" 200 48886 "http://146.190.158.65" "Mozilla/5.0 (X11; Linux x86_64) AppleWebKit/537.36 (KHTML, like Gecko) Chrome/44.0.2403.157 Safari/537.36"
216.73.216.42 - - [27/Jul/2026:10:42:03 +0000] "GET /blog/5-mistakes-to-avoid-while-building-a-marketplace-app/feed/ HTTP/1.1" 200 922 "-" "Mozilla/5.0 AppleWebKit/537.36 (KHTML, like Gecko; compatible; ClaudeBot/1.0; +claudebot@anthropic.com)"
216.73.216.42 - - [27/Jul/2026:10:42:13 +0000] "GET /blog/how-to-hire-the-best-contractor-for-b2b-mobile-app-development/feed/ HTTP/1.1" 200 953 "-" "Mozilla/5.0 AppleWebKit/537.36 (KHTML, like Gecko; compatible; ClaudeBot/1.0; +claudebot@anthropic.com)"
146.190.158.65 - - [27/Jul/2026:10:42:58 +0000] "POST /wp-cron.php?doing_wp_cron=1785148978.5699300765991210937500 HTTP/1.1" 200 31 "-" "WordPress/7.0; https://weelorum.com"
216.73.216.42 - - [27/Jul/2026:10:42:58 +0000] "GET /blog/app-like-facebook-how-to-develop-a-social-media-app-in-2023/feed/ HTTP/1.1" 200 944 "-" "Mozilla/5.0 AppleWebKit/537.36 (KHTML, like Gecko; compatible; ClaudeBot/1.0; +claudebot@anthropic.com)"
154.196.222.119 - - [27/Jul/2026:10:43:17 +0000] "GET /wp-content/uploads/2023/08/Frame-513052.svg HTTP/1.1" 200 1916 "-" "Mozilla/5.0 (compatible; crawler)"
220.196.160.147 - - [27/Jul/2026:10:45:45 +0000] "GET /services/i.href,n.onload=e,n.onerror=t,document.head.appendChild(n)%7D).catch(function()%7B%7D)%7D%7D,%7Bkey:%22_prepareUrl%22,value:function(e)%7Bif(null===e||%22object%22!==(void HTTP/1.1" 301 5 "-" "Mozilla/5.0 (Windows NT 10.0; Win64; x64; rv:123.0) Gecko/20100101 Firefox/123.0"
146.190.158.65 - - [27/Jul/2026:10:45:45 +0000] "POST /wp-cron.php?doing_wp_cron=1785149145.5599420070648193359375 HTTP/1.1" 200 31 "-" "WordPress/7.0; https://weelorum.com"
220.196.160.147 - - [27/Jul/2026:10:45:45 +0000] "GET /services/i.href,n.onload=e,n.onerror=t,document.head.appendchild(n)%7d).catch(function()%7b%7d)%7d%7d,%7bkey:%22_prepareurl%22,value:function(e)%7bif(null===e||%22object%22!==(void HTTP/1.1" 404 29794 "-" "Mozilla/5.0 (Windows NT 10.0; Win64; x64; rv:123.0) Gecko/20100101 Firefox/123.0"
103.112.99.135 - - [27/Jul/2026:10:47:35 +0000] "GET / HTTP/1.1" 301 169 "-" "Mozilla/5.0 (Windows NT 10.0; Win64; x64) AppleWebKit/537.36 (KHTML, like Gecko) Chrome/127.0.0.0 Safari/537.36"
103.112.99.135 - - [27/Jul/2026:10:47:35 +0000] "GET /?p=/ HTTP/1.1" 301 169 "-" "Mozilla/5.0 (Windows NT 10.0; Win64; x64) AppleWebKit/537.36 (KHTML, like Gecko) Chrome/127.0.0.0 Safari/537.36"
103.112.99.135 - - [27/Jul/2026:10:47:36 +0000] "GET /?p=/&s= HTTP/1.1" 301 169 "-" "Mozilla/5.0 (Windows NT 10.0; Win64; x64) AppleWebKit/537.36 (KHTML, like Gecko) Chrome/127.0.0.0 Safari/537.36"
103.112.99.135 - - [27/Jul/2026:10:47:36 +0000] "GET /?p=/&s= HTTP/1.1" 301 169 "-" "Mozilla/5.0 (Windows NT 10.0; Win64; x64) AppleWebKit/537.36 (KHTML, like Gecko) Chrome/127.0.0.0 Safari/537.36"
103.112.99.135 - - [27/Jul/2026:10:47:36 +0000] "GET /runtime/archive/cnm.php HTTP/1.1" 301 169 "-" "Mozilla/5.0 (Windows NT 10.0; Win64; x64) AppleWebKit/537.36 (KHTML, like Gecko) Chrome/127.0.0.0 Safari/537.36"
134.255.243.214 - - [27/Jul/2026:10:47:40 +0000] "GET /blog/how-to-track-mobile-analytics-to-collect-all-needed-app-data/ HTTP/1.1" 200 89891 "https://weelorum.com/" "Mozilla/5.0 (Windows NT 10.0; Win64; x64) AppleWebKit/537.36 (KHTML, like Gecko) Chrome/129.0.0.0 Safari/537.36"
146.190.158.65 - - [27/Jul/2026:10:47:42 +0000] "POST /wp-cron.php?doing_wp_cron=1785149262.2151770591735839843750 HTTP/1.1" 200 31 "-" "WordPress/7.0; https://weelorum.com"
134.255.243.214 - - [27/Jul/2026:10:47:42 +0000] "GET /wp-login.php?action=register HTTP/1.1" 404 27221 "https://weelorum.com/blog/how-to-track-mobile-analytics-to-collect-all-needed-app-data/" "Mozilla/5.0 (Windows NT 6.3; Win64; x64) AppleWebKit/537.36 (KHTML, like Gecko) Chrome/103.0.0.0 Safari/537.36"
134.255.243.214 - - [27/Jul/2026:10:47:43 +0000] "GET /wp-login.php?action=register HTTP/1.1" 404 27221 "https://weelorum.com/wp-login.php?action=register" "Mozilla/5.0 (Windows NT 6.3; Win64; x64) AppleWebKit/537.36 (KHTML, like Gecko) Chrome/103.0.0.0 Safari/537.36"
134.255.243.214 - - [27/Jul/2026:10:47:44 +0000] "GET /blog/how-to-track-mobile-analytics-to-collect-all-needed-app-data/ HTTP/1.1" 200 89891 "https://weelorum.com/blog/how-to-track-mobile-analytics-to-collect-all-needed-app-data/" "Mozilla/5.0 (Windows NT 6.3; Win64; x64) AppleWebKit/537.36 (KHTML, like Gecko) Chrome/103.0.0.0 Safari/537.36"
134.255.243.214 - - [27/Jul/2026:10:47:45 +0000] "GET /wp-content/cache/min/1/wp-content/themes/weelorum-theme/css/awards-section.css?ver=1784812621 HTTP/1.1" 200 1392 "https://weelorum.com/blog/how-to-track-mobile-analytics-to-collect-all-needed-app-data/" "Mozilla/5.0 (Windows NT 10.0; Win64; x64) AppleWebKit/537.36 (KHTML, like Gecko) Chrome/149.0.0.0 Safari/537.36"
134.255.243.214 - - [27/Jul/2026:10:47:46 +0000] "GET /wp-content/cache/background-css/1/weelorum.com/wp-content/cache/min/1/wp-content/themes/weelorum-theme/assets/css/wl-pages.css?ver=1784812621&wpr_t=1785086596 HTTP/1.1" 200 58160 "https://weelorum.com/blog/how-to-track-mobile-analytics-to-collect-all-needed-app-data/" "Mozilla/5.0 (Windows NT 10.0; Win64; x64) AppleWebKit/537.36 (KHTML, like Gecko) Chrome/149.0.0.0 Safari/537.36"
134.255.243.214 - - [27/Jul/2026:10:47:48 +0000] "POST /wp-comments-post.php HTTP/1.1" 302 5 "https://weelorum.com/blog/how-to-track-mobile-analytics-to-collect-all-needed-app-data/" "Mozilla/5.0 (Windows NT 6.3; Win64; x64) AppleWebKit/537.36 (KHTML, like Gecko) Chrome/103.0.0.0 Safari/537.36"
134.255.243.214 - - [27/Jul/2026:10:47:48 +0000] "GET /blog/how-to-track-mobile-analytics-to-collect-all-needed-app-data/ HTTP/1.1" 200 89891 "https://weelorum.com/wp-comments-post.php" "Mozilla/5.0 (Windows NT 6.3; Win64; x64) AppleWebKit/537.36 (KHTML, like Gecko) Chrome/103.0.0.0 Safari/537.36"
134.255.243.214 - - [27/Jul/2026:10:47:50 +0000] "GET /blog/how-to-track-mobile-analytics-to-collect-all-needed-app-data/ HTTP/1.1" 200 89891 "-" "Mozilla/5.0 (compatible; Googlebot/2.1; +http://www.google.com/bot.html)"
146.190.158.65 - - [27/Jul/2026:10:49:07 +0000] "POST /wp-cron.php?doing_wp_cron=1785149347.0871579647064208984375 HTTP/1.1" 200 31 "-" "WordPress/7.0; https://weelorum.com"
216.73.216.42 - - [27/Jul/2026:10:49:07 +0000] "GET /blog/telemedicine-app-development-nuances-strategy-to-follow/feed/ HTTP/1.1" 200 955 "-" "Mozilla/5.0 AppleWebKit/537.36 (KHTML, like Gecko; compatible; ClaudeBot/1.0; +claudebot@anthropic.com)"
146.190.158.65 - - [27/Jul/2026:10:49:22 +0000] "POST /wp-cron.php?doing_wp_cron=1785149362.9544169902801513671875 HTTP/1.1" 200 31 "-" "WordPress/7.0; https://weelorum.com"
216.73.216.42 - - [27/Jul/2026:10:49:22 +0000] "GET /blog/complete-guide-to-developing-a-photo-sharing-application/feed/ HTTP/1.1" 200 934 "-" "Mozilla/5.0 AppleWebKit/537.36 (KHTML, like Gecko; compatible; ClaudeBot/1.0; +claudebot@anthropic.com)"
146.190.158.65 - - [27/Jul/2026:10:49:40 +0000] "POST /wp-cron.php?doing_wp_cron=1785149380.3385190963745117187500 HTTP/1.1" 200 31 "-" "WordPress/7.0; https://weelorum.com"
216.73.216.42 - - [27/Jul/2026:10:49:40 +0000] "GET /sitemap_index.xml HTTP/1.1" 200 439 "-" "Mozilla/5.0 AppleWebKit/537.36 (KHTML, like Gecko; compatible; ClaudeBot/1.0; +claudebot@anthropic.com)"
186.179.62.142 - - [27/Jul/2026:10:51:12 +0000] "GET /blog/find-out-how-to-estimate-cost-of-app-development-with-weelorum/ HTTP/1.1" 301 169 "http://weelorum.com/" "Mozilla/5.0 (X11; Linux x86_64) AppleWebKit/537.36 (KHTML, like Gecko) Chrome/144.0.0.0 Safari/537.36"
146.190.158.65 - - [27/Jul/2026:10:51:22 +0000] "POST /wp-cron.php?doing_wp_cron=1785149482.1254379749298095703125 HTTP/1.1" 200 31 "-" "WordPress/7.0; https://weelorum.com"
38.41.21.66 - - [27/Jul/2026:10:51:22 +0000] "GET /ways-of-music-streaming-app-monetization/tel:380962170860 HTTP/1.1" 404 29689 "-" "Mozilla/5.0 (Windows NT 6.1; WOW64) AppleWebKit/537.36 (KHTML, like Gecko) Chrome/75.0.3770.100 ADG/11.0.2566 AOLBUILD/11.0.2566 Safari/537.36"
186.179.62.142 - - [27/Jul/2026:10:51:26 +0000] "GET /blog/find-out-how-to-estimate-cost-of-app-development-with-weelorum/ HTTP/1.1" 200 89296 "http://weelorum.com/blog/find-out-how-to-estimate-cost-of-app-development-with-weelorum/" "Mozilla/5.0 (X11; Linux x86_64) AppleWebKit/537.36 (KHTML, like Gecko) Chrome/144.0.0.0 Safari/537.36"
146.190.158.65 - - [27/Jul/2026:10:51:38 +0000] "POST /wp-cron.php?doing_wp_cron=1785149498.3326339721679687500000 HTTP/1.1" 200 31 "-" "WordPress/7.0; https://weelorum.com"
186.179.62.142 - - [27/Jul/2026:10:51:38 +0000] "GET /wp-login.php?action=register HTTP/1.1" 404 27221 "https://weelorum.com/blog/find-out-how-to-estimate-cost-of-app-development-with-weelorum/" "Mozilla/5.0 (Windows NT 6.3; Win64; x64) AppleWebKit/537.36 (KHTML, like Gecko) Chrome/103.0.0.0 Safari/537.36"
146.190.158.65 - - [27/Jul/2026:10:51:43 +0000] "POST /wp-cron.php?doing_wp_cron=1785149503.4458069801330566406250 HTTP/1.1" 200 31 "-" "WordPress/7.0; https://weelorum.com"
186.179.62.142 - - [27/Jul/2026:10:51:43 +0000] "GET /wp-login.php?action=register HTTP/1.1" 404 27221 "https://weelorum.com/wp-login.php?action=register" "Mozilla/5.0 (Windows NT 6.3; Win64; x64) AppleWebKit/537.36 (KHTML, like Gecko) Chrome/103.0.0.0 Safari/537.36"
154.57.197.77 - - [27/Jul/2026:10:52:14 +0000] "GET / HTTP/1.1" 200 79980 "https://thebossmagazine.com/" "Mozilla/5.0 (Windows NT 10.0; Win64; x64) AppleWebKit/537.36 (KHTML, like Gecko) Chrome/150.0.0.0 Safari/537.36"
112.86.225.247 - - [27/Jul/2026:10:52:14 +0000] "GET / HTTP/1.1" 200 79980 "-" "Sogou web spider/4.0(+http://www.sogou.com/docs/help/webmasters.htm#07)"
154.57.197.77 - - [27/Jul/2026:10:52:14 +0000] "GET /wp-content/themes/weelorum-theme/assets/fonts/montserrat.woff2 HTTP/1.1" 200 30300 "https://weelorum.com/" "Mozilla/5.0 (Windows NT 10.0; Win64; x64) AppleWebKit/537.36 (KHTML, like Gecko) Chrome/150.0.0.0 Safari/537.36"
154.57.197.77 - - [27/Jul/2026:10:52:15 +0000] "GET /wp-content/themes/weelorum-theme/assets/images/hero-default-bg-desktop.webp HTTP/1.1" 200 8256 "https://weelorum.com/" "Mozilla/5.0 (Windows NT 10.0; Win64; x64) AppleWebKit/537.36 (KHTML, like Gecko) Chrome/150.0.0.0 Safari/537.36"
154.57.197.77 - - [27/Jul/2026:10:52:15 +0000] "GET /wp-content/cache/min/1/wp-content/themes/weelorum-theme/css/awards-section.css?ver=1784812621 HTTP/1.1" 200 1392 "https://weelorum.com/" "Mozilla/5.0 (Windows NT 10.0; Win64; x64) AppleWebKit/537.36 (KHTML, like Gecko) Chrome/150.0.0.0 Safari/537.36"
154.57.197.77 - - [27/Jul/2026:10:52:15 +0000] "GET /wp-content/cache/background-css/1/weelorum.com/wp-content/cache/min/1/wp-content/themes/weelorum-theme/assets/css/wl-pages.css?ver=1784812621&wpr_t=1785086881 HTTP/1.1" 200 58160 "https://weelorum.com/" "Mozilla/5.0 (Windows NT 10.0; Win64; x64) AppleWebKit/537.36 (KHTML, like Gecko) Chrome/150.0.0.0 Safari/537.36"
154.57.197.77 - - [27/Jul/2026:10:52:15 +0000] "GET /wp-includes/js/dist/i18n.min.js?ver=781d11515ad3d91786ec HTTP/1.1" 200 2574 "https://weelorum.com/" "Mozilla/5.0 (Windows NT 10.0; Win64; x64) AppleWebKit/537.36 (KHTML, like Gecko) Chrome/150.0.0.0 Safari/537.36"
154.57.197.77 - - [27/Jul/2026:10:52:15 +0000] "GET /wp-includes/js/jquery/jquery.min.js?ver=3.7.1 HTTP/1.1" 200 35451 "https://weelorum.com/" "Mozilla/5.0 (Windows NT 10.0; Win64; x64) AppleWebKit/537.36 (KHTML, like Gecko) Chrome/150.0.0.0 Safari/537.36"
154.57.197.77 - - [27/Jul/2026:10:52:15 +0000] "GET /wp-includes/js/jquery/jquery-migrate.min.js?ver=3.4.1 HTTP/1.1" 200 5355 "https://weelorum.com/" "Mozilla/5.0 (Windows NT 10.0; Win64; x64) AppleWebKit/537.36 (KHTML, like Gecko) Chrome/150.0.0.0 Safari/537.36"
154.57.197.77 - - [27/Jul/2026:10:52:15 +0000] "GET /wp-content/cache/min/1/wp-content/plugins/contact-form-7/includes/swv/js/index.js?ver=1784812623 HTTP/1.1" 200 3887 "https://weelorum.com/" "Mozilla/5.0 (Windows NT 10.0; Win64; x64) AppleWebKit/537.36 (KHTML, like Gecko) Chrome/150.0.0.0 Safari/537.36"
154.57.197.77 - - [27/Jul/2026:10:52:15 +0000] "GET /wp-content/cache/min/1/wp-content/themes/weelorum-theme/assets/js/main.js?ver=1784812621 HTTP/1.1" 200 1767 "https://weelorum.com/" "Mozilla/5.0 (Windows NT 10.0; Win64; x64) AppleWebKit/537.36 (KHTML, like Gecko) Chrome/150.0.0.0 Safari/537.36"
154.57.197.77 - - [27/Jul/2026:10:52:15 +0000] "GET /wp-content/cache/min/1/wp-content/plugins/contact-form-7/includes/js/index.js?ver=1784812623 HTTP/1.1" 200 4803 "https://weelorum.com/" "Mozilla/5.0 (Windows NT 10.0; Win64; x64) AppleWebKit/537.36 (KHTML, like Gecko) Chrome/150.0.0.0 Safari/537.36"
154.57.197.77 - - [27/Jul/2026:10:52:16 +0000] "GET /wp-content/plugins/wp-rocket/assets/js/lazyload/17.8.3/lazyload.min.js HTTP/1.1" 200 3400 "https://weelorum.com/" "Mozilla/5.0 (Windows NT 10.0; Win64; x64) AppleWebKit/537.36 (KHTML, like Gecko) Chrome/150.0.0.0 Safari/537.36"
154.57.197.77 - - [27/Jul/2026:10:52:16 +0000] "GET /wp-content/themes/weelorum-theme/assets/images/logo-black.png HTTP/1.1" 200 4286 "https://weelorum.com/wp-content/cache/background-css/1/weelorum.com/wp-content/cache/min/1/wp-content/themes/weelorum-theme/assets/css/wl-pages.css?ver=1784812621&wpr_t=1785086881" "Mozilla/5.0 (Windows NT 10.0; Win64; x64) AppleWebKit/537.36 (KHTML, like Gecko) Chrome/150.0.0.0 Safari/537.36"
154.57.197.77 - - [27/Jul/2026:10:52:16 +0000] "GET /wp-content/themes/weelorum-theme/assets/images/hero-v2-bg.webp HTTP/1.1" 200 5696 "https://weelorum.com/wp-content/cache/background-css/1/weelorum.com/wp-content/cache/min/1/wp-content/themes/weelorum-theme/assets/css/wl-pages.css?ver=1784812621&wpr_t=1785086881" "Mozilla/5.0 (Windows NT 10.0; Win64; x64) AppleWebKit/537.36 (KHTML, like Gecko) Chrome/150.0.0.0 Safari/537.36"
154.57.197.77 - - [27/Jul/2026:10:52:16 +0000] "GET /wp-content/uploads/fbrfg/site.webmanifest HTTP/1.1" 200 476 "https://weelorum.com/" "Mozilla/5.0 (Windows NT 10.0; Win64; x64) AppleWebKit/537.36 (KHTML, like Gecko) Chrome/150.0.0.0 Safari/537.36"
154.57.197.77 - - [27/Jul/2026:10:52:16 +0000] "GET /wp-content/cache/min/1/wp-content/plugins/cookie-law-info/legacy/public/js/cookie-law-info-public.js?ver=1784812621 HTTP/1.1" 200 7917 "https://weelorum.com/" "Mozilla/5.0 (Windows NT 10.0; Win64; x64) AppleWebKit/537.36 (KHTML, like Gecko) Chrome/150.0.0.0 Safari/537.36"
154.57.197.77 - - [27/Jul/2026:10:52:16 +0000] "GET /wp-content/cache/min/1/wp-content/themes/weelorum-theme/assets/js/scroll-handler.js?ver=1784812621 HTTP/1.1" 200 1531 "https://weelorum.com/" "Mozilla/5.0 (Windows NT 10.0; Win64; x64) AppleWebKit/537.36 (KHTML, like Gecko) Chrome/150.0.0.0 Safari/537.36"
154.57.197.77 - - [27/Jul/2026:10:52:16 +0000] "GET /wp-content/plugins/add-to-any/addtoany.min.js?ver=1.1 HTTP/1.1" 200 137 "https://weelorum.com/" "Mozilla/5.0 (Windows NT 10.0; Win64; x64) AppleWebKit/537.36 (KHTML, like Gecko) Chrome/150.0.0.0 Safari/537.36"
154.57.197.77 - - [27/Jul/2026:10:52:16 +0000] "GET /wp-content/cache/min/1/wp-content/plugins/countup-js/js/countup.js?ver=1784812621 HTTP/1.1" 200 1507 "https://weelorum.com/" "Mozilla/5.0 (Windows NT 10.0; Win64; x64) AppleWebKit/537.36 (KHTML, like Gecko) Chrome/150.0.0.0 Safari/537.36"
154.57.197.77 - - [27/Jul/2026:10:52:16 +0000] "GET /wp-includes/js/dist/hooks.min.js?ver=7496969728ca0f95732d HTTP/1.1" 200 1909 "https://weelorum.com/" "Mozilla/5.0 (Windows NT 10.0; Win64; x64) AppleWebKit/537.36 (KHTML, like Gecko) Chrome/150.0.0.0 Safari/537.36"
154.57.197.77 - - [27/Jul/2026:10:52:16 +0000] "GET /wp-content/plugins/rate-my-post/public/js/rate-my-post.min.js?ver=4.5.1 HTTP/1.1" 200 5596 "https://weelorum.com/" "Mozilla/5.0 (Windows NT 10.0; Win64; x64) AppleWebKit/537.36 (KHTML, like Gecko) Chrome/150.0.0.0 Safari/537.36"
154.57.197.77 - - [27/Jul/2026:10:52:16 +0000] "GET /wp-content/cache/min/1/wp-content/themes/weelorum-theme/assets/js/footer-scripts.js?ver=1784812621 HTTP/1.1" 200 1745 "https://weelorum.com/" "Mozilla/5.0 (Windows NT 10.0; Win64; x64) AppleWebKit/537.36 (KHTML, like Gecko) Chrome/150.0.0.0 Safari/537.36"
154.57.197.77 - - [27/Jul/2026:10:52:16 +0000] "GET /wp-content/cache/min/1/wp-content/themes/weelorum-theme/assets/js/floating-discovery.js?ver=1784812621 HTTP/1.1" 200 1459 "https://weelorum.com/" "Mozilla/5.0 (Windows NT 10.0; Win64; x64) AppleWebKit/537.36 (KHTML, like Gecko) Chrome/150.0.0.0 Safari/537.36"
154.57.197.77 - - [27/Jul/2026:10:52:16 +0000] "GET /wp-content/themes/weelorum-theme/assets/js/swiper.min.js?ver=3.0.0 HTTP/1.1" 200 52198 "https://weelorum.com/" "Mozilla/5.0 (Windows NT 10.0; Win64; x64) AppleWebKit/537.36 (KHTML, like Gecko) Chrome/150.0.0.0 Safari/537.36"
154.57.197.77 - - [27/Jul/2026:10:52:16 +0000] "GET /wp-content/cache/min/1/wp-content/themes/weelorum-theme/assets/js/swiper-init.js?ver=1784812621 HTTP/1.1" 200 1831 "https://weelorum.com/" "Mozilla/5.0 (Windows NT 10.0; Win64; x64) AppleWebKit/537.36 (KHTML, like Gecko) Chrome/150.0.0.0 Safari/537.36"
154.57.197.77 - - [27/Jul/2026:10:52:16 +0000] "GET /wp-content/cache/min/1/wp-content/themes/weelorum-theme/assets/js/header-v2.js?ver=1784812621 HTTP/1.1" 200 1204 "https://weelorum.com/" "Mozilla/5.0 (Windows NT 10.0; Win64; x64) AppleWebKit/537.36 (KHTML, like Gecko) Chrome/150.0.0.0 Safari/537.36"
154.57.197.77 - - [27/Jul/2026:10:52:16 +0000] "GET /wp-content/cache/min/1/wp-content/themes/weelorum-theme/assets/js/wl-pages.js?ver=1784812621 HTTP/1.1" 200 4498 "https://weelorum.com/" "Mozilla/5.0 (Windows NT 10.0; Win64; x64) AppleWebKit/537.36 (KHTML, like Gecko) Chrome/150.0.0.0 Safari/537.36"
154.57.197.77 - - [27/Jul/2026:10:52:17 +0000] "GET /wp-content/plugins/drag-and-drop-multiple-file-upload-contact-form-7/assets/js/codedropz-uploader-min.js?ver=1.3.9.8 HTTP/1.1" 200 4191 "https://weelorum.com/" "Mozilla/5.0 (Windows NT 10.0; Win64; x64) AppleWebKit/537.36 (KHTML, like Gecko) Chrome/150.0.0.0 Safari/537.36"
154.57.197.77 - - [27/Jul/2026:10:52:17 +0000] "GET /wp-content/cache/min/1/assets/external/widget.js?ver=1784812623 HTTP/1.1" 200 4483 "https://weelorum.com/" "Mozilla/5.0 (Windows NT 10.0; Win64; x64) AppleWebKit/537.36 (KHTML, like Gecko) Chrome/150.0.0.0 Safari/537.36"
154.57.197.77 - - [27/Jul/2026:10:52:17 +0000] "GET /wp-content/cache/min/1/wp-content/plugins/akismet/_inc/akismet-frontend.js?ver=1784812623 HTTP/1.1" 200 2088 "https://weelorum.com/" "Mozilla/5.0 (Windows NT 10.0; Win64; x64) AppleWebKit/537.36 (KHTML, like Gecko) Chrome/150.0.0.0 Safari/537.36"
146.190.158.65 - - [27/Jul/2026:10:52:18 +0000] "POST /wp-cron.php?doing_wp_cron=1785149538.2566859722137451171875 HTTP/1.1" 200 31 "-" "WordPress/7.0; https://weelorum.com"
154.57.197.77 - - [27/Jul/2026:10:52:18 +0000] "GET /wp-json/contact-form-7/v1/contact-forms/217/feedback/schema HTTP/1.1" 200 259 "https://weelorum.com/" "Mozilla/5.0 (Windows NT 10.0; Win64; x64) AppleWebKit/537.36 (KHTML, like Gecko) Chrome/150.0.0.0 Safari/537.36"
154.57.197.77 - - [27/Jul/2026:10:52:19 +0000] "GET /wp-content/uploads/fbrfg/favicon.ico HTTP/1.1" 200 1924 "https://weelorum.com/" "Mozilla/5.0 (Windows NT 10.0; Win64; x64) AppleWebKit/537.36 (KHTML, like Gecko) Chrome/150.0.0.0 Safari/537.36"
154.57.197.77 - - [27/Jul/2026:10:52:19 +0000] "GET /wp-json/contact-form-7/v1/contact-forms/217/refill HTTP/1.1" 200 33 "https://weelorum.com/" "Mozilla/5.0 (Windows NT 10.0; Win64; x64) AppleWebKit/537.36 (KHTML, like Gecko) Chrome/150.0.0.0 Safari/537.36"
146.190.158.65 - - [27/Jul/2026:10:52:54 +0000] "POST /wp-cron.php?doing_wp_cron=1785149574.7450129985809326171875 HTTP/1.1" 200 31 "-" "WordPress/7.0; https://weelorum.com"
81.45.180.115 - - [27/Jul/2026:10:52:54 +0000] "POST /xmlrpc.php HTTP/1.1" 405 427 "-" "Jetpack/12.5; WordPress/6.4; http://site78863504.com"
44.214.19.8 - - [27/Jul/2026:10:53:04 +0000] "GET /blog/how-to-convert-android-app-to-ios-key-steps-for-correct-porting-code-and-interface/feed/ HTTP/1.1" 200 1013 "-" "Mozilla/5.0 AppleWebKit/537.36 (KHTML, like Gecko; compatible; Amazonbot/0.1; +https://developer.amazon.com/support/amazonbot) Chrome/119.0.6045.214 Safari/537.36"
81.45.180.115 - - [27/Jul/2026:10:53:04 +0000] "POST /xmlrpc.php HTTP/1.1" 405 427 "-" "Jetpack by WordPress.com (Jetpack 13.0; WordPress 6.3)"
146.190.158.65 - - [27/Jul/2026:10:53:15 +0000] "POST /wp-cron.php?doing_wp_cron=1785149595.1048638820648193359375 HTTP/1.1" 200 31 "-" "WordPress/7.0; https://weelorum.com"
81.45.180.115 - - [27/Jul/2026:10:53:15 +0000] "POST /xmlrpc.php HTTP/1.1" 405 427 "-" "Jetpack by WordPress.com"
81.45.180.115 - - [27/Jul/2026:10:53:25 +0000] "POST /xmlrpc.php HTTP/1.1" 405 427 "-" "Jetpack by WordPress.com"
146.190.158.65 - - [27/Jul/2026:10:53:36 +0000] "POST /wp-cron.php?doing_wp_cron=1785149616.1705720424652099609375 HTTP/1.1" 200 31 "-" "WordPress/7.0; https://weelorum.com"
81.45.180.115 - - [27/Jul/2026:10:53:36 +0000] "POST /xmlrpc.php HTTP/1.1" 405 427 "-" "Jetpack by WordPress.com"
146.190.158.65 - - [27/Jul/2026:10:53:44 +0000] "POST /wp-cron.php?doing_wp_cron=1785149624.1604731082916259765625 HTTP/1.1" 200 31 "-" "WordPress/7.0; https://weelorum.com"
216.73.216.42 - - [27/Jul/2026:10:53:44 +0000] "GET /blog/top-10-challenges-in-financial-mobile-app-development-and-ways-to-solve-them/feed/ HTTP/1.1" 200 994 "-" "Mozilla/5.0 AppleWebKit/537.36 (KHTML, like Gecko; compatible; ClaudeBot/1.0; +claudebot@anthropic.com)"
81.45.180.115 - - [27/Jul/2026:10:53:46 +0000] "POST /xmlrpc.php HTTP/1.1" 405 427 "-" "Jetpack/12.0; WordPress/6.4; http://site51735692.com"
216.73.216.42 - - [27/Jul/2026:10:53:52 +0000] "GET /blog/4-key-points-of-successful-saas-mobile-application-development/feed/ HTTP/1.1" 200 952 "-" "Mozilla/5.0 AppleWebKit/537.36 (KHTML, like Gecko; compatible; ClaudeBot/1.0; +claudebot@anthropic.com)"
81.45.180.115 - - [27/Jul/2026:10:53:57 +0000] "POST /xmlrpc.php HTTP/1.1" 405 427 "-" "WordPress.com; https://wordpress.com"
81.45.180.115 - - [27/Jul/2026:10:54:07 +0000] "POST /xmlrpc.php HTTP/1.1" 405 427 "-" "Jetpack by WordPress.com (Jetpack 13.0; WordPress 6.2)"
146.190.158.65 - - [27/Jul/2026:10:54:18 +0000] "POST /wp-cron.php?doing_wp_cron=1785149658.3195259571075439453125 HTTP/1.1" 200 31 "-" "WordPress/7.0; https://weelorum.com"
81.45.180.115 - - [27/Jul/2026:10:54:18 +0000] "POST /xmlrpc.php HTTP/1.1" 405 427 "-" "WordPress.com; https://wordpress.com"
146.190.158.65 - - [27/Jul/2026:10:54:28 +0000] "POST /wp-cron.php?doing_wp_cron=1785149668.8874070644378662109375 HTTP/1.1" 200 31 "-" "WordPress/7.0; https://weelorum.com"
81.45.180.115 - - [27/Jul/2026:10:54:28 +0000] "POST /xmlrpc.php HTTP/1.1" 405 427 "-" "Jetpack by WordPress.com (Jetpack 13.0; WordPress 6.1)"
81.45.180.115 - - [27/Jul/2026:10:54:39 +0000] "POST /xmlrpc.php HTTP/1.1" 405 427 "-" "Jetpack/12.0; WordPress/6.3; http://site39962210.com"
146.190.158.65 - - [27/Jul/2026:10:54:49 +0000] "POST /wp-cron.php?doing_wp_cron=1785149689.9219930171966552734375 HTTP/1.1" 200 31 "-" "WordPress/7.0; https://weelorum.com"
81.45.180.115 - - [27/Jul/2026:10:54:49 +0000] "POST /xmlrpc.php HTTP/1.1" 405 427 "-" "Jetpack by WordPress.com (Jetpack 13.0; WordPress 6.1)"
81.45.180.115 - - [27/Jul/2026:10:55:00 +0000] "POST /xmlrpc.php HTTP/1.1" 405 427 "-" "Jetpack by WordPress.com (Jetpack 13.0; WordPress 6.3)"
192.177.142.213 - - [27/Jul/2026:10:55:03 +0000] "GET /wp-content/uploads/2026/06/cell-5-zimo.png HTTP/1.1" 200 1705 "-" "Mozilla/5.0 (compatible; crawler)"
81.45.180.115 - - [27/Jul/2026:10:55:11 +0000] "POST /xmlrpc.php HTTP/1.1" 405 427 "-" "Jetpack by WordPress.com"
95.245.35.214 - - [27/Jul/2026:10:55:17 +0000] "GET /blog/find-out-how-to-estimate-cost-of-app-development-with-weelorum/ HTTP/1.1" 301 169 "-" "Mozilla/5.0 (compatible; Googlebot/2.1; +http://www.google.com/bot.html)"
95.245.35.214 - - [27/Jul/2026:10:55:18 +0000] "GET /blog/find-out-how-to-estimate-cost-of-app-development-with-weelorum/ HTTP/1.1" 200 89296 "http://weelorum.com/blog/find-out-how-to-estimate-cost-of-app-development-with-weelorum/" "Mozilla/5.0 (compatible; Googlebot/2.1; +http://www.google.com/bot.html)"
146.190.158.65 - - [27/Jul/2026:10:55:21 +0000] "POST /wp-cron.php?doing_wp_cron=1785149721.5423350334167480468750 HTTP/1.1" 200 31 "-" "WordPress/7.0; https://weelorum.com"
81.45.180.115 - - [27/Jul/2026:10:55:21 +0000] "POST /xmlrpc.php HTTP/1.1" 405 427 "-" "WordPress.com; https://wordpress.com"
146.190.158.65 - - [27/Jul/2026:10:55:32 +0000] "POST /wp-cron.php?doing_wp_cron=1785149732.0333020687103271484375 HTTP/1.1" 200 31 "-" "WordPress/7.0; https://weelorum.com"
81.45.180.115 - - [27/Jul/2026:10:55:32 +0000] "POST /xmlrpc.php HTTP/1.1" 405 427 "-" "Jetpack/12.5; WordPress/6.1; http://site31718198.com"
146.190.158.65 - - [27/Jul/2026:10:55:42 +0000] "POST /wp-cron.php?doing_wp_cron=1785149742.5686850547790527343750 HTTP/1.1" 200 31 "-" "WordPress/7.0; https://weelorum.com"
81.45.180.115 - - [27/Jul/2026:10:55:42 +0000] "POST /xmlrpc.php HTTP/1.1" 405 427 "-" "Jetpack/12.1; WordPress/6.3; http://site85377179.com"
81.45.180.115 - - [27/Jul/2026:10:55:53 +0000] "POST /xmlrpc.php HTTP/1.1" 405 427 "-" "Jetpack by WordPress.com"
146.190.158.65 - - [27/Jul/2026:10:56:01 +0000] "GET / HTTP/1.1" 301 169 "-" "Mozilla/5.0 (X11; Linux x86_64) AppleWebKit/537.36 (KHTML, like Gecko) Chrome/44.0.2403.157 Safari/537.36"
146.190.158.65 - - [27/Jul/2026:10:56:01 +0000] "GET / HTTP/1.1" 200 32502 "http://146.190.158.65" "Mozilla/5.0 (X11; Linux x86_64) AppleWebKit/537.36 (KHTML, like Gecko) Chrome/44.0.2403.157 Safari/537.36"
81.45.180.115 - - [27/Jul/2026:10:56:03 +0000] "POST /xmlrpc.php HTTP/1.1" 405 427 "-" "Jetpack by WordPress.com"
81.45.180.115 - - [27/Jul/2026:10:56:14 +0000] "POST /xmlrpc.php HTTP/1.1" 405 427 "-" "Jetpack by WordPress.com (Jetpack 12.0; WordPress 6.3)"
146.190.158.65 - - [27/Jul/2026:10:56:24 +0000] "POST /wp-cron.php?doing_wp_cron=1785149784.6590149402618408203125 HTTP/1.1" 200 31 "-" "WordPress/7.0; https://weelorum.com"
81.45.180.115 - - [27/Jul/2026:10:56:24 +0000] "POST /xmlrpc.php HTTP/1.1" 405 427 "-" "Jetpack/12.5; WordPress/6.1; http://site61729840.com"
84.37.249.87 - - [27/Jul/2026:10:56:32 +0000] "GET /wp-content/uploads/2023/01/30.630.svg HTTP/1.1" 200 71360 "-" "Mozilla/5.0 (compatible; crawler)"
146.190.158.65 - - [27/Jul/2026:10:56:35 +0000] "POST /wp-cron.php?doing_wp_cron=1785149795.1987249851226806640625 HTTP/1.1" 200 31 "-" "WordPress/7.0; https://weelorum.com"
81.45.180.115 - - [27/Jul/2026:10:56:35 +0000] "POST /xmlrpc.php HTTP/1.1" 405 427 "-" "Jetpack by WordPress.com"
146.190.158.65 - - [27/Jul/2026:10:56:45 +0000] "POST /wp-cron.php?doing_wp_cron=1785149805.7958509922027587890625 HTTP/1.1" 200 31 "-" "WordPress/7.0; https://weelorum.com"
81.45.180.115 - - [27/Jul/2026:10:56:45 +0000] "POST /xmlrpc.php HTTP/1.1" 405 427 "-" "Jetpack/12.1; WordPress/6.4; http://site57066294.com"
81.45.180.115 - - [27/Jul/2026:10:56:56 +0000] "POST /xmlrpc.php HTTP/1.1" 405 427 "-" "Jetpack by WordPress.com (Jetpack 12.1; WordPress 6.3)"
81.45.180.115 - - [27/Jul/2026:10:57:06 +0000] "POST /xmlrpc.php HTTP/1.1" 405 427 "-" "Jetpack by WordPress.com"
146.190.158.65 - - [27/Jul/2026:10:57:17 +0000] "POST /wp-cron.php?doing_wp_cron=1785149837.3443500995635986328125 HTTP/1.1" 200 31 "-" "WordPress/7.0; https://weelorum.com"
81.45.180.115 - - [27/Jul/2026:10:57:17 +0000] "POST /xmlrpc.php HTTP/1.1" 405 427 "-" "WordPress.com; https://wordpress.com"
34.194.95.99 - - [27/Jul/2026:10:57:24 +0000] "GET /wp-json/wp/v2/pages/2780 HTTP/1.1" 200 16744 "-" "Mozilla/5.0 AppleWebKit/537.36 (KHTML, like Gecko; compatible; Amazonbot/0.1; +https://developer.amazon.com/support/amazonbot) Chrome/119.0.6045.214 Safari/537.36"
146.190.158.65 - - [27/Jul/2026:10:57:28 +0000] "POST /wp-cron.php?doing_wp_cron=1785149847.9971780776977539062500 HTTP/1.1" 200 31 "-" "WordPress/7.0; https://weelorum.com"
81.45.180.115 - - [27/Jul/2026:10:57:28 +0000] "POST /xmlrpc.php HTTP/1.1" 405 427 "-" "WordPress.com; https://wordpress.com"
81.45.180.115 - - [27/Jul/2026:10:57:38 +0000] "POST /xmlrpc.php HTTP/1.1" 405 427 "-" "Jetpack/13.0; WordPress/6.2; http://site44035532.com"
146.190.158.65 - - [27/Jul/2026:10:57:49 +0000] "POST /wp-cron.php?doing_wp_cron=1785149869.0490779876708984375000 HTTP/1.1" 200 31 "-" "WordPress/7.0; https://weelorum.com"
81.45.180.115 - - [27/Jul/2026:10:57:49 +0000] "POST /xmlrpc.php HTTP/1.1" 405 427 "-" "WordPress.com; https://wordpress.com"
81.45.180.115 - - [27/Jul/2026:10:57:59 +0000] "POST /xmlrpc.php HTTP/1.1" 405 427 "-" "WordPress.com; https://wordpress.com"
216.73.216.6 - - [27/Jul/2026:10:58:06 +0000] "GET /robots.txt HTTP/1.1" 200 150 "-" "Mozilla/5.0 (Macintosh; Intel Mac OS X 10_15_7) AppleWebKit/537.36 (KHTML, like Gecko) Chrome/131.0.0.0 Safari/537.36; ClaudeBot/1.0; +claudebot@anthropic.com)"
216.73.216.6 - - [27/Jul/2026:10:58:07 +0000] "GET /blog/how-to-find-and-hire-developers-for-financial-applications/ HTTP/1.1" 200 88245 "-" "Mozilla/5.0 (Macintosh; Intel Mac OS X 10_15_7) AppleWebKit/537.36 (KHTML, like Gecko) Chrome/131.0.0.0 Safari/537.36; ClaudeBot/1.0; +claudebot@anthropic.com)"
216.73.216.6 - - [27/Jul/2026:10:58:07 +0000] "GET /wp-content/themes/weelorum-theme/assets/fonts/montserrat.woff2 HTTP/1.1" 200 30300 "https://weelorum.com/blog/how-to-find-and-hire-developers-for-financial-applications/" "Mozilla/5.0 (Macintosh; Intel Mac OS X 10_15_7) AppleWebKit/537.36 (KHTML, like Gecko) Chrome/131.0.0.0 Safari/537.36; ClaudeBot/1.0; +claudebot@anthropic.com)"
216.73.216.6 - - [27/Jul/2026:10:58:07 +0000] "GET /wp-content/cache/min/1/wp-content/themes/weelorum-theme/css/awards-section.css?ver=1784812621 HTTP/1.1" 200 1392 "https://weelorum.com/blog/how-to-find-and-hire-developers-for-financial-applications/" "Mozilla/5.0 (Macintosh; Intel Mac OS X 10_15_7) AppleWebKit/537.36 (KHTML, like Gecko) Chrome/131.0.0.0 Safari/537.36; ClaudeBot/1.0; +claudebot@anthropic.com)"
216.73.216.6 - - [27/Jul/2026:10:58:07 +0000] "GET /wp-content/cache/background-css/1/weelorum.com/wp-content/cache/min/1/wp-content/themes/weelorum-theme/assets/css/wl-pages.css?ver=1784812621&wpr_t=1785086873 HTTP/1.1" 200 58160 "https://weelorum.com/blog/how-to-find-and-hire-developers-for-financial-applications/" "Mozilla/5.0 (Macintosh; Intel Mac OS X 10_15_7) AppleWebKit/537.36 (KHTML, like Gecko) Chrome/131.0.0.0 Safari/537.36; ClaudeBot/1.0; +claudebot@anthropic.com)"
216.73.216.6 - - [27/Jul/2026:10:58:07 +0000] "GET /wp-content/uploads/2023/04/47.Web_.1440.svg HTTP/1.1" 200 62922 "https://weelorum.com/blog/how-to-find-and-hire-developers-for-financial-applications/" "Mozilla/5.0 (Macintosh; Intel Mac OS X 10_15_7) AppleWebKit/537.36 (KHTML, like Gecko) Chrome/131.0.0.0 Safari/537.36; ClaudeBot/1.0; +claudebot@anthropic.com)"
216.73.216.6 - - [27/Jul/2026:10:58:07 +0000] "GET /wp-includes/js/dist/i18n.min.js?ver=781d11515ad3d91786ec HTTP/1.1" 200 2574 "https://weelorum.com/blog/how-to-find-and-hire-developers-for-financial-applications/" "Mozilla/5.0 (Macintosh; Intel Mac OS X 10_15_7) AppleWebKit/537.36 (KHTML, like Gecko) Chrome/131.0.0.0 Safari/537.36; ClaudeBot/1.0; +claudebot@anthropic.com)"
216.73.216.6 - - [27/Jul/2026:10:58:07 +0000] "GET /wp-includes/js/jquery/jquery.min.js?ver=3.7.1 HTTP/1.1" 200 35451 "https://weelorum.com/blog/how-to-find-and-hire-developers-for-financial-applications/" "Mozilla/5.0 (Macintosh; Intel Mac OS X 10_15_7) AppleWebKit/537.36 (KHTML, like Gecko) Chrome/131.0.0.0 Safari/537.36; ClaudeBot/1.0; +claudebot@anthropic.com)"
216.73.216.6 - - [27/Jul/2026:10:58:07 +0000] "GET /wp-includes/js/jquery/jquery-migrate.min.js?ver=3.4.1 HTTP/1.1" 200 5355 "https://weelorum.com/blog/how-to-find-and-hire-developers-for-financial-applications/" "Mozilla/5.0 (Macintosh; Intel Mac OS X 10_15_7) AppleWebKit/537.36 (KHTML, like Gecko) Chrome/131.0.0.0 Safari/537.36; ClaudeBot/1.0; +claudebot@anthropic.com)"
216.73.216.6 - - [27/Jul/2026:10:58:07 +0000] "GET /wp-content/uploads/2022/08/cropped-cropped-CEO-1-104x104.jpg HTTP/1.1" 200 2683 "https://weelorum.com/blog/how-to-find-and-hire-developers-for-financial-applications/" "Mozilla/5.0 (Macintosh; Intel Mac OS X 10_15_7) AppleWebKit/537.36 (KHTML, like Gecko) Chrome/131.0.0.0 Safari/537.36; ClaudeBot/1.0; +claudebot@anthropic.com)"
216.73.216.6 - - [27/Jul/2026:10:58:07 +0000] "GET /wp-content/cache/min/1/wp-content/plugins/contact-form-7/includes/js/index.js?ver=1784812623 HTTP/1.1" 200 4803 "https://weelorum.com/blog/how-to-find-and-hire-developers-for-financial-applications/" "Mozilla/5.0 (Macintosh; Intel Mac OS X 10_15_7) AppleWebKit/537.36 (KHTML, like Gecko) Chrome/131.0.0.0 Safari/537.36; ClaudeBot/1.0; +claudebot@anthropic.com)"
216.73.216.6 - - [27/Jul/2026:10:58:07 +0000] "GET /wp-content/plugins/wp-rocket/assets/js/lazyload/17.8.3/lazyload.min.js HTTP/1.1" 200 3400 "https://weelorum.com/blog/how-to-find-and-hire-developers-for-financial-applications/" "Mozilla/5.0 (Macintosh; Intel Mac OS X 10_15_7) AppleWebKit/537.36 (KHTML, like Gecko) Chrome/131.0.0.0 Safari/537.36; ClaudeBot/1.0; +claudebot@anthropic.com)"
216.73.216.6 - - [27/Jul/2026:10:58:07 +0000] "GET /wp-content/cache/min/1/wp-content/themes/weelorum-theme/assets/js/main.js?ver=1784812621 HTTP/1.1" 200 1767 "https://weelorum.com/blog/how-to-find-and-hire-developers-for-financial-applications/" "Mozilla/5.0 (Macintosh; Intel Mac OS X 10_15_7) AppleWebKit/537.36 (KHTML, like Gecko) Chrome/131.0.0.0 Safari/537.36; ClaudeBot/1.0; +claudebot@anthropic.com)"
216.73.216.6 - - [27/Jul/2026:10:58:07 +0000] "GET /wp-content/cache/min/1/wp-content/plugins/contact-form-7/includes/swv/js/index.js?ver=1784812623 HTTP/1.1" 200 3887 "https://weelorum.com/blog/how-to-find-and-hire-developers-for-financial-applications/" "Mozilla/5.0 (Macintosh; Intel Mac OS X 10_15_7) AppleWebKit/537.36 (KHTML, like Gecko) Chrome/131.0.0.0 Safari/537.36; ClaudeBot/1.0; +claudebot@anthropic.com)"
81.45.180.115 - - [27/Jul/2026:10:58:10 +0000] "POST /xmlrpc.php HTTP/1.1" 405 427 "-" "Jetpack by WordPress.com"
216.73.216.6 - - [27/Jul/2026:10:58:12 +0000] "GET /wp-content/uploads/2022/08/cropped-cropped-CEO-1-192x192.jpg HTTP/1.1" 200 5344 "https://weelorum.com/blog/how-to-find-and-hire-developers-for-financial-applications/" "Mozilla/5.0 (Macintosh; Intel Mac OS X 10_15_7) AppleWebKit/537.36 (KHTML, like Gecko) Chrome/131.0.0.0 Safari/537.36; ClaudeBot/1.0; +claudebot@anthropic.com)"
216.73.216.6 - - [27/Jul/2026:10:58:12 +0000] "GET /wp-content/uploads/2025/11/5-Must-Have-Features-for-a-Successful-AI-Powered-Dating-App-410x233.png HTTP/1.1" 200 6005 "https://weelorum.com/blog/how-to-find-and-hire-developers-for-financial-applications/" "Mozilla/5.0 (Macintosh; Intel Mac OS X 10_15_7) AppleWebKit/537.36 (KHTML, like Gecko) Chrome/131.0.0.0 Safari/537.36; ClaudeBot/1.0; +claudebot@anthropic.com)"
216.73.216.6 - - [27/Jul/2026:10:58:12 +0000] "GET /wp-content/uploads/2025/11/App-Development-Costs-Beyond-Coding_-Budget-for-2025-410x233.png HTTP/1.1" 200 6832 "https://weelorum.com/blog/how-to-find-and-hire-developers-for-financial-applications/" "Mozilla/5.0 (Macintosh; Intel Mac OS X 10_15_7) AppleWebKit/537.36 (KHTML, like Gecko) Chrome/131.0.0.0 Safari/537.36; ClaudeBot/1.0; +claudebot@anthropic.com)"
