172.213.208.20 - - [27/Jul/2026:03:39:30 +0000] "GET /wp-admin/css/colors/ HTTP/1.1" 403 187 "-" "Mozilla/5.0 (Windows NT 10.0; Win64; x64) AppleWebKit/537.36 (KHTML, like Gecko) Chrome/120.0.0.0 Safari/537.36"
172.213.208.20 - - [27/Jul/2026:03:39:30 +0000] "GET /wp-content/themes/seotheme/mar.php HTTP/1.1" 404 47 "-" "Mozilla/5.0 (Windows NT 10.0; Win64; x64) AppleWebKit/537.36 (KHTML, like Gecko) Chrome/120.0.0.0 Safari/537.36"
203.2.115.155 - - [27/Jul/2026:03:39:31 +0000] "POST /xmlrpc.php HTTP/1.1" 405 427 "-" "Apache-HttpClient/4.5.2 (Java/1.8.0_161)"
172.213.208.20 - - [27/Jul/2026:03:39:31 +0000] "GET /wp-includes/Text/index.php HTTP/1.1" 404 47 "-" "Mozilla/5.0 (Windows NT 10.0; Win64; x64) AppleWebKit/537.36 (KHTML, like Gecko) Chrome/120.0.0.0 Safari/537.36"
172.213.208.20 - - [27/Jul/2026:03:39:31 +0000] "GET /wp-index.php HTTP/1.1" 404 47 "-" "Mozilla/5.0 (Windows NT 10.0; Win64; x64) AppleWebKit/537.36 (KHTML, like Gecko) Chrome/120.0.0.0 Safari/537.36"
203.2.115.155 - - [27/Jul/2026:03:39:31 +0000] "POST /xmlrpc.php HTTP/1.1" 405 427 "-" "Apache-HttpClient/4.5.2 (Java/1.8.0_161)"
172.213.208.20 - - [27/Jul/2026:03:39:32 +0000] "GET /wp/wp-admin/includes/ HTTP/1.1" 404 29668 "-" "Mozilla/5.0 (Windows NT 10.0; Win64; x64) AppleWebKit/537.36 (KHTML, like Gecko) Chrome/120.0.0.0 Safari/537.36"
203.2.115.155 - - [27/Jul/2026:03:39:32 +0000] "POST /xmlrpc.php HTTP/1.1" 405 427 "-" "Apache-HttpClient/4.5.2 (Java/1.8.0_161)"
172.213.208.20 - - [27/Jul/2026:03:39:32 +0000] "GET /ws80.php HTTP/1.1" 404 47 "-" "Mozilla/5.0 (Windows NT 10.0; Win64; x64) AppleWebKit/537.36 (KHTML, like Gecko) Chrome/120.0.0.0 Safari/537.36"
172.213.208.20 - - [27/Jul/2026:03:39:32 +0000] "GET /ww2.php HTTP/1.1" 404 47 "-" "Mozilla/5.0 (Windows NT 10.0; Win64; x64) AppleWebKit/537.36 (KHTML, like Gecko) Chrome/120.0.0.0 Safari/537.36"
203.2.115.155 - - [27/Jul/2026:03:39:32 +0000] "POST /xmlrpc.php HTTP/1.1" 405 427 "-" "Apache-HttpClient/4.5.2 (Java/1.8.0_161)"
172.213.208.20 - - [27/Jul/2026:03:39:32 +0000] "GET /7logs.php HTTP/1.1" 404 47 "-" "Mozilla/5.0 (Windows NT 10.0; Win64; x64) AppleWebKit/537.36 (KHTML, like Gecko) Chrome/120.0.0.0 Safari/537.36"
172.213.208.20 - - [27/Jul/2026:03:39:33 +0000] "GET /ac.php HTTP/1.1" 404 47 "-" "Mozilla/5.0 (Windows NT 10.0; Win64; x64) AppleWebKit/537.36 (KHTML, like Gecko) Chrome/120.0.0.0 Safari/537.36"
172.213.208.20 - - [27/Jul/2026:03:39:33 +0000] "GET /assets/images/doc.php HTTP/1.1" 404 47 "-" "Mozilla/5.0 (Windows NT 10.0; Win64; x64) AppleWebKit/537.36 (KHTML, like Gecko) Chrome/120.0.0.0 Safari/537.36"
203.2.115.155 - - [27/Jul/2026:03:39:33 +0000] "POST /xmlrpc.php HTTP/1.1" 405 427 "-" "Apache-HttpClient/4.5.2 (Java/1.8.0_161)"
172.213.208.20 - - [27/Jul/2026:03:39:33 +0000] "GET /ctex1.php HTTP/1.1" 404 47 "-" "Mozilla/5.0 (Windows NT 10.0; Win64; x64) AppleWebKit/537.36 (KHTML, like Gecko) Chrome/120.0.0.0 Safari/537.36"
172.213.208.20 - - [27/Jul/2026:03:39:33 +0000] "GET /defaults.php HTTP/1.1" 404 47 "-" "Mozilla/5.0 (Windows NT 10.0; Win64; x64) AppleWebKit/537.36 (KHTML, like Gecko) Chrome/120.0.0.0 Safari/537.36"
203.2.115.155 - - [27/Jul/2026:03:39:33 +0000] "POST /xmlrpc.php HTTP/1.1" 405 427 "-" "Apache-HttpClient/4.5.2 (Java/1.8.0_161)"
172.213.208.20 - - [27/Jul/2026:03:39:33 +0000] "GET /domains.php HTTP/1.1" 404 47 "-" "Mozilla/5.0 (Windows NT 10.0; Win64; x64) AppleWebKit/537.36 (KHTML, like Gecko) Chrome/120.0.0.0 Safari/537.36"
172.213.208.20 - - [27/Jul/2026:03:39:33 +0000] "GET /dropdown.php HTTP/1.1" 404 47 "-" "Mozilla/5.0 (Windows NT 10.0; Win64; x64) AppleWebKit/537.36 (KHTML, like Gecko) Chrome/120.0.0.0 Safari/537.36"
203.2.115.155 - - [27/Jul/2026:03:39:34 +0000] "POST /xmlrpc.php HTTP/1.1" 405 427 "-" "Apache-HttpClient/4.5.2 (Java/1.8.0_161)"
172.213.208.20 - - [27/Jul/2026:03:39:34 +0000] "GET /files/index.php HTTP/1.1" 404 47 "-" "Mozilla/5.0 (Windows NT 10.0; Win64; x64) AppleWebKit/537.36 (KHTML, like Gecko) Chrome/120.0.0.0 Safari/537.36"
172.213.208.20 - - [27/Jul/2026:03:39:34 +0000] "GET /flower.php HTTP/1.1" 404 47 "-" "Mozilla/5.0 (Windows NT 10.0; Win64; x64) AppleWebKit/537.36 (KHTML, like Gecko) Chrome/120.0.0.0 Safari/537.36"
172.213.208.20 - - [27/Jul/2026:03:39:34 +0000] "GET /insc.php HTTP/1.1" 404 47 "-" "Mozilla/5.0 (Windows NT 10.0; Win64; x64) AppleWebKit/537.36 (KHTML, like Gecko) Chrome/120.0.0.0 Safari/537.36"
203.2.115.155 - - [27/Jul/2026:03:39:34 +0000] "POST /xmlrpc.php HTTP/1.1" 405 427 "-" "Apache-HttpClient/4.5.2 (Java/1.8.0_161)"
203.2.115.155 - - [27/Jul/2026:03:39:34 +0000] "POST /xmlrpc.php HTTP/1.1" 405 427 "-" "Apache-HttpClient/4.5.2 (Java/1.8.0_161)"
203.2.115.155 - - [27/Jul/2026:03:39:35 +0000] "POST /xmlrpc.php HTTP/1.1" 405 427 "-" "Apache-HttpClient/4.5.2 (Java/1.8.0_161)"
203.2.115.155 - - [27/Jul/2026:03:39:35 +0000] "POST /xmlrpc.php HTTP/1.1" 405 427 "-" "Apache-HttpClient/4.5.2 (Java/1.8.0_161)"
203.2.115.155 - - [27/Jul/2026:03:39:36 +0000] "POST /xmlrpc.php HTTP/1.1" 405 427 "-" "Apache-HttpClient/4.5.2 (Java/1.8.0_161)"
203.2.115.155 - - [27/Jul/2026:03:39:36 +0000] "POST /xmlrpc.php HTTP/1.1" 405 427 "-" "Apache-HttpClient/4.5.2 (Java/1.8.0_161)"
203.2.115.155 - - [27/Jul/2026:03:39:36 +0000] "POST /xmlrpc.php HTTP/1.1" 405 427 "-" "Apache-HttpClient/4.5.2 (Java/1.8.0_161)"
203.2.115.155 - - [27/Jul/2026:03:39:37 +0000] "POST /xmlrpc.php HTTP/1.1" 405 427 "-" "Apache-HttpClient/4.5.2 (Java/1.8.0_161)"
203.2.115.155 - - [27/Jul/2026:03:39:37 +0000] "POST /xmlrpc.php HTTP/1.1" 405 427 "-" "Apache-HttpClient/4.5.2 (Java/1.8.0_161)"
185.8.106.162 - - [27/Jul/2026:03:39:37 +0000] "GET /wp-json/gravitysmtp/v1/tests/mock-data?page=gravitysmtp-settings HTTP/1.1" 404 125 "-" "vuln_scanner/3.0.0 (CVE-2026-4020)"
185.8.106.162 - - [27/Jul/2026:03:39:38 +0000] "GET /?rest_route=/gravitysmtp/v1/tests/mock-data&page=gravitysmtp-settings HTTP/1.1" 404 125 "-" "vuln_scanner/3.0.0 (CVE-2026-4020)"
203.2.115.155 - - [27/Jul/2026:03:39:38 +0000] "POST /xmlrpc.php HTTP/1.1" 405 427 "-" "Apache-HttpClient/4.5.2 (Java/1.8.0_161)"
185.8.106.162 - - [27/Jul/2026:03:39:38 +0000] "GET /wp-json/gravitysmtp/v1/tests/mock-data HTTP/1.1" 404 125 "-" "vuln_scanner/3.0.0 (CVE-2026-4020)"
203.2.115.155 - - [27/Jul/2026:03:39:38 +0000] "POST /xmlrpc.php HTTP/1.1" 405 427 "-" "Apache-HttpClient/4.5.2 (Java/1.8.0_161)"
203.2.115.155 - - [27/Jul/2026:03:39:38 +0000] "POST /xmlrpc.php HTTP/1.1" 405 427 "-" "Apache-HttpClient/4.5.2 (Java/1.8.0_161)"
203.2.115.155 - - [27/Jul/2026:03:39:39 +0000] "POST /xmlrpc.php HTTP/1.1" 405 427 "-" "Apache-HttpClient/4.5.2 (Java/1.8.0_161)"
203.2.115.155 - - [27/Jul/2026:03:39:39 +0000] "POST /xmlrpc.php HTTP/1.1" 405 427 "-" "Apache-HttpClient/4.5.2 (Java/1.8.0_161)"
146.190.158.65 - - [27/Jul/2026:03:39:40 +0000] "POST /wp-cron.php?doing_wp_cron=1785123580.0032799243927001953125 HTTP/1.1" 200 31 "-" "WordPress/7.0; https://weelorum.com"
203.2.115.155 - - [27/Jul/2026:03:39:40 +0000] "POST /xmlrpc.php HTTP/1.1" 405 427 "-" "Apache-HttpClient/4.5.2 (Java/1.8.0_161)"
203.2.115.155 - - [27/Jul/2026:03:39:40 +0000] "POST /xmlrpc.php HTTP/1.1" 405 427 "-" "Apache-HttpClient/4.5.2 (Java/1.8.0_161)"
203.2.115.155 - - [27/Jul/2026:03:39:40 +0000] "POST /xmlrpc.php HTTP/1.1" 405 427 "-" "Apache-HttpClient/4.5.2 (Java/1.8.0_161)"
203.2.115.155 - - [27/Jul/2026:03:39:41 +0000] "POST /xmlrpc.php HTTP/1.1" 405 427 "-" "Apache-HttpClient/4.5.2 (Java/1.8.0_161)"
203.2.115.155 - - [27/Jul/2026:03:39:41 +0000] "POST /xmlrpc.php HTTP/1.1" 405 427 "-" "Apache-HttpClient/4.5.2 (Java/1.8.0_161)"
203.2.115.155 - - [27/Jul/2026:03:39:42 +0000] "POST /xmlrpc.php HTTP/1.1" 405 427 "-" "Apache-HttpClient/4.5.2 (Java/1.8.0_161)"
203.2.115.155 - - [27/Jul/2026:03:39:42 +0000] "POST /xmlrpc.php HTTP/1.1" 405 427 "-" "Apache-HttpClient/4.5.2 (Java/1.8.0_161)"
203.2.115.155 - - [27/Jul/2026:03:39:42 +0000] "POST /xmlrpc.php HTTP/1.1" 405 427 "-" "Apache-HttpClient/4.5.2 (Java/1.8.0_161)"
203.2.115.155 - - [27/Jul/2026:03:39:43 +0000] "POST /xmlrpc.php HTTP/1.1" 405 427 "-" "Apache-HttpClient/4.5.2 (Java/1.8.0_161)"
203.2.115.155 - - [27/Jul/2026:03:39:43 +0000] "POST /xmlrpc.php HTTP/1.1" 405 427 "-" "Apache-HttpClient/4.5.2 (Java/1.8.0_161)"
203.2.115.155 - - [27/Jul/2026:03:39:43 +0000] "POST /xmlrpc.php HTTP/1.1" 405 427 "-" "Apache-HttpClient/4.5.2 (Java/1.8.0_161)"
203.2.115.155 - - [27/Jul/2026:03:39:44 +0000] "POST /xmlrpc.php HTTP/1.1" 405 427 "-" "Apache-HttpClient/4.5.2 (Java/1.8.0_161)"
203.2.115.155 - - [27/Jul/2026:03:39:44 +0000] "POST /xmlrpc.php HTTP/1.1" 405 427 "-" "Apache-HttpClient/4.5.2 (Java/1.8.0_161)"
203.2.115.155 - - [27/Jul/2026:03:39:45 +0000] "POST /xmlrpc.php HTTP/1.1" 405 427 "-" "Apache-HttpClient/4.5.2 (Java/1.8.0_161)"
203.2.115.155 - - [27/Jul/2026:03:39:46 +0000] "POST /xmlrpc.php HTTP/1.1" 405 427 "-" "Apache-HttpClient/4.5.2 (Java/1.8.0_161)"
54.39.203.62 - - [27/Jul/2026:03:39:46 +0000] "GET /wp-content/cache/background-css/1/weelorum.com/wp-content/cache/min/1/wp-content/themes/weelorum-theme/assets/css/wl-pages.css?ver=1784812621&wpr_t=1785086993 HTTP/1.1" 200 58160 "-" "Mozilla/5.0 (compatible; AhrefsBot/7.0; +http://ahrefs.com/robot/)"
203.2.115.155 - - [27/Jul/2026:03:39:46 +0000] "POST /xmlrpc.php HTTP/1.1" 405 427 "-" "Apache-HttpClient/4.5.2 (Java/1.8.0_161)"
203.2.115.155 - - [27/Jul/2026:03:39:46 +0000] "POST /xmlrpc.php HTTP/1.1" 405 427 "-" "Apache-HttpClient/4.5.2 (Java/1.8.0_161)"
203.2.115.155 - - [27/Jul/2026:03:39:47 +0000] "POST /xmlrpc.php HTTP/1.1" 405 427 "-" "Apache-HttpClient/4.5.2 (Java/1.8.0_161)"
203.2.115.155 - - [27/Jul/2026:03:39:47 +0000] "POST /xmlrpc.php HTTP/1.1" 405 427 "-" "Apache-HttpClient/4.5.2 (Java/1.8.0_161)"
203.2.115.155 - - [27/Jul/2026:03:39:47 +0000] "POST /xmlrpc.php HTTP/1.1" 405 427 "-" "Apache-HttpClient/4.5.2 (Java/1.8.0_161)"
15.235.27.11 - - [27/Jul/2026:03:39:48 +0000] "GET /wp-content/uploads/2026/06/image-1-1024x683.jpeg HTTP/1.1" 200 27364 "-" "Mozilla/5.0 (compatible; AhrefsBot/7.0; +http://ahrefs.com/robot/)"
203.2.115.155 - - [27/Jul/2026:03:39:48 +0000] "POST /xmlrpc.php HTTP/1.1" 405 427 "-" "Apache-HttpClient/4.5.2 (Java/1.8.0_161)"
203.2.115.155 - - [27/Jul/2026:03:39:49 +0000] "POST /xmlrpc.php HTTP/1.1" 405 427 "-" "Apache-HttpClient/4.5.2 (Java/1.8.0_161)"
203.2.115.155 - - [27/Jul/2026:03:39:49 +0000] "POST /xmlrpc.php HTTP/1.1" 405 427 "-" "Apache-HttpClient/4.5.2 (Java/1.8.0_161)"
203.2.115.155 - - [27/Jul/2026:03:39:49 +0000] "POST /xmlrpc.php HTTP/1.1" 405 427 "-" "Apache-HttpClient/4.5.2 (Java/1.8.0_161)"
203.2.115.155 - - [27/Jul/2026:03:39:50 +0000] "POST /xmlrpc.php HTTP/1.1" 405 427 "-" "Apache-HttpClient/4.5.2 (Java/1.8.0_161)"
203.2.115.155 - - [27/Jul/2026:03:39:50 +0000] "POST /xmlrpc.php HTTP/1.1" 405 427 "-" "Apache-HttpClient/4.5.2 (Java/1.8.0_161)"
203.2.115.155 - - [27/Jul/2026:03:39:50 +0000] "POST /xmlrpc.php HTTP/1.1" 405 427 "-" "Apache-HttpClient/4.5.2 (Java/1.8.0_161)"
203.2.115.155 - - [27/Jul/2026:03:39:51 +0000] "POST /xmlrpc.php HTTP/1.1" 405 427 "-" "Apache-HttpClient/4.5.2 (Java/1.8.0_161)"
203.2.115.155 - - [27/Jul/2026:03:39:51 +0000] "POST /xmlrpc.php HTTP/1.1" 405 427 "-" "Apache-HttpClient/4.5.2 (Java/1.8.0_161)"
203.2.115.155 - - [27/Jul/2026:03:39:52 +0000] "POST /xmlrpc.php HTTP/1.1" 405 427 "-" "Apache-HttpClient/4.5.2 (Java/1.8.0_161)"
203.2.115.155 - - [27/Jul/2026:03:39:52 +0000] "POST /xmlrpc.php HTTP/1.1" 405 427 "-" "Apache-HttpClient/4.5.2 (Java/1.8.0_161)"
203.2.115.155 - - [27/Jul/2026:03:39:52 +0000] "POST /xmlrpc.php HTTP/1.1" 405 427 "-" "Apache-HttpClient/4.5.2 (Java/1.8.0_161)"
203.2.115.155 - - [27/Jul/2026:03:39:53 +0000] "POST /xmlrpc.php HTTP/1.1" 405 427 "-" "Apache-HttpClient/4.5.2 (Java/1.8.0_161)"
203.2.115.155 - - [27/Jul/2026:03:39:53 +0000] "POST /xmlrpc.php HTTP/1.1" 405 427 "-" "Apache-HttpClient/4.5.2 (Java/1.8.0_161)"
203.2.115.155 - - [27/Jul/2026:03:39:54 +0000] "POST /xmlrpc.php HTTP/1.1" 405 427 "-" "Apache-HttpClient/4.5.2 (Java/1.8.0_161)"
203.2.115.155 - - [27/Jul/2026:03:39:54 +0000] "POST /xmlrpc.php HTTP/1.1" 405 427 "-" "Apache-HttpClient/4.5.2 (Java/1.8.0_161)"
203.2.115.155 - - [27/Jul/2026:03:39:54 +0000] "POST /xmlrpc.php HTTP/1.1" 405 427 "-" "Apache-HttpClient/4.5.2 (Java/1.8.0_161)"
203.2.115.155 - - [27/Jul/2026:03:39:55 +0000] "POST /xmlrpc.php HTTP/1.1" 405 427 "-" "Apache-HttpClient/4.5.2 (Java/1.8.0_161)"
203.2.115.155 - - [27/Jul/2026:03:39:57 +0000] "POST /xmlrpc.php HTTP/1.1" 405 427 "-" "Apache-HttpClient/4.5.2 (Java/1.8.0_161)"
203.2.115.155 - - [27/Jul/2026:03:39:57 +0000] "POST /xmlrpc.php HTTP/1.1" 405 427 "-" "Apache-HttpClient/4.5.2 (Java/1.8.0_161)"
203.2.115.155 - - [27/Jul/2026:03:39:57 +0000] "POST /xmlrpc.php HTTP/1.1" 405 427 "-" "Apache-HttpClient/4.5.2 (Java/1.8.0_161)"
203.2.115.155 - - [27/Jul/2026:03:39:58 +0000] "POST /xmlrpc.php HTTP/1.1" 405 427 "-" "Apache-HttpClient/4.5.2 (Java/1.8.0_161)"
203.2.115.155 - - [27/Jul/2026:03:39:58 +0000] "POST /xmlrpc.php HTTP/1.1" 405 427 "-" "Apache-HttpClient/4.5.2 (Java/1.8.0_161)"
203.2.115.155 - - [27/Jul/2026:03:39:58 +0000] "POST /xmlrpc.php HTTP/1.1" 405 427 "-" "Apache-HttpClient/4.5.2 (Java/1.8.0_161)"
203.2.115.155 - - [27/Jul/2026:03:39:59 +0000] "POST /xmlrpc.php HTTP/1.1" 405 427 "-" "Apache-HttpClient/4.5.2 (Java/1.8.0_161)"
203.2.115.155 - - [27/Jul/2026:03:39:59 +0000] "POST /xmlrpc.php HTTP/1.1" 405 427 "-" "Apache-HttpClient/4.5.2 (Java/1.8.0_161)"
203.2.115.155 - - [27/Jul/2026:03:40:00 +0000] "POST /xmlrpc.php HTTP/1.1" 405 427 "-" "Apache-HttpClient/4.5.2 (Java/1.8.0_161)"
203.2.115.155 - - [27/Jul/2026:03:40:00 +0000] "POST /xmlrpc.php HTTP/1.1" 405 427 "-" "Apache-HttpClient/4.5.2 (Java/1.8.0_161)"
203.2.115.155 - - [27/Jul/2026:03:40:01 +0000] "POST /xmlrpc.php HTTP/1.1" 405 427 "-" "Apache-HttpClient/4.5.2 (Java/1.8.0_161)"
203.2.115.155 - - [27/Jul/2026:03:40:01 +0000] "POST /xmlrpc.php HTTP/1.1" 405 427 "-" "Apache-HttpClient/4.5.2 (Java/1.8.0_161)"
203.2.115.155 - - [27/Jul/2026:03:40:02 +0000] "POST /xmlrpc.php HTTP/1.1" 405 427 "-" "Apache-HttpClient/4.5.2 (Java/1.8.0_161)"
203.2.115.155 - - [27/Jul/2026:03:40:02 +0000] "POST /xmlrpc.php HTTP/1.1" 405 427 "-" "Apache-HttpClient/4.5.2 (Java/1.8.0_161)"
203.2.115.155 - - [27/Jul/2026:03:40:03 +0000] "POST /xmlrpc.php HTTP/1.1" 405 427 "-" "Apache-HttpClient/4.5.2 (Java/1.8.0_161)"
203.2.115.155 - - [27/Jul/2026:03:40:04 +0000] "POST /xmlrpc.php HTTP/1.1" 405 427 "-" "Apache-HttpClient/4.5.2 (Java/1.8.0_161)"
203.2.115.155 - - [27/Jul/2026:03:40:04 +0000] "POST /xmlrpc.php HTTP/1.1" 405 427 "-" "Apache-HttpClient/4.5.2 (Java/1.8.0_161)"
203.2.115.155 - - [27/Jul/2026:03:40:05 +0000] "POST /xmlrpc.php HTTP/1.1" 405 427 "-" "Apache-HttpClient/4.5.2 (Java/1.8.0_161)"
203.2.115.155 - - [27/Jul/2026:03:40:05 +0000] "POST /xmlrpc.php HTTP/1.1" 405 427 "-" "Apache-HttpClient/4.5.2 (Java/1.8.0_161)"
203.2.115.155 - - [27/Jul/2026:03:40:06 +0000] "POST /xmlrpc.php HTTP/1.1" 405 427 "-" "Apache-HttpClient/4.5.2 (Java/1.8.0_161)"
203.2.115.155 - - [27/Jul/2026:03:40:06 +0000] "POST /xmlrpc.php HTTP/1.1" 405 427 "-" "Apache-HttpClient/4.5.2 (Java/1.8.0_161)"
203.2.115.155 - - [27/Jul/2026:03:40:07 +0000] "POST /xmlrpc.php HTTP/1.1" 405 427 "-" "Apache-HttpClient/4.5.2 (Java/1.8.0_161)"
203.2.115.155 - - [27/Jul/2026:03:40:08 +0000] "POST /xmlrpc.php HTTP/1.1" 405 427 "-" "Apache-HttpClient/4.5.2 (Java/1.8.0_161)"
203.2.115.155 - - [27/Jul/2026:03:40:08 +0000] "POST /xmlrpc.php HTTP/1.1" 405 427 "-" "Apache-HttpClient/4.5.2 (Java/1.8.0_161)"
203.2.115.155 - - [27/Jul/2026:03:40:09 +0000] "POST /xmlrpc.php HTTP/1.1" 405 427 "-" "Apache-HttpClient/4.5.2 (Java/1.8.0_161)"
203.2.115.155 - - [27/Jul/2026:03:40:09 +0000] "POST /xmlrpc.php HTTP/1.1" 405 427 "-" "Apache-HttpClient/4.5.2 (Java/1.8.0_161)"
203.2.115.155 - - [27/Jul/2026:03:40:10 +0000] "POST /xmlrpc.php HTTP/1.1" 405 427 "-" "Apache-HttpClient/4.5.2 (Java/1.8.0_161)"
203.2.115.155 - - [27/Jul/2026:03:40:10 +0000] "POST /xmlrpc.php HTTP/1.1" 405 427 "-" "Apache-HttpClient/4.5.2 (Java/1.8.0_161)"
203.2.115.155 - - [27/Jul/2026:03:40:11 +0000] "POST /xmlrpc.php HTTP/1.1" 405 427 "-" "Apache-HttpClient/4.5.2 (Java/1.8.0_161)"
203.2.115.155 - - [27/Jul/2026:03:40:11 +0000] "POST /xmlrpc.php HTTP/1.1" 405 427 "-" "Apache-HttpClient/4.5.2 (Java/1.8.0_161)"
203.2.115.155 - - [27/Jul/2026:03:40:12 +0000] "POST /xmlrpc.php HTTP/1.1" 405 427 "-" "Apache-HttpClient/4.5.2 (Java/1.8.0_161)"
203.2.115.155 - - [27/Jul/2026:03:40:12 +0000] "POST /xmlrpc.php HTTP/1.1" 405 427 "-" "Apache-HttpClient/4.5.2 (Java/1.8.0_161)"
203.2.115.155 - - [27/Jul/2026:03:40:12 +0000] "POST /xmlrpc.php HTTP/1.1" 405 427 "-" "Apache-HttpClient/4.5.2 (Java/1.8.0_161)"
203.2.115.155 - - [27/Jul/2026:03:40:13 +0000] "POST /xmlrpc.php HTTP/1.1" 405 427 "-" "Apache-HttpClient/4.5.2 (Java/1.8.0_161)"
203.2.115.155 - - [27/Jul/2026:03:40:13 +0000] "POST /xmlrpc.php HTTP/1.1" 405 427 "-" "Apache-HttpClient/4.5.2 (Java/1.8.0_161)"
203.2.115.155 - - [27/Jul/2026:03:40:14 +0000] "POST /xmlrpc.php HTTP/1.1" 405 427 "-" "Apache-HttpClient/4.5.2 (Java/1.8.0_161)"
146.190.158.65 - - [27/Jul/2026:03:40:15 +0000] "POST /wp-cron.php?doing_wp_cron=1785123615.0600290298461914062500 HTTP/1.1" 200 31 "-" "WordPress/7.0; https://weelorum.com"
203.2.115.155 - - [27/Jul/2026:03:40:15 +0000] "POST /xmlrpc.php HTTP/1.1" 405 427 "-" "Apache-HttpClient/4.5.2 (Java/1.8.0_161)"
203.2.115.155 - - [27/Jul/2026:03:40:15 +0000] "POST /xmlrpc.php HTTP/1.1" 405 427 "-" "Apache-HttpClient/4.5.2 (Java/1.8.0_161)"
203.2.115.155 - - [27/Jul/2026:03:40:15 +0000] "POST /xmlrpc.php HTTP/1.1" 405 427 "-" "Apache-HttpClient/4.5.2 (Java/1.8.0_161)"
203.2.115.155 - - [27/Jul/2026:03:40:16 +0000] "POST /xmlrpc.php HTTP/1.1" 405 427 "-" "Apache-HttpClient/4.5.2 (Java/1.8.0_161)"
203.2.115.155 - - [27/Jul/2026:03:40:16 +0000] "POST /xmlrpc.php HTTP/1.1" 405 427 "-" "Apache-HttpClient/4.5.2 (Java/1.8.0_161)"
203.2.115.155 - - [27/Jul/2026:03:40:17 +0000] "POST /xmlrpc.php HTTP/1.1" 405 427 "-" "Apache-HttpClient/4.5.2 (Java/1.8.0_161)"
203.2.115.155 - - [27/Jul/2026:03:40:17 +0000] "POST /xmlrpc.php HTTP/1.1" 405 427 "-" "Apache-HttpClient/4.5.2 (Java/1.8.0_161)"
203.2.115.155 - - [27/Jul/2026:03:40:18 +0000] "POST /xmlrpc.php HTTP/1.1" 405 427 "-" "Apache-HttpClient/4.5.2 (Java/1.8.0_161)"
203.2.115.155 - - [27/Jul/2026:03:40:18 +0000] "POST /xmlrpc.php HTTP/1.1" 405 427 "-" "Apache-HttpClient/4.5.2 (Java/1.8.0_161)"
203.2.115.155 - - [27/Jul/2026:03:40:19 +0000] "POST /xmlrpc.php HTTP/1.1" 405 427 "-" "Apache-HttpClient/4.5.2 (Java/1.8.0_161)"
203.2.115.155 - - [27/Jul/2026:03:40:19 +0000] "POST /xmlrpc.php HTTP/1.1" 405 427 "-" "Apache-HttpClient/4.5.2 (Java/1.8.0_161)"
203.2.115.155 - - [27/Jul/2026:03:40:20 +0000] "POST /xmlrpc.php HTTP/1.1" 405 427 "-" "Apache-HttpClient/4.5.2 (Java/1.8.0_161)"
203.2.115.155 - - [27/Jul/2026:03:40:20 +0000] "POST /xmlrpc.php HTTP/1.1" 405 427 "-" "Apache-HttpClient/4.5.2 (Java/1.8.0_161)"
203.2.115.155 - - [27/Jul/2026:03:40:21 +0000] "POST /xmlrpc.php HTTP/1.1" 405 427 "-" "Apache-HttpClient/4.5.2 (Java/1.8.0_161)"
203.2.115.155 - - [27/Jul/2026:03:40:21 +0000] "POST /xmlrpc.php HTTP/1.1" 405 427 "-" "Apache-HttpClient/4.5.2 (Java/1.8.0_161)"
203.2.115.155 - - [27/Jul/2026:03:40:22 +0000] "POST /xmlrpc.php HTTP/1.1" 405 427 "-" "Apache-HttpClient/4.5.2 (Java/1.8.0_161)"
203.2.115.155 - - [27/Jul/2026:03:40:22 +0000] "POST /xmlrpc.php HTTP/1.1" 405 427 "-" "Apache-HttpClient/4.5.2 (Java/1.8.0_161)"
203.2.115.155 - - [27/Jul/2026:03:40:22 +0000] "POST /xmlrpc.php HTTP/1.1" 405 427 "-" "Apache-HttpClient/4.5.2 (Java/1.8.0_161)"
203.2.115.155 - - [27/Jul/2026:03:40:23 +0000] "POST /xmlrpc.php HTTP/1.1" 405 427 "-" "Apache-HttpClient/4.5.2 (Java/1.8.0_161)"
203.2.115.155 - - [27/Jul/2026:03:40:23 +0000] "POST /xmlrpc.php HTTP/1.1" 405 427 "-" "Apache-HttpClient/4.5.2 (Java/1.8.0_161)"
203.2.115.155 - - [27/Jul/2026:03:40:24 +0000] "POST /xmlrpc.php HTTP/1.1" 405 427 "-" "Apache-HttpClient/4.5.2 (Java/1.8.0_161)"
203.2.115.155 - - [27/Jul/2026:03:40:24 +0000] "POST /xmlrpc.php HTTP/1.1" 405 427 "-" "Apache-HttpClient/4.5.2 (Java/1.8.0_161)"
203.2.115.155 - - [27/Jul/2026:03:40:24 +0000] "POST /xmlrpc.php HTTP/1.1" 405 427 "-" "Apache-HttpClient/4.5.2 (Java/1.8.0_161)"
203.2.115.155 - - [27/Jul/2026:03:40:25 +0000] "POST /xmlrpc.php HTTP/1.1" 405 427 "-" "Apache-HttpClient/4.5.2 (Java/1.8.0_161)"
203.2.115.155 - - [27/Jul/2026:03:40:25 +0000] "POST /xmlrpc.php HTTP/1.1" 405 427 "-" "Apache-HttpClient/4.5.2 (Java/1.8.0_161)"
146.190.158.65 - - [27/Jul/2026:03:40:26 +0000] "POST /wp-cron.php?doing_wp_cron=1785123626.1119580268859863281250 HTTP/1.1" 200 31 "-" "WordPress/7.0; https://weelorum.com"
203.2.115.155 - - [27/Jul/2026:03:40:26 +0000] "POST /xmlrpc.php HTTP/1.1" 405 427 "-" "Apache-HttpClient/4.5.2 (Java/1.8.0_161)"
203.2.115.155 - - [27/Jul/2026:03:40:26 +0000] "POST /xmlrpc.php HTTP/1.1" 405 427 "-" "Apache-HttpClient/4.5.2 (Java/1.8.0_161)"
203.2.115.155 - - [27/Jul/2026:03:40:26 +0000] "POST /xmlrpc.php HTTP/1.1" 405 427 "-" "Apache-HttpClient/4.5.2 (Java/1.8.0_161)"
203.2.115.155 - - [27/Jul/2026:03:40:27 +0000] "POST /xmlrpc.php HTTP/1.1" 405 427 "-" "Apache-HttpClient/4.5.2 (Java/1.8.0_161)"
203.2.115.155 - - [27/Jul/2026:03:40:27 +0000] "POST /xmlrpc.php HTTP/1.1" 405 427 "-" "Apache-HttpClient/4.5.2 (Java/1.8.0_161)"
203.2.115.155 - - [27/Jul/2026:03:40:27 +0000] "POST /xmlrpc.php HTTP/1.1" 405 427 "-" "Apache-HttpClient/4.5.2 (Java/1.8.0_161)"
203.2.115.155 - - [27/Jul/2026:03:40:28 +0000] "POST /xmlrpc.php HTTP/1.1" 405 427 "-" "Apache-HttpClient/4.5.2 (Java/1.8.0_161)"
203.2.115.155 - - [27/Jul/2026:03:40:28 +0000] "POST /xmlrpc.php HTTP/1.1" 405 427 "-" "Apache-HttpClient/4.5.2 (Java/1.8.0_161)"
203.2.115.155 - - [27/Jul/2026:03:40:29 +0000] "POST /xmlrpc.php HTTP/1.1" 405 427 "-" "Apache-HttpClient/4.5.2 (Java/1.8.0_161)"
203.2.115.155 - - [27/Jul/2026:03:40:29 +0000] "POST /xmlrpc.php HTTP/1.1" 405 427 "-" "Apache-HttpClient/4.5.2 (Java/1.8.0_161)"
203.2.115.155 - - [27/Jul/2026:03:40:30 +0000] "POST /xmlrpc.php HTTP/1.1" 405 427 "-" "Apache-HttpClient/4.5.2 (Java/1.8.0_161)"
203.2.115.155 - - [27/Jul/2026:03:40:30 +0000] "POST /xmlrpc.php HTTP/1.1" 405 427 "-" "Apache-HttpClient/4.5.2 (Java/1.8.0_161)"
203.2.115.155 - - [27/Jul/2026:03:40:30 +0000] "POST /xmlrpc.php HTTP/1.1" 405 427 "-" "Apache-HttpClient/4.5.2 (Java/1.8.0_161)"
203.2.115.155 - - [27/Jul/2026:03:40:31 +0000] "POST /xmlrpc.php HTTP/1.1" 405 427 "-" "Apache-HttpClient/4.5.2 (Java/1.8.0_161)"
203.2.115.155 - - [27/Jul/2026:03:40:31 +0000] "POST /xmlrpc.php HTTP/1.1" 405 427 "-" "Apache-HttpClient/4.5.2 (Java/1.8.0_161)"
194.59.30.116 - - [27/Jul/2026:03:40:31 +0000] "POST /wp-json/batch/v1 HTTP/1.1" 301 169 "-" "Mozilla/5.0 (X11; Linux x86_64) AppleWebKit/537.36 (KHTML, like Gecko) Chrome/126.0.0.0 Safari/537.36"
203.2.115.155 - - [27/Jul/2026:03:40:32 +0000] "POST /xmlrpc.php HTTP/1.1" 405 427 "-" "Apache-HttpClient/4.5.2 (Java/1.8.0_161)"
194.59.30.116 - - [27/Jul/2026:03:40:32 +0000] "GET /wp-json/batch/v1 HTTP/1.1" 404 125 "-" "Mozilla/5.0 (X11; Linux x86_64) AppleWebKit/537.36 (KHTML, like Gecko) Chrome/126.0.0.0 Safari/537.36"
203.2.115.155 - - [27/Jul/2026:03:40:32 +0000] "POST /xmlrpc.php HTTP/1.1" 405 427 "-" "Apache-HttpClient/4.5.2 (Java/1.8.0_161)"
203.2.115.155 - - [27/Jul/2026:03:40:33 +0000] "POST /xmlrpc.php HTTP/1.1" 405 427 "-" "Apache-HttpClient/4.5.2 (Java/1.8.0_161)"
194.59.30.116 - - [27/Jul/2026:03:40:33 +0000] "POST /?rest_route=/batch/v1 HTTP/1.1" 301 169 "-" "Mozilla/5.0 (X11; Linux x86_64) AppleWebKit/537.36 (KHTML, like Gecko) Chrome/126.0.0.0 Safari/537.36"
203.2.115.155 - - [27/Jul/2026:03:40:33 +0000] "POST /xmlrpc.php HTTP/1.1" 405 427 "-" "Apache-HttpClient/4.5.2 (Java/1.8.0_161)"
203.2.115.155 - - [27/Jul/2026:03:40:33 +0000] "POST /xmlrpc.php HTTP/1.1" 405 427 "-" "Apache-HttpClient/4.5.2 (Java/1.8.0_161)"
194.59.30.116 - - [27/Jul/2026:03:40:34 +0000] "GET /?rest_route=/batch/v1 HTTP/1.1" 404 125 "-" "Mozilla/5.0 (X11; Linux x86_64) AppleWebKit/537.36 (KHTML, like Gecko) Chrome/126.0.0.0 Safari/537.36"
203.2.115.155 - - [27/Jul/2026:03:40:34 +0000] "POST /xmlrpc.php HTTP/1.1" 405 427 "-" "Apache-HttpClient/4.5.2 (Java/1.8.0_161)"
194.59.30.116 - - [27/Jul/2026:03:40:34 +0000] "POST /wp-json/batch/v1 HTTP/1.1" 301 169 "-" "Mozilla/5.0 (X11; Linux x86_64) AppleWebKit/537.36 (KHTML, like Gecko) Chrome/126.0.0.0 Safari/537.36"
203.2.115.155 - - [27/Jul/2026:03:40:34 +0000] "POST /xmlrpc.php HTTP/1.1" 405 427 "-" "Apache-HttpClient/4.5.2 (Java/1.8.0_161)"
203.2.115.155 - - [27/Jul/2026:03:40:35 +0000] "POST /xmlrpc.php HTTP/1.1" 405 427 "-" "Apache-HttpClient/4.5.2 (Java/1.8.0_161)"
194.59.30.116 - - [27/Jul/2026:03:40:35 +0000] "GET /wp-json/batch/v1 HTTP/1.1" 404 125 "-" "Mozilla/5.0 (X11; Linux x86_64) AppleWebKit/537.36 (KHTML, like Gecko) Chrome/126.0.0.0 Safari/537.36"
203.2.115.155 - - [27/Jul/2026:03:40:35 +0000] "POST /xmlrpc.php HTTP/1.1" 405 427 "-" "Apache-HttpClient/4.5.2 (Java/1.8.0_161)"
203.2.115.155 - - [27/Jul/2026:03:40:36 +0000] "POST /xmlrpc.php HTTP/1.1" 200 223 "-" "Apache-HttpClient/4.5.2 (Java/1.8.0_161)"
203.2.115.155 - - [27/Jul/2026:03:40:36 +0000] "POST /xmlrpc.php HTTP/1.1" 405 427 "-" "Apache-HttpClient/4.5.2 (Java/1.8.0_161)"
203.2.115.155 - - [27/Jul/2026:03:40:36 +0000] "POST /xmlrpc.php HTTP/1.1" 405 427 "-" "Apache-HttpClient/4.5.2 (Java/1.8.0_161)"
203.2.115.155 - - [27/Jul/2026:03:40:37 +0000] "POST /xmlrpc.php HTTP/1.1" 405 427 "-" "Apache-HttpClient/4.5.2 (Java/1.8.0_161)"
203.2.115.155 - - [27/Jul/2026:03:40:37 +0000] "POST /xmlrpc.php HTTP/1.1" 405 427 "-" "Apache-HttpClient/4.5.2 (Java/1.8.0_161)"
203.2.115.155 - - [27/Jul/2026:03:40:37 +0000] "POST /xmlrpc.php HTTP/1.1" 405 427 "-" "Apache-HttpClient/4.5.2 (Java/1.8.0_161)"
203.2.115.155 - - [27/Jul/2026:03:40:38 +0000] "POST /xmlrpc.php HTTP/1.1" 405 427 "-" "Apache-HttpClient/4.5.2 (Java/1.8.0_161)"
203.2.115.155 - - [27/Jul/2026:03:40:38 +0000] "POST /xmlrpc.php HTTP/1.1" 405 427 "-" "Apache-HttpClient/4.5.2 (Java/1.8.0_161)"
203.2.115.155 - - [27/Jul/2026:03:40:39 +0000] "POST /xmlrpc.php HTTP/1.1" 405 427 "-" "Apache-HttpClient/4.5.2 (Java/1.8.0_161)"
203.2.115.155 - - [27/Jul/2026:03:40:39 +0000] "POST /xmlrpc.php HTTP/1.1" 405 427 "-" "Apache-HttpClient/4.5.2 (Java/1.8.0_161)"
203.2.115.155 - - [27/Jul/2026:03:40:39 +0000] "POST /xmlrpc.php HTTP/1.1" 405 427 "-" "Apache-HttpClient/4.5.2 (Java/1.8.0_161)"
146.190.158.65 - - [27/Jul/2026:03:40:40 +0000] "POST /wp-cron.php?doing_wp_cron=1785123640.4292120933532714843750 HTTP/1.1" 200 31 "-" "WordPress/7.0; https://weelorum.com"
203.2.115.155 - - [27/Jul/2026:03:40:40 +0000] "POST /xmlrpc.php HTTP/1.1" 405 427 "-" "Apache-HttpClient/4.5.2 (Java/1.8.0_161)"
203.2.115.155 - - [27/Jul/2026:03:40:40 +0000] "POST /xmlrpc.php HTTP/1.1" 405 427 "-" "Apache-HttpClient/4.5.2 (Java/1.8.0_161)"
203.2.115.155 - - [27/Jul/2026:03:40:41 +0000] "POST /xmlrpc.php HTTP/1.1" 405 427 "-" "Apache-HttpClient/4.5.2 (Java/1.8.0_161)"
203.2.115.155 - - [27/Jul/2026:03:40:41 +0000] "POST /xmlrpc.php HTTP/1.1" 405 427 "-" "Apache-HttpClient/4.5.2 (Java/1.8.0_161)"
203.2.115.155 - - [27/Jul/2026:03:40:41 +0000] "POST /xmlrpc.php HTTP/1.1" 405 427 "-" "Apache-HttpClient/4.5.2 (Java/1.8.0_161)"
203.2.115.155 - - [27/Jul/2026:03:40:42 +0000] "POST /xmlrpc.php HTTP/1.1" 405 427 "-" "Apache-HttpClient/4.5.2 (Java/1.8.0_161)"
203.2.115.155 - - [27/Jul/2026:03:40:42 +0000] "POST /xmlrpc.php HTTP/1.1" 405 427 "-" "Apache-HttpClient/4.5.2 (Java/1.8.0_161)"
203.2.115.155 - - [27/Jul/2026:03:40:43 +0000] "POST /xmlrpc.php HTTP/1.1" 405 427 "-" "Apache-HttpClient/4.5.2 (Java/1.8.0_161)"
203.2.115.155 - - [27/Jul/2026:03:40:43 +0000] "POST /xmlrpc.php HTTP/1.1" 405 427 "-" "Apache-HttpClient/4.5.2 (Java/1.8.0_161)"
203.2.115.155 - - [27/Jul/2026:03:40:44 +0000] "POST /xmlrpc.php HTTP/1.1" 405 427 "-" "Apache-HttpClient/4.5.2 (Java/1.8.0_161)"
203.2.115.155 - - [27/Jul/2026:03:40:44 +0000] "POST /xmlrpc.php HTTP/1.1" 405 427 "-" "Apache-HttpClient/4.5.2 (Java/1.8.0_161)"
203.2.115.155 - - [27/Jul/2026:03:40:44 +0000] "POST /xmlrpc.php HTTP/1.1" 405 427 "-" "Apache-HttpClient/4.5.2 (Java/1.8.0_161)"
203.2.115.155 - - [27/Jul/2026:03:40:45 +0000] "POST /xmlrpc.php HTTP/1.1" 405 427 "-" "Apache-HttpClient/4.5.2 (Java/1.8.0_161)"
203.2.115.155 - - [27/Jul/2026:03:40:45 +0000] "POST /xmlrpc.php HTTP/1.1" 405 427 "-" "Apache-HttpClient/4.5.2 (Java/1.8.0_161)"
203.2.115.155 - - [27/Jul/2026:03:40:45 +0000] "POST /xmlrpc.php HTTP/1.1" 405 427 "-" "Apache-HttpClient/4.5.2 (Java/1.8.0_161)"
203.2.115.155 - - [27/Jul/2026:03:40:46 +0000] "POST /xmlrpc.php HTTP/1.1" 405 427 "-" "Apache-HttpClient/4.5.2 (Java/1.8.0_161)"
203.2.115.155 - - [27/Jul/2026:03:40:46 +0000] "POST /xmlrpc.php HTTP/1.1" 405 427 "-" "Apache-HttpClient/4.5.2 (Java/1.8.0_161)"
203.2.115.155 - - [27/Jul/2026:03:40:47 +0000] "POST /xmlrpc.php HTTP/1.1" 405 427 "-" "Apache-HttpClient/4.5.2 (Java/1.8.0_161)"
203.2.115.155 - - [27/Jul/2026:03:40:47 +0000] "POST /xmlrpc.php HTTP/1.1" 405 427 "-" "Apache-HttpClient/4.5.2 (Java/1.8.0_161)"
203.2.115.155 - - [27/Jul/2026:03:40:48 +0000] "POST /xmlrpc.php HTTP/1.1" 405 427 "-" "Apache-HttpClient/4.5.2 (Java/1.8.0_161)"
203.2.115.155 - - [27/Jul/2026:03:40:48 +0000] "POST /xmlrpc.php HTTP/1.1" 405 427 "-" "Apache-HttpClient/4.5.2 (Java/1.8.0_161)"
203.2.115.155 - - [27/Jul/2026:03:40:49 +0000] "POST /xmlrpc.php HTTP/1.1" 405 427 "-" "Apache-HttpClient/4.5.2 (Java/1.8.0_161)"
203.2.115.155 - - [27/Jul/2026:03:40:49 +0000] "POST /xmlrpc.php HTTP/1.1" 405 427 "-" "Apache-HttpClient/4.5.2 (Java/1.8.0_161)"
203.2.115.155 - - [27/Jul/2026:03:40:50 +0000] "POST /xmlrpc.php HTTP/1.1" 405 427 "-" "Apache-HttpClient/4.5.2 (Java/1.8.0_161)"
203.2.115.155 - - [27/Jul/2026:03:40:50 +0000] "POST /xmlrpc.php HTTP/1.1" 405 427 "-" "Apache-HttpClient/4.5.2 (Java/1.8.0_161)"
203.2.115.155 - - [27/Jul/2026:03:40:51 +0000] "POST /xmlrpc.php HTTP/1.1" 405 427 "-" "Apache-HttpClient/4.5.2 (Java/1.8.0_161)"
203.2.115.155 - - [27/Jul/2026:03:40:51 +0000] "POST /xmlrpc.php HTTP/1.1" 405 427 "-" "Apache-HttpClient/4.5.2 (Java/1.8.0_161)"
203.2.115.155 - - [27/Jul/2026:03:40:51 +0000] "POST /xmlrpc.php HTTP/1.1" 405 427 "-" "Apache-HttpClient/4.5.2 (Java/1.8.0_161)"
203.2.115.155 - - [27/Jul/2026:03:40:52 +0000] "POST /xmlrpc.php HTTP/1.1" 405 427 "-" "Apache-HttpClient/4.5.2 (Java/1.8.0_161)"
203.2.115.155 - - [27/Jul/2026:03:40:52 +0000] "POST /xmlrpc.php HTTP/1.1" 405 427 "-" "Apache-HttpClient/4.5.2 (Java/1.8.0_161)"
203.2.115.155 - - [27/Jul/2026:03:40:52 +0000] "POST /xmlrpc.php HTTP/1.1" 405 427 "-" "Apache-HttpClient/4.5.2 (Java/1.8.0_161)"
203.2.115.155 - - [27/Jul/2026:03:40:53 +0000] "POST /xmlrpc.php HTTP/1.1" 405 427 "-" "Apache-HttpClient/4.5.2 (Java/1.8.0_161)"
203.2.115.155 - - [27/Jul/2026:03:40:53 +0000] "POST /xmlrpc.php HTTP/1.1" 405 427 "-" "Apache-HttpClient/4.5.2 (Java/1.8.0_161)"
203.2.115.155 - - [27/Jul/2026:03:40:53 +0000] "POST /xmlrpc.php HTTP/1.1" 405 427 "-" "Apache-HttpClient/4.5.2 (Java/1.8.0_161)"
203.2.115.155 - - [27/Jul/2026:03:40:54 +0000] "POST /xmlrpc.php HTTP/1.1" 405 427 "-" "Apache-HttpClient/4.5.2 (Java/1.8.0_161)"
203.2.115.155 - - [27/Jul/2026:03:40:55 +0000] "POST /xmlrpc.php HTTP/1.1" 405 427 "-" "Apache-HttpClient/4.5.2 (Java/1.8.0_161)"
203.2.115.155 - - [27/Jul/2026:03:40:56 +0000] "POST /xmlrpc.php HTTP/1.1" 405 427 "-" "Apache-HttpClient/4.5.2 (Java/1.8.0_161)"
203.2.115.155 - - [27/Jul/2026:03:40:57 +0000] "POST /xmlrpc.php HTTP/1.1" 405 427 "-" "Apache-HttpClient/4.5.2 (Java/1.8.0_161)"
203.2.115.155 - - [27/Jul/2026:03:40:57 +0000] "POST /xmlrpc.php HTTP/1.1" 405 427 "-" "Apache-HttpClient/4.5.2 (Java/1.8.0_161)"
203.2.115.155 - - [27/Jul/2026:03:40:58 +0000] "POST /xmlrpc.php HTTP/1.1" 405 427 "-" "Apache-HttpClient/4.5.2 (Java/1.8.0_161)"
203.2.115.155 - - [27/Jul/2026:03:40:58 +0000] "POST /xmlrpc.php HTTP/1.1" 405 427 "-" "Apache-HttpClient/4.5.2 (Java/1.8.0_161)"
203.2.115.155 - - [27/Jul/2026:03:40:59 +0000] "POST /xmlrpc.php HTTP/1.1" 405 427 "-" "Apache-HttpClient/4.5.2 (Java/1.8.0_161)"
203.2.115.155 - - [27/Jul/2026:03:40:59 +0000] "POST /xmlrpc.php HTTP/1.1" 405 427 "-" "Apache-HttpClient/4.5.2 (Java/1.8.0_161)"
203.2.115.155 - - [27/Jul/2026:03:41:00 +0000] "POST /xmlrpc.php HTTP/1.1" 405 427 "-" "Apache-HttpClient/4.5.2 (Java/1.8.0_161)"
203.2.115.155 - - [27/Jul/2026:03:41:00 +0000] "POST /xmlrpc.php HTTP/1.1" 405 427 "-" "Apache-HttpClient/4.5.2 (Java/1.8.0_161)"
203.2.115.155 - - [27/Jul/2026:03:41:00 +0000] "POST /xmlrpc.php HTTP/1.1" 405 427 "-" "Apache-HttpClient/4.5.2 (Java/1.8.0_161)"
203.2.115.155 - - [27/Jul/2026:03:41:01 +0000] "POST /xmlrpc.php HTTP/1.1" 405 427 "-" "Apache-HttpClient/4.5.2 (Java/1.8.0_161)"
203.2.115.155 - - [27/Jul/2026:03:41:01 +0000] "POST /xmlrpc.php HTTP/1.1" 405 427 "-" "Apache-HttpClient/4.5.2 (Java/1.8.0_161)"
203.2.115.155 - - [27/Jul/2026:03:41:02 +0000] "POST /xmlrpc.php HTTP/1.1" 405 427 "-" "Apache-HttpClient/4.5.2 (Java/1.8.0_161)"
203.2.115.155 - - [27/Jul/2026:03:41:02 +0000] "POST /xmlrpc.php HTTP/1.1" 405 427 "-" "Apache-HttpClient/4.5.2 (Java/1.8.0_161)"
203.2.115.155 - - [27/Jul/2026:03:41:03 +0000] "POST /xmlrpc.php HTTP/1.1" 405 427 "-" "Apache-HttpClient/4.5.2 (Java/1.8.0_161)"
203.2.115.155 - - [27/Jul/2026:03:41:03 +0000] "POST /xmlrpc.php HTTP/1.1" 405 427 "-" "Apache-HttpClient/4.5.2 (Java/1.8.0_161)"
203.2.115.155 - - [27/Jul/2026:03:41:03 +0000] "POST /xmlrpc.php HTTP/1.1" 405 427 "-" "Apache-HttpClient/4.5.2 (Java/1.8.0_161)"
203.2.115.155 - - [27/Jul/2026:03:41:04 +0000] "POST /xmlrpc.php HTTP/1.1" 405 427 "-" "Apache-HttpClient/4.5.2 (Java/1.8.0_161)"
203.2.115.155 - - [27/Jul/2026:03:41:04 +0000] "POST /xmlrpc.php HTTP/1.1" 405 427 "-" "Apache-HttpClient/4.5.2 (Java/1.8.0_161)"
203.2.115.155 - - [27/Jul/2026:03:41:05 +0000] "POST /xmlrpc.php HTTP/1.1" 405 427 "-" "Apache-HttpClient/4.5.2 (Java/1.8.0_161)"
203.2.115.155 - - [27/Jul/2026:03:41:05 +0000] "POST /xmlrpc.php HTTP/1.1" 405 427 "-" "Apache-HttpClient/4.5.2 (Java/1.8.0_161)"
203.2.115.155 - - [27/Jul/2026:03:41:06 +0000] "POST /xmlrpc.php HTTP/1.1" 405 427 "-" "Apache-HttpClient/4.5.2 (Java/1.8.0_161)"
203.2.115.155 - - [27/Jul/2026:03:41:06 +0000] "POST /xmlrpc.php HTTP/1.1" 405 427 "-" "Apache-HttpClient/4.5.2 (Java/1.8.0_161)"
203.2.115.155 - - [27/Jul/2026:03:41:07 +0000] "POST /xmlrpc.php HTTP/1.1" 405 427 "-" "Apache-HttpClient/4.5.2 (Java/1.8.0_161)"
203.2.115.155 - - [27/Jul/2026:03:41:07 +0000] "POST /xmlrpc.php HTTP/1.1" 405 427 "-" "Apache-HttpClient/4.5.2 (Java/1.8.0_161)"
203.2.115.155 - - [27/Jul/2026:03:41:07 +0000] "POST /xmlrpc.php HTTP/1.1" 405 427 "-" "Apache-HttpClient/4.5.2 (Java/1.8.0_161)"
203.2.115.155 - - [27/Jul/2026:03:41:08 +0000] "POST /xmlrpc.php HTTP/1.1" 405 427 "-" "Apache-HttpClient/4.5.2 (Java/1.8.0_161)"
203.2.115.155 - - [27/Jul/2026:03:41:08 +0000] "POST /xmlrpc.php HTTP/1.1" 405 427 "-" "Apache-HttpClient/4.5.2 (Java/1.8.0_161)"
203.2.115.155 - - [27/Jul/2026:03:41:08 +0000] "POST /xmlrpc.php HTTP/1.1" 405 427 "-" "Apache-HttpClient/4.5.2 (Java/1.8.0_161)"
203.2.115.155 - - [27/Jul/2026:03:41:09 +0000] "POST /xmlrpc.php HTTP/1.1" 405 427 "-" "Apache-HttpClient/4.5.2 (Java/1.8.0_161)"
203.2.115.155 - - [27/Jul/2026:03:41:09 +0000] "POST /xmlrpc.php HTTP/1.1" 405 427 "-" "Apache-HttpClient/4.5.2 (Java/1.8.0_161)"
203.2.115.155 - - [27/Jul/2026:03:41:10 +0000] "POST /xmlrpc.php HTTP/1.1" 405 427 "-" "Apache-HttpClient/4.5.2 (Java/1.8.0_161)"
203.2.115.155 - - [27/Jul/2026:03:41:10 +0000] "POST /xmlrpc.php HTTP/1.1" 405 427 "-" "Apache-HttpClient/4.5.2 (Java/1.8.0_161)"
203.2.115.155 - - [27/Jul/2026:03:41:10 +0000] "POST /xmlrpc.php HTTP/1.1" 405 427 "-" "Apache-HttpClient/4.5.2 (Java/1.8.0_161)"
203.2.115.155 - - [27/Jul/2026:03:41:11 +0000] "POST /xmlrpc.php HTTP/1.1" 405 427 "-" "Apache-HttpClient/4.5.2 (Java/1.8.0_161)"
203.2.115.155 - - [27/Jul/2026:03:41:11 +0000] "POST /xmlrpc.php HTTP/1.1" 405 427 "-" "Apache-HttpClient/4.5.2 (Java/1.8.0_161)"
203.2.115.155 - - [27/Jul/2026:03:41:12 +0000] "POST /xmlrpc.php HTTP/1.1" 405 427 "-" "Apache-HttpClient/4.5.2 (Java/1.8.0_161)"
203.2.115.155 - - [27/Jul/2026:03:41:12 +0000] "POST /xmlrpc.php HTTP/1.1" 405 427 "-" "Apache-HttpClient/4.5.2 (Java/1.8.0_161)"
203.2.115.155 - - [27/Jul/2026:03:41:13 +0000] "POST /xmlrpc.php HTTP/1.1" 405 427 "-" "Apache-HttpClient/4.5.2 (Java/1.8.0_161)"
203.2.115.155 - - [27/Jul/2026:03:41:13 +0000] "POST /xmlrpc.php HTTP/1.1" 405 427 "-" "Apache-HttpClient/4.5.2 (Java/1.8.0_161)"
203.2.115.155 - - [27/Jul/2026:03:41:14 +0000] "POST /xmlrpc.php HTTP/1.1" 405 427 "-" "Apache-HttpClient/4.5.2 (Java/1.8.0_161)"
203.2.115.155 - - [27/Jul/2026:03:41:14 +0000] "POST /xmlrpc.php HTTP/1.1" 405 427 "-" "Apache-HttpClient/4.5.2 (Java/1.8.0_161)"
203.2.115.155 - - [27/Jul/2026:03:41:14 +0000] "POST /xmlrpc.php HTTP/1.1" 405 427 "-" "Apache-HttpClient/4.5.2 (Java/1.8.0_161)"
146.190.158.65 - - [27/Jul/2026:03:41:15 +0000] "POST /wp-cron.php?doing_wp_cron=1785123675.3385379314422607421875 HTTP/1.1" 200 31 "-" "WordPress/7.0; https://weelorum.com"
203.2.115.155 - - [27/Jul/2026:03:41:15 +0000] "POST /xmlrpc.php HTTP/1.1" 405 427 "-" "Apache-HttpClient/4.5.2 (Java/1.8.0_161)"
203.2.115.155 - - [27/Jul/2026:03:41:15 +0000] "POST /xmlrpc.php HTTP/1.1" 405 427 "-" "Apache-HttpClient/4.5.2 (Java/1.8.0_161)"
203.2.115.155 - - [27/Jul/2026:03:41:16 +0000] "POST /xmlrpc.php HTTP/1.1" 405 427 "-" "Apache-HttpClient/4.5.2 (Java/1.8.0_161)"
203.2.115.155 - - [27/Jul/2026:03:41:16 +0000] "POST /xmlrpc.php HTTP/1.1" 405 427 "-" "Apache-HttpClient/4.5.2 (Java/1.8.0_161)"
203.2.115.155 - - [27/Jul/2026:03:41:17 +0000] "POST /xmlrpc.php HTTP/1.1" 405 427 "-" "Apache-HttpClient/4.5.2 (Java/1.8.0_161)"
203.2.115.155 - - [27/Jul/2026:03:41:17 +0000] "POST /xmlrpc.php HTTP/1.1" 405 427 "-" "Apache-HttpClient/4.5.2 (Java/1.8.0_161)"
203.2.115.155 - - [27/Jul/2026:03:41:17 +0000] "POST /xmlrpc.php HTTP/1.1" 405 427 "-" "Apache-HttpClient/4.5.2 (Java/1.8.0_161)"
203.2.115.155 - - [27/Jul/2026:03:41:18 +0000] "POST /xmlrpc.php HTTP/1.1" 405 427 "-" "Apache-HttpClient/4.5.2 (Java/1.8.0_161)"
203.2.115.155 - - [27/Jul/2026:03:41:18 +0000] "POST /xmlrpc.php HTTP/1.1" 405 427 "-" "Apache-HttpClient/4.5.2 (Java/1.8.0_161)"
203.2.115.155 - - [27/Jul/2026:03:41:19 +0000] "POST /xmlrpc.php HTTP/1.1" 405 427 "-" "Apache-HttpClient/4.5.2 (Java/1.8.0_161)"
203.2.115.155 - - [27/Jul/2026:03:41:19 +0000] "POST /xmlrpc.php HTTP/1.1" 405 427 "-" "Apache-HttpClient/4.5.2 (Java/1.8.0_161)"
203.2.115.155 - - [27/Jul/2026:03:41:20 +0000] "POST /xmlrpc.php HTTP/1.1" 405 427 "-" "Apache-HttpClient/4.5.2 (Java/1.8.0_161)"
203.2.115.155 - - [27/Jul/2026:03:41:20 +0000] "POST /xmlrpc.php HTTP/1.1" 405 427 "-" "Apache-HttpClient/4.5.2 (Java/1.8.0_161)"
203.2.115.155 - - [27/Jul/2026:03:41:21 +0000] "POST /xmlrpc.php HTTP/1.1" 405 427 "-" "Apache-HttpClient/4.5.2 (Java/1.8.0_161)"
203.2.115.155 - - [27/Jul/2026:03:41:21 +0000] "POST /xmlrpc.php HTTP/1.1" 405 427 "-" "Apache-HttpClient/4.5.2 (Java/1.8.0_161)"
203.2.115.155 - - [27/Jul/2026:03:41:21 +0000] "POST /xmlrpc.php HTTP/1.1" 405 427 "-" "Apache-HttpClient/4.5.2 (Java/1.8.0_161)"
203.2.115.155 - - [27/Jul/2026:03:41:22 +0000] "POST /xmlrpc.php HTTP/1.1" 405 427 "-" "Apache-HttpClient/4.5.2 (Java/1.8.0_161)"
203.2.115.155 - - [27/Jul/2026:03:41:22 +0000] "POST /xmlrpc.php HTTP/1.1" 405 427 "-" "Apache-HttpClient/4.5.2 (Java/1.8.0_161)"
203.2.115.155 - - [27/Jul/2026:03:41:23 +0000] "POST /xmlrpc.php HTTP/1.1" 405 427 "-" "Apache-HttpClient/4.5.2 (Java/1.8.0_161)"
203.2.115.155 - - [27/Jul/2026:03:41:23 +0000] "POST /xmlrpc.php HTTP/1.1" 405 427 "-" "Apache-HttpClient/4.5.2 (Java/1.8.0_161)"
203.2.115.155 - - [27/Jul/2026:03:41:24 +0000] "POST /xmlrpc.php HTTP/1.1" 405 427 "-" "Apache-HttpClient/4.5.2 (Java/1.8.0_161)"
203.2.115.155 - - [27/Jul/2026:03:41:24 +0000] "POST /xmlrpc.php HTTP/1.1" 405 427 "-" "Apache-HttpClient/4.5.2 (Java/1.8.0_161)"
203.2.115.155 - - [27/Jul/2026:03:41:24 +0000] "POST /xmlrpc.php HTTP/1.1" 405 427 "-" "Apache-HttpClient/4.5.2 (Java/1.8.0_161)"
203.2.115.155 - - [27/Jul/2026:03:41:25 +0000] "POST /xmlrpc.php HTTP/1.1" 405 427 "-" "Apache-HttpClient/4.5.2 (Java/1.8.0_161)"
203.2.115.155 - - [27/Jul/2026:03:41:25 +0000] "POST /xmlrpc.php HTTP/1.1" 405 427 "-" "Apache-HttpClient/4.5.2 (Java/1.8.0_161)"
203.2.115.155 - - [27/Jul/2026:03:41:25 +0000] "POST /xmlrpc.php HTTP/1.1" 405 427 "-" "Apache-HttpClient/4.5.2 (Java/1.8.0_161)"
146.190.158.65 - - [27/Jul/2026:03:41:26 +0000] "POST /wp-cron.php?doing_wp_cron=1785123686.3313539028167724609375 HTTP/1.1" 200 31 "-" "WordPress/7.0; https://weelorum.com"
203.2.115.155 - - [27/Jul/2026:03:41:26 +0000] "POST /xmlrpc.php HTTP/1.1" 405 427 "-" "Apache-HttpClient/4.5.2 (Java/1.8.0_161)"
203.2.115.155 - - [27/Jul/2026:03:41:26 +0000] "POST /xmlrpc.php HTTP/1.1" 405 427 "-" "Apache-HttpClient/4.5.2 (Java/1.8.0_161)"
203.2.115.155 - - [27/Jul/2026:03:41:27 +0000] "POST /xmlrpc.php HTTP/1.1" 405 427 "-" "Apache-HttpClient/4.5.2 (Java/1.8.0_161)"
203.2.115.155 - - [27/Jul/2026:03:41:27 +0000] "POST /xmlrpc.php HTTP/1.1" 405 427 "-" "Apache-HttpClient/4.5.2 (Java/1.8.0_161)"
203.2.115.155 - - [27/Jul/2026:03:41:28 +0000] "POST /xmlrpc.php HTTP/1.1" 405 427 "-" "Apache-HttpClient/4.5.2 (Java/1.8.0_161)"
203.2.115.155 - - [27/Jul/2026:03:41:28 +0000] "POST /xmlrpc.php HTTP/1.1" 405 427 "-" "Apache-HttpClient/4.5.2 (Java/1.8.0_161)"
203.2.115.155 - - [27/Jul/2026:03:41:28 +0000] "POST /xmlrpc.php HTTP/1.1" 405 427 "-" "Apache-HttpClient/4.5.2 (Java/1.8.0_161)"
203.2.115.155 - - [27/Jul/2026:03:41:29 +0000] "POST /xmlrpc.php HTTP/1.1" 405 427 "-" "Apache-HttpClient/4.5.2 (Java/1.8.0_161)"
203.2.115.155 - - [27/Jul/2026:03:41:29 +0000] "POST /xmlrpc.php HTTP/1.1" 405 427 "-" "Apache-HttpClient/4.5.2 (Java/1.8.0_161)"
203.2.115.155 - - [27/Jul/2026:03:41:30 +0000] "POST /xmlrpc.php HTTP/1.1" 405 427 "-" "Apache-HttpClient/4.5.2 (Java/1.8.0_161)"
203.2.115.155 - - [27/Jul/2026:03:41:30 +0000] "POST /xmlrpc.php HTTP/1.1" 405 427 "-" "Apache-HttpClient/4.5.2 (Java/1.8.0_161)"
203.2.115.155 - - [27/Jul/2026:03:41:31 +0000] "POST /xmlrpc.php HTTP/1.1" 405 427 "-" "Apache-HttpClient/4.5.2 (Java/1.8.0_161)"
203.2.115.155 - - [27/Jul/2026:03:41:31 +0000] "POST /xmlrpc.php HTTP/1.1" 405 427 "-" "Apache-HttpClient/4.5.2 (Java/1.8.0_161)"
203.2.115.155 - - [27/Jul/2026:03:41:31 +0000] "POST /xmlrpc.php HTTP/1.1" 405 427 "-" "Apache-HttpClient/4.5.2 (Java/1.8.0_161)"
203.2.115.155 - - [27/Jul/2026:03:41:32 +0000] "POST /xmlrpc.php HTTP/1.1" 405 427 "-" "Apache-HttpClient/4.5.2 (Java/1.8.0_161)"
203.2.115.155 - - [27/Jul/2026:03:41:32 +0000] "POST /xmlrpc.php HTTP/1.1" 405 427 "-" "Apache-HttpClient/4.5.2 (Java/1.8.0_161)"
203.2.115.155 - - [27/Jul/2026:03:41:32 +0000] "POST /xmlrpc.php HTTP/1.1" 405 427 "-" "Apache-HttpClient/4.5.2 (Java/1.8.0_161)"
203.2.115.155 - - [27/Jul/2026:03:41:33 +0000] "POST /xmlrpc.php HTTP/1.1" 405 427 "-" "Apache-HttpClient/4.5.2 (Java/1.8.0_161)"
203.2.115.155 - - [27/Jul/2026:03:41:33 +0000] "POST /xmlrpc.php HTTP/1.1" 405 427 "-" "Apache-HttpClient/4.5.2 (Java/1.8.0_161)"
203.2.115.155 - - [27/Jul/2026:03:41:34 +0000] "POST /xmlrpc.php HTTP/1.1" 405 427 "-" "Apache-HttpClient/4.5.2 (Java/1.8.0_161)"
203.2.115.155 - - [27/Jul/2026:03:41:34 +0000] "POST /xmlrpc.php HTTP/1.1" 405 427 "-" "Apache-HttpClient/4.5.2 (Java/1.8.0_161)"
203.2.115.155 - - [27/Jul/2026:03:41:35 +0000] "POST /xmlrpc.php HTTP/1.1" 405 427 "-" "Apache-HttpClient/4.5.2 (Java/1.8.0_161)"
203.2.115.155 - - [27/Jul/2026:03:41:35 +0000] "POST /xmlrpc.php HTTP/1.1" 405 427 "-" "Apache-HttpClient/4.5.2 (Java/1.8.0_161)"
203.2.115.155 - - [27/Jul/2026:03:41:35 +0000] "POST /xmlrpc.php HTTP/1.1" 405 427 "-" "Apache-HttpClient/4.5.2 (Java/1.8.0_161)"
203.2.115.155 - - [27/Jul/2026:03:41:36 +0000] "POST /xmlrpc.php HTTP/1.1" 405 427 "-" "Apache-HttpClient/4.5.2 (Java/1.8.0_161)"
203.2.115.155 - - [27/Jul/2026:03:41:36 +0000] "POST /xmlrpc.php HTTP/1.1" 405 427 "-" "Apache-HttpClient/4.5.2 (Java/1.8.0_161)"
203.2.115.155 - - [27/Jul/2026:03:41:36 +0000] "POST /xmlrpc.php HTTP/1.1" 405 427 "-" "Apache-HttpClient/4.5.2 (Java/1.8.0_161)"
203.2.115.155 - - [27/Jul/2026:03:41:37 +0000] "POST /xmlrpc.php HTTP/1.1" 405 427 "-" "Apache-HttpClient/4.5.2 (Java/1.8.0_161)"
203.2.115.155 - - [27/Jul/2026:03:41:37 +0000] "POST /xmlrpc.php HTTP/1.1" 405 427 "-" "Apache-HttpClient/4.5.2 (Java/1.8.0_161)"
203.2.115.155 - - [27/Jul/2026:03:41:38 +0000] "POST /xmlrpc.php HTTP/1.1" 405 427 "-" "Apache-HttpClient/4.5.2 (Java/1.8.0_161)"
203.2.115.155 - - [27/Jul/2026:03:41:38 +0000] "POST /xmlrpc.php HTTP/1.1" 405 427 "-" "Apache-HttpClient/4.5.2 (Java/1.8.0_161)"
203.2.115.155 - - [27/Jul/2026:03:41:38 +0000] "POST /xmlrpc.php HTTP/1.1" 405 427 "-" "Apache-HttpClient/4.5.2 (Java/1.8.0_161)"
203.2.115.155 - - [27/Jul/2026:03:41:39 +0000] "POST /xmlrpc.php HTTP/1.1" 405 427 "-" "Apache-HttpClient/4.5.2 (Java/1.8.0_161)"
203.2.115.155 - - [27/Jul/2026:03:41:39 +0000] "POST /xmlrpc.php HTTP/1.1" 405 427 "-" "Apache-HttpClient/4.5.2 (Java/1.8.0_161)"
203.2.115.155 - - [27/Jul/2026:03:41:39 +0000] "POST /xmlrpc.php HTTP/1.1" 405 427 "-" "Apache-HttpClient/4.5.2 (Java/1.8.0_161)"
146.190.158.65 - - [27/Jul/2026:03:41:40 +0000] "POST /wp-cron.php?doing_wp_cron=1785123700.3620569705963134765625 HTTP/1.1" 200 31 "-" "WordPress/7.0; https://weelorum.com"
203.2.115.155 - - [27/Jul/2026:03:41:40 +0000] "POST /xmlrpc.php HTTP/1.1" 405 427 "-" "Apache-HttpClient/4.5.2 (Java/1.8.0_161)"
203.2.115.155 - - [27/Jul/2026:03:41:40 +0000] "POST /xmlrpc.php HTTP/1.1" 405 427 "-" "Apache-HttpClient/4.5.2 (Java/1.8.0_161)"
203.2.115.155 - - [27/Jul/2026:03:41:41 +0000] "POST /xmlrpc.php HTTP/1.1" 405 427 "-" "Apache-HttpClient/4.5.2 (Java/1.8.0_161)"
203.2.115.155 - - [27/Jul/2026:03:41:41 +0000] "POST /xmlrpc.php HTTP/1.1" 405 427 "-" "Apache-HttpClient/4.5.2 (Java/1.8.0_161)"
203.2.115.155 - - [27/Jul/2026:03:41:42 +0000] "POST /xmlrpc.php HTTP/1.1" 405 427 "-" "Apache-HttpClient/4.5.2 (Java/1.8.0_161)"
203.2.115.155 - - [27/Jul/2026:03:41:42 +0000] "POST /xmlrpc.php HTTP/1.1" 405 427 "-" "Apache-HttpClient/4.5.2 (Java/1.8.0_161)"
203.2.115.155 - - [27/Jul/2026:03:41:42 +0000] "POST /xmlrpc.php HTTP/1.1" 405 427 "-" "Apache-HttpClient/4.5.2 (Java/1.8.0_161)"
203.2.115.155 - - [27/Jul/2026:03:41:43 +0000] "POST /xmlrpc.php HTTP/1.1" 405 427 "-" "Apache-HttpClient/4.5.2 (Java/1.8.0_161)"
203.2.115.155 - - [27/Jul/2026:03:41:43 +0000] "POST /xmlrpc.php HTTP/1.1" 405 427 "-" "Apache-HttpClient/4.5.2 (Java/1.8.0_161)"
203.2.115.155 - - [27/Jul/2026:03:41:43 +0000] "POST /xmlrpc.php HTTP/1.1" 405 427 "-" "Apache-HttpClient/4.5.2 (Java/1.8.0_161)"
203.2.115.155 - - [27/Jul/2026:03:41:44 +0000] "POST /xmlrpc.php HTTP/1.1" 405 427 "-" "Apache-HttpClient/4.5.2 (Java/1.8.0_161)"
203.2.115.155 - - [27/Jul/2026:03:41:45 +0000] "POST /xmlrpc.php HTTP/1.1" 405 427 "-" "Apache-HttpClient/4.5.2 (Java/1.8.0_161)"
203.2.115.155 - - [27/Jul/2026:03:41:45 +0000] "POST /xmlrpc.php HTTP/1.1" 405 427 "-" "Apache-HttpClient/4.5.2 (Java/1.8.0_161)"
203.2.115.155 - - [27/Jul/2026:03:41:45 +0000] "POST /xmlrpc.php HTTP/1.1" 405 427 "-" "Apache-HttpClient/4.5.2 (Java/1.8.0_161)"
203.2.115.155 - - [27/Jul/2026:03:41:46 +0000] "POST /xmlrpc.php HTTP/1.1" 405 427 "-" "Apache-HttpClient/4.5.2 (Java/1.8.0_161)"
203.2.115.155 - - [27/Jul/2026:03:41:46 +0000] "POST /xmlrpc.php HTTP/1.1" 405 427 "-" "Apache-HttpClient/4.5.2 (Java/1.8.0_161)"
203.2.115.155 - - [27/Jul/2026:03:41:46 +0000] "POST /xmlrpc.php HTTP/1.1" 405 427 "-" "Apache-HttpClient/4.5.2 (Java/1.8.0_161)"
203.2.115.155 - - [27/Jul/2026:03:41:47 +0000] "POST /xmlrpc.php HTTP/1.1" 405 427 "-" "Apache-HttpClient/4.5.2 (Java/1.8.0_161)"
203.2.115.155 - - [27/Jul/2026:03:41:47 +0000] "POST /xmlrpc.php HTTP/1.1" 405 427 "-" "Apache-HttpClient/4.5.2 (Java/1.8.0_161)"
203.2.115.155 - - [27/Jul/2026:03:41:48 +0000] "POST /xmlrpc.php HTTP/1.1" 405 427 "-" "Apache-HttpClient/4.5.2 (Java/1.8.0_161)"
203.2.115.155 - - [27/Jul/2026:03:41:48 +0000] "POST /xmlrpc.php HTTP/1.1" 405 427 "-" "Apache-HttpClient/4.5.2 (Java/1.8.0_161)"
203.2.115.155 - - [27/Jul/2026:03:41:48 +0000] "POST /xmlrpc.php HTTP/1.1" 405 427 "-" "Apache-HttpClient/4.5.2 (Java/1.8.0_161)"
203.2.115.155 - - [27/Jul/2026:03:41:49 +0000] "POST /xmlrpc.php HTTP/1.1" 405 427 "-" "Apache-HttpClient/4.5.2 (Java/1.8.0_161)"
203.2.115.155 - - [27/Jul/2026:03:41:49 +0000] "POST /xmlrpc.php HTTP/1.1" 405 427 "-" "Apache-HttpClient/4.5.2 (Java/1.8.0_161)"
203.2.115.155 - - [27/Jul/2026:03:41:50 +0000] "POST /xmlrpc.php HTTP/1.1" 405 427 "-" "Apache-HttpClient/4.5.2 (Java/1.8.0_161)"
203.2.115.155 - - [27/Jul/2026:03:41:50 +0000] "POST /xmlrpc.php HTTP/1.1" 405 427 "-" "Apache-HttpClient/4.5.2 (Java/1.8.0_161)"
203.2.115.155 - - [27/Jul/2026:03:41:50 +0000] "POST /xmlrpc.php HTTP/1.1" 405 427 "-" "Apache-HttpClient/4.5.2 (Java/1.8.0_161)"
203.2.115.155 - - [27/Jul/2026:03:41:51 +0000] "POST /xmlrpc.php HTTP/1.1" 405 427 "-" "Apache-HttpClient/4.5.2 (Java/1.8.0_161)"
203.2.115.155 - - [27/Jul/2026:03:41:51 +0000] "POST /xmlrpc.php HTTP/1.1" 405 427 "-" "Apache-HttpClient/4.5.2 (Java/1.8.0_161)"
203.2.115.155 - - [27/Jul/2026:03:41:52 +0000] "POST /xmlrpc.php HTTP/1.1" 405 427 "-" "Apache-HttpClient/4.5.2 (Java/1.8.0_161)"
203.2.115.155 - - [27/Jul/2026:03:41:52 +0000] "POST /xmlrpc.php HTTP/1.1" 405 427 "-" "Apache-HttpClient/4.5.2 (Java/1.8.0_161)"
203.2.115.155 - - [27/Jul/2026:03:41:53 +0000] "POST /xmlrpc.php HTTP/1.1" 405 427 "-" "Apache-HttpClient/4.5.2 (Java/1.8.0_161)"
203.2.115.155 - - [27/Jul/2026:03:41:53 +0000] "POST /xmlrpc.php HTTP/1.1" 405 427 "-" "Apache-HttpClient/4.5.2 (Java/1.8.0_161)"
203.2.115.155 - - [27/Jul/2026:03:41:54 +0000] "POST /xmlrpc.php HTTP/1.1" 405 427 "-" "Apache-HttpClient/4.5.2 (Java/1.8.0_161)"
203.2.115.155 - - [27/Jul/2026:03:41:54 +0000] "POST /xmlrpc.php HTTP/1.1" 405 427 "-" "Apache-HttpClient/4.5.2 (Java/1.8.0_161)"
203.2.115.155 - - [27/Jul/2026:03:41:54 +0000] "POST /xmlrpc.php HTTP/1.1" 405 427 "-" "Apache-HttpClient/4.5.2 (Java/1.8.0_161)"
