20.203.219.190 - - [27/Jul/2026:07:04:12 +0000] "GET /vdgrbPKxpkw.php HTTP/1.1" 301 169 "-" "-"
187.236.124.90 - - [27/Jul/2026:07:04:12 +0000] "POST /xmlrpc.php HTTP/1.1" 405 427 "-" "Mozilla/5.0 (Macintosh; Intel Mac OS X 10_15_7; x86) AppleWebKit/537.36 (KHTML, like Gecko) Opera/79.0.0.0 Safari/537.36"
20.203.219.190 - - [27/Jul/2026:07:04:12 +0000] "GET /vdgrbPKxpkw.php HTTP/1.1" 404 27 "-" "-"
20.203.219.190 - - [27/Jul/2026:07:04:12 +0000] "GET /ms-edit.php HTTP/1.1" 301 169 "-" "-"
20.203.219.190 - - [27/Jul/2026:07:04:12 +0000] "GET /ms-edit.php HTTP/1.1" 404 27 "-" "-"
20.203.219.190 - - [27/Jul/2026:07:04:12 +0000] "GET /swm.php HTTP/1.1" 301 169 "-" "-"
20.203.219.190 - - [27/Jul/2026:07:04:13 +0000] "GET /swm.php HTTP/1.1" 404 27 "-" "-"
20.203.219.190 - - [27/Jul/2026:07:04:13 +0000] "GET /2x.php HTTP/1.1" 301 169 "-" "-"
20.203.219.190 - - [27/Jul/2026:07:04:13 +0000] "GET /2x.php HTTP/1.1" 404 27 "-" "-"
20.203.219.190 - - [27/Jul/2026:07:04:13 +0000] "GET /9WOLF.php HTTP/1.1" 301 169 "-" "-"
20.203.219.190 - - [27/Jul/2026:07:04:13 +0000] "GET /9WOLF.php HTTP/1.1" 404 27 "-" "-"
20.203.219.190 - - [27/Jul/2026:07:04:14 +0000] "GET /as.php HTTP/1.1" 301 169 "-" "-"
20.203.219.190 - - [27/Jul/2026:07:04:14 +0000] "GET /as.php HTTP/1.1" 404 27 "-" "-"
20.203.219.190 - - [27/Jul/2026:07:04:14 +0000] "GET /window.php HTTP/1.1" 301 169 "-" "-"
20.203.219.190 - - [27/Jul/2026:07:04:14 +0000] "GET /window.php HTTP/1.1" 404 27 "-" "-"
20.203.219.190 - - [27/Jul/2026:07:04:14 +0000] "GET /lazqstrk.php HTTP/1.1" 301 169 "-" "-"
20.203.219.190 - - [27/Jul/2026:07:04:14 +0000] "GET /lazqstrk.php HTTP/1.1" 404 27 "-" "-"
20.203.219.190 - - [27/Jul/2026:07:04:15 +0000] "GET /sx.php HTTP/1.1" 301 169 "-" "-"
20.203.219.190 - - [27/Jul/2026:07:04:15 +0000] "GET /sx.php HTTP/1.1" 404 27 "-" "-"
20.203.219.190 - - [27/Jul/2026:07:04:15 +0000] "GET /php.php HTTP/1.1" 301 169 "-" "-"
20.203.219.190 - - [27/Jul/2026:07:04:15 +0000] "GET /php.php HTTP/1.1" 404 27 "-" "-"
20.203.219.190 - - [27/Jul/2026:07:04:15 +0000] "GET /666.php HTTP/1.1" 301 169 "-" "-"
20.203.219.190 - - [27/Jul/2026:07:04:15 +0000] "GET /666.php HTTP/1.1" 404 27 "-" "-"
20.203.219.190 - - [27/Jul/2026:07:04:16 +0000] "GET /white.php HTTP/1.1" 301 169 "-" "-"
20.203.219.190 - - [27/Jul/2026:07:04:16 +0000] "GET /white.php HTTP/1.1" 404 27 "-" "-"
57.141.18.120 - - [27/Jul/2026:07:04:16 +0000] "GET /service/ios-development/ HTTP/1.1" 200 226821 "-" "Mozilla/5.0 (Windows NT 10.0; Win64; x64) AppleWebKit/537.36 (KHTML, like Gecko) Chrome/145.0.0.0 Safari/537.36 (compatible; meta-externalagent/1.1 (+https://developers.facebook.com/docs/sharing/webmasters/crawler))"
20.203.219.190 - - [27/Jul/2026:07:04:16 +0000] "GET /class-t.api.php HTTP/1.1" 301 169 "-" "-"
20.203.219.190 - - [27/Jul/2026:07:04:17 +0000] "GET /class-t.api.php HTTP/1.1" 404 27 "-" "-"
20.203.219.190 - - [27/Jul/2026:07:04:17 +0000] "GET /esp.php HTTP/1.1" 301 169 "-" "-"
20.203.219.190 - - [27/Jul/2026:07:04:17 +0000] "GET /esp.php HTTP/1.1" 404 27 "-" "-"
20.203.219.190 - - [27/Jul/2026:07:04:17 +0000] "GET /class-wp-image.php HTTP/1.1" 301 169 "-" "-"
20.203.219.190 - - [27/Jul/2026:07:04:17 +0000] "GET /class-wp-image.php HTTP/1.1" 404 27 "-" "-"
20.203.219.190 - - [27/Jul/2026:07:04:17 +0000] "GET /class-wp-logo-new.php HTTP/1.1" 301 169 "-" "-"
20.203.219.190 - - [27/Jul/2026:07:04:17 +0000] "GET /class-wp-logo-new.php HTTP/1.1" 404 27 "-" "-"
146.190.158.65 - - [27/Jul/2026:07:04:18 +0000] "POST /wp-cron.php?doing_wp_cron=1785135858.2319090366363525390625 HTTP/1.1" 200 31 "-" "WordPress/7.0; https://weelorum.com"
223.235.101.235 - - [27/Jul/2026:07:04:18 +0000] "POST /xmlrpc.php HTTP/1.1" 405 427 "-" "WordPress.com; https://wordpress.com"
146.190.158.65 - - [27/Jul/2026:07:04:28 +0000] "POST /wp-cron.php?doing_wp_cron=1785135868.9603099822998046875000 HTTP/1.1" 200 31 "-" "WordPress/7.0; https://weelorum.com"
223.235.101.235 - - [27/Jul/2026:07:04:28 +0000] "POST /xmlrpc.php HTTP/1.1" 405 427 "-" "Jetpack by WordPress.com"
223.235.101.235 - - [27/Jul/2026:07:04:39 +0000] "POST /xmlrpc.php HTTP/1.1" 405 427 "-" "Jetpack/12.1; WordPress/6.4; http://site11008098.com"
146.190.158.65 - - [27/Jul/2026:07:04:43 +0000] "POST /wp-cron.php?doing_wp_cron=1785135883.4223089218139648437500 HTTP/1.1" 200 31 "-" "WordPress/7.0; https://weelorum.com"
187.236.124.90 - - [27/Jul/2026:07:04:43 +0000] "POST /xmlrpc.php HTTP/1.1" 405 427 "-" "Mozilla/5.0 (X11; Ubuntu; Linux x86_64; x86) AppleWebKit/537.36 (KHTML, like Gecko) Chrome/85.0.0.0 Safari/537.36"
223.235.101.235 - - [27/Jul/2026:07:04:50 +0000] "POST /xmlrpc.php HTTP/1.1" 405 427 "-" "WordPress.com; https://wordpress.com"
45.131.218.51 - - [27/Jul/2026:07:04:51 +0000] "GET /blog/an-ultimate-guide-for-how-to-make-money-from-mobile-apps/ HTTP/1.1" 200 93893 "-" "Mozilla/5.0 (Macintosh; Intel Mac OS X 10_15_7) AppleWebKit/537.36 (KHTML, like Gecko) Chrome/142.0.0.0 Safari/537.36"
223.235.101.235 - - [27/Jul/2026:07:05:00 +0000] "POST /xmlrpc.php HTTP/1.1" 405 427 "-" "Jetpack/13.0; WordPress/6.1; http://site57490327.com"
187.236.124.90 - - [27/Jul/2026:07:05:09 +0000] "POST /xmlrpc.php HTTP/1.1" 405 427 "-" "Mozilla/5.0 (Linux; Android 10; arm64) AppleWebKit/537.36 (KHTML, like Gecko) Chrome/96.0.0.0 Safari/537.36"
223.235.101.235 - - [27/Jul/2026:07:05:11 +0000] "POST /xmlrpc.php HTTP/1.1" 405 427 "-" "WordPress.com; https://wordpress.com"
146.190.158.65 - - [27/Jul/2026:07:05:22 +0000] "POST /wp-cron.php?doing_wp_cron=1785135922.2586390972137451171875 HTTP/1.1" 200 31 "-" "WordPress/7.0; https://weelorum.com"
223.235.101.235 - - [27/Jul/2026:07:05:22 +0000] "POST /xmlrpc.php HTTP/1.1" 405 427 "-" "Jetpack by WordPress.com"
174.49.2.64 - - [27/Jul/2026:07:05:27 +0000] "GET /blog/an-ultimate-guide-for-how-to-make-money-from-mobile-apps/ HTTP/1.1" 200 93893 "https://www.google.com/" "Mozilla/5.0 (X11; Linux x86_64) AppleWebKit/537.36 (KHTML, like Gecko) Chrome/149.0.0.0 Safari/537.36"
174.49.2.64 - - [27/Jul/2026:07:05:28 +0000] "GET /wp-content/themes/weelorum-theme/assets/fonts/montserrat.woff2 HTTP/1.1" 200 30300 "https://weelorum.com/blog/an-ultimate-guide-for-how-to-make-money-from-mobile-apps/" "Mozilla/5.0 (X11; Linux x86_64) AppleWebKit/537.36 (KHTML, like Gecko) Chrome/149.0.0.0 Safari/537.36"
174.49.2.64 - - [27/Jul/2026:07:05:28 +0000] "GET /wp-content/cache/background-css/1/weelorum.com/wp-content/cache/min/1/wp-content/themes/weelorum-theme/assets/css/wl-pages.css?ver=1784812621&wpr_t=1785086805 HTTP/1.1" 200 58160 "https://weelorum.com/blog/an-ultimate-guide-for-how-to-make-money-from-mobile-apps/" "Mozilla/5.0 (X11; Linux x86_64) AppleWebKit/537.36 (KHTML, like Gecko) Chrome/149.0.0.0 Safari/537.36"
174.49.2.64 - - [27/Jul/2026:07:05:28 +0000] "GET /wp-content/cache/min/1/wp-content/themes/weelorum-theme/css/awards-section.css?ver=1784812621 HTTP/1.1" 200 1392 "https://weelorum.com/blog/an-ultimate-guide-for-how-to-make-money-from-mobile-apps/" "Mozilla/5.0 (X11; Linux x86_64) AppleWebKit/537.36 (KHTML, like Gecko) Chrome/149.0.0.0 Safari/537.36"
66.249.73.226 - - [27/Jul/2026:07:05:29 +0000] "GET /wp-content/uploads/2023/03/Hero.png HTTP/1.1" 200 85535 "-" "Googlebot-Image/1.0"
174.49.2.64 - - [27/Jul/2026:07:05:29 +0000] "GET /wp-content/uploads/2023/01/31.Web_.1440.svg HTTP/1.1" 200 114357 "https://weelorum.com/blog/an-ultimate-guide-for-how-to-make-money-from-mobile-apps/" "Mozilla/5.0 (X11; Linux x86_64) AppleWebKit/537.36 (KHTML, like Gecko) Chrome/149.0.0.0 Safari/537.36"
174.49.2.64 - - [27/Jul/2026:07:05:29 +0000] "GET /wp-includes/js/dist/i18n.min.js?ver=781d11515ad3d91786ec HTTP/1.1" 200 2574 "https://weelorum.com/blog/an-ultimate-guide-for-how-to-make-money-from-mobile-apps/" "Mozilla/5.0 (X11; Linux x86_64) AppleWebKit/537.36 (KHTML, like Gecko) Chrome/149.0.0.0 Safari/537.36"
174.49.2.64 - - [27/Jul/2026:07:05:29 +0000] "GET /wp-content/uploads/2022/08/cropped-cropped-CEO-1-104x104.jpg HTTP/1.1" 200 2683 "https://weelorum.com/blog/an-ultimate-guide-for-how-to-make-money-from-mobile-apps/" "Mozilla/5.0 (X11; Linux x86_64) AppleWebKit/537.36 (KHTML, like Gecko) Chrome/149.0.0.0 Safari/537.36"
174.49.2.64 - - [27/Jul/2026:07:05:30 +0000] "GET /wp-includes/js/jquery/jquery.min.js?ver=3.7.1 HTTP/1.1" 200 35451 "https://weelorum.com/blog/an-ultimate-guide-for-how-to-make-money-from-mobile-apps/" "Mozilla/5.0 (X11; Linux x86_64) AppleWebKit/537.36 (KHTML, like Gecko) Chrome/149.0.0.0 Safari/537.36"
174.49.2.64 - - [27/Jul/2026:07:05:30 +0000] "GET /wp-content/themes/weelorum-theme/assets/images/logo.png HTTP/1.1" 200 4112 "https://weelorum.com/wp-content/cache/background-css/1/weelorum.com/wp-content/cache/min/1/wp-content/themes/weelorum-theme/assets/css/wl-pages.css?ver=1784812621&wpr_t=1785086805" "Mozilla/5.0 (X11; Linux x86_64) AppleWebKit/537.36 (KHTML, like Gecko) Chrome/149.0.0.0 Safari/537.36"
174.49.2.64 - - [27/Jul/2026:07:05:30 +0000] "GET /wp-includes/js/jquery/jquery-migrate.min.js?ver=3.4.1 HTTP/1.1" 200 5355 "https://weelorum.com/blog/an-ultimate-guide-for-how-to-make-money-from-mobile-apps/" "Mozilla/5.0 (X11; Linux x86_64) AppleWebKit/537.36 (KHTML, like Gecko) Chrome/149.0.0.0 Safari/537.36"
174.49.2.64 - - [27/Jul/2026:07:05:30 +0000] "GET /wp-content/cache/min/1/wp-content/themes/weelorum-theme/assets/js/main.js?ver=1784812621 HTTP/1.1" 200 1767 "https://weelorum.com/blog/an-ultimate-guide-for-how-to-make-money-from-mobile-apps/" "Mozilla/5.0 (X11; Linux x86_64) AppleWebKit/537.36 (KHTML, like Gecko) Chrome/149.0.0.0 Safari/537.36"
174.49.2.64 - - [27/Jul/2026:07:05:31 +0000] "GET /wp-content/cache/min/1/wp-content/plugins/contact-form-7/includes/swv/js/index.js?ver=1784812623 HTTP/1.1" 200 3887 "https://weelorum.com/blog/an-ultimate-guide-for-how-to-make-money-from-mobile-apps/" "Mozilla/5.0 (X11; Linux x86_64) AppleWebKit/537.36 (KHTML, like Gecko) Chrome/149.0.0.0 Safari/537.36"
174.49.2.64 - - [27/Jul/2026:07:05:31 +0000] "GET /wp-content/plugins/wp-rocket/assets/js/lazyload/17.8.3/lazyload.min.js HTTP/1.1" 200 3400 "https://weelorum.com/blog/an-ultimate-guide-for-how-to-make-money-from-mobile-apps/" "Mozilla/5.0 (X11; Linux x86_64) AppleWebKit/537.36 (KHTML, like Gecko) Chrome/149.0.0.0 Safari/537.36"
174.49.2.64 - - [27/Jul/2026:07:05:31 +0000] "GET /wp-content/cache/min/1/wp-content/plugins/contact-form-7/includes/js/index.js?ver=1784812623 HTTP/1.1" 200 4803 "https://weelorum.com/blog/an-ultimate-guide-for-how-to-make-money-from-mobile-apps/" "Mozilla/5.0 (X11; Linux x86_64) AppleWebKit/537.36 (KHTML, like Gecko) Chrome/149.0.0.0 Safari/537.36"
146.190.158.65 - - [27/Jul/2026:07:05:32 +0000] "POST /wp-cron.php?doing_wp_cron=1785135932.9192550182342529296875 HTTP/1.1" 200 31 "-" "WordPress/7.0; https://weelorum.com"
223.235.101.235 - - [27/Jul/2026:07:05:32 +0000] "POST /xmlrpc.php HTTP/1.1" 405 427 "-" "Jetpack/12.0; WordPress/6.1; http://site35659305.com"
187.236.124.90 - - [27/Jul/2026:07:05:38 +0000] "POST /xmlrpc.php HTTP/1.1" 405 427 "-" "Mozilla/5.0 (Windows NT 10.0; arm64) AppleWebKit/537.36 (KHTML, like Gecko) Edge/100.0.0.0 Safari/537.36"
174.49.2.64 - - [27/Jul/2026:07:05:40 +0000] "GET /wp-content/uploads/fbrfg/favicon.ico HTTP/1.1" 200 1924 "https://weelorum.com/blog/an-ultimate-guide-for-how-to-make-money-from-mobile-apps/" "Mozilla/5.0 (X11; Linux x86_64) AppleWebKit/537.36 (KHTML, like Gecko) Chrome/149.0.0.0 Safari/537.36"
146.190.158.65 - - [27/Jul/2026:07:05:41 +0000] "POST /wp-cron.php?doing_wp_cron=1785135940.7760729789733886718750 HTTP/1.1" 499 0 "-" "WordPress/7.0; https://weelorum.com"
146.190.158.65 - - [27/Jul/2026:07:05:41 +0000] "POST /wp-cron.php?doing_wp_cron=1785135940.7782509326934814453125 HTTP/1.1" 499 0 "-" "WordPress/7.0; https://weelorum.com"
174.49.2.64 - - [27/Jul/2026:07:05:41 +0000] "GET /wp-json/contact-form-7/v1/contact-forms/217/feedback/schema HTTP/1.1" 200 259 "https://weelorum.com/blog/an-ultimate-guide-for-how-to-make-money-from-mobile-apps/" "Mozilla/5.0 (X11; Linux x86_64) AppleWebKit/537.36 (KHTML, like Gecko) Chrome/149.0.0.0 Safari/537.36"
174.49.2.64 - - [27/Jul/2026:07:05:41 +0000] "GET /wp-json/contact-form-7/v1/contact-forms/217/refill HTTP/1.1" 200 33 "https://weelorum.com/blog/an-ultimate-guide-for-how-to-make-money-from-mobile-apps/" "Mozilla/5.0 (X11; Linux x86_64) AppleWebKit/537.36 (KHTML, like Gecko) Chrome/149.0.0.0 Safari/537.36"
223.235.101.235 - - [27/Jul/2026:07:05:43 +0000] "POST /xmlrpc.php HTTP/1.1" 405 427 "-" "Jetpack/13.0; WordPress/6.1; http://site53316544.com"
174.49.2.64 - - [27/Jul/2026:07:05:48 +0000] "GET /wp-content/cache/min/1/wp-content/plugins/cookie-law-info/legacy/public/js/cookie-law-info-public.js?ver=1784812621 HTTP/1.1" 200 7917 "https://weelorum.com/blog/an-ultimate-guide-for-how-to-make-money-from-mobile-apps/" "Mozilla/5.0 (X11; Linux x86_64) AppleWebKit/537.36 (KHTML, like Gecko) Chrome/149.0.0.0 Safari/537.36"
174.49.2.64 - - [27/Jul/2026:07:05:48 +0000] "GET /wp-content/cache/min/1/wp-content/themes/weelorum-theme/assets/js/scroll-handler.js?ver=1784812621 HTTP/1.1" 200 1531 "https://weelorum.com/blog/an-ultimate-guide-for-how-to-make-money-from-mobile-apps/" "Mozilla/5.0 (X11; Linux x86_64) AppleWebKit/537.36 (KHTML, like Gecko) Chrome/149.0.0.0 Safari/537.36"
174.49.2.64 - - [27/Jul/2026:07:05:48 +0000] "GET /wp-content/plugins/add-to-any/addtoany.min.js?ver=1.1 HTTP/1.1" 200 137 "https://weelorum.com/blog/an-ultimate-guide-for-how-to-make-money-from-mobile-apps/" "Mozilla/5.0 (X11; Linux x86_64) AppleWebKit/537.36 (KHTML, like Gecko) Chrome/149.0.0.0 Safari/537.36"
174.49.2.64 - - [27/Jul/2026:07:05:48 +0000] "GET /wp-content/cache/min/1/wp-content/plugins/countup-js/js/countup.js?ver=1784812621 HTTP/1.1" 200 1507 "https://weelorum.com/blog/an-ultimate-guide-for-how-to-make-money-from-mobile-apps/" "Mozilla/5.0 (X11; Linux x86_64) AppleWebKit/537.36 (KHTML, like Gecko) Chrome/149.0.0.0 Safari/537.36"
174.49.2.64 - - [27/Jul/2026:07:05:48 +0000] "GET /wp-includes/js/dist/hooks.min.js?ver=7496969728ca0f95732d HTTP/1.1" 200 1909 "https://weelorum.com/blog/an-ultimate-guide-for-how-to-make-money-from-mobile-apps/" "Mozilla/5.0 (X11; Linux x86_64) AppleWebKit/537.36 (KHTML, like Gecko) Chrome/149.0.0.0 Safari/537.36"
174.49.2.64 - - [27/Jul/2026:07:05:48 +0000] "GET /wp-content/cache/min/1/wp-content/themes/weelorum-theme/assets/js/footer-scripts.js?ver=1784812621 HTTP/1.1" 200 1745 "https://weelorum.com/blog/an-ultimate-guide-for-how-to-make-money-from-mobile-apps/" "Mozilla/5.0 (X11; Linux x86_64) AppleWebKit/537.36 (KHTML, like Gecko) Chrome/149.0.0.0 Safari/537.36"
174.49.2.64 - - [27/Jul/2026:07:05:48 +0000] "GET /wp-content/cache/min/1/wp-content/themes/weelorum-theme/assets/js/floating-discovery.js?ver=1784812621 HTTP/1.1" 200 1459 "https://weelorum.com/blog/an-ultimate-guide-for-how-to-make-money-from-mobile-apps/" "Mozilla/5.0 (X11; Linux x86_64) AppleWebKit/537.36 (KHTML, like Gecko) Chrome/149.0.0.0 Safari/537.36"
174.49.2.64 - - [27/Jul/2026:07:05:48 +0000] "GET /wp-content/cache/min/1/wp-content/themes/weelorum-theme/assets/js/pdf-lead-form.js?ver=1784812868 HTTP/1.1" 200 2452 "https://weelorum.com/blog/an-ultimate-guide-for-how-to-make-money-from-mobile-apps/" "Mozilla/5.0 (X11; Linux x86_64) AppleWebKit/537.36 (KHTML, like Gecko) Chrome/149.0.0.0 Safari/537.36"
174.49.2.64 - - [27/Jul/2026:07:05:48 +0000] "GET /wp-content/cache/min/1/wp-content/plugins/akismet/_inc/akismet-frontend.js?ver=1784812623 HTTP/1.1" 200 2088 "https://weelorum.com/blog/an-ultimate-guide-for-how-to-make-money-from-mobile-apps/" "Mozilla/5.0 (X11; Linux x86_64) AppleWebKit/537.36 (KHTML, like Gecko) Chrome/149.0.0.0 Safari/537.36"
174.49.2.64 - - [27/Jul/2026:07:05:48 +0000] "GET /wp-content/cache/min/1/wp-content/themes/weelorum-theme/assets/js/swiper-init.js?ver=1784812621 HTTP/1.1" 200 1831 "https://weelorum.com/blog/an-ultimate-guide-for-how-to-make-money-from-mobile-apps/" "Mozilla/5.0 (X11; Linux x86_64) AppleWebKit/537.36 (KHTML, like Gecko) Chrome/149.0.0.0 Safari/537.36"
174.49.2.64 - - [27/Jul/2026:07:05:48 +0000] "GET /wp-includes/js/comment-reply.min.js?ver=7.0 HTTP/1.1" 200 1434 "https://weelorum.com/blog/an-ultimate-guide-for-how-to-make-money-from-mobile-apps/" "Mozilla/5.0 (X11; Linux x86_64) AppleWebKit/537.36 (KHTML, like Gecko) Chrome/149.0.0.0 Safari/537.36"
174.49.2.64 - - [27/Jul/2026:07:05:48 +0000] "GET /wp-content/plugins/drag-and-drop-multiple-file-upload-contact-form-7/assets/js/codedropz-uploader-min.js?ver=1.3.9.8 HTTP/1.1" 200 4191 "https://weelorum.com/blog/an-ultimate-guide-for-how-to-make-money-from-mobile-apps/" "Mozilla/5.0 (X11; Linux x86_64) AppleWebKit/537.36 (KHTML, like Gecko) Chrome/149.0.0.0 Safari/537.36"
174.49.2.64 - - [27/Jul/2026:07:05:48 +0000] "GET /wp-content/plugins/rate-my-post/public/js/rate-my-post.min.js?ver=4.5.1 HTTP/1.1" 200 5596 "https://weelorum.com/blog/an-ultimate-guide-for-how-to-make-money-from-mobile-apps/" "Mozilla/5.0 (X11; Linux x86_64) AppleWebKit/537.36 (KHTML, like Gecko) Chrome/149.0.0.0 Safari/537.36"
174.49.2.64 - - [27/Jul/2026:07:05:48 +0000] "GET /wp-content/cache/min/1/wp-content/themes/weelorum-theme/assets/js/wl-pages.js?ver=1784812621 HTTP/1.1" 200 4498 "https://weelorum.com/blog/an-ultimate-guide-for-how-to-make-money-from-mobile-apps/" "Mozilla/5.0 (X11; Linux x86_64) AppleWebKit/537.36 (KHTML, like Gecko) Chrome/149.0.0.0 Safari/537.36"
174.49.2.64 - - [27/Jul/2026:07:05:48 +0000] "GET /wp-content/themes/weelorum-theme/assets/js/swiper.min.js?ver=3.0.0 HTTP/1.1" 200 52198 "https://weelorum.com/blog/an-ultimate-guide-for-how-to-make-money-from-mobile-apps/" "Mozilla/5.0 (X11; Linux x86_64) AppleWebKit/537.36 (KHTML, like Gecko) Chrome/149.0.0.0 Safari/537.36"
174.49.2.64 - - [27/Jul/2026:07:05:48 +0000] "GET /wp-content/cache/min/1/assets/external/widget.js?ver=1784812623 HTTP/1.1" 200 4483 "https://weelorum.com/blog/an-ultimate-guide-for-how-to-make-money-from-mobile-apps/" "Mozilla/5.0 (X11; Linux x86_64) AppleWebKit/537.36 (KHTML, like Gecko) Chrome/149.0.0.0 Safari/537.36"
174.49.2.64 - - [27/Jul/2026:07:05:48 +0000] "GET /wp-content/cache/min/1/wp-content/themes/weelorum-theme/assets/js/header-v2.js?ver=1784812621 HTTP/1.1" 200 1204 "https://weelorum.com/blog/an-ultimate-guide-for-how-to-make-money-from-mobile-apps/" "Mozilla/5.0 (X11; Linux x86_64) AppleWebKit/537.36 (KHTML, like Gecko) Chrome/149.0.0.0 Safari/537.36"
223.235.101.235 - - [27/Jul/2026:07:05:54 +0000] "POST /xmlrpc.php HTTP/1.1" 405 427 "-" "Jetpack by WordPress.com"
223.235.101.235 - - [27/Jul/2026:07:06:04 +0000] "POST /xmlrpc.php HTTP/1.1" 405 427 "-" "Jetpack by WordPress.com"
187.236.124.90 - - [27/Jul/2026:07:06:07 +0000] "POST /xmlrpc.php HTTP/1.1" 405 427 "-" "Mozilla/5.0 (Windows NT 6.3; x86) AppleWebKit/537.36 (KHTML, like Gecko) Edge/99.0.0.0 Safari/537.36"
98.84.200.43 - - [27/Jul/2026:07:06:08 +0000] "GET /project-cost-calculator/ HTTP/1.1" 200 135775 "-" "Mozilla/5.0 AppleWebKit/537.36 (KHTML, like Gecko; compatible; Amazonbot/0.1; +https://developer.amazon.com/support/amazonbot) Chrome/119.0.6045.214 Safari/537.36"
146.190.158.65 - - [27/Jul/2026:07:06:15 +0000] "POST /wp-cron.php?doing_wp_cron=1785135975.4213120937347412109375 HTTP/1.1" 200 31 "-" "WordPress/7.0; https://weelorum.com"
223.235.101.235 - - [27/Jul/2026:07:06:15 +0000] "POST /xmlrpc.php HTTP/1.1" 405 427 "-" "Jetpack by WordPress.com"
146.190.158.65 - - [27/Jul/2026:07:06:26 +0000] "POST /wp-cron.php?doing_wp_cron=1785135986.1302549839019775390625 HTTP/1.1" 200 31 "-" "WordPress/7.0; https://weelorum.com"
223.235.101.235 - - [27/Jul/2026:07:06:26 +0000] "POST /xmlrpc.php HTTP/1.1" 405 427 "-" "WordPress.com; https://wordpress.com"
187.236.124.90 - - [27/Jul/2026:07:06:34 +0000] "POST /xmlrpc.php HTTP/1.1" 405 427 "-" "Mozilla/5.0 (Windows NT 6.3; x86) AppleWebKit/537.36 (KHTML, like Gecko) Edge/99.0.0.0 Safari/537.36"
223.235.101.235 - - [27/Jul/2026:07:06:36 +0000] "POST /xmlrpc.php HTTP/1.1" 405 427 "-" "WordPress.com; https://wordpress.com"
146.190.158.65 - - [27/Jul/2026:07:06:47 +0000] "POST /wp-cron.php?doing_wp_cron=1785136007.3692209720611572265625 HTTP/1.1" 200 31 "-" "WordPress/7.0; https://weelorum.com"
223.235.101.235 - - [27/Jul/2026:07:06:47 +0000] "POST /xmlrpc.php HTTP/1.1" 405 427 "-" "WordPress.com; https://wordpress.com"
223.235.101.235 - - [27/Jul/2026:07:06:58 +0000] "POST /xmlrpc.php HTTP/1.1" 405 427 "-" "Jetpack by WordPress.com (Jetpack 12.5; WordPress 6.2)"
187.236.124.90 - - [27/Jul/2026:07:07:00 +0000] "POST /xmlrpc.php HTTP/1.1" 405 427 "-" "Mozilla/5.0 (Windows NT 10.0; arm64) AppleWebKit/537.36 (KHTML, like Gecko) Opera/78.0.0.0 Safari/537.36"
223.235.101.235 - - [27/Jul/2026:07:07:08 +0000] "POST /xmlrpc.php HTTP/1.1" 405 427 "-" "Jetpack by WordPress.com"
146.190.158.65 - - [27/Jul/2026:07:07:19 +0000] "POST /wp-cron.php?doing_wp_cron=1785136039.3254470825195312500000 HTTP/1.1" 200 31 "-" "WordPress/7.0; https://weelorum.com"
223.235.101.235 - - [27/Jul/2026:07:07:19 +0000] "POST /xmlrpc.php HTTP/1.1" 405 427 "-" "Jetpack/12.0; WordPress/6.3; http://site52566347.com"
146.190.158.65 - - [27/Jul/2026:07:07:29 +0000] "POST /wp-cron.php?doing_wp_cron=1785136049.8060669898986816406250 HTTP/1.1" 200 31 "-" "WordPress/7.0; https://weelorum.com"
223.235.101.235 - - [27/Jul/2026:07:07:29 +0000] "POST /xmlrpc.php HTTP/1.1" 405 427 "-" "Jetpack by WordPress.com (Jetpack 13.0; WordPress 6.1)"
187.236.124.90 - - [27/Jul/2026:07:07:30 +0000] "POST /xmlrpc.php HTTP/1.1" 405 427 "-" "Mozilla/5.0 (Windows NT 6.2; x86) AppleWebKit/537.36 (KHTML, like Gecko) Firefox/71.0.0.0 Safari/537.36"
146.190.158.65 - - [27/Jul/2026:07:07:40 +0000] "POST /wp-cron.php?doing_wp_cron=1785136060.3317830562591552734375 HTTP/1.1" 200 31 "-" "WordPress/7.0; https://weelorum.com"
223.235.101.235 - - [27/Jul/2026:07:07:40 +0000] "POST /xmlrpc.php HTTP/1.1" 405 427 "-" "Jetpack by WordPress.com (Jetpack 12.5; WordPress 6.4)"
223.235.101.235 - - [27/Jul/2026:07:07:50 +0000] "POST /xmlrpc.php HTTP/1.1" 405 427 "-" "Jetpack by WordPress.com (Jetpack 12.0; WordPress 6.3)"
187.236.124.90 - - [27/Jul/2026:07:07:54 +0000] "POST /xmlrpc.php HTTP/1.1" 405 427 "-" "Mozilla/5.0 (Linux; Android 10; x64) AppleWebKit/537.36 (KHTML, like Gecko) Edge/84.0.0.0 Safari/537.36"
223.235.101.235 - - [27/Jul/2026:07:08:01 +0000] "POST /xmlrpc.php HTTP/1.1" 405 427 "-" "Jetpack by WordPress.com"
223.235.101.235 - - [27/Jul/2026:07:08:11 +0000] "POST /xmlrpc.php HTTP/1.1" 405 427 "-" "Jetpack by WordPress.com"
146.190.158.65 - - [27/Jul/2026:07:08:18 +0000] "POST /wp-cron.php?doing_wp_cron=1785136098.2506170272827148437500 HTTP/1.1" 200 31 "-" "WordPress/7.0; https://weelorum.com"
187.236.124.90 - - [27/Jul/2026:07:08:18 +0000] "POST /xmlrpc.php HTTP/1.1" 405 427 "-" "Mozilla/5.0 (Macintosh; Intel Mac OS X 10_15_7; x64) AppleWebKit/537.36 (KHTML, like Gecko) Firefox/90.0.0.0 Safari/537.36"
223.235.101.235 - - [27/Jul/2026:07:08:22 +0000] "POST /xmlrpc.php HTTP/1.1" 405 427 "-" "Jetpack by WordPress.com (Jetpack 12.5; WordPress 6.2)"
177.193.112.131 - - [27/Jul/2026:07:08:23 +0000] "GET /blog/4-key-points-of-successful-saas-mobile-application-development/ HTTP/1.1" 200 87544 "-" "Mozilla/5.0 (Macintosh; Intel Mac OS X 10_15_7) AppleWebKit/537.36 (KHTML, like Gecko) Chrome/145.0.0.0 Safari/537.36"
27.78.140.230 - - [27/Jul/2026:07:08:24 +0000] "GET /senior-android-developer/ HTTP/1.1" 301 5 "-" "Mozilla/5.0 (Macintosh; Intel Mac OS X 10_15_7) AppleWebKit/537.36 (KHTML, like Gecko) Chrome/145.0.0.0 Safari/537.36"
43.119.100.237 - - [27/Jul/2026:07:08:25 +0000] "GET /wp-content/cache/min/1/wp-content/themes/weelorum-theme/css/awards-section.css?ver=1784812621 HTTP/1.1" 200 1392 "https://weelorum.com/blog/4-key-points-of-successful-saas-mobile-application-development/" "Mozilla/5.0 (Macintosh; Intel Mac OS X 10_15_7) AppleWebKit/537.36 (KHTML, like Gecko) Chrome/145.0.0.0 Safari/537.36"
43.119.100.196 - - [27/Jul/2026:07:08:25 +0000] "GET /wp-content/cache/background-css/1/weelorum.com/wp-content/cache/min/1/wp-content/themes/weelorum-theme/assets/css/wl-pages.css?ver=1784812621&wpr_t=1785086942 HTTP/1.1" 200 58160 "https://weelorum.com/blog/4-key-points-of-successful-saas-mobile-application-development/" "Mozilla/5.0 (Macintosh; Intel Mac OS X 10_15_7) AppleWebKit/537.36 (KHTML, like Gecko) Chrome/145.0.0.0 Safari/537.36"
39.55.144.74 - - [27/Jul/2026:07:08:25 +0000] "GET /blog/what-you-need-to-know-for-developing-a-music-streaming-app-for-ios/ HTTP/1.1" 200 86456 "-" "Mozilla/5.0 (Macintosh; Intel Mac OS X 10_15_7) AppleWebKit/537.36 (KHTML, like Gecko) Chrome/145.0.0.0 Safari/537.36"
146.190.158.65 - - [27/Jul/2026:07:08:27 +0000] "POST /wp-cron.php?doing_wp_cron=1785136107.2301349639892578125000 HTTP/1.1" 200 31 "-" "WordPress/7.0; https://weelorum.com"
47.82.201.234 - - [27/Jul/2026:07:08:27 +0000] "GET /wp-json/contact-form-7/v1/contact-forms/217/feedback/schema HTTP/1.1" 200 259 "https://weelorum.com/blog/4-key-points-of-successful-saas-mobile-application-development/" "Mozilla/5.0 (Macintosh; Intel Mac OS X 10_15_7) AppleWebKit/537.36 (KHTML, like Gecko) Chrome/145.0.0.0 Safari/537.36"
5.175.146.29 - - [27/Jul/2026:07:08:28 +0000] "GET /our-team/senior-android-developer/ HTTP/1.1" 200 68724 "-" "Mozilla/5.0 (Macintosh; Intel Mac OS X 10_15_7) AppleWebKit/537.36 (KHTML, like Gecko) Chrome/145.0.0.0 Safari/537.36"
47.82.201.196 - - [27/Jul/2026:07:08:28 +0000] "GET /wp-content/cache/background-css/1/weelorum.com/wp-content/cache/min/1/wp-content/themes/weelorum-theme/assets/css/wl-pages.css?ver=1784812621&wpr_t=1785086813 HTTP/1.1" 200 58160 "https://weelorum.com/blog/what-you-need-to-know-for-developing-a-music-streaming-app-for-ios/" "Mozilla/5.0 (Macintosh; Intel Mac OS X 10_15_7) AppleWebKit/537.36 (KHTML, like Gecko) Chrome/145.0.0.0 Safari/537.36"
47.82.201.13 - - [27/Jul/2026:07:08:28 +0000] "GET /wp-content/cache/min/1/wp-content/themes/weelorum-theme/css/awards-section.css?ver=1784812621 HTTP/1.1" 200 1392 "https://weelorum.com/blog/what-you-need-to-know-for-developing-a-music-streaming-app-for-ios/" "Mozilla/5.0 (Macintosh; Intel Mac OS X 10_15_7) AppleWebKit/537.36 (KHTML, like Gecko) Chrome/145.0.0.0 Safari/537.36"
43.119.100.1 - - [27/Jul/2026:07:08:28 +0000] "GET /wp-json/contact-form-7/v1/contact-forms/217/refill HTTP/1.1" 200 33 "https://weelorum.com/blog/4-key-points-of-successful-saas-mobile-application-development/" "Mozilla/5.0 (Macintosh; Intel Mac OS X 10_15_7) AppleWebKit/537.36 (KHTML, like Gecko) Chrome/145.0.0.0 Safari/537.36"
43.119.100.249 - - [27/Jul/2026:07:08:30 +0000] "GET /wp-content/cache/background-css/1/weelorum.com/wp-content/cache/min/1/wp-content/themes/weelorum-theme/assets/css/wl-pages.css?ver=1784812621&wpr_t=1785086950 HTTP/1.1" 200 58160 "https://weelorum.com/our-team/senior-android-developer/" "Mozilla/5.0 (Macintosh; Intel Mac OS X 10_15_7) AppleWebKit/537.36 (KHTML, like Gecko) Chrome/145.0.0.0 Safari/537.36"
43.119.100.230 - - [27/Jul/2026:07:08:30 +0000] "GET /wp-content/cache/min/1/wp-content/themes/weelorum-theme/css/awards-section.css?ver=1784812621 HTTP/1.1" 200 1392 "https://weelorum.com/our-team/senior-android-developer/" "Mozilla/5.0 (Macintosh; Intel Mac OS X 10_15_7) AppleWebKit/537.36 (KHTML, like Gecko) Chrome/145.0.0.0 Safari/537.36"
43.119.100.18 - - [27/Jul/2026:07:08:30 +0000] "GET /wp-json/contact-form-7/v1/contact-forms/217/feedback/schema HTTP/1.1" 200 259 "https://weelorum.com/blog/what-you-need-to-know-for-developing-a-music-streaming-app-for-ios/" "Mozilla/5.0 (Macintosh; Intel Mac OS X 10_15_7) AppleWebKit/537.36 (KHTML, like Gecko) Chrome/145.0.0.0 Safari/537.36"
47.82.201.13 - - [27/Jul/2026:07:08:32 +0000] "GET /wp-json/contact-form-7/v1/contact-forms/13868/feedback/schema HTTP/1.1" 200 243 "https://weelorum.com/our-team/senior-android-developer/" "Mozilla/5.0 (Macintosh; Intel Mac OS X 10_15_7) AppleWebKit/537.36 (KHTML, like Gecko) Chrome/145.0.0.0 Safari/537.36"
223.235.101.235 - - [27/Jul/2026:07:08:32 +0000] "POST /xmlrpc.php HTTP/1.1" 405 427 "-" "Jetpack by WordPress.com"
43.119.100.4 - - [27/Jul/2026:07:08:35 +0000] "GET /wp-json/contact-form-7/v1/contact-forms/217/refill HTTP/1.1" 200 33 "https://weelorum.com/blog/what-you-need-to-know-for-developing-a-music-streaming-app-for-ios/" "Mozilla/5.0 (Macintosh; Intel Mac OS X 10_15_7) AppleWebKit/537.36 (KHTML, like Gecko) Chrome/145.0.0.0 Safari/537.36"
146.190.158.65 - - [27/Jul/2026:07:08:43 +0000] "POST /wp-cron.php?doing_wp_cron=1785136123.3280060291290283203125 HTTP/1.1" 200 31 "-" "WordPress/7.0; https://weelorum.com"
223.235.101.235 - - [27/Jul/2026:07:08:43 +0000] "POST /xmlrpc.php HTTP/1.1" 405 427 "-" "Jetpack/12.1; WordPress/6.2; http://site19347596.com"
187.236.124.90 - - [27/Jul/2026:07:08:45 +0000] "POST /xmlrpc.php HTTP/1.1" 405 427 "-" "Mozilla/5.0 (Windows NT 6.2; arm64) AppleWebKit/537.36 (KHTML, like Gecko) Safari/10.0.0.0 Safari/537.36"
47.82.201.198 - - [27/Jul/2026:07:08:53 +0000] "GET /wp-json/contact-form-7/v1/contact-forms/13868/refill HTTP/1.1" 200 33 "https://weelorum.com/our-team/senior-android-developer/" "Mozilla/5.0 (Macintosh; Intel Mac OS X 10_15_7) AppleWebKit/537.36 (KHTML, like Gecko) Chrome/145.0.0.0 Safari/537.36"
223.235.101.235 - - [27/Jul/2026:07:08:53 +0000] "POST /xmlrpc.php HTTP/1.1" 405 427 "-" "Jetpack/12.0; WordPress/6.4; http://site84441933.com"
187.236.124.90 - - [27/Jul/2026:07:09:00 +0000] "POST /xmlrpc.php HTTP/1.1" 405 427 "-" "Mozilla/5.0 (Windows NT 6.2; arm64) AppleWebKit/537.36 (KHTML, like Gecko) Chrome/112.0.0.0 Safari/537.36"
223.235.101.235 - - [27/Jul/2026:07:09:04 +0000] "POST /xmlrpc.php HTTP/1.1" 405 427 "-" "Jetpack by WordPress.com (Jetpack 12.0; WordPress 6.4)"
223.235.101.235 - - [27/Jul/2026:07:09:14 +0000] "POST /xmlrpc.php HTTP/1.1" 405 427 "-" "Jetpack by WordPress.com (Jetpack 12.1; WordPress 6.4)"
146.190.158.65 - - [27/Jul/2026:07:09:20 +0000] "POST /wp-cron.php?doing_wp_cron=1785136160.2496950626373291015625 HTTP/1.1" 200 31 "-" "WordPress/7.0; https://weelorum.com"
187.236.124.90 - - [27/Jul/2026:07:09:20 +0000] "POST /xmlrpc.php HTTP/1.1" 405 427 "-" "Mozilla/5.0 (Macintosh; Intel Mac OS X 10_15_7; x86) AppleWebKit/537.36 (KHTML, like Gecko) Safari/15.0.0.0 Safari/537.36"
223.235.101.235 - - [27/Jul/2026:07:09:25 +0000] "POST /xmlrpc.php HTTP/1.1" 405 427 "-" "Jetpack/13.0; WordPress/6.4; http://site86960186.com"
146.190.158.65 - - [27/Jul/2026:07:09:35 +0000] "POST /wp-cron.php?doing_wp_cron=1785136175.3990330696105957031250 HTTP/1.1" 200 31 "-" "WordPress/7.0; https://weelorum.com"
187.236.124.90 - - [27/Jul/2026:07:09:35 +0000] "POST /xmlrpc.php HTTP/1.1" 405 427 "-" "Mozilla/5.0 (Windows NT 6.3; x86) AppleWebKit/537.36 (KHTML, like Gecko) Opera/79.0.0.0 Safari/537.36"
223.235.101.235 - - [27/Jul/2026:07:09:35 +0000] "POST /xmlrpc.php HTTP/1.1" 405 427 "-" "WordPress.com; https://wordpress.com"
146.190.158.65 - - [27/Jul/2026:07:09:46 +0000] "POST /wp-cron.php?doing_wp_cron=1785136186.2325251102447509765625 HTTP/1.1" 200 31 "-" "WordPress/7.0; https://weelorum.com"
223.235.101.235 - - [27/Jul/2026:07:09:46 +0000] "POST /xmlrpc.php HTTP/1.1" 405 427 "-" "WordPress.com; https://wordpress.com"
187.236.124.90 - - [27/Jul/2026:07:09:52 +0000] "POST /xmlrpc.php HTTP/1.1" 405 427 "-" "Mozilla/5.0 (Windows NT 6.3; x64) AppleWebKit/537.36 (KHTML, like Gecko) Safari/15.0.0.0 Safari/537.36"
223.235.101.235 - - [27/Jul/2026:07:09:56 +0000] "POST /xmlrpc.php HTTP/1.1" 405 427 "-" "Jetpack by WordPress.com"
223.235.101.235 - - [27/Jul/2026:07:10:07 +0000] "POST /xmlrpc.php HTTP/1.1" 405 427 "-" "Jetpack by WordPress.com"
187.236.124.90 - - [27/Jul/2026:07:10:14 +0000] "POST /xmlrpc.php HTTP/1.1" 405 427 "-" "Mozilla/5.0 (Windows NT 6.2; x64) AppleWebKit/537.36 (KHTML, like Gecko) Safari/11.0.0.0 Safari/537.36"
146.190.158.65 - - [27/Jul/2026:07:10:17 +0000] "POST /wp-cron.php?doing_wp_cron=1785136217.8391768932342529296875 HTTP/1.1" 200 31 "-" "WordPress/7.0; https://weelorum.com"
223.235.101.235 - - [27/Jul/2026:07:10:17 +0000] "POST /xmlrpc.php HTTP/1.1" 405 427 "-" "Jetpack/13.0; WordPress/6.2; http://site95713095.com"
146.190.158.65 - - [27/Jul/2026:07:10:28 +0000] "POST /wp-cron.php?doing_wp_cron=1785136228.3355240821838378906250 HTTP/1.1" 200 31 "-" "WordPress/7.0; https://weelorum.com"
223.235.101.235 - - [27/Jul/2026:07:10:28 +0000] "POST /xmlrpc.php HTTP/1.1" 405 427 "-" "Jetpack/13.0; WordPress/6.4; http://site24634662.com"
114.119.128.154 - - [27/Jul/2026:07:10:31 +0000] "GET /blog/blog/technologies/ HTTP/1.1" 301 5 "https://weelorum.com/blog/blog/client-guides/" "Mozilla/5.0 (Linux; Android 7.0;) AppleWebKit/537.36 (HTML, like Gecko) Mobile Safari/537.36 (compatible; PetalBot;+https://webmaster.petalsearch.com/site/petalbot)"
114.119.128.154 - - [27/Jul/2026:07:10:34 +0000] "GET /technologies/ HTTP/1.1" 200 55766 "https://weelorum.com/blog/blog/client-guides/" "Mozilla/5.0 (Linux; Android 7.0;) AppleWebKit/537.36 (HTML, like Gecko) Mobile Safari/537.36 (compatible; PetalBot;+https://webmaster.petalsearch.com/site/petalbot)"
223.235.101.235 - - [27/Jul/2026:07:10:39 +0000] "POST /xmlrpc.php HTTP/1.1" 405 427 "-" "WordPress.com; https://wordpress.com"
146.190.158.65 - - [27/Jul/2026:07:10:40 +0000] "POST /wp-cron.php?doing_wp_cron=1785136240.0864601135253906250000 HTTP/1.1" 200 31 "-" "WordPress/7.0; https://weelorum.com"
187.236.124.90 - - [27/Jul/2026:07:10:40 +0000] "POST /xmlrpc.php HTTP/1.1" 405 427 "-" "Mozilla/5.0 (Windows NT 10.0; arm64) AppleWebKit/537.36 (KHTML, like Gecko) Safari/15.0.0.0 Safari/537.36"
223.235.101.235 - - [27/Jul/2026:07:10:49 +0000] "POST /xmlrpc.php HTTP/1.1" 405 427 "-" "Jetpack by WordPress.com"
223.235.101.235 - - [27/Jul/2026:07:11:00 +0000] "POST /xmlrpc.php HTTP/1.1" 405 427 "-" "Jetpack/12.0; WordPress/6.4; http://site96915308.com"
187.236.124.90 - - [27/Jul/2026:07:11:00 +0000] "POST /xmlrpc.php HTTP/1.1" 405 427 "-" "Mozilla/5.0 (Windows NT 6.3; x86) AppleWebKit/537.36 (KHTML, like Gecko) Safari/13.0.0.0 Safari/537.36"
223.235.101.235 - - [27/Jul/2026:07:11:10 +0000] "POST /xmlrpc.php HTTP/1.1" 405 427 "-" "WordPress.com; https://wordpress.com"
146.190.158.65 - - [27/Jul/2026:07:11:21 +0000] "POST /wp-cron.php?doing_wp_cron=1785136281.4426081180572509765625 HTTP/1.1" 200 31 "-" "WordPress/7.0; https://weelorum.com"
223.235.101.235 - - [27/Jul/2026:07:11:21 +0000] "POST /xmlrpc.php HTTP/1.1" 405 427 "-" "Jetpack by WordPress.com (Jetpack 12.5; WordPress 6.1)"
146.190.158.65 - - [27/Jul/2026:07:11:28 +0000] "POST /wp-cron.php?doing_wp_cron=1785136288.0466790199279785156250 HTTP/1.1" 200 31 "-" "WordPress/7.0; https://weelorum.com"
187.236.124.90 - - [27/Jul/2026:07:11:28 +0000] "POST /xmlrpc.php HTTP/1.1" 405 427 "-" "Mozilla/5.0 (Windows NT 6.2; x86) AppleWebKit/537.36 (KHTML, like Gecko) Firefox/92.0.0.0 Safari/537.36"
77.75.76.161 - - [27/Jul/2026:07:11:28 +0000] "GET /technology/webrtc/ HTTP/1.1" 200 55357 "-" "Mozilla/5.0 (compatible; SeznamBot/4.0; +https://o-seznam.cz/napoveda/vyhledavani/en/seznambot-crawler/)"
223.235.101.235 - - [27/Jul/2026:07:11:32 +0000] "POST /xmlrpc.php HTTP/1.1" 405 427 "-" "Jetpack by WordPress.com"
146.190.158.65 - - [27/Jul/2026:07:11:42 +0000] "POST /wp-cron.php?doing_wp_cron=1785136302.7629880905151367187500 HTTP/1.1" 200 31 "-" "WordPress/7.0; https://weelorum.com"
223.235.101.235 - - [27/Jul/2026:07:11:42 +0000] "POST /xmlrpc.php HTTP/1.1" 405 427 "-" "WordPress.com; https://wordpress.com"
187.236.124.90 - - [27/Jul/2026:07:11:52 +0000] "POST /xmlrpc.php HTTP/1.1" 405 427 "-" "Mozilla/5.0 (Windows NT 6.2; x86) AppleWebKit/537.36 (KHTML, like Gecko) Chrome/87.0.0.0 Safari/537.36"
223.235.101.235 - - [27/Jul/2026:07:11:53 +0000] "POST /xmlrpc.php HTTP/1.1" 405 427 "-" "WordPress.com; https://wordpress.com"
223.235.101.235 - - [27/Jul/2026:07:12:03 +0000] "POST /xmlrpc.php HTTP/1.1" 405 427 "-" "Jetpack by WordPress.com"
185.191.171.15 - - [27/Jul/2026:07:12:06 +0000] "GET /blog/page/5/ HTTP/1.1" 200 66733 "-" "Mozilla/5.0 (compatible; SemrushBot/7~bl; +http://www.semrush.com/bot.html)"
223.235.101.235 - - [27/Jul/2026:07:12:14 +0000] "POST /xmlrpc.php HTTP/1.1" 405 427 "-" "Jetpack by WordPress.com"
146.190.158.65 - - [27/Jul/2026:07:12:16 +0000] "POST /wp-cron.php?doing_wp_cron=1785136336.0325529575347900390625 HTTP/1.1" 200 31 "-" "WordPress/7.0; https://weelorum.com"
187.236.124.90 - - [27/Jul/2026:07:12:16 +0000] "POST /xmlrpc.php HTTP/1.1" 405 427 "-" "Mozilla/5.0 (Windows NT 6.2; x64) AppleWebKit/537.36 (KHTML, like Gecko) Chrome/92.0.0.0 Safari/537.36"
223.235.101.235 - - [27/Jul/2026:07:12:25 +0000] "POST /xmlrpc.php HTTP/1.1" 405 427 "-" "Jetpack/12.0; WordPress/6.3; http://site87484210.com"
146.190.158.65 - - [27/Jul/2026:07:12:35 +0000] "POST /wp-cron.php?doing_wp_cron=1785136355.7796289920806884765625 HTTP/1.1" 200 31 "-" "WordPress/7.0; https://weelorum.com"
223.235.101.235 - - [27/Jul/2026:07:12:35 +0000] "POST /xmlrpc.php HTTP/1.1" 405 427 "-" "Jetpack by WordPress.com (Jetpack 13.0; WordPress 6.1)"
146.190.158.65 - - [27/Jul/2026:07:12:40 +0000] "POST /wp-cron.php?doing_wp_cron=1785136360.1260669231414794921875 HTTP/1.1" 200 31 "-" "WordPress/7.0; https://weelorum.com"
187.236.124.90 - - [27/Jul/2026:07:12:40 +0000] "POST /xmlrpc.php HTTP/1.1" 405 427 "-" "Mozilla/5.0 (X11; Ubuntu; Linux x86_64; arm64) AppleWebKit/537.36 (KHTML, like Gecko) Chrome/96.0.0.0 Safari/537.36"
223.235.101.235 - - [27/Jul/2026:07:12:46 +0000] "POST /xmlrpc.php HTTP/1.1" 405 427 "-" "Jetpack by WordPress.com (Jetpack 13.0; WordPress 6.2)"
223.235.101.235 - - [27/Jul/2026:07:12:56 +0000] "POST /xmlrpc.php HTTP/1.1" 405 427 "-" "WordPress.com; https://wordpress.com"
120.231.175.174 - - [27/Jul/2026:07:12:58 +0000] "GET /blog/find-out-how-to-estimate-cost-of-app-development-with-weelorum/ HTTP/1.1" 200 89296 "https://weelorum.com" "Mozilla/5.0 (Windows NT 10.0; Win64; x64) AppleWebKit/537.36 (KHTML, like Gecko) Chrome/62.0.3202.94 Safari/537.36"
187.236.124.90 - - [27/Jul/2026:07:13:00 +0000] "POST /xmlrpc.php HTTP/1.1" 405 427 "-" "Mozilla/5.0 (Linux; Android 10; arm64) AppleWebKit/537.36 (KHTML, like Gecko) Firefox/76.0.0.0 Safari/537.36"
120.231.175.174 - - [27/Jul/2026:07:13:02 +0000] "POST /wp-comments-post.php HTTP/1.1" 302 5 "https://weelorum.com" "Mozilla/5.0 (Windows NT 10.0; Win64; x64) AppleWebKit/537.36 (KHTML, like Gecko) Chrome/62.0.3202.94 Safari/537.36"
120.231.175.174 - - [27/Jul/2026:07:13:04 +0000] "GET /blog/find-out-how-to-estimate-cost-of-app-development-with-weelorum/ HTTP/1.1" 200 50933 "https://weelorum.com" "Mozilla/4.0 (compatible; MSIE 6.0; Windows NT 5.1; en) Opera 8.50"
223.235.101.235 - - [27/Jul/2026:07:13:07 +0000] "POST /xmlrpc.php HTTP/1.1" 405 427 "-" "WordPress.com; https://wordpress.com"
146.190.158.65 - - [27/Jul/2026:07:13:18 +0000] "POST /wp-cron.php?doing_wp_cron=1785136398.2692899703979492187500 HTTP/1.1" 200 31 "-" "WordPress/7.0; https://weelorum.com"
223.235.101.235 - - [27/Jul/2026:07:13:18 +0000] "POST /xmlrpc.php HTTP/1.1" 405 427 "-" "Jetpack/12.0; WordPress/6.3; http://site46695802.com"
146.190.158.65 - - [27/Jul/2026:07:13:28 +0000] "POST /wp-cron.php?doing_wp_cron=1785136408.0528719425201416015625 HTTP/1.1" 200 31 "-" "WordPress/7.0; https://weelorum.com"
187.236.124.90 - - [27/Jul/2026:07:13:28 +0000] "POST /xmlrpc.php HTTP/1.1" 405 427 "-" "Mozilla/5.0 (Linux; Android 10; arm64) AppleWebKit/537.36 (KHTML, like Gecko) Firefox/98.0.0.0 Safari/537.36"
223.235.101.235 - - [27/Jul/2026:07:13:28 +0000] "POST /xmlrpc.php HTTP/1.1" 405 427 "-" "Jetpack by WordPress.com (Jetpack 12.1; WordPress 6.4)"
223.235.101.235 - - [27/Jul/2026:07:13:39 +0000] "POST /xmlrpc.php HTTP/1.1" 405 427 "-" "Jetpack/12.5; WordPress/6.3; http://site83634654.com"
146.190.158.65 - - [27/Jul/2026:07:13:50 +0000] "POST /wp-cron.php?doing_wp_cron=1785136430.3913660049438476562500 HTTP/1.1" 200 31 "-" "WordPress/7.0; https://weelorum.com"
223.235.101.235 - - [27/Jul/2026:07:13:50 +0000] "POST /xmlrpc.php HTTP/1.1" 405 427 "-" "Jetpack by WordPress.com (Jetpack 12.1; WordPress 6.2)"
187.236.124.90 - - [27/Jul/2026:07:13:52 +0000] "POST /xmlrpc.php HTTP/1.1" 405 427 "-" "Mozilla/5.0 (Windows NT 6.3; x86) AppleWebKit/537.36 (KHTML, like Gecko) Chrome/83.0.0.0 Safari/537.36"
223.235.101.235 - - [27/Jul/2026:07:14:01 +0000] "POST /xmlrpc.php HTTP/1.1" 405 427 "-" "Jetpack by WordPress.com (Jetpack 12.5; WordPress 6.3)"
146.190.158.65 - - [27/Jul/2026:07:14:01 +0000] "GET / HTTP/1.1" 301 169 "-" "Mozilla/5.0 (X11; Linux x86_64) AppleWebKit/537.36 (KHTML, like Gecko) Chrome/44.0.2403.157 Safari/537.36"
146.190.158.65 - - [27/Jul/2026:07:14:01 +0000] "GET / HTTP/1.1" 200 32502 "http://146.190.158.65" "Mozilla/5.0 (X11; Linux x86_64) AppleWebKit/537.36 (KHTML, like Gecko) Chrome/44.0.2403.157 Safari/537.36"
223.235.101.235 - - [27/Jul/2026:07:14:11 +0000] "POST /xmlrpc.php HTTP/1.1" 405 427 "-" "Jetpack by WordPress.com (Jetpack 12.5; WordPress 6.1)"
146.190.158.65 - - [27/Jul/2026:07:14:16 +0000] "POST /wp-cron.php?doing_wp_cron=1785136456.0668480396270751953125 HTTP/1.1" 200 31 "-" "WordPress/7.0; https://weelorum.com"
187.236.124.90 - - [27/Jul/2026:07:14:16 +0000] "POST /xmlrpc.php HTTP/1.1" 405 427 "-" "Mozilla/5.0 (Windows NT 6.3; x64) AppleWebKit/537.36 (KHTML, like Gecko) Edge/98.0.0.0 Safari/537.36"
223.235.101.235 - - [27/Jul/2026:07:14:22 +0000] "POST /xmlrpc.php HTTP/1.1" 405 427 "-" "WordPress.com; https://wordpress.com"
146.190.158.65 - - [27/Jul/2026:07:14:33 +0000] "POST /wp-cron.php?doing_wp_cron=1785136472.9879140853881835937500 HTTP/1.1" 200 31 "-" "WordPress/7.0; https://weelorum.com"
223.235.101.235 - - [27/Jul/2026:07:14:33 +0000] "POST /xmlrpc.php HTTP/1.1" 405 427 "-" "Jetpack by WordPress.com (Jetpack 12.0; WordPress 6.1)"
187.236.124.90 - - [27/Jul/2026:07:14:36 +0000] "POST /xmlrpc.php HTTP/1.1" 405 427 "-" "Mozilla/5.0 (Windows NT 6.2; x64) AppleWebKit/537.36 (KHTML, like Gecko) Firefox/74.0.0.0 Safari/537.36"
146.190.158.65 - - [27/Jul/2026:07:14:43 +0000] "POST /wp-cron.php?doing_wp_cron=1785136483.6871221065521240234375 HTTP/1.1" 200 31 "-" "WordPress/7.0; https://weelorum.com"
223.235.101.235 - - [27/Jul/2026:07:14:43 +0000] "POST /xmlrpc.php HTTP/1.1" 405 427 "-" "Jetpack by WordPress.com"
223.235.101.235 - - [27/Jul/2026:07:14:54 +0000] "POST /xmlrpc.php HTTP/1.1" 405 427 "-" "WordPress.com; https://wordpress.com"
187.236.124.90 - - [27/Jul/2026:07:14:56 +0000] "POST /xmlrpc.php HTTP/1.1" 405 427 "-" "Mozilla/5.0 (Windows NT 6.2; x86) AppleWebKit/537.36 (KHTML, like Gecko) Chrome/104.0.0.0 Safari/537.36"
223.235.101.235 - - [27/Jul/2026:07:15:05 +0000] "POST /xmlrpc.php HTTP/1.1" 405 427 "-" "WordPress.com; https://wordpress.com"
146.190.158.65 - - [27/Jul/2026:07:15:15 +0000] "POST /wp-cron.php?doing_wp_cron=1785136515.8906209468841552734375 HTTP/1.1" 200 31 "-" "WordPress/7.0; https://weelorum.com"
223.235.101.235 - - [27/Jul/2026:07:15:15 +0000] "POST /xmlrpc.php HTTP/1.1" 405 427 "-" "Jetpack/12.0; WordPress/6.3; http://site97667955.com"
187.236.124.90 - - [27/Jul/2026:07:15:16 +0000] "POST /xmlrpc.php HTTP/1.1" 405 427 "-" "Mozilla/5.0 (Windows NT 6.3; x86) AppleWebKit/537.36 (KHTML, like Gecko) Edge/91.0.0.0 Safari/537.36"
146.190.158.65 - - [27/Jul/2026:07:15:26 +0000] "POST /wp-cron.php?doing_wp_cron=1785136526.4554181098937988281250 HTTP/1.1" 200 31 "-" "WordPress/7.0; https://weelorum.com"
223.235.101.235 - - [27/Jul/2026:07:15:26 +0000] "POST /xmlrpc.php HTTP/1.1" 405 427 "-" "Jetpack by WordPress.com (Jetpack 13.0; WordPress 6.3)"
187.236.124.90 - - [27/Jul/2026:07:15:29 +0000] "POST /xmlrpc.php HTTP/1.1" 405 427 "-" "Mozilla/5.0 (X11; Ubuntu; Linux x86_64; x86) AppleWebKit/537.36 (KHTML, like Gecko) Opera/62.0.0.0 Safari/537.36"
223.235.101.235 - - [27/Jul/2026:07:15:37 +0000] "POST /xmlrpc.php HTTP/1.1" 405 427 "-" "Jetpack by WordPress.com (Jetpack 13.0; WordPress 6.4)"
146.190.158.65 - - [27/Jul/2026:07:15:43 +0000] "POST /wp-cron.php?doing_wp_cron=1785136543.2383151054382324218750 HTTP/1.1" 200 31 "-" "WordPress/7.0; https://weelorum.com"
187.236.124.90 - - [27/Jul/2026:07:15:43 +0000] "POST /xmlrpc.php HTTP/1.1" 405 427 "-" "Mozilla/5.0 (Windows NT 10.0; x86) AppleWebKit/537.36 (KHTML, like Gecko) Edge/87.0.0.0 Safari/537.36"
223.235.101.235 - - [27/Jul/2026:07:15:47 +0000] "POST /xmlrpc.php HTTP/1.1" 405 427 "-" "WordPress.com; https://wordpress.com"
57.141.18.120 - - [27/Jul/2026:07:15:55 +0000] "GET /author-sitemap.xml HTTP/1.1" 200 739 "-" "Mozilla/5.0 (Windows NT 10.0; Win64; x64) AppleWebKit/537.36 (KHTML, like Gecko) Chrome/145.0.0.0 Safari/537.36 (compatible; meta-externalagent/1.1 (+https://developers.facebook.com/docs/sharing/webmasters/crawler))"
187.236.124.90 - - [27/Jul/2026:07:15:55 +0000] "POST /xmlrpc.php HTTP/1.1" 405 427 "-" "Mozilla/5.0 (Linux; Android 10; arm64) AppleWebKit/537.36 (KHTML, like Gecko) Opera/77.0.0.0 Safari/537.36"
223.235.101.235 - - [27/Jul/2026:07:15:58 +0000] "POST /xmlrpc.php HTTP/1.1" 405 427 "-" "Jetpack/12.0; WordPress/6.2; http://site20086372.com"
216.73.216.69 - - [27/Jul/2026:07:16:05 +0000] "GET /robots.txt HTTP/1.1" 200 140 "-" "Mozilla/5.0 AppleWebKit/537.36 (KHTML, like Gecko; compatible; ClaudeBot/1.0; +claudebot@anthropic.com)"
216.73.216.69 - - [27/Jul/2026:07:16:05 +0000] "GET /blog/ai-generated-apps-issues-risks-founders-need-to-know/ HTTP/1.1" 200 84580 "-" "Mozilla/5.0 AppleWebKit/537.36 (KHTML, like Gecko; compatible; ClaudeBot/1.0; +claudebot@anthropic.com)"
223.235.101.235 - - [27/Jul/2026:07:16:08 +0000] "POST /xmlrpc.php HTTP/1.1" 405 427 "-" "WordPress.com; https://wordpress.com"
187.236.124.90 - - [27/Jul/2026:07:16:09 +0000] "POST /xmlrpc.php HTTP/1.1" 405 427 "-" "Mozilla/5.0 (Linux; Android 10; x64) AppleWebKit/537.36 (KHTML, like Gecko) Chrome/114.0.0.0 Safari/537.36"
146.190.158.65 - - [27/Jul/2026:07:16:19 +0000] "POST /wp-cron.php?doing_wp_cron=1785136579.6597719192504882812500 HTTP/1.1" 200 31 "-" "WordPress/7.0; https://weelorum.com"
223.235.101.235 - - [27/Jul/2026:07:16:19 +0000] "POST /xmlrpc.php HTTP/1.1" 405 427 "-" "WordPress.com; https://wordpress.com"
187.236.124.90 - - [27/Jul/2026:07:16:23 +0000] "POST /xmlrpc.php HTTP/1.1" 405 427 "-" "Mozilla/5.0 (X11; Ubuntu; Linux x86_64; x86) AppleWebKit/537.36 (KHTML, like Gecko) Firefox/88.0.0.0 Safari/537.36"
146.190.158.65 - - [27/Jul/2026:07:16:30 +0000] "POST /wp-cron.php?doing_wp_cron=1785136590.1863129138946533203125 HTTP/1.1" 200 31 "-" "WordPress/7.0; https://weelorum.com"
223.235.101.235 - - [27/Jul/2026:07:16:30 +0000] "POST /xmlrpc.php HTTP/1.1" 405 427 "-" "Jetpack/12.5; WordPress/6.3; http://site96610911.com"
187.236.124.90 - - [27/Jul/2026:07:16:35 +0000] "POST /xmlrpc.php HTTP/1.1" 405 427 "-" "Mozilla/5.0 (Windows NT 10.0; arm64) AppleWebKit/537.36 (KHTML, like Gecko) Safari/14.0.0.0 Safari/537.36"
146.190.158.65 - - [27/Jul/2026:07:16:40 +0000] "POST /wp-cron.php?doing_wp_cron=1785136600.8732149600982666015625 HTTP/1.1" 200 31 "-" "WordPress/7.0; https://weelorum.com"
223.235.101.235 - - [27/Jul/2026:07:16:40 +0000] "POST /xmlrpc.php HTTP/1.1" 405 427 "-" "Jetpack by WordPress.com (Jetpack 12.1; WordPress 6.3)"
187.236.124.90 - - [27/Jul/2026:07:16:47 +0000] "POST /xmlrpc.php HTTP/1.1" 405 427 "-" "Mozilla/5.0 (Macintosh; Intel Mac OS X 10_15_7; arm64) AppleWebKit/537.36 (KHTML, like Gecko) Edge/81.0.0.0 Safari/537.36"
223.235.101.235 - - [27/Jul/2026:07:16:51 +0000] "POST /xmlrpc.php HTTP/1.1" 405 427 "-" "Jetpack by WordPress.com"
187.236.124.90 - - [27/Jul/2026:07:16:57 +0000] "POST /xmlrpc.php HTTP/1.1" 405 427 "-" "Mozilla/5.0 (Windows NT 6.3; x64) AppleWebKit/537.36 (KHTML, like Gecko) Opera/74.0.0.0 Safari/537.36"
223.235.101.235 - - [27/Jul/2026:07:17:02 +0000] "POST /xmlrpc.php HTTP/1.1" 405 427 "-" "Jetpack by WordPress.com"
187.236.124.90 - - [27/Jul/2026:07:17:09 +0000] "POST /xmlrpc.php HTTP/1.1" 405 427 "-" "Mozilla/5.0 (Windows NT 6.2; x64) AppleWebKit/537.36 (KHTML, like Gecko) Edge/86.0.0.0 Safari/537.36"
223.235.101.235 - - [27/Jul/2026:07:17:12 +0000] "POST /xmlrpc.php HTTP/1.1" 405 427 "-" "WordPress.com; https://wordpress.com"
146.190.158.65 - - [27/Jul/2026:07:17:22 +0000] "POST /wp-cron.php?doing_wp_cron=1785136642.7687330245971679687500 HTTP/1.1" 200 31 "-" "WordPress/7.0; https://weelorum.com"
187.236.124.90 - - [27/Jul/2026:07:17:22 +0000] "POST /xmlrpc.php HTTP/1.1" 405 427 "-" "Mozilla/5.0 (X11; Ubuntu; Linux x86_64; x64) AppleWebKit/537.36 (KHTML, like Gecko) Chrome/84.0.0.0 Safari/537.36"
223.235.101.235 - - [27/Jul/2026:07:17:23 +0000] "POST /xmlrpc.php HTTP/1.1" 405 427 "-" "Jetpack by WordPress.com (Jetpack 12.1; WordPress 6.2)"
146.190.158.65 - - [27/Jul/2026:07:17:33 +0000] "POST /wp-cron.php?doing_wp_cron=1785136653.9170479774475097656250 HTTP/1.1" 200 31 "-" "WordPress/7.0; https://weelorum.com"
223.235.101.235 - - [27/Jul/2026:07:17:33 +0000] "POST /xmlrpc.php HTTP/1.1" 405 427 "-" "WordPress.com; https://wordpress.com"
187.236.124.90 - - [27/Jul/2026:07:17:34 +0000] "POST /xmlrpc.php HTTP/1.1" 405 427 "-" "Mozilla/5.0 (Windows NT 6.2; arm64) AppleWebKit/537.36 (KHTML, like Gecko) Edge/91.0.0.0 Safari/537.36"
146.190.158.65 - - [27/Jul/2026:07:17:41 +0000] "POST /wp-cron.php?doing_wp_cron=1785136661.5395569801330566406250 HTTP/1.1" 200 31 "-" "WordPress/7.0; https://weelorum.com"
199.182.115.15 - - [27/Jul/2026:07:17:41 +0000] "GET /blog/social-media-app-development-key-stages-and-requirements HTTP/1.1" 301 5 "-" "Mozilla/5.0 (Macintosh; Intel Mac OS X 10.15; rv:115.0) Gecko/20100101 Firefox/115.0"
223.235.101.235 - - [27/Jul/2026:07:17:44 +0000] "POST /xmlrpc.php HTTP/1.1" 405 427 "-" "Jetpack by WordPress.com"
187.236.124.90 - - [27/Jul/2026:07:17:46 +0000] "POST /xmlrpc.php HTTP/1.1" 405 427 "-" "Mozilla/5.0 (Windows NT 6.3; x86) AppleWebKit/537.36 (KHTML, like Gecko) Opera/72.0.0.0 Safari/537.36"
209.251.23.129 - - [27/Jul/2026:07:17:54 +0000] "GET /blog/social-media-app-development-key-stages-and-requirements/ HTTP/1.1" 200 91273 "-" "Mozilla/5.0 (Macintosh; Intel Mac OS X 10.15; rv:115.0) Gecko/20100101 Firefox/115.0"
