18.234.248.113 - - [27/Jul/2026:00:23:04 +0000] "GET /wp-content/cache/background-css/1/weelorum.com/wp-content/cache/min/1/wp-content/themes/weelorum-theme/assets/css/wl-pages.css?ver=1784812621&wpr_t=1785086881 HTTP/1.1" 200 58160 "https://weelorum.com/" "Mozilla/5.0 (X11; Linux x86_64) AppleWebKit/537.36 (KHTML, like Gecko) HeadlessChrome/150.0.0.0 Safari/537.36"
18.234.248.113 - - [27/Jul/2026:00:23:04 +0000] "GET /wp-content/themes/weelorum-theme/assets/fonts/montserrat.woff2 HTTP/1.1" 200 30300 "https://weelorum.com/" "Mozilla/5.0 (X11; Linux x86_64) AppleWebKit/537.36 (KHTML, like Gecko) HeadlessChrome/150.0.0.0 Safari/537.36"
18.234.248.113 - - [27/Jul/2026:00:23:04 +0000] "GET /wp-content/themes/weelorum-theme/assets/images/hero-default-bg-desktop.webp HTTP/1.1" 200 8256 "https://weelorum.com/" "Mozilla/5.0 (X11; Linux x86_64) AppleWebKit/537.36 (KHTML, like Gecko) HeadlessChrome/150.0.0.0 Safari/537.36"
18.234.248.113 - - [27/Jul/2026:00:23:04 +0000] "GET /wp-includes/js/dist/i18n.min.js?ver=781d11515ad3d91786ec HTTP/1.1" 200 2574 "https://weelorum.com/" "Mozilla/5.0 (X11; Linux x86_64) AppleWebKit/537.36 (KHTML, like Gecko) HeadlessChrome/150.0.0.0 Safari/537.36"
18.234.248.113 - - [27/Jul/2026:00:23:05 +0000] "GET /wp-includes/js/jquery/jquery.min.js?ver=3.7.1 HTTP/1.1" 200 35451 "https://weelorum.com/" "Mozilla/5.0 (X11; Linux x86_64) AppleWebKit/537.36 (KHTML, like Gecko) HeadlessChrome/150.0.0.0 Safari/537.36"
18.234.248.113 - - [27/Jul/2026:00:23:05 +0000] "GET /wp-content/cache/min/1/wp-content/plugins/contact-form-7/includes/swv/js/index.js?ver=1784812623 HTTP/1.1" 200 3887 "https://weelorum.com/" "Mozilla/5.0 (X11; Linux x86_64) AppleWebKit/537.36 (KHTML, like Gecko) HeadlessChrome/150.0.0.0 Safari/537.36"
18.234.248.113 - - [27/Jul/2026:00:23:05 +0000] "GET /wp-content/cache/min/1/wp-content/themes/weelorum-theme/assets/js/main.js?ver=1784812621 HTTP/1.1" 200 1767 "https://weelorum.com/" "Mozilla/5.0 (X11; Linux x86_64) AppleWebKit/537.36 (KHTML, like Gecko) HeadlessChrome/150.0.0.0 Safari/537.36"
18.234.248.113 - - [27/Jul/2026:00:23:05 +0000] "GET /wp-content/cache/min/1/wp-content/plugins/contact-form-7/includes/js/index.js?ver=1784812623 HTTP/1.1" 200 4803 "https://weelorum.com/" "Mozilla/5.0 (X11; Linux x86_64) AppleWebKit/537.36 (KHTML, like Gecko) HeadlessChrome/150.0.0.0 Safari/537.36"
18.234.248.113 - - [27/Jul/2026:00:23:05 +0000] "GET /wp-includes/js/jquery/jquery-migrate.min.js?ver=3.4.1 HTTP/1.1" 200 5355 "https://weelorum.com/" "Mozilla/5.0 (X11; Linux x86_64) AppleWebKit/537.36 (KHTML, like Gecko) HeadlessChrome/150.0.0.0 Safari/537.36"
18.234.248.113 - - [27/Jul/2026:00:23:05 +0000] "GET /wp-content/plugins/wp-rocket/assets/js/lazyload/17.8.3/lazyload.min.js HTTP/1.1" 200 3400 "https://weelorum.com/" "Mozilla/5.0 (X11; Linux x86_64) AppleWebKit/537.36 (KHTML, like Gecko) HeadlessChrome/150.0.0.0 Safari/537.36"
18.234.248.113 - - [27/Jul/2026:00:23:05 +0000] "GET /wp-content/themes/weelorum-theme/assets/images/hero-v2-bg.webp HTTP/1.1" 200 5696 "https://weelorum.com/wp-content/cache/background-css/1/weelorum.com/wp-content/cache/min/1/wp-content/themes/weelorum-theme/assets/css/wl-pages.css?ver=1784812621&wpr_t=1785086881" "Mozilla/5.0 (X11; Linux x86_64) AppleWebKit/537.36 (KHTML, like Gecko) HeadlessChrome/150.0.0.0 Safari/537.36"
18.234.248.113 - - [27/Jul/2026:00:23:05 +0000] "GET /wp-content/themes/weelorum-theme/assets/images/logo-black.png HTTP/1.1" 200 4286 "https://weelorum.com/wp-content/cache/background-css/1/weelorum.com/wp-content/cache/min/1/wp-content/themes/weelorum-theme/assets/css/wl-pages.css?ver=1784812621&wpr_t=1785086881" "Mozilla/5.0 (X11; Linux x86_64) AppleWebKit/537.36 (KHTML, like Gecko) HeadlessChrome/150.0.0.0 Safari/537.36"
18.234.248.113 - - [27/Jul/2026:00:23:05 +0000] "GET /wp-content/uploads/fbrfg/favicon.ico HTTP/1.1" 200 1924 "https://weelorum.com/" "Mozilla/5.0 (X11; Linux x86_64) AppleWebKit/537.36 (KHTML, like Gecko) HeadlessChrome/150.0.0.0 Safari/537.36"
18.234.248.113 - - [27/Jul/2026:00:23:05 +0000] "GET /wp-json/contact-form-7/v1/contact-forms/217/refill HTTP/1.1" 200 33 "https://weelorum.com/" "Mozilla/5.0 (X11; Linux x86_64) AppleWebKit/537.36 (KHTML, like Gecko) HeadlessChrome/150.0.0.0 Safari/537.36"
18.234.248.113 - - [27/Jul/2026:00:23:05 +0000] "GET /wp-json/contact-form-7/v1/contact-forms/217/feedback/schema HTTP/1.1" 200 259 "https://weelorum.com/" "Mozilla/5.0 (X11; Linux x86_64) AppleWebKit/537.36 (KHTML, like Gecko) HeadlessChrome/150.0.0.0 Safari/537.36"
197.232.63.170 - - [27/Jul/2026:00:23:06 +0000] "POST /xmlrpc.php HTTP/1.1" 405 427 "-" "Jetpack by WordPress.com (Jetpack 12.5; WordPress 6.1)"
146.190.158.65 - - [27/Jul/2026:00:23:15 +0000] "POST /wp-cron.php?doing_wp_cron=1785111795.7049798965454101562500 HTTP/1.1" 200 31 "-" "WordPress/7.0; https://weelorum.com"
205.210.31.198 - - [27/Jul/2026:00:23:15 +0000] "GET /shell HTTP/1.1" 404 130439 "-" "Hello from Palo Alto Networks, find out more about our scans in https://docs-cortex.paloaltonetworks.com/r/1/Cortex-Xpanse/Scanning-activity"
197.232.63.170 - - [27/Jul/2026:00:23:17 +0000] "POST /xmlrpc.php HTTP/1.1" 405 427 "-" "Jetpack by WordPress.com (Jetpack 12.1; WordPress 6.1)"
146.190.158.65 - - [27/Jul/2026:00:23:27 +0000] "POST /wp-cron.php?doing_wp_cron=1785111807.8965559005737304687500 HTTP/1.1" 200 31 "-" "WordPress/7.0; https://weelorum.com"
197.232.63.170 - - [27/Jul/2026:00:23:27 +0000] "POST /xmlrpc.php HTTP/1.1" 405 427 "-" "Jetpack by WordPress.com"
197.232.63.170 - - [27/Jul/2026:00:23:38 +0000] "POST /xmlrpc.php HTTP/1.1" 405 427 "-" "Jetpack by WordPress.com"
146.190.158.65 - - [27/Jul/2026:00:23:48 +0000] "POST /wp-cron.php?doing_wp_cron=1785111828.9613029956817626953125 HTTP/1.1" 200 31 "-" "WordPress/7.0; https://weelorum.com"
197.232.63.170 - - [27/Jul/2026:00:23:48 +0000] "POST /xmlrpc.php HTTP/1.1" 405 427 "-" "WordPress.com; https://wordpress.com"
197.232.63.170 - - [27/Jul/2026:00:23:59 +0000] "POST /xmlrpc.php HTTP/1.1" 405 427 "-" "Jetpack by WordPress.com"
197.232.63.170 - - [27/Jul/2026:00:24:10 +0000] "POST /xmlrpc.php HTTP/1.1" 405 427 "-" "Jetpack/13.0; WordPress/6.2; http://site84862840.com"
146.190.158.65 - - [27/Jul/2026:00:24:20 +0000] "POST /wp-cron.php?doing_wp_cron=1785111860.5145800113677978515625 HTTP/1.1" 200 31 "-" "WordPress/7.0; https://weelorum.com"
197.232.63.170 - - [27/Jul/2026:00:24:20 +0000] "POST /xmlrpc.php HTTP/1.1" 405 427 "-" "WordPress.com; https://wordpress.com"
146.190.158.65 - - [27/Jul/2026:00:24:31 +0000] "POST /wp-cron.php?doing_wp_cron=1785111871.0698060989379882812500 HTTP/1.1" 200 31 "-" "WordPress/7.0; https://weelorum.com"
197.232.63.170 - - [27/Jul/2026:00:24:31 +0000] "POST /xmlrpc.php HTTP/1.1" 405 427 "-" "Jetpack by WordPress.com (Jetpack 13.0; WordPress 6.3)"
146.190.158.65 - - [27/Jul/2026:00:24:41 +0000] "POST /wp-cron.php?doing_wp_cron=1785111881.6414270401000976562500 HTTP/1.1" 200 31 "-" "WordPress/7.0; https://weelorum.com"
197.232.63.170 - - [27/Jul/2026:00:24:41 +0000] "POST /xmlrpc.php HTTP/1.1" 405 427 "-" "Jetpack/12.5; WordPress/6.4; http://site14741977.com"
197.232.63.170 - - [27/Jul/2026:00:24:52 +0000] "POST /xmlrpc.php HTTP/1.1" 405 427 "-" "Jetpack by WordPress.com"
197.232.63.170 - - [27/Jul/2026:00:25:02 +0000] "POST /xmlrpc.php HTTP/1.1" 405 427 "-" "Jetpack by WordPress.com"
49.204.213.254 - - [27/Jul/2026:00:25:10 +0000] "GET /wp-json/wp/v2/users HTTP/1.1" 200 22687 "-" "Mozilla/4.0 (compatible; Win32; WinHttp.WinHttpRequest.5)"
197.232.63.170 - - [27/Jul/2026:00:25:13 +0000] "POST /xmlrpc.php HTTP/1.1" 405 427 "-" "WordPress.com; https://wordpress.com"
146.190.158.65 - - [27/Jul/2026:00:25:23 +0000] "POST /wp-cron.php?doing_wp_cron=1785111923.8206241130828857421875 HTTP/1.1" 200 31 "-" "WordPress/7.0; https://weelorum.com"
197.232.63.170 - - [27/Jul/2026:00:25:23 +0000] "POST /xmlrpc.php HTTP/1.1" 405 427 "-" "WordPress.com; https://wordpress.com"
146.190.158.65 - - [27/Jul/2026:00:25:34 +0000] "POST /wp-cron.php?doing_wp_cron=1785111934.2877869606018066406250 HTTP/1.1" 200 31 "-" "WordPress/7.0; https://weelorum.com"
197.232.63.170 - - [27/Jul/2026:00:25:34 +0000] "POST /xmlrpc.php HTTP/1.1" 405 427 "-" "Jetpack by WordPress.com"
146.190.158.65 - - [27/Jul/2026:00:25:43 +0000] "POST /wp-cron.php?doing_wp_cron=1785111943.9216790199279785156250 HTTP/1.1" 200 31 "-" "WordPress/7.0; https://weelorum.com"
49.204.213.254 - - [27/Jul/2026:00:25:43 +0000] "POST /xmlrpc.php HTTP/1.1" 405 427 "-" "Mozilla/5.0 (Macintosh; Intel Mac OS X 10_15_7; arm64) AppleWebKit/537.36 (KHTML, like Gecko) Chrome/106.0.0.0 Safari/537.36"
197.232.63.170 - - [27/Jul/2026:00:25:44 +0000] "POST /xmlrpc.php HTTP/1.1" 405 427 "-" "Jetpack by WordPress.com (Jetpack 13.0; WordPress 6.3)"
148.222.185.184 - - [27/Jul/2026:00:25:49 +0000] "GET /blog/find-out-how-to-estimate-cost-of-app-development-with-weelorum/ HTTP/1.0" 200 365755 "https://weelorum.com/blog/find-out-how-to-estimate-cost-of-app-development-with-weelorum/" "Mozilla/5.0 (Windows NT 10.0; Win64; x64) AppleWebKit/537.36 (KHTML, like Gecko) Chrome/129.0.0.0 Safari/537.36"
148.222.185.184 - - [27/Jul/2026:00:25:50 +0000] "POST /wp-comments-post.php HTTP/1.0" 302 0 "https://weelorum.com/blog/find-out-how-to-estimate-cost-of-app-development-with-weelorum/" "Mozilla/5.0 (Windows NT 10.0; Win64; x64) AppleWebKit/537.36 (KHTML, like Gecko) Chrome/129.0.0.0 Safari/537.36"
148.222.185.184 - - [27/Jul/2026:00:25:51 +0000] "GET /blog/find-out-how-to-estimate-cost-of-app-development-with-weelorum/ HTTP/1.0" 200 212852 "https://weelorum.com/blog/find-out-how-to-estimate-cost-of-app-development-with-weelorum/#comment-40076" "Mozilla/5.0 (Windows NT 10.0; Win64; x64) AppleWebKit/537.36 (KHTML, like Gecko) Chrome/129.0.0.0 Safari/537.36"
197.232.63.170 - - [27/Jul/2026:00:25:55 +0000] "POST /xmlrpc.php HTTP/1.1" 405 427 "-" "WordPress.com; https://wordpress.com"
197.232.63.170 - - [27/Jul/2026:00:26:05 +0000] "POST /xmlrpc.php HTTP/1.1" 405 427 "-" "Jetpack/12.5; WordPress/6.1; http://site19139248.com"
49.204.213.254 - - [27/Jul/2026:00:26:06 +0000] "POST /xmlrpc.php HTTP/1.1" 405 427 "-" "Mozilla/5.0 (Linux; Android 10; arm64) AppleWebKit/537.36 (KHTML, like Gecko) Chrome/105.0.0.0 Safari/537.36"
146.190.158.65 - - [27/Jul/2026:00:26:16 +0000] "POST /wp-cron.php?doing_wp_cron=1785111976.1696150302886962890625 HTTP/1.1" 200 31 "-" "WordPress/7.0; https://weelorum.com"
197.232.63.170 - - [27/Jul/2026:00:26:16 +0000] "POST /xmlrpc.php HTTP/1.1" 405 427 "-" "Jetpack by WordPress.com"
146.190.158.65 - - [27/Jul/2026:00:26:26 +0000] "POST /wp-cron.php?doing_wp_cron=1785111986.6859309673309326171875 HTTP/1.1" 200 31 "-" "WordPress/7.0; https://weelorum.com"
197.232.63.170 - - [27/Jul/2026:00:26:26 +0000] "POST /xmlrpc.php HTTP/1.1" 405 427 "-" "Jetpack by WordPress.com"
49.204.213.254 - - [27/Jul/2026:00:26:31 +0000] "POST /xmlrpc.php HTTP/1.1" 405 427 "-" "Mozilla/5.0 (Windows NT 10.0; x86) AppleWebKit/537.36 (KHTML, like Gecko) Safari/12.0.0.0 Safari/537.36"
197.232.63.170 - - [27/Jul/2026:00:26:37 +0000] "POST /xmlrpc.php HTTP/1.1" 405 427 "-" "Jetpack by WordPress.com"
146.190.158.65 - - [27/Jul/2026:00:26:47 +0000] "POST /wp-cron.php?doing_wp_cron=1785112007.6336209774017333984375 HTTP/1.1" 200 31 "-" "WordPress/7.0; https://weelorum.com"
197.232.63.170 - - [27/Jul/2026:00:26:47 +0000] "POST /xmlrpc.php HTTP/1.1" 405 427 "-" "Jetpack by WordPress.com"
49.204.213.254 - - [27/Jul/2026:00:26:50 +0000] "POST /xmlrpc.php HTTP/1.1" 405 427 "-" "Mozilla/5.0 (Macintosh; Intel Mac OS X 10_15_7; arm64) AppleWebKit/537.36 (KHTML, like Gecko) Opera/76.0.0.0 Safari/537.36"
154.45.178.209 - - [27/Jul/2026:00:26:56 +0000] "GET /the-role-of-a-discovery-phase-in-application-development/ HTTP/1.1" 404 29678 "-" "Mozilla/5.0 (Windows NT 10.0; Win64; x64) AppleWebKit/537.36 (KHTML, like Gecko) Chrome/117.0.0.0 Safari/537.36"
197.232.63.170 - - [27/Jul/2026:00:26:58 +0000] "POST /xmlrpc.php HTTP/1.1" 405 427 "-" "Jetpack by WordPress.com"
181.32.112.114 - - [27/Jul/2026:00:27:01 +0000] "GET /wp-admin/admin-ajax.php?action=check_custom_clutch&nonce=7a68a0a8d5 HTTP/1.1" 200 343 "https://weelorum.com/the-role-of-a-discovery-phase-in-application-development/" "Mozilla/5.0 (Windows NT 10.0; Win64; x64) AppleWebKit/537.36 (KHTML, like Gecko) Chrome/117.0.0.0 Safari/537.36"
197.232.63.170 - - [27/Jul/2026:00:27:08 +0000] "POST /xmlrpc.php HTTP/1.1" 405 427 "-" "Jetpack/13.0; WordPress/6.3; http://site67719748.com"
49.204.213.254 - - [27/Jul/2026:00:27:11 +0000] "POST /xmlrpc.php HTTP/1.1" 405 427 "-" "Mozilla/5.0 (Windows NT 6.2; x86) AppleWebKit/537.36 (KHTML, like Gecko) Chrome/109.0.0.0 Safari/537.36"
146.190.158.65 - - [27/Jul/2026:00:27:19 +0000] "POST /wp-cron.php?doing_wp_cron=1785112039.1116030216217041015625 HTTP/1.1" 200 31 "-" "WordPress/7.0; https://weelorum.com"
197.232.63.170 - - [27/Jul/2026:00:27:19 +0000] "POST /xmlrpc.php HTTP/1.1" 405 427 "-" "Jetpack by WordPress.com (Jetpack 12.1; WordPress 6.2)"
146.190.158.65 - - [27/Jul/2026:00:27:29 +0000] "POST /wp-cron.php?doing_wp_cron=1785112049.5936620235443115234375 HTTP/1.1" 200 31 "-" "WordPress/7.0; https://weelorum.com"
197.232.63.170 - - [27/Jul/2026:00:27:29 +0000] "POST /xmlrpc.php HTTP/1.1" 405 427 "-" "WordPress.com; https://wordpress.com"
49.204.213.254 - - [27/Jul/2026:00:27:35 +0000] "POST /xmlrpc.php HTTP/1.1" 405 427 "-" "Mozilla/5.0 (Linux; Android 10; arm64) AppleWebKit/537.36 (KHTML, like Gecko) Firefox/88.0.0.0 Safari/537.36"
146.190.158.65 - - [27/Jul/2026:00:27:40 +0000] "POST /wp-cron.php?doing_wp_cron=1785112060.0788700580596923828125 HTTP/1.1" 200 31 "-" "WordPress/7.0; https://weelorum.com"
197.232.63.170 - - [27/Jul/2026:00:27:40 +0000] "POST /xmlrpc.php HTTP/1.1" 405 427 "-" "Jetpack by WordPress.com (Jetpack 12.1; WordPress 6.4)"
197.232.63.170 - - [27/Jul/2026:00:27:50 +0000] "POST /xmlrpc.php HTTP/1.1" 405 427 "-" "Jetpack by WordPress.com"
49.204.213.254 - - [27/Jul/2026:00:27:59 +0000] "POST /xmlrpc.php HTTP/1.1" 405 427 "-" "Mozilla/5.0 (Linux; Android 10; x64) AppleWebKit/537.36 (KHTML, like Gecko) Chrome/94.0.0.0 Safari/537.36"
197.232.63.170 - - [27/Jul/2026:00:28:01 +0000] "POST /xmlrpc.php HTTP/1.1" 405 427 "-" "Jetpack by WordPress.com"
146.190.158.65 - - [27/Jul/2026:00:28:01 +0000] "GET / HTTP/1.1" 301 169 "-" "Mozilla/5.0 (X11; Linux x86_64) AppleWebKit/537.36 (KHTML, like Gecko) Chrome/44.0.2403.157 Safari/537.36"
146.190.158.65 - - [27/Jul/2026:00:28:01 +0000] "GET / HTTP/1.1" 200 48886 "http://146.190.158.65" "Mozilla/5.0 (X11; Linux x86_64) AppleWebKit/537.36 (KHTML, like Gecko) Chrome/44.0.2403.157 Safari/537.36"
197.232.63.170 - - [27/Jul/2026:00:28:11 +0000] "POST /xmlrpc.php HTTP/1.1" 405 427 "-" "WordPress.com; https://wordpress.com"
146.190.158.65 - - [27/Jul/2026:00:28:22 +0000] "POST /wp-cron.php?doing_wp_cron=1785112102.1561779975891113281250 HTTP/1.1" 200 31 "-" "WordPress/7.0; https://weelorum.com"
197.232.63.170 - - [27/Jul/2026:00:28:22 +0000] "POST /xmlrpc.php HTTP/1.1" 405 427 "-" "WordPress.com; https://wordpress.com"
49.204.213.254 - - [27/Jul/2026:00:28:23 +0000] "POST /xmlrpc.php HTTP/1.1" 405 427 "-" "Mozilla/5.0 (Windows NT 6.3; x64) AppleWebKit/537.36 (KHTML, like Gecko) Chrome/102.0.0.0 Safari/537.36"
146.190.158.65 - - [27/Jul/2026:00:28:32 +0000] "POST /wp-cron.php?doing_wp_cron=1785112112.6084699630737304687500 HTTP/1.1" 200 31 "-" "WordPress/7.0; https://weelorum.com"
197.232.63.170 - - [27/Jul/2026:00:28:32 +0000] "POST /xmlrpc.php HTTP/1.1" 405 427 "-" "Jetpack/12.0; WordPress/6.1; http://site51405739.com"
146.190.158.65 - - [27/Jul/2026:00:28:43 +0000] "POST /wp-cron.php?doing_wp_cron=1785112123.1034259796142578125000 HTTP/1.1" 200 31 "-" "WordPress/7.0; https://weelorum.com"
197.232.63.170 - - [27/Jul/2026:00:28:43 +0000] "POST /xmlrpc.php HTTP/1.1" 405 427 "-" "Jetpack by WordPress.com (Jetpack 13.0; WordPress 6.4)"
49.204.213.254 - - [27/Jul/2026:00:28:47 +0000] "POST /xmlrpc.php HTTP/1.1" 405 427 "-" "Mozilla/5.0 (X11; Ubuntu; Linux x86_64; arm64) AppleWebKit/537.36 (KHTML, like Gecko) Firefox/97.0.0.0 Safari/537.36"
197.232.63.170 - - [27/Jul/2026:00:28:53 +0000] "POST /xmlrpc.php HTTP/1.1" 405 427 "-" "Jetpack/13.0; WordPress/6.4; http://site73437777.com"
197.232.63.170 - - [27/Jul/2026:00:29:04 +0000] "POST /xmlrpc.php HTTP/1.1" 405 427 "-" "Jetpack/12.0; WordPress/6.3; http://site80652093.com"
49.204.213.254 - - [27/Jul/2026:00:29:11 +0000] "POST /xmlrpc.php HTTP/1.1" 405 427 "-" "Mozilla/5.0 (Windows NT 10.0; arm64) AppleWebKit/537.36 (KHTML, like Gecko) Chrome/100.0.0.0 Safari/537.36"
197.232.63.170 - - [27/Jul/2026:00:29:14 +0000] "POST /xmlrpc.php HTTP/1.1" 405 427 "-" "Jetpack by WordPress.com (Jetpack 12.1; WordPress 6.4)"
146.190.158.65 - - [27/Jul/2026:00:29:25 +0000] "POST /wp-cron.php?doing_wp_cron=1785112165.0100989341735839843750 HTTP/1.1" 200 31 "-" "WordPress/7.0; https://weelorum.com"
197.232.63.170 - - [27/Jul/2026:00:29:25 +0000] "POST /xmlrpc.php HTTP/1.1" 405 427 "-" "Jetpack by WordPress.com"
146.190.158.65 - - [27/Jul/2026:00:29:35 +0000] "POST /wp-cron.php?doing_wp_cron=1785112175.6318640708923339843750 HTTP/1.1" 200 31 "-" "WordPress/7.0; https://weelorum.com"
197.232.63.170 - - [27/Jul/2026:00:29:35 +0000] "POST /xmlrpc.php HTTP/1.1" 405 427 "-" "Jetpack by WordPress.com (Jetpack 12.5; WordPress 6.3)"
49.204.213.254 - - [27/Jul/2026:00:29:39 +0000] "POST /xmlrpc.php HTTP/1.1" 405 427 "-" "Mozilla/5.0 (Windows NT 6.3; arm64) AppleWebKit/537.36 (KHTML, like Gecko) Edge/82.0.0.0 Safari/537.36"
146.190.158.65 - - [27/Jul/2026:00:29:46 +0000] "POST /wp-cron.php?doing_wp_cron=1785112186.0249121189117431640625 HTTP/1.1" 200 31 "-" "WordPress/7.0; https://weelorum.com"
197.232.63.170 - - [27/Jul/2026:00:29:46 +0000] "POST /xmlrpc.php HTTP/1.1" 405 427 "-" "Jetpack by WordPress.com"
197.232.63.170 - - [27/Jul/2026:00:29:56 +0000] "POST /xmlrpc.php HTTP/1.1" 405 427 "-" "Jetpack/12.1; WordPress/6.3; http://site49694746.com"
49.204.213.254 - - [27/Jul/2026:00:30:03 +0000] "POST /xmlrpc.php HTTP/1.1" 405 427 "-" "Mozilla/5.0 (Windows NT 6.3; arm64) AppleWebKit/537.36 (KHTML, like Gecko) Chrome/115.0.0.0 Safari/537.36"
197.232.63.170 - - [27/Jul/2026:00:30:07 +0000] "POST /xmlrpc.php HTTP/1.1" 405 427 "-" "Jetpack by WordPress.com"
146.190.158.65 - - [27/Jul/2026:00:30:17 +0000] "POST /wp-cron.php?doing_wp_cron=1785112217.5553989410400390625000 HTTP/1.1" 200 31 "-" "WordPress/7.0; https://weelorum.com"
197.232.63.170 - - [27/Jul/2026:00:30:17 +0000] "POST /xmlrpc.php HTTP/1.1" 405 427 "-" "Jetpack/13.0; WordPress/6.4; http://site18125661.com"
146.190.158.65 - - [27/Jul/2026:00:30:27 +0000] "POST /wp-cron.php?doing_wp_cron=1785112227.3118069171905517578125 HTTP/1.1" 200 31 "-" "WordPress/7.0; https://weelorum.com"
49.204.213.254 - - [27/Jul/2026:00:30:27 +0000] "POST /xmlrpc.php HTTP/1.1" 405 427 "-" "Mozilla/5.0 (Windows NT 6.3; arm64) AppleWebKit/537.36 (KHTML, like Gecko) Chrome/104.0.0.0 Safari/537.36"
197.232.63.170 - - [27/Jul/2026:00:30:27 +0000] "POST /xmlrpc.php HTTP/1.1" 405 427 "-" "Jetpack by WordPress.com"
197.232.63.170 - - [27/Jul/2026:00:30:38 +0000] "POST /xmlrpc.php HTTP/1.1" 405 427 "-" "Jetpack by WordPress.com (Jetpack 12.5; WordPress 6.2)"
146.190.158.65 - - [27/Jul/2026:00:30:49 +0000] "POST /wp-cron.php?doing_wp_cron=1785112249.1947379112243652343750 HTTP/1.1" 200 31 "-" "WordPress/7.0; https://weelorum.com"
197.232.63.170 - - [27/Jul/2026:00:30:49 +0000] "POST /xmlrpc.php HTTP/1.1" 405 427 "-" "Jetpack/12.5; WordPress/6.4; http://site85061506.com"
49.204.213.254 - - [27/Jul/2026:00:30:51 +0000] "POST /xmlrpc.php HTTP/1.1" 405 427 "-" "Mozilla/5.0 (Windows NT 6.3; arm64) AppleWebKit/537.36 (KHTML, like Gecko) Edge/97.0.0.0 Safari/537.36"
197.232.63.170 - - [27/Jul/2026:00:30:59 +0000] "POST /xmlrpc.php HTTP/1.1" 405 427 "-" "Jetpack/12.0; WordPress/6.4; http://site43916626.com"
197.232.63.170 - - [27/Jul/2026:00:31:10 +0000] "POST /xmlrpc.php HTTP/1.1" 405 427 "-" "Jetpack by WordPress.com (Jetpack 12.5; WordPress 6.4)"
49.204.213.254 - - [27/Jul/2026:00:31:11 +0000] "POST /xmlrpc.php HTTP/1.1" 405 427 "-" "Mozilla/5.0 (Windows NT 6.3; x86) AppleWebKit/537.36 (KHTML, like Gecko) Safari/15.0.0.0 Safari/537.36"
146.190.158.65 - - [27/Jul/2026:00:31:21 +0000] "POST /wp-cron.php?doing_wp_cron=1785112281.0191779136657714843750 HTTP/1.1" 200 31 "-" "WordPress/7.0; https://weelorum.com"
197.232.63.170 - - [27/Jul/2026:00:31:21 +0000] "POST /xmlrpc.php HTTP/1.1" 405 427 "-" "Jetpack by WordPress.com"
146.190.158.65 - - [27/Jul/2026:00:31:31 +0000] "POST /wp-cron.php?doing_wp_cron=1785112291.1576900482177734375000 HTTP/1.1" 200 31 "-" "WordPress/7.0; https://weelorum.com"
49.204.213.254 - - [27/Jul/2026:00:31:31 +0000] "POST /xmlrpc.php HTTP/1.1" 405 427 "-" "Mozilla/5.0 (Windows NT 10.0; x86) AppleWebKit/537.36 (KHTML, like Gecko) Edge/91.0.0.0 Safari/537.36"
197.232.63.170 - - [27/Jul/2026:00:31:31 +0000] "POST /xmlrpc.php HTTP/1.1" 405 427 "-" "Jetpack/12.0; WordPress/6.4; http://site75561991.com"
146.190.158.65 - - [27/Jul/2026:00:31:40 +0000] "POST /wp-cron.php?doing_wp_cron=1785112300.7537209987640380859375 HTTP/1.1" 200 31 "-" "WordPress/7.0; https://weelorum.com"
47.128.116.160 - - [27/Jul/2026:00:31:40 +0000] "GET /blog/fintech-mobile-application-development-features-challenges-and-cost HTTP/1.1" 301 5 "-" "Mozilla/5.0 (Linux; Android 5.0) AppleWebKit/537.36 (KHTML, like Gecko) Mobile Safari/537.36 (compatible; Bytespider; spider-feedback@bytedance.com)"
47.128.116.160 - - [27/Jul/2026:00:31:41 +0000] "GET /blog/fintech-mobile-application-development-features-challenges-and-cost/ HTTP/1.1" 200 92206 "-" "Mozilla/5.0 (Linux; Android 5.0) AppleWebKit/537.36 (KHTML, like Gecko) Mobile Safari/537.36 (compatible; Bytespider; spider-feedback@bytedance.com)"
47.128.116.160 - - [27/Jul/2026:00:31:41 +0000] "GET /wp-content/uploads/2023/02/34.Mob_.375.svg HTTP/1.1" 206 500 "https://weelorum.com/blog/fintech-mobile-application-development-features-challenges-and-cost/" "Mozilla/5.0 (Linux; Android 5.0) AppleWebKit/537.36 (KHTML, like Gecko) Mobile Safari/537.36 (compatible; Bytespider; spider-feedback@bytedance.com)"
47.128.116.160 - - [27/Jul/2026:00:31:41 +0000] "GET /wp-content/uploads/2023/02/34.Mob_.375.svg HTTP/1.1" 304 0 "https://weelorum.com/blog/fintech-mobile-application-development-features-challenges-and-cost/" "Mozilla/5.0 (Linux; Android 5.0) AppleWebKit/537.36 (KHTML, like Gecko) Mobile Safari/537.36 (compatible; Bytespider; spider-feedback@bytedance.com)"
197.232.63.170 - - [27/Jul/2026:00:31:42 +0000] "POST /xmlrpc.php HTTP/1.1" 405 427 "-" "Jetpack by WordPress.com"
47.128.116.160 - - [27/Jul/2026:00:31:42 +0000] "GET /wp-content/uploads/2023/02/34.Mob_.375.svg HTTP/1.1" 200 60722 "https://weelorum.com/blog/fintech-mobile-application-development-features-challenges-and-cost/" "Mozilla/5.0 (Linux; Android 5.0) AppleWebKit/537.36 (KHTML, like Gecko) Mobile Safari/537.36 (compatible; Bytespider; spider-feedback@bytedance.com)"
47.128.116.160 - - [27/Jul/2026:00:31:42 +0000] "GET /wp-content/uploads/2023/02/Global-fintech-revenue-2018-with-a-forecast-until-2024-by-region-e1677069050958-768x507.png HTTP/1.1" 206 500 "https://weelorum.com/blog/fintech-mobile-application-development-features-challenges-and-cost/" "Mozilla/5.0 (Linux; Android 5.0) AppleWebKit/537.36 (KHTML, like Gecko) Mobile Safari/537.36 (compatible; Bytespider; spider-feedback@bytedance.com)"
47.128.116.160 - - [27/Jul/2026:00:31:42 +0000] "GET /wp-content/uploads/2022/09/14.-Preview-articles.svg HTTP/1.1" 206 500 "https://weelorum.com/blog/fintech-mobile-application-development-features-challenges-and-cost/" "Mozilla/5.0 (Linux; Android 5.0) AppleWebKit/537.36 (KHTML, like Gecko) Mobile Safari/537.36 (compatible; Bytespider; spider-feedback@bytedance.com)"
47.128.116.160 - - [27/Jul/2026:00:31:43 +0000] "GET /wp-json/contact-form-7/v1/contact-forms/217/feedback/schema HTTP/1.1" 200 259 "https://weelorum.com/blog/fintech-mobile-application-development-features-challenges-and-cost/" "Mozilla/5.0 (Linux; Android 5.0) AppleWebKit/537.36 (KHTML, like Gecko) Mobile Safari/537.36 (compatible; Bytespider; spider-feedback@bytedance.com)"
47.128.116.160 - - [27/Jul/2026:00:31:43 +0000] "GET /wp-content/uploads/2022/11/16.-630_344.svg HTTP/1.1" 206 500 "https://weelorum.com/blog/fintech-mobile-application-development-features-challenges-and-cost/" "Mozilla/5.0 (Linux; Android 5.0) AppleWebKit/537.36 (KHTML, like Gecko) Mobile Safari/537.36 (compatible; Bytespider; spider-feedback@bytedance.com)"
47.128.116.160 - - [27/Jul/2026:00:31:43 +0000] "GET /wp-content/uploads/2022/08/3.-Preview-articles.svg HTTP/1.1" 206 500 "https://weelorum.com/blog/fintech-mobile-application-development-features-challenges-and-cost/" "Mozilla/5.0 (Linux; Android 5.0) AppleWebKit/537.36 (KHTML, like Gecko) Mobile Safari/537.36 (compatible; Bytespider; spider-feedback@bytedance.com)"
47.128.116.160 - - [27/Jul/2026:00:31:43 +0000] "GET /wp-content/uploads/2022/11/16.-630_344.svg HTTP/1.1" 304 0 "https://weelorum.com/blog/fintech-mobile-application-development-features-challenges-and-cost/" "Mozilla/5.0 (Linux; Android 5.0) AppleWebKit/537.36 (KHTML, like Gecko) Mobile Safari/537.36 (compatible; Bytespider; spider-feedback@bytedance.com)"
47.128.116.160 - - [27/Jul/2026:00:31:43 +0000] "GET /wp-content/uploads/2022/11/19.-630_344.svg HTTP/1.1" 206 500 "https://weelorum.com/blog/fintech-mobile-application-development-features-challenges-and-cost/" "Mozilla/5.0 (Linux; Android 5.0) AppleWebKit/537.36 (KHTML, like Gecko) Mobile Safari/537.36 (compatible; Bytespider; spider-feedback@bytedance.com)"
47.128.116.160 - - [27/Jul/2026:00:31:43 +0000] "GET /wp-content/uploads/2022/09/14.-Preview-articles.svg HTTP/1.1" 304 0 "https://weelorum.com/blog/fintech-mobile-application-development-features-challenges-and-cost/" "Mozilla/5.0 (Linux; Android 5.0) AppleWebKit/537.36 (KHTML, like Gecko) Mobile Safari/537.36 (compatible; Bytespider; spider-feedback@bytedance.com)"
47.128.116.160 - - [27/Jul/2026:00:31:43 +0000] "GET /wp-content/themes/weelorum-theme/assets/images/footer-award-2.svg HTTP/1.1" 206 500 "https://weelorum.com/blog/fintech-mobile-application-development-features-challenges-and-cost/" "Mozilla/5.0 (Linux; Android 5.0) AppleWebKit/537.36 (KHTML, like Gecko) Mobile Safari/537.36 (compatible; Bytespider; spider-feedback@bytedance.com)"
47.128.116.160 - - [27/Jul/2026:00:31:43 +0000] "GET /wp-content/uploads/2022/08/3.-Preview-articles.svg HTTP/1.1" 304 0 "https://weelorum.com/blog/fintech-mobile-application-development-features-challenges-and-cost/" "Mozilla/5.0 (Linux; Android 5.0) AppleWebKit/537.36 (KHTML, like Gecko) Mobile Safari/537.36 (compatible; Bytespider; spider-feedback@bytedance.com)"
47.128.116.160 - - [27/Jul/2026:00:31:44 +0000] "GET /wp-content/uploads/2022/11/16.-630_344.svg HTTP/1.1" 200 89962 "https://weelorum.com/blog/fintech-mobile-application-development-features-challenges-and-cost/" "Mozilla/5.0 (Linux; Android 5.0) AppleWebKit/537.36 (KHTML, like Gecko) Mobile Safari/537.36 (compatible; Bytespider; spider-feedback@bytedance.com)"
47.128.116.160 - - [27/Jul/2026:00:31:44 +0000] "GET /wp-content/uploads/2022/11/19.-630_344.svg HTTP/1.1" 304 0 "https://weelorum.com/blog/fintech-mobile-application-development-features-challenges-and-cost/" "Mozilla/5.0 (Linux; Android 5.0) AppleWebKit/537.36 (KHTML, like Gecko) Mobile Safari/537.36 (compatible; Bytespider; spider-feedback@bytedance.com)"
47.128.116.160 - - [27/Jul/2026:00:31:44 +0000] "GET /wp-content/uploads/2022/09/14.-Preview-articles.svg HTTP/1.1" 200 73347 "https://weelorum.com/blog/fintech-mobile-application-development-features-challenges-and-cost/" "Mozilla/5.0 (Linux; Android 5.0) AppleWebKit/537.36 (KHTML, like Gecko) Mobile Safari/537.36 (compatible; Bytespider; spider-feedback@bytedance.com)"
47.128.116.160 - - [27/Jul/2026:00:31:44 +0000] "GET /wp-content/themes/weelorum-theme/assets/images/footer-award-2.svg HTTP/1.1" 304 0 "https://weelorum.com/blog/fintech-mobile-application-development-features-challenges-and-cost/" "Mozilla/5.0 (Linux; Android 5.0) AppleWebKit/537.36 (KHTML, like Gecko) Mobile Safari/537.36 (compatible; Bytespider; spider-feedback@bytedance.com)"
47.128.116.160 - - [27/Jul/2026:00:31:44 +0000] "GET /wp-content/uploads/2022/11/19.-630_344.svg HTTP/1.1" 200 70290 "https://weelorum.com/blog/fintech-mobile-application-development-features-challenges-and-cost/" "Mozilla/5.0 (Linux; Android 5.0) AppleWebKit/537.36 (KHTML, like Gecko) Mobile Safari/537.36 (compatible; Bytespider; spider-feedback@bytedance.com)"
47.128.116.160 - - [27/Jul/2026:00:31:44 +0000] "GET /wp-content/uploads/2022/08/3.-Preview-articles.svg HTTP/1.1" 200 118945 "https://weelorum.com/blog/fintech-mobile-application-development-features-challenges-and-cost/" "Mozilla/5.0 (Linux; Android 5.0) AppleWebKit/537.36 (KHTML, like Gecko) Mobile Safari/537.36 (compatible; Bytespider; spider-feedback@bytedance.com)"
47.128.116.160 - - [27/Jul/2026:00:31:44 +0000] "GET /wp-content/themes/weelorum-theme/assets/images/footer-award-2.svg HTTP/1.1" 200 30445 "https://weelorum.com/blog/fintech-mobile-application-development-features-challenges-and-cost/" "Mozilla/5.0 (Linux; Android 5.0) AppleWebKit/537.36 (KHTML, like Gecko) Mobile Safari/537.36 (compatible; Bytespider; spider-feedback@bytedance.com)"
49.204.213.254 - - [27/Jul/2026:00:31:44 +0000] "POST /xmlrpc.php HTTP/1.1" 405 427 "-" "Mozilla/5.0 (X11; Ubuntu; Linux x86_64; arm64) AppleWebKit/537.36 (KHTML, like Gecko) Chrome/95.0.0.0 Safari/537.36"
47.128.116.160 - - [27/Jul/2026:00:31:44 +0000] "GET /wp-json/contact-form-7/v1/contact-forms/217/refill HTTP/1.1" 200 33 "https://weelorum.com/blog/fintech-mobile-application-development-features-challenges-and-cost/" "Mozilla/5.0 (Linux; Android 5.0) AppleWebKit/537.36 (KHTML, like Gecko) Mobile Safari/537.36 (compatible; Bytespider; spider-feedback@bytedance.com)"
197.232.63.170 - - [27/Jul/2026:00:31:52 +0000] "POST /xmlrpc.php HTTP/1.1" 405 427 "-" "Jetpack/12.1; WordPress/6.1; http://site96515341.com"
49.204.213.254 - - [27/Jul/2026:00:32:00 +0000] "POST /xmlrpc.php HTTP/1.1" 405 427 "-" "Mozilla/5.0 (Windows NT 6.2; x86) AppleWebKit/537.36 (KHTML, like Gecko) Edge/93.0.0.0 Safari/537.36"
197.232.63.170 - - [27/Jul/2026:00:32:03 +0000] "POST /xmlrpc.php HTTP/1.1" 405 427 "-" "WordPress.com; https://wordpress.com"
49.204.213.254 - - [27/Jul/2026:00:32:12 +0000] "POST /xmlrpc.php HTTP/1.1" 405 427 "-" "Mozilla/5.0 (Windows NT 6.2; arm64) AppleWebKit/537.36 (KHTML, like Gecko) Safari/14.0.0.0 Safari/537.36"
197.232.63.170 - - [27/Jul/2026:00:32:13 +0000] "POST /xmlrpc.php HTTP/1.1" 405 427 "-" "WordPress.com; https://wordpress.com"
146.190.158.65 - - [27/Jul/2026:00:32:24 +0000] "POST /wp-cron.php?doing_wp_cron=1785112344.3127779960632324218750 HTTP/1.1" 200 31 "-" "WordPress/7.0; https://weelorum.com"
197.232.63.170 - - [27/Jul/2026:00:32:24 +0000] "POST /xmlrpc.php HTTP/1.1" 405 427 "-" "Jetpack/12.0; WordPress/6.3; http://site49376296.com"
49.204.213.254 - - [27/Jul/2026:00:32:24 +0000] "POST /xmlrpc.php HTTP/1.1" 405 427 "-" "Mozilla/5.0 (Windows NT 6.3; x64) AppleWebKit/537.36 (KHTML, like Gecko) Edge/100.0.0.0 Safari/537.36"
146.190.158.65 - - [27/Jul/2026:00:32:34 +0000] "POST /wp-cron.php?doing_wp_cron=1785112354.8523960113525390625000 HTTP/1.1" 200 31 "-" "WordPress/7.0; https://weelorum.com"
197.232.63.170 - - [27/Jul/2026:00:32:34 +0000] "POST /xmlrpc.php HTTP/1.1" 405 427 "-" "Jetpack/12.5; WordPress/6.2; http://site52514271.com"
49.204.213.254 - - [27/Jul/2026:00:32:36 +0000] "POST /xmlrpc.php HTTP/1.1" 405 427 "-" "Mozilla/5.0 (Windows NT 6.2; x86) AppleWebKit/537.36 (KHTML, like Gecko) Edge/92.0.0.0 Safari/537.36"
146.190.158.65 - - [27/Jul/2026:00:32:45 +0000] "POST /wp-cron.php?doing_wp_cron=1785112365.3416988849639892578125 HTTP/1.1" 200 31 "-" "WordPress/7.0; https://weelorum.com"
197.232.63.170 - - [27/Jul/2026:00:32:45 +0000] "POST /xmlrpc.php HTTP/1.1" 405 427 "-" "Jetpack by WordPress.com (Jetpack 12.0; WordPress 6.4)"
49.204.213.254 - - [27/Jul/2026:00:32:45 +0000] "POST /xmlrpc.php HTTP/1.1" 405 427 "-" "Mozilla/5.0 (Windows NT 6.2; x64) AppleWebKit/537.36 (KHTML, like Gecko) Opera/61.0.0.0 Safari/537.36"
87.199.196.181 - - [27/Jul/2026:00:32:51 +0000] "GET /blog/coping-with-the-greatest-challenges-in-developing-a-music-streaming-app-for-ios/ HTTP/1.0" 200 358407 "https://weelorum.com/blog/coping-with-the-greatest-challenges-in-developing-a-music-streaming-app-for-ios/" "Mozilla/5.0 (Windows NT 10.0; Win64; x64) AppleWebKit/537.36 (KHTML, like Gecko) Chrome/131.0.0.0 Safari/537.36"
87.199.196.181 - - [27/Jul/2026:00:32:52 +0000] "POST /wp-comments-post.php HTTP/1.0" 302 0 "https://weelorum.com/blog/coping-with-the-greatest-challenges-in-developing-a-music-streaming-app-for-ios/" "Mozilla/5.0 (Windows NT 10.0; Win64; x64) AppleWebKit/537.36 (KHTML, like Gecko) Chrome/131.0.0.0 Safari/537.36"
87.199.196.181 - - [27/Jul/2026:00:32:53 +0000] "GET /blog/coping-with-the-greatest-challenges-in-developing-a-music-streaming-app-for-ios/ HTTP/1.0" 200 130758 "https://weelorum.com/blog/coping-with-the-greatest-challenges-in-developing-a-music-streaming-app-for-ios/#comment-40077" "Mozilla/5.0 (Windows NT 10.0; Win64; x64) AppleWebKit/537.36 (KHTML, like Gecko) Chrome/131.0.0.0 Safari/537.36"
49.204.213.254 - - [27/Jul/2026:00:32:53 +0000] "POST /xmlrpc.php HTTP/1.1" 405 427 "-" "Mozilla/5.0 (Windows NT 10.0; x86) AppleWebKit/537.36 (KHTML, like Gecko) Firefox/78.0.0.0 Safari/537.36"
197.232.63.170 - - [27/Jul/2026:00:32:55 +0000] "POST /xmlrpc.php HTTP/1.1" 405 427 "-" "Jetpack by WordPress.com (Jetpack 13.0; WordPress 6.1)"
49.204.213.254 - - [27/Jul/2026:00:33:02 +0000] "POST /xmlrpc.php HTTP/1.1" 405 427 "-" "Mozilla/5.0 (X11; Ubuntu; Linux x86_64; arm64) AppleWebKit/537.36 (KHTML, like Gecko) Firefox/99.0.0.0 Safari/537.36"
197.232.63.170 - - [27/Jul/2026:00:33:06 +0000] "POST /xmlrpc.php HTTP/1.1" 405 427 "-" "Jetpack by WordPress.com (Jetpack 12.0; WordPress 6.4)"
85.208.96.203 - - [27/Jul/2026:00:33:08 +0000] "GET /robots.txt HTTP/1.1" 200 140 "-" "Mozilla/5.0 (compatible; SemrushBot/7~bl; +http://www.semrush.com/bot.html)"
185.191.171.13 - - [27/Jul/2026:00:33:09 +0000] "GET /portfolio-projects/medconnect-2/ HTTP/1.1" 200 70955 "-" "Mozilla/5.0 (compatible; SemrushBot/7~bl; +http://www.semrush.com/bot.html)"
49.204.213.254 - - [27/Jul/2026:00:33:13 +0000] "POST /xmlrpc.php HTTP/1.1" 405 427 "-" "Mozilla/5.0 (Windows NT 6.2; x86) AppleWebKit/537.36 (KHTML, like Gecko) Firefox/88.0.0.0 Safari/537.36"
146.190.158.65 - - [27/Jul/2026:00:33:16 +0000] "POST /wp-cron.php?doing_wp_cron=1785112396.8701460361480712890625 HTTP/1.1" 200 31 "-" "WordPress/7.0; https://weelorum.com"
197.232.63.170 - - [27/Jul/2026:00:33:16 +0000] "POST /xmlrpc.php HTTP/1.1" 405 427 "-" "WordPress.com; https://wordpress.com"
197.232.63.170 - - [27/Jul/2026:00:33:27 +0000] "POST /xmlrpc.php HTTP/1.1" 405 427 "-" "Jetpack/13.0; WordPress/6.3; http://site56790556.com"
146.190.158.65 - - [27/Jul/2026:00:33:27 +0000] "POST /wp-cron.php?doing_wp_cron=1785112407.5438899993896484375000 HTTP/1.1" 200 31 "-" "WordPress/7.0; https://weelorum.com"
49.204.213.254 - - [27/Jul/2026:00:33:27 +0000] "POST /xmlrpc.php HTTP/1.1" 405 427 "-" "Mozilla/5.0 (X11; Ubuntu; Linux x86_64; x86) AppleWebKit/537.36 (KHTML, like Gecko) Edge/98.0.0.0 Safari/537.36"
197.232.63.170 - - [27/Jul/2026:00:33:37 +0000] "POST /xmlrpc.php HTTP/1.1" 405 427 "-" "Jetpack by WordPress.com"
146.190.158.65 - - [27/Jul/2026:00:33:43 +0000] "POST /wp-cron.php?doing_wp_cron=1785112423.1723070144653320312500 HTTP/1.1" 200 31 "-" "WordPress/7.0; https://weelorum.com"
49.204.213.254 - - [27/Jul/2026:00:33:43 +0000] "POST /xmlrpc.php HTTP/1.1" 405 427 "-" "Mozilla/5.0 (Windows NT 10.0; x64) AppleWebKit/537.36 (KHTML, like Gecko) Edge/95.0.0.0 Safari/537.36"
197.232.63.170 - - [27/Jul/2026:00:33:48 +0000] "POST /xmlrpc.php HTTP/1.1" 405 427 "-" "WordPress.com; https://wordpress.com"
49.204.213.254 - - [27/Jul/2026:00:33:54 +0000] "POST /xmlrpc.php HTTP/1.1" 405 427 "-" "Mozilla/5.0 (Macintosh; Intel Mac OS X 10_15_7; x64) AppleWebKit/537.36 (KHTML, like Gecko) Safari/12.0.0.0 Safari/537.36"
197.232.63.170 - - [27/Jul/2026:00:33:59 +0000] "POST /xmlrpc.php HTTP/1.1" 405 427 "-" "Jetpack by WordPress.com"
49.204.213.254 - - [27/Jul/2026:00:34:07 +0000] "POST /xmlrpc.php HTTP/1.1" 405 427 "-" "Mozilla/5.0 (Windows NT 10.0; arm64) AppleWebKit/537.36 (KHTML, like Gecko) Edge/100.0.0.0 Safari/537.36"
197.232.63.170 - - [27/Jul/2026:00:34:09 +0000] "POST /xmlrpc.php HTTP/1.1" 405 427 "-" "Jetpack/13.0; WordPress/6.3; http://site37307275.com"
146.190.158.65 - - [27/Jul/2026:00:34:19 +0000] "POST /wp-cron.php?doing_wp_cron=1785112459.1073729991912841796875 HTTP/1.1" 200 31 "-" "WordPress/7.0; https://weelorum.com"
49.204.213.254 - - [27/Jul/2026:00:34:19 +0000] "POST /xmlrpc.php HTTP/1.1" 405 427 "-" "Mozilla/5.0 (Macintosh; Intel Mac OS X 10_15_7; arm64) AppleWebKit/537.36 (KHTML, like Gecko) Safari/12.0.0.0 Safari/537.36"
197.232.63.170 - - [27/Jul/2026:00:34:20 +0000] "POST /xmlrpc.php HTTP/1.1" 405 427 "-" "Jetpack by WordPress.com (Jetpack 12.0; WordPress 6.4)"
146.190.158.65 - - [27/Jul/2026:00:34:30 +0000] "POST /wp-cron.php?doing_wp_cron=1785112470.5636000633239746093750 HTTP/1.1" 200 31 "-" "WordPress/7.0; https://weelorum.com"
197.232.63.170 - - [27/Jul/2026:00:34:30 +0000] "POST /xmlrpc.php HTTP/1.1" 405 427 "-" "Jetpack by WordPress.com"
49.204.213.254 - - [27/Jul/2026:00:34:30 +0000] "POST /xmlrpc.php HTTP/1.1" 405 427 "-" "Mozilla/5.0 (Macintosh; Intel Mac OS X 10_15_7; arm64) AppleWebKit/537.36 (KHTML, like Gecko) Firefox/89.0.0.0 Safari/537.36"
172.212.159.64 - - [27/Jul/2026:00:34:34 +0000] "GET /blog/5-must-have-features-for-a-successful-ai-powered-dating-app/ HTTP/1.1" 200 89554 "-" "Mozilla/5.0 AppleWebKit/537.36 (KHTML, like Gecko); compatible; ChatGPT-User/1.0; +https://openai.com/bot"
146.190.158.65 - - [27/Jul/2026:00:34:41 +0000] "POST /wp-cron.php?doing_wp_cron=1785112481.0089769363403320312500 HTTP/1.1" 200 31 "-" "WordPress/7.0; https://weelorum.com"
197.232.63.170 - - [27/Jul/2026:00:34:41 +0000] "POST /xmlrpc.php HTTP/1.1" 405 427 "-" "Jetpack by WordPress.com"
49.204.213.254 - - [27/Jul/2026:00:34:42 +0000] "POST /xmlrpc.php HTTP/1.1" 405 427 "-" "Mozilla/5.0 (X11; Ubuntu; Linux x86_64; arm64) AppleWebKit/537.36 (KHTML, like Gecko) Safari/14.0.0.0 Safari/537.36"
197.232.63.170 - - [27/Jul/2026:00:34:51 +0000] "POST /xmlrpc.php HTTP/1.1" 405 427 "-" "WordPress.com; https://wordpress.com"
49.204.213.254 - - [27/Jul/2026:00:34:55 +0000] "POST /xmlrpc.php HTTP/1.1" 405 427 "-" "Mozilla/5.0 (Windows NT 6.2; arm64) AppleWebKit/537.36 (KHTML, like Gecko) Edge/96.0.0.0 Safari/537.36"
197.232.63.170 - - [27/Jul/2026:00:35:02 +0000] "POST /xmlrpc.php HTTP/1.1" 405 427 "-" "Jetpack/12.5; WordPress/6.3; http://site72689572.com"
49.204.213.254 - - [27/Jul/2026:00:35:06 +0000] "POST /xmlrpc.php HTTP/1.1" 405 427 "-" "Mozilla/5.0 (X11; Ubuntu; Linux x86_64; x64) AppleWebKit/537.36 (KHTML, like Gecko) Firefox/98.0.0.0 Safari/537.36"
197.232.63.170 - - [27/Jul/2026:00:35:12 +0000] "POST /xmlrpc.php HTTP/1.1" 405 427 "-" "Jetpack/12.1; WordPress/6.3; http://site76191009.com"
146.190.158.65 - - [27/Jul/2026:00:35:18 +0000] "POST /wp-cron.php?doing_wp_cron=1785112518.8855879306793212890625 HTTP/1.1" 200 31 "-" "WordPress/7.0; https://weelorum.com"
49.204.213.254 - - [27/Jul/2026:00:35:18 +0000] "POST /xmlrpc.php HTTP/1.1" 405 427 "-" "Mozilla/5.0 (Macintosh; Intel Mac OS X 10_15_7; x64) AppleWebKit/537.36 (KHTML, like Gecko) Firefox/87.0.0.0 Safari/537.36"
197.232.63.170 - - [27/Jul/2026:00:35:23 +0000] "POST /xmlrpc.php HTTP/1.1" 405 427 "-" "Jetpack/12.0; WordPress/6.1; http://site88176225.com"
146.190.158.65 - - [27/Jul/2026:00:35:26 +0000] "POST /wp-cron.php?doing_wp_cron=1785112526.0181789398193359375000 HTTP/1.1" 200 31 "-" "WordPress/7.0; https://weelorum.com"
49.204.213.254 - - [27/Jul/2026:00:35:26 +0000] "POST /xmlrpc.php HTTP/1.1" 405 427 "-" "Mozilla/5.0 (Windows NT 10.0; x64) AppleWebKit/537.36 (KHTML, like Gecko) Edge/87.0.0.0 Safari/537.36"
49.204.213.254 - - [27/Jul/2026:00:35:32 +0000] "POST /xmlrpc.php HTTP/1.1" 405 427 "-" "Mozilla/5.0 (Windows NT 10.0; x86) AppleWebKit/537.36 (KHTML, like Gecko) Opera/60.0.0.0 Safari/537.36"
197.232.63.170 - - [27/Jul/2026:00:35:33 +0000] "POST /xmlrpc.php HTTP/1.1" 405 427 "-" "Jetpack/13.0; WordPress/6.1; http://site29794545.com"
146.190.158.65 - - [27/Jul/2026:00:35:40 +0000] "POST /wp-cron.php?doing_wp_cron=1785112540.4202659130096435546875 HTTP/1.1" 200 31 "-" "WordPress/7.0; https://weelorum.com"
49.204.213.254 - - [27/Jul/2026:00:35:40 +0000] "POST /xmlrpc.php HTTP/1.1" 405 427 "-" "Mozilla/5.0 (Windows NT 10.0; x64) AppleWebKit/537.36 (KHTML, like Gecko) Safari/12.0.0.0 Safari/537.36"
197.232.63.170 - - [27/Jul/2026:00:35:44 +0000] "POST /xmlrpc.php HTTP/1.1" 405 427 "-" "Jetpack by WordPress.com (Jetpack 12.0; WordPress 6.4)"
49.204.213.254 - - [27/Jul/2026:00:35:49 +0000] "POST /xmlrpc.php HTTP/1.1" 405 427 "-" "Mozilla/5.0 (Windows NT 6.2; arm64) AppleWebKit/537.36 (KHTML, like Gecko) Edge/92.0.0.0 Safari/537.36"
185.191.171.13 - - [27/Jul/2026:00:35:50 +0000] "GET /technology/watchos/ HTTP/1.1" 200 54415 "-" "Mozilla/5.0 (compatible; SemrushBot/7~bl; +http://www.semrush.com/bot.html)"
197.232.63.170 - - [27/Jul/2026:00:35:54 +0000] "POST /xmlrpc.php HTTP/1.1" 405 427 "-" "Jetpack by WordPress.com"
49.204.213.254 - - [27/Jul/2026:00:35:57 +0000] "POST /xmlrpc.php HTTP/1.1" 405 427 "-" "Mozilla/5.0 (Linux; Android 10; x64) AppleWebKit/537.36 (KHTML, like Gecko) Firefox/94.0.0.0 Safari/537.36"
197.232.63.170 - - [27/Jul/2026:00:36:05 +0000] "POST /xmlrpc.php HTTP/1.1" 405 427 "-" "Jetpack by WordPress.com (Jetpack 13.0; WordPress 6.3)"
49.204.213.254 - - [27/Jul/2026:00:36:06 +0000] "POST /xmlrpc.php HTTP/1.1" 405 427 "-" "Mozilla/5.0 (Windows NT 6.3; x86) AppleWebKit/537.36 (KHTML, like Gecko) Edge/99.0.0.0 Safari/537.36"
49.204.213.254 - - [27/Jul/2026:00:36:14 +0000] "POST /xmlrpc.php HTTP/1.1" 405 427 "-" "Mozilla/5.0 (Windows NT 10.0; arm64) AppleWebKit/537.36 (KHTML, like Gecko) Safari/15.0.0.0 Safari/537.36"
146.190.158.65 - - [27/Jul/2026:00:36:15 +0000] "POST /wp-cron.php?doing_wp_cron=1785112575.7336280345916748046875 HTTP/1.1" 200 31 "-" "WordPress/7.0; https://weelorum.com"
197.232.63.170 - - [27/Jul/2026:00:36:15 +0000] "POST /xmlrpc.php HTTP/1.1" 405 427 "-" "WordPress.com; https://wordpress.com"
49.204.213.254 - - [27/Jul/2026:00:36:21 +0000] "POST /xmlrpc.php HTTP/1.1" 405 427 "-" "Mozilla/5.0 (Windows NT 10.0; arm64) AppleWebKit/537.36 (KHTML, like Gecko) Firefox/93.0.0.0 Safari/537.36"
146.190.158.65 - - [27/Jul/2026:00:36:26 +0000] "POST /wp-cron.php?doing_wp_cron=1785112586.2977869510650634765625 HTTP/1.1" 200 31 "-" "WordPress/7.0; https://weelorum.com"
197.232.63.170 - - [27/Jul/2026:00:36:26 +0000] "POST /xmlrpc.php HTTP/1.1" 405 427 "-" "Jetpack by WordPress.com"
49.204.213.254 - - [27/Jul/2026:00:36:29 +0000] "POST /xmlrpc.php HTTP/1.1" 405 427 "-" "Mozilla/5.0 (Windows NT 10.0; x86) AppleWebKit/537.36 (KHTML, like Gecko) Firefox/77.0.0.0 Safari/537.36"
197.232.63.170 - - [27/Jul/2026:00:36:37 +0000] "POST /xmlrpc.php HTTP/1.1" 405 427 "-" "Jetpack by WordPress.com (Jetpack 13.0; WordPress 6.1)"
49.204.213.254 - - [27/Jul/2026:00:36:37 +0000] "POST /xmlrpc.php HTTP/1.1" 405 427 "-" "Mozilla/5.0 (X11; Ubuntu; Linux x86_64; arm64) AppleWebKit/537.36 (KHTML, like Gecko) Edge/92.0.0.0 Safari/537.36"
146.190.158.65 - - [27/Jul/2026:00:36:44 +0000] "POST /wp-cron.php?doing_wp_cron=1785112604.7109599113464355468750 HTTP/1.1" 200 31 "-" "WordPress/7.0; https://weelorum.com"
49.204.213.254 - - [27/Jul/2026:00:36:44 +0000] "POST /xmlrpc.php HTTP/1.1" 405 427 "-" "Mozilla/5.0 (X11; Ubuntu; Linux x86_64; arm64) AppleWebKit/537.36 (KHTML, like Gecko) Safari/13.0.0.0 Safari/537.36"
197.232.63.170 - - [27/Jul/2026:00:36:47 +0000] "POST /xmlrpc.php HTTP/1.1" 405 427 "-" "WordPress.com; https://wordpress.com"
49.204.213.254 - - [27/Jul/2026:00:36:52 +0000] "POST /xmlrpc.php HTTP/1.1" 405 427 "-" "Mozilla/5.0 (Windows NT 6.2; x86) AppleWebKit/537.36 (KHTML, like Gecko) Opera/79.0.0.0 Safari/537.36"
49.204.213.254 - - [27/Jul/2026:00:36:59 +0000] "POST /xmlrpc.php HTTP/1.1" 405 427 "-" "Mozilla/5.0 (Linux; Android 10; x64) AppleWebKit/537.36 (KHTML, like Gecko) Firefox/81.0.0.0 Safari/537.36"
49.204.213.254 - - [27/Jul/2026:00:37:05 +0000] "POST /xmlrpc.php HTTP/1.1" 405 427 "-" "Mozilla/5.0 (Windows NT 10.0; arm64) AppleWebKit/537.36 (KHTML, like Gecko) Firefox/88.0.0.0 Safari/537.36"
49.204.213.254 - - [27/Jul/2026:00:37:11 +0000] "POST /xmlrpc.php HTTP/1.1" 405 427 "-" "Mozilla/5.0 (X11; Ubuntu; Linux x86_64; x86) AppleWebKit/537.36 (KHTML, like Gecko) Firefox/97.0.0.0 Safari/537.36"
146.190.158.65 - - [27/Jul/2026:00:37:16 +0000] "POST /wp-cron.php?doing_wp_cron=1785112636.2298529148101806640625 HTTP/1.1" 200 31 "-" "WordPress/7.0; https://weelorum.com"
49.204.213.254 - - [27/Jul/2026:00:37:16 +0000] "POST /xmlrpc.php HTTP/1.1" 405 427 "-" "Mozilla/5.0 (X11; Ubuntu; Linux x86_64; x86) AppleWebKit/537.36 (KHTML, like Gecko) Edge/100.0.0.0 Safari/537.36"
49.204.213.254 - - [27/Jul/2026:00:37:22 +0000] "POST /xmlrpc.php HTTP/1.1" 405 427 "-" "Mozilla/5.0 (X11; Ubuntu; Linux x86_64; x86) AppleWebKit/537.36 (KHTML, like Gecko) Safari/11.0.0.0 Safari/537.36"
146.190.158.65 - - [27/Jul/2026:00:37:28 +0000] "POST /wp-cron.php?doing_wp_cron=1785112648.3228719234466552734375 HTTP/1.1" 200 31 "-" "WordPress/7.0; https://weelorum.com"
49.204.213.254 - - [27/Jul/2026:00:37:28 +0000] "POST /xmlrpc.php HTTP/1.1" 405 427 "-" "Mozilla/5.0 (Windows NT 6.2; x64) AppleWebKit/537.36 (KHTML, like Gecko) Chrome/103.0.0.0 Safari/537.36"
49.204.213.254 - - [27/Jul/2026:00:37:32 +0000] "POST /xmlrpc.php HTTP/1.1" 405 427 "-" "Mozilla/5.0 (Windows NT 10.0; x64) AppleWebKit/537.36 (KHTML, like Gecko) Opera/64.0.0.0 Safari/537.36"
47.236.96.46 - - [27/Jul/2026:00:38:22 +0000] "GET /wp-content/uploads/2022/11/17.-630_344.svg HTTP/1.1" 200 63083 "-" "Mozilla/5.0 (X11; Linux x86_64) AppleWebKit/537.36 (KHTML, like Gecko) Chrome/100.0.4896.75 Safari/537.36"
62.113.113.162 - - [27/Jul/2026:00:39:37 +0000] "GET /blog/find-out-how-to-estimate-cost-of-app-development-with-weelorum/ HTTP/1.0" 200 365755 "https://weelorum.com/blog/find-out-how-to-estimate-cost-of-app-development-with-weelorum/#comment-33682/" "Mozilla/5.0 (Windows NT 10.0; Win64; x64) AppleWebKit/537.36 (KHTML, like Gecko) Chrome/131.0.0.0 Safari/537.36"
146.190.158.65 - - [27/Jul/2026:00:39:39 +0000] "POST /wp-cron.php?doing_wp_cron=1785112779.0224089622497558593750 HTTP/1.1" 200 31 "-" "WordPress/7.0; https://weelorum.com"
62.113.113.162 - - [27/Jul/2026:00:39:39 +0000] "POST /wp-comments-post.php HTTP/1.0" 302 0 "https://weelorum.com/blog/find-out-how-to-estimate-cost-of-app-development-with-weelorum/#comment-33682/" "Mozilla/5.0 (Windows NT 10.0; Win64; x64) AppleWebKit/537.36 (KHTML, like Gecko) Chrome/131.0.0.0 Safari/537.36"
146.190.158.65 - - [27/Jul/2026:00:39:40 +0000] "POST /wp-cron.php?doing_wp_cron=1785112780.1161689758300781250000 HTTP/1.1" 200 31 "-" "WordPress/7.0; https://weelorum.com"
62.113.113.162 - - [27/Jul/2026:00:39:40 +0000] "GET /blog/find-out-how-to-estimate-cost-of-app-development-with-weelorum/ HTTP/1.0" 200 212793 "https://weelorum.com/blog/find-out-how-to-estimate-cost-of-app-development-with-weelorum/#comment-40078" "Mozilla/5.0 (Windows NT 10.0; Win64; x64) AppleWebKit/537.36 (KHTML, like Gecko) Chrome/131.0.0.0 Safari/537.36"
57.141.18.38 - - [27/Jul/2026:00:41:15 +0000] "GET /portfolio-projects/regent/ HTTP/1.1" 200 283585 "-" "Mozilla/5.0 (Windows NT 10.0; Win64; x64) AppleWebKit/537.36 (KHTML, like Gecko) Chrome/145.0.0.0 Safari/537.36 (compatible; meta-externalagent/1.1 (+https://developers.facebook.com/docs/sharing/webmasters/crawler))"
146.190.158.65 - - [27/Jul/2026:00:42:01 +0000] "GET / HTTP/1.1" 301 169 "-" "Mozilla/5.0 (X11; Linux x86_64) AppleWebKit/537.36 (KHTML, like Gecko) Chrome/44.0.2403.157 Safari/537.36"
146.190.158.65 - - [27/Jul/2026:00:42:01 +0000] "GET / HTTP/1.1" 200 16118 "http://146.190.158.65" "Mozilla/5.0 (X11; Linux x86_64) AppleWebKit/537.36 (KHTML, like Gecko) Chrome/44.0.2403.157 Safari/537.36"
89.110.64.239 - - [27/Jul/2026:00:42:26 +0000] "GET /blog/find-out-how-to-estimate-cost-of-app-development-with-weelorum/ HTTP/1.0" 200 365755 "https://weelorum.com/blog/find-out-how-to-estimate-cost-of-app-development-with-weelorum/" "Mozilla/5.0 (Windows NT 10.0; Win64; x64) AppleWebKit/537.36 (KHTML, like Gecko) Chrome/131.0.0.0 Safari/537.36 Avast/131.0.0.0"
146.190.158.65 - - [27/Jul/2026:00:42:27 +0000] "POST /wp-cron.php?doing_wp_cron=1785112947.1093690395355224609375 HTTP/1.1" 200 31 "-" "WordPress/7.0; https://weelorum.com"
89.110.64.239 - - [27/Jul/2026:00:42:27 +0000] "POST /wp-comments-post.php HTTP/1.0" 302 0 "https://weelorum.com/blog/find-out-how-to-estimate-cost-of-app-development-with-weelorum/" "Mozilla/5.0 (Windows NT 10.0; Win64; x64) AppleWebKit/537.36 (KHTML, like Gecko) Chrome/131.0.0.0 Safari/537.36 Avast/131.0.0.0"
89.110.64.239 - - [27/Jul/2026:00:42:28 +0000] "GET /blog/find-out-how-to-estimate-cost-of-app-development-with-weelorum/ HTTP/1.0" 200 212782 "https://weelorum.com/blog/find-out-how-to-estimate-cost-of-app-development-with-weelorum/#comment-40079" "Mozilla/5.0 (Windows NT 10.0; Win64; x64) AppleWebKit/537.36 (KHTML, like Gecko) Chrome/131.0.0.0 Safari/537.36 Avast/131.0.0.0"
85.208.96.208 - - [27/Jul/2026:00:47:06 +0000] "GET /portfolio-projects/vortex/ HTTP/1.1" 200 70529 "-" "Mozilla/5.0 (compatible; SemrushBot/7~bl; +http://www.semrush.com/bot.html)"
110.249.201.61 - - [27/Jul/2026:00:47:08 +0000] "GET /robots.txt HTTP/1.1" 200 140 "-" "Mozilla/5.0 (Linux; Android 5.0) AppleWebKit/537.36 (KHTML, like Gecko) Mobile Safari/537.36 (compatible; Bytespider; https://zhanzhang.toutiao.com/)"
