31.192.250.0 - - [27/Jul/2026:08:29:23 +0000] "GET /solutions/fintech-application-development-services/tel:380962170860 HTTP/1.1" 404 29678 "-" "Mozilla/5.0 (Windows NT 10.0; Win64; x64) AppleWebKit/537.36 (KHTML, like Gecko) Chrome/90.0.4430.41 Safari/537.36"
146.190.158.65 - - [27/Jul/2026:08:30:08 +0000] "POST /wp-cron.php?doing_wp_cron=1785141008.0510571002960205078125 HTTP/1.1" 200 31 "-" "WordPress/7.0; https://weelorum.com"
89.124.105.143 - - [27/Jul/2026:08:30:08 +0000] "GET /key-things-you-should-know-when-making-a-calendar-app/ HTTP/1.0" 404 130387 "-" "Mozilla/5.0 (Windows NT 6.3; Win64; x64) AppleWebKit/537.36 (KHTML, like Gecko) Chrome/75.0.3770.100 Safari/537.36"
100.28.57.133 - - [27/Jul/2026:08:30:59 +0000] "GET /wp-content/uploads/2023/01/22702-150x150.jpeg HTTP/1.1" 200 6065 "-" "Mozilla/5.0 AppleWebKit/537.36 (KHTML, like Gecko; compatible; Amazonbot/0.1; +https://developer.amazon.com/support/amazonbot) Chrome/119.0.6045.214 Safari/537.36"
2a06:98c0:3600::103 - - [27/Jul/2026:08:31:40 +0000] "GET / HTTP/1.1" 200 48886 "-" "Mozilla/5.0 (Macintosh; Intel Mac OS X 10_15_7) AppleWebKit/537.36 (KHTML, like Gecko) Chrome/147.0.0.0 Safari/537.36 CloudflareWebScanner/1.0"
85.208.96.194 - - [27/Jul/2026:08:33:04 +0000] "GET /technology/node-js/ HTTP/1.1" 200 55637 "-" "Mozilla/5.0 (compatible; SemrushBot/7~bl; +http://www.semrush.com/bot.html)"
146.190.158.65 - - [27/Jul/2026:08:34:31 +0000] "POST /wp-cron.php?doing_wp_cron=1785141271.8428370952606201171875 HTTP/1.1" 200 31 "-" "WordPress/7.0; https://weelorum.com"
3.208.156.9 - - [27/Jul/2026:08:34:31 +0000] "GET /wp-json/wp/v2/posts/10182 HTTP/1.1" 200 15111 "-" "Mozilla/5.0 AppleWebKit/537.36 (KHTML, like Gecko; compatible; Amazonbot/0.1; +https://developer.amazon.com/support/amazonbot) Chrome/119.0.6045.214 Safari/537.36"
146.190.158.65 - - [27/Jul/2026:08:37:31 +0000] "POST /wp-cron.php?doing_wp_cron=1785141451.8888449668884277343750 HTTP/1.1" 200 31 "-" "WordPress/7.0; https://weelorum.com"
109.207.117.201 - - [27/Jul/2026:08:37:31 +0000] "GET /blog/comprehensive-guide-to-creating-an-app-like-bereal HTTP/1.1" 301 5 "-" "Mozilla/5.0 (Windows NT 10.0; Win64; x64) AppleWebKit/537.36 (KHTML, like Gecko) Chrome/138.0.0.0 Safari/537.36"
103.161.99.247 - - [27/Jul/2026:08:37:39 +0000] "GET /blog/comprehensive-guide-to-creating-an-app-like-bereal/ HTTP/1.1" 200 90033 "-" "Mozilla/5.0 (Windows NT 10.0; Win64; x64) AppleWebKit/537.36 (KHTML, like Gecko) Chrome/138.0.0.0 Safari/537.36"
31.31.107.210 - - [27/Jul/2026:08:37:40 +0000] "GET /wp-includes/js/jquery/jquery-migrate.min.js?ver=3.4.1 HTTP/1.1" 200 5355 "-" "Mozilla/5.0 (Windows NT 10.0; Win64; x64) AppleWebKit/537.36 (KHTML, like Gecko) Chrome/138.0.0.0 Safari/537.36"
46.175.174.135 - - [27/Jul/2026:08:37:40 +0000] "GET /wp-content/plugins/wp-rocket/assets/js/lazyload/17.8.3/lazyload.min.js HTTP/1.1" 200 3400 "-" "Mozilla/5.0 (Windows NT 10.0; Win64; x64) AppleWebKit/537.36 (KHTML, like Gecko) Chrome/138.0.0.0 Safari/537.36"
195.28.31.237 - - [27/Jul/2026:08:37:40 +0000] "GET /wp-content/cache/min/1/wp-content/themes/weelorum-theme/assets/js/main.js?ver=1784812621 HTTP/1.1" 200 1767 "-" "Mozilla/5.0 (Windows NT 10.0; Win64; x64) AppleWebKit/537.36 (KHTML, like Gecko) Chrome/138.0.0.0 Safari/537.36"
46.175.248.248 - - [27/Jul/2026:08:37:40 +0000] "GET /wp-content/cache/min/1/wp-content/plugins/contact-form-7/includes/js/index.js?ver=1784812623 HTTP/1.1" 200 4803 "-" "Mozilla/5.0 (Windows NT 10.0; Win64; x64) AppleWebKit/537.36 (KHTML, like Gecko) Chrome/138.0.0.0 Safari/537.36"
109.205.163.38 - - [27/Jul/2026:08:37:41 +0000] "GET /wp-content/cache/min/1/wp-content/plugins/contact-form-7/includes/swv/js/index.js?ver=1784812623 HTTP/1.1" 200 3887 "-" "Mozilla/5.0 (Windows NT 10.0; Win64; x64) AppleWebKit/537.36 (KHTML, like Gecko) Chrome/138.0.0.0 Safari/537.36"
131.108.179.21 - - [27/Jul/2026:08:37:41 +0000] "GET /wp-includes/js/dist/i18n.min.js?ver=781d11515ad3d91786ec HTTP/1.1" 200 2574 "-" "Mozilla/5.0 (Windows NT 10.0; Win64; x64) AppleWebKit/537.36 (KHTML, like Gecko) Chrome/138.0.0.0 Safari/537.36"
84.54.73.95 - - [27/Jul/2026:08:37:41 +0000] "GET /wp-includes/js/jquery/jquery.min.js?ver=3.7.1 HTTP/1.1" 200 35451 "-" "Mozilla/5.0 (Windows NT 10.0; Win64; x64) AppleWebKit/537.36 (KHTML, like Gecko) Chrome/138.0.0.0 Safari/537.36"
173.252.82.14 - - [27/Jul/2026:08:39:32 +0000] "GET /wp-content/uploads/2024/11/Photo%D0%A1opy-360x522.png HTTP/1.1" 200 36705 "-" "meta-externalagent/1.1 (+https://developers.facebook.com/docs/sharing/webmasters/crawler)"
176.20.194.78 - - [27/Jul/2026:08:39:41 +0000] "GET /wp-content/uploads/2023/08/Frame-513071.svg HTTP/1.1" 200 813 "-" "Mozilla/5.0 (compatible; crawler)"
85.208.96.212 - - [27/Jul/2026:08:40:13 +0000] "GET /success-stories/bliss-pool/ HTTP/1.1" 200 74718 "-" "Mozilla/5.0 (compatible; SemrushBot/7~bl; +http://www.semrush.com/bot.html)"
146.190.158.65 - - [27/Jul/2026:08:42:01 +0000] "GET / HTTP/1.1" 301 169 "-" "Mozilla/5.0 (X11; Linux x86_64) AppleWebKit/537.36 (KHTML, like Gecko) Chrome/44.0.2403.157 Safari/537.36"
146.190.158.65 - - [27/Jul/2026:08:42:01 +0000] "GET / HTTP/1.1" 200 48886 "http://146.190.158.65" "Mozilla/5.0 (X11; Linux x86_64) AppleWebKit/537.36 (KHTML, like Gecko) Chrome/44.0.2403.157 Safari/537.36"
162.0.223.146 - - [27/Jul/2026:08:42:06 +0000] "HEAD /services/mobile-app-launch-company/ HTTP/1.1" 200 0 "https://leadgenapp.io" "WPMU DEV Broken Link Checker Local Engine"
185.192.20.168 - - [27/Jul/2026:08:42:17 +0000] "GET /blog/find-out-how-to-estimate-cost-of-app-development-with-weelorum/ HTTP/1.0" 200 365755 "https://weelorum.com/blog/find-out-how-to-estimate-cost-of-app-development-with-weelorum/#comment-37631" "Mozilla/5.0 (Windows NT 6.1; Win64; x64) AppleWebKit/537.36 (KHTML, like Gecko) Chrome/103.0.5060.66 Safari/537.36"
146.190.158.65 - - [27/Jul/2026:08:42:20 +0000] "POST /wp-cron.php?doing_wp_cron=1785141740.8078238964080810546875 HTTP/1.1" 200 31 "-" "WordPress/7.0; https://weelorum.com"
137.59.122.101 - - [27/Jul/2026:08:42:20 +0000] "GET /blog/ HTTP/1.1" 200 67961 "-" "Mozilla/5.0 (iPhone; CPU iPhone OS 18_7 like Mac OS X) AppleWebKit/605.1.15 (KHTML, like Gecko) Version/26.4 Mobile/15E148 Safari/604.1"
185.192.20.168 - - [27/Jul/2026:08:42:20 +0000] "POST /wp-comments-post.php HTTP/1.0" 302 0 "https://weelorum.com/blog/find-out-how-to-estimate-cost-of-app-development-with-weelorum/#comment-37631" "Mozilla/5.0 (Windows NT 6.1; Win64; x64) AppleWebKit/537.36 (KHTML, like Gecko) Chrome/103.0.5060.66 Safari/537.36"
137.59.122.101 - - [27/Jul/2026:08:42:22 +0000] "GET /wp-content/uploads/2026/06/ChatGPT-Image-5-%D0%B8%D1%8E%D0%BD.-2026-%D0%B3.-15_04_55-2-410x233.png HTTP/1.1" 200 14268 "https://weelorum.com/blog/" "Mozilla/5.0 (iPhone; CPU iPhone OS 18_7 like Mac OS X) AppleWebKit/605.1.15 (KHTML, like Gecko) Version/26.4 Mobile/15E148 Safari/604.1"
137.59.122.101 - - [27/Jul/2026:08:42:22 +0000] "GET /wp-content/themes/weelorum-theme/assets/fonts/montserrat.woff2 HTTP/1.1" 200 30300 "https://weelorum.com/blog/" "Mozilla/5.0 (iPhone; CPU iPhone OS 18_7 like Mac OS X) AppleWebKit/605.1.15 (KHTML, like Gecko) Version/26.4 Mobile/15E148 Safari/604.1"
185.192.20.168 - - [27/Jul/2026:08:42:22 +0000] "GET /blog/find-out-how-to-estimate-cost-of-app-development-with-weelorum/ HTTP/1.0" 200 212762 "https://weelorum.com/blog/find-out-how-to-estimate-cost-of-app-development-with-weelorum/#comment-40108" "Mozilla/5.0 (Windows NT 6.1; Win64; x64) AppleWebKit/537.36 (KHTML, like Gecko) Chrome/103.0.5060.66 Safari/537.36"
137.59.122.101 - - [27/Jul/2026:08:42:22 +0000] "GET /wp-content/cache/min/1/wp-content/themes/weelorum-theme/css/awards-section.css?ver=1784812621 HTTP/1.1" 200 1392 "https://weelorum.com/blog/" "Mozilla/5.0 (iPhone; CPU iPhone OS 18_7 like Mac OS X) AppleWebKit/605.1.15 (KHTML, like Gecko) Version/26.4 Mobile/15E148 Safari/604.1"
137.59.122.101 - - [27/Jul/2026:08:42:22 +0000] "GET /wp-content/cache/background-css/1/weelorum.com/wp-content/cache/min/1/wp-content/themes/weelorum-theme/assets/css/wl-pages.css?ver=1784812621&wpr_t=1785086990 HTTP/1.1" 200 58160 "https://weelorum.com/blog/" "Mozilla/5.0 (iPhone; CPU iPhone OS 18_7 like Mac OS X) AppleWebKit/605.1.15 (KHTML, like Gecko) Version/26.4 Mobile/15E148 Safari/604.1"
137.59.122.101 - - [27/Jul/2026:08:42:23 +0000] "GET /wp-includes/js/dist/i18n.min.js?ver=781d11515ad3d91786ec HTTP/1.1" 200 2574 "https://weelorum.com/blog/" "Mozilla/5.0 (iPhone; CPU iPhone OS 18_7 like Mac OS X) AppleWebKit/605.1.15 (KHTML, like Gecko) Version/26.4 Mobile/15E148 Safari/604.1"
137.59.122.101 - - [27/Jul/2026:08:42:23 +0000] "GET /wp-includes/js/jquery/jquery.min.js?ver=3.7.1 HTTP/1.1" 200 35451 "https://weelorum.com/blog/" "Mozilla/5.0 (iPhone; CPU iPhone OS 18_7 like Mac OS X) AppleWebKit/605.1.15 (KHTML, like Gecko) Version/26.4 Mobile/15E148 Safari/604.1"
137.59.122.101 - - [27/Jul/2026:08:42:23 +0000] "GET /wp-includes/js/jquery/jquery-migrate.min.js?ver=3.4.1 HTTP/1.1" 200 5355 "https://weelorum.com/blog/" "Mozilla/5.0 (iPhone; CPU iPhone OS 18_7 like Mac OS X) AppleWebKit/605.1.15 (KHTML, like Gecko) Version/26.4 Mobile/15E148 Safari/604.1"
137.59.122.101 - - [27/Jul/2026:08:42:23 +0000] "GET /wp-content/cache/min/1/wp-content/themes/weelorum-theme/assets/js/main.js?ver=1784812621 HTTP/1.1" 200 1767 "https://weelorum.com/blog/" "Mozilla/5.0 (iPhone; CPU iPhone OS 18_7 like Mac OS X) AppleWebKit/605.1.15 (KHTML, like Gecko) Version/26.4 Mobile/15E148 Safari/604.1"
137.59.122.101 - - [27/Jul/2026:08:42:23 +0000] "GET /wp-content/uploads/2022/06/close-form-upload.png HTTP/1.1" 200 251 "https://weelorum.com/blog/" "Mozilla/5.0 (iPhone; CPU iPhone OS 18_7 like Mac OS X) AppleWebKit/605.1.15 (KHTML, like Gecko) Version/26.4 Mobile/15E148 Safari/604.1"
137.59.122.101 - - [27/Jul/2026:08:42:23 +0000] "GET /wp-content/cache/min/1/wp-content/plugins/contact-form-7/includes/swv/js/index.js?ver=1784812623 HTTP/1.1" 200 3887 "https://weelorum.com/blog/" "Mozilla/5.0 (iPhone; CPU iPhone OS 18_7 like Mac OS X) AppleWebKit/605.1.15 (KHTML, like Gecko) Version/26.4 Mobile/15E148 Safari/604.1"
137.59.122.101 - - [27/Jul/2026:08:42:24 +0000] "GET /wp-content/cache/min/1/wp-content/plugins/contact-form-7/includes/js/index.js?ver=1784812623 HTTP/1.1" 200 4803 "https://weelorum.com/blog/" "Mozilla/5.0 (iPhone; CPU iPhone OS 18_7 like Mac OS X) AppleWebKit/605.1.15 (KHTML, like Gecko) Version/26.4 Mobile/15E148 Safari/604.1"
137.59.122.101 - - [27/Jul/2026:08:42:24 +0000] "GET /wp-content/plugins/wp-rocket/assets/js/lazyload/17.8.3/lazyload.min.js HTTP/1.1" 200 3400 "https://weelorum.com/blog/" "Mozilla/5.0 (iPhone; CPU iPhone OS 18_7 like Mac OS X) AppleWebKit/605.1.15 (KHTML, like Gecko) Version/26.4 Mobile/15E148 Safari/604.1"
137.59.122.101 - - [27/Jul/2026:08:42:24 +0000] "GET /wp-content/themes/weelorum-theme/assets/images/logo-black.png HTTP/1.1" 200 4286 "https://weelorum.com/wp-content/cache/background-css/1/weelorum.com/wp-content/cache/min/1/wp-content/themes/weelorum-theme/assets/css/wl-pages.css?ver=1784812621&wpr_t=1785086990" "Mozilla/5.0 (iPhone; CPU iPhone OS 18_7 like Mac OS X) AppleWebKit/605.1.15 (KHTML, like Gecko) Version/26.4 Mobile/15E148 Safari/604.1"
137.59.122.101 - - [27/Jul/2026:08:42:24 +0000] "GET /wp-content/themes/weelorum-theme/assets/images/toggle-mobile-cats-arrow.png HTTP/1.1" 200 223 "https://weelorum.com/blog/" "Mozilla/5.0 (iPhone; CPU iPhone OS 18_7 like Mac OS X) AppleWebKit/605.1.15 (KHTML, like Gecko) Version/26.4 Mobile/15E148 Safari/604.1"
137.59.122.101 - - [27/Jul/2026:08:42:25 +0000] "GET /wp-content/uploads/fbrfg/favicon.ico HTTP/1.1" 200 1924 "https://weelorum.com/blog/" "Mozilla/5.0 (iPhone; CPU iPhone OS 18_7 like Mac OS X) AppleWebKit/605.1.15 (KHTML, like Gecko) Version/26.4 Mobile/15E148 Safari/604.1"
137.59.122.101 - - [27/Jul/2026:08:42:26 +0000] "GET /wp-json/contact-form-7/v1/contact-forms/217/feedback/schema HTTP/1.1" 200 259 "https://weelorum.com/blog/" "Mozilla/5.0 (iPhone; CPU iPhone OS 18_7 like Mac OS X) AppleWebKit/605.1.15 (KHTML, like Gecko) Version/26.4 Mobile/15E148 Safari/604.1"
146.190.158.65 - - [27/Jul/2026:08:42:26 +0000] "POST /wp-cron.php?doing_wp_cron=1785141746.0796720981597900390625 HTTP/1.1" 200 31 "-" "WordPress/7.0; https://weelorum.com"
137.59.122.101 - - [27/Jul/2026:08:42:26 +0000] "GET /wp-json/contact-form-7/v1/contact-forms/217/refill HTTP/1.1" 200 33 "https://weelorum.com/blog/" "Mozilla/5.0 (iPhone; CPU iPhone OS 18_7 like Mac OS X) AppleWebKit/605.1.15 (KHTML, like Gecko) Version/26.4 Mobile/15E148 Safari/604.1"
137.59.122.101 - - [27/Jul/2026:08:42:29 +0000] "GET /wp-content/uploads/fbrfg/site.webmanifest HTTP/1.1" 200 476 "https://weelorum.com/blog/" "Mozilla/5.0 (iPhone; CPU iPhone OS 18_7 like Mac OS X) AppleWebKit/605.1.15 (KHTML, like Gecko) Version/26.4 Mobile/15E148 Safari/604.1"
17.246.19.57 - - [27/Jul/2026:08:42:46 +0000] "GET /blog/tips-and-examples-for-ecommerce-mobile-application-development/ HTTP/1.1" 200 89179 "-" "Mozilla/5.0 (Macintosh; Intel Mac OS X 10_15_7) AppleWebKit/605.1.15 (KHTML, like Gecko) Version/17.4 Safari/605.1.15 (Applebot/0.1; +http://www.apple.com/go/applebot)"
34.171.113.221 - - [27/Jul/2026:08:43:22 +0000] "GET /wp-json/oembed/1.0/embed?url=https://weelorum.com/contact/ HTTP/1.1" 301 5 "-" "Mozilla/5.0 (Macintosh; Intel Mac OS X 10_15_7) AppleWebKit/537.36 (KHTML, like Gecko) Chrome/120.0.0.0 Safari/537.36"
157.49.106.163 - - [27/Jul/2026:08:45:42 +0000] "GET /wp-content/uploads/2023/05/main-qimg-png-1024x541.png HTTP/1.1" 200 42163 "https://www.bing.com/" "Mozilla/5.0 (Windows NT 10.0; Win64; x64) AppleWebKit/537.36 (KHTML, like Gecko) Chrome/147.0.0.0 Safari/537.36 Edg/147.0.0.0"
77.75.78.171 - - [27/Jul/2026:08:46:35 +0000] "GET /blog/social-media-app-development-key-stages-and-requirements/ HTTP/1.1" 200 91273 "-" "Mozilla/5.0 (compatible; SeznamBot/4.0; +https://o-seznam.cz/napoveda/vyhledavani/en/seznambot-crawler/)"
149.54.1.228 - - [27/Jul/2026:08:47:21 +0000] "GET /blog/ HTTP/1.1" 200 67961 "-" "Mozilla/5.0 (iPhone; CPU iPhone OS 18_7 like Mac OS X) AppleWebKit/605.1.15 (KHTML, like Gecko) Version/26.5 Mobile/15E148 Safari/604.1"
149.54.1.228 - - [27/Jul/2026:08:47:22 +0000] "GET /wp-content/uploads/2026/06/ChatGPT-Image-5-%D0%B8%D1%8E%D0%BD.-2026-%D0%B3.-15_04_55-2-410x233.png HTTP/1.1" 200 14268 "https://weelorum.com/blog/" "Mozilla/5.0 (iPhone; CPU iPhone OS 18_7 like Mac OS X) AppleWebKit/605.1.15 (KHTML, like Gecko) Version/26.5 Mobile/15E148 Safari/604.1"
149.54.1.228 - - [27/Jul/2026:08:47:22 +0000] "GET /wp-content/themes/weelorum-theme/assets/fonts/montserrat.woff2 HTTP/1.1" 200 30300 "https://weelorum.com/blog/" "Mozilla/5.0 (iPhone; CPU iPhone OS 18_7 like Mac OS X) AppleWebKit/605.1.15 (KHTML, like Gecko) Version/26.5 Mobile/15E148 Safari/604.1"
149.54.1.228 - - [27/Jul/2026:08:47:23 +0000] "GET /wp-content/cache/min/1/wp-content/themes/weelorum-theme/css/awards-section.css?ver=1784812621 HTTP/1.1" 200 1392 "https://weelorum.com/blog/" "Mozilla/5.0 (iPhone; CPU iPhone OS 18_7 like Mac OS X) AppleWebKit/605.1.15 (KHTML, like Gecko) Version/26.5 Mobile/15E148 Safari/604.1"
149.54.1.228 - - [27/Jul/2026:08:47:23 +0000] "GET /wp-content/cache/background-css/1/weelorum.com/wp-content/cache/min/1/wp-content/themes/weelorum-theme/assets/css/wl-pages.css?ver=1784812621&wpr_t=1785086990 HTTP/1.1" 200 58160 "https://weelorum.com/blog/" "Mozilla/5.0 (iPhone; CPU iPhone OS 18_7 like Mac OS X) AppleWebKit/605.1.15 (KHTML, like Gecko) Version/26.5 Mobile/15E148 Safari/604.1"
149.54.1.228 - - [27/Jul/2026:08:47:23 +0000] "GET /wp-includes/js/dist/i18n.min.js?ver=781d11515ad3d91786ec HTTP/1.1" 200 2574 "https://weelorum.com/blog/" "Mozilla/5.0 (iPhone; CPU iPhone OS 18_7 like Mac OS X) AppleWebKit/605.1.15 (KHTML, like Gecko) Version/26.5 Mobile/15E148 Safari/604.1"
149.54.1.228 - - [27/Jul/2026:08:47:24 +0000] "GET /wp-includes/js/jquery/jquery.min.js?ver=3.7.1 HTTP/1.1" 200 35451 "https://weelorum.com/blog/" "Mozilla/5.0 (iPhone; CPU iPhone OS 18_7 like Mac OS X) AppleWebKit/605.1.15 (KHTML, like Gecko) Version/26.5 Mobile/15E148 Safari/604.1"
149.54.1.228 - - [27/Jul/2026:08:47:24 +0000] "GET /wp-includes/js/jquery/jquery-migrate.min.js?ver=3.4.1 HTTP/1.1" 200 5355 "https://weelorum.com/blog/" "Mozilla/5.0 (iPhone; CPU iPhone OS 18_7 like Mac OS X) AppleWebKit/605.1.15 (KHTML, like Gecko) Version/26.5 Mobile/15E148 Safari/604.1"
149.54.1.228 - - [27/Jul/2026:08:47:24 +0000] "GET /wp-content/uploads/2022/06/close-form-upload.png HTTP/1.1" 200 251 "https://weelorum.com/blog/" "Mozilla/5.0 (iPhone; CPU iPhone OS 18_7 like Mac OS X) AppleWebKit/605.1.15 (KHTML, like Gecko) Version/26.5 Mobile/15E148 Safari/604.1"
149.54.1.228 - - [27/Jul/2026:08:47:24 +0000] "GET /wp-content/cache/min/1/wp-content/plugins/contact-form-7/includes/swv/js/index.js?ver=1784812623 HTTP/1.1" 200 3887 "https://weelorum.com/blog/" "Mozilla/5.0 (iPhone; CPU iPhone OS 18_7 like Mac OS X) AppleWebKit/605.1.15 (KHTML, like Gecko) Version/26.5 Mobile/15E148 Safari/604.1"
149.54.1.228 - - [27/Jul/2026:08:47:24 +0000] "GET /wp-content/cache/min/1/wp-content/themes/weelorum-theme/assets/js/main.js?ver=1784812621 HTTP/1.1" 200 1767 "https://weelorum.com/blog/" "Mozilla/5.0 (iPhone; CPU iPhone OS 18_7 like Mac OS X) AppleWebKit/605.1.15 (KHTML, like Gecko) Version/26.5 Mobile/15E148 Safari/604.1"
149.54.1.228 - - [27/Jul/2026:08:47:24 +0000] "GET /wp-content/plugins/wp-rocket/assets/js/lazyload/17.8.3/lazyload.min.js HTTP/1.1" 200 3400 "https://weelorum.com/blog/" "Mozilla/5.0 (iPhone; CPU iPhone OS 18_7 like Mac OS X) AppleWebKit/605.1.15 (KHTML, like Gecko) Version/26.5 Mobile/15E148 Safari/604.1"
149.54.1.228 - - [27/Jul/2026:08:47:24 +0000] "GET /wp-content/cache/min/1/wp-content/plugins/contact-form-7/includes/js/index.js?ver=1784812623 HTTP/1.1" 200 4803 "https://weelorum.com/blog/" "Mozilla/5.0 (iPhone; CPU iPhone OS 18_7 like Mac OS X) AppleWebKit/605.1.15 (KHTML, like Gecko) Version/26.5 Mobile/15E148 Safari/604.1"
149.54.1.228 - - [27/Jul/2026:08:47:24 +0000] "GET /wp-content/themes/weelorum-theme/assets/images/toggle-mobile-cats-arrow.png HTTP/1.1" 200 223 "https://weelorum.com/blog/" "Mozilla/5.0 (iPhone; CPU iPhone OS 18_7 like Mac OS X) AppleWebKit/605.1.15 (KHTML, like Gecko) Version/26.5 Mobile/15E148 Safari/604.1"
149.54.1.228 - - [27/Jul/2026:08:47:25 +0000] "GET /wp-content/themes/weelorum-theme/assets/images/logo-black.png HTTP/1.1" 200 4286 "https://weelorum.com/wp-content/cache/background-css/1/weelorum.com/wp-content/cache/min/1/wp-content/themes/weelorum-theme/assets/css/wl-pages.css?ver=1784812621&wpr_t=1785086990" "Mozilla/5.0 (iPhone; CPU iPhone OS 18_7 like Mac OS X) AppleWebKit/605.1.15 (KHTML, like Gecko) Version/26.5 Mobile/15E148 Safari/604.1"
149.54.1.228 - - [27/Jul/2026:08:47:26 +0000] "GET /wp-content/uploads/fbrfg/favicon.ico HTTP/1.1" 200 1924 "https://weelorum.com/blog/" "Mozilla/5.0 (iPhone; CPU iPhone OS 18_7 like Mac OS X) AppleWebKit/605.1.15 (KHTML, like Gecko) Version/26.5 Mobile/15E148 Safari/604.1"
146.190.158.65 - - [27/Jul/2026:08:47:27 +0000] "POST /wp-cron.php?doing_wp_cron=1785142046.7949700355529785156250 HTTP/1.1" 499 0 "-" "WordPress/7.0; https://weelorum.com"
149.54.1.228 - - [27/Jul/2026:08:47:27 +0000] "GET /wp-json/contact-form-7/v1/contact-forms/217/refill HTTP/1.1" 200 33 "https://weelorum.com/blog/" "Mozilla/5.0 (iPhone; CPU iPhone OS 18_7 like Mac OS X) AppleWebKit/605.1.15 (KHTML, like Gecko) Version/26.5 Mobile/15E148 Safari/604.1"
146.190.158.65 - - [27/Jul/2026:08:47:27 +0000] "POST /wp-cron.php?doing_wp_cron=1785142046.7979331016540527343750 HTTP/1.1" 499 0 "-" "WordPress/7.0; https://weelorum.com"
149.54.1.228 - - [27/Jul/2026:08:47:27 +0000] "GET /wp-json/contact-form-7/v1/contact-forms/217/feedback/schema HTTP/1.1" 200 259 "https://weelorum.com/blog/" "Mozilla/5.0 (iPhone; CPU iPhone OS 18_7 like Mac OS X) AppleWebKit/605.1.15 (KHTML, like Gecko) Version/26.5 Mobile/15E148 Safari/604.1"
149.54.1.228 - - [27/Jul/2026:08:47:28 +0000] "GET /wp-content/uploads/fbrfg/site.webmanifest HTTP/1.1" 200 476 "https://weelorum.com/blog/" "Mozilla/5.0 (iPhone; CPU iPhone OS 18_7 like Mac OS X) AppleWebKit/605.1.15 (KHTML, like Gecko) Version/26.5 Mobile/15E148 Safari/604.1"
31.76.161.240 - - [27/Jul/2026:08:49:48 +0000] "GET /wp-content/themes/weelorum-theme/assets/images/about-team-v2.webp HTTP/1.1" 200 55660 "-" "Mozilla/5.0 (compatible; crawler)"
146.190.158.65 - - [27/Jul/2026:08:50:58 +0000] "POST /wp-cron.php?doing_wp_cron=1785142258.5547509193420410156250 HTTP/1.1" 200 31 "-" "WordPress/7.0; https://weelorum.com"
216.73.216.69 - - [27/Jul/2026:08:50:58 +0000] "GET /sitemap_index.xml HTTP/1.1" 200 439 "-" "Mozilla/5.0 AppleWebKit/537.36 (KHTML, like Gecko; compatible; ClaudeBot/1.0; +claudebot@anthropic.com)"
146.190.158.65 - - [27/Jul/2026:08:51:16 +0000] "POST /wp-cron.php?doing_wp_cron=1785142276.4065880775451660156250 HTTP/1.1" 200 31 "-" "WordPress/7.0; https://weelorum.com"
57.141.18.28 - - [27/Jul/2026:08:51:16 +0000] "GET /news_sitemap.xml HTTP/1.1" 404 123734 "-" "Mozilla/5.0 (Windows NT 10.0; Win64; x64) AppleWebKit/537.36 (KHTML, like Gecko) Chrome/145.0.0.0 Safari/537.36 (compatible; meta-externalagent/1.1 (+https://developers.facebook.com/docs/sharing/webmasters/crawler))"
57.141.18.93 - - [27/Jul/2026:08:51:22 +0000] "GET /SiteMap.aspx HTTP/1.1" 301 5 "-" "Mozilla/5.0 (Windows NT 10.0; Win64; x64) AppleWebKit/537.36 (KHTML, like Gecko) Chrome/145.0.0.0 Safari/537.36 (compatible; meta-externalagent/1.1 (+https://developers.facebook.com/docs/sharing/webmasters/crawler))"
185.191.171.2 - - [27/Jul/2026:08:52:28 +0000] "GET /technology/kotlin/ HTTP/1.1" 200 55379 "-" "Mozilla/5.0 (compatible; SemrushBot/7~bl; +http://www.semrush.com/bot.html)"
17.246.15.7 - - [27/Jul/2026:08:54:17 +0000] "GET /wp-content/cache/min/1/wp-content/themes/weelorum-theme/css/awards-section.css?ver=1784812621 HTTP/1.1" 200 1392 "https://weelorum.com/blog/tips-and-examples-for-ecommerce-mobile-application-development/" "Mozilla/5.0 (Macintosh; Intel Mac OS X 10_15_7) AppleWebKit/605.1.15 (KHTML, like Gecko) Version/17.4 Safari/605.1.15 (Applebot/0.1; +http://www.apple.com/go/applebot)"
17.246.15.7 - - [27/Jul/2026:08:54:18 +0000] "GET /wp-includes/js/jquery/jquery.min.js?ver=3.7.1 HTTP/1.1" 200 35451 "https://weelorum.com/blog/tips-and-examples-for-ecommerce-mobile-application-development/" "Mozilla/5.0 (Macintosh; Intel Mac OS X 10_15_7) AppleWebKit/605.1.15 (KHTML, like Gecko) Version/17.4 Safari/605.1.15 (Applebot/0.1; +http://www.apple.com/go/applebot)"
17.246.15.7 - - [27/Jul/2026:08:54:20 +0000] "GET /wp-content/cache/min/1/wp-content/themes/weelorum-theme/assets/js/main.js?ver=1784812621 HTTP/1.1" 200 1767 "https://weelorum.com/blog/tips-and-examples-for-ecommerce-mobile-application-development/" "Mozilla/5.0 (Macintosh; Intel Mac OS X 10_15_7) AppleWebKit/605.1.15 (KHTML, like Gecko) Version/17.4 Safari/605.1.15 (Applebot/0.1; +http://www.apple.com/go/applebot)"
17.246.15.7 - - [27/Jul/2026:08:54:21 +0000] "GET /wp-includes/js/jquery/jquery-migrate.min.js?ver=3.4.1 HTTP/1.1" 200 5355 "https://weelorum.com/blog/tips-and-examples-for-ecommerce-mobile-application-development/" "Mozilla/5.0 (Macintosh; Intel Mac OS X 10_15_7) AppleWebKit/605.1.15 (KHTML, like Gecko) Version/17.4 Safari/605.1.15 (Applebot/0.1; +http://www.apple.com/go/applebot)"
17.246.15.7 - - [27/Jul/2026:08:54:23 +0000] "GET /wp-content/cache/background-css/1/weelorum.com/wp-content/cache/min/1/wp-content/themes/weelorum-theme/assets/css/wl-pages.css?ver=1784812621&wpr_t=1785086877 HTTP/1.1" 200 58160 "https://weelorum.com/blog/tips-and-examples-for-ecommerce-mobile-application-development/" "Mozilla/5.0 (Macintosh; Intel Mac OS X 10_15_7) AppleWebKit/605.1.15 (KHTML, like Gecko) Version/17.4 Safari/605.1.15 (Applebot/0.1; +http://www.apple.com/go/applebot)"
17.246.15.7 - - [27/Jul/2026:08:54:24 +0000] "GET /wp-includes/js/dist/i18n.min.js?ver=781d11515ad3d91786ec HTTP/1.1" 200 2574 "https://weelorum.com/blog/tips-and-examples-for-ecommerce-mobile-application-development/" "Mozilla/5.0 (Macintosh; Intel Mac OS X 10_15_7) AppleWebKit/605.1.15 (KHTML, like Gecko) Version/17.4 Safari/605.1.15 (Applebot/0.1; +http://www.apple.com/go/applebot)"
17.246.15.7 - - [27/Jul/2026:08:54:26 +0000] "GET /wp-content/cache/min/1/wp-content/plugins/contact-form-7/includes/swv/js/index.js?ver=1784812623 HTTP/1.1" 200 3887 "https://weelorum.com/blog/tips-and-examples-for-ecommerce-mobile-application-development/" "Mozilla/5.0 (Macintosh; Intel Mac OS X 10_15_7) AppleWebKit/605.1.15 (KHTML, like Gecko) Version/17.4 Safari/605.1.15 (Applebot/0.1; +http://www.apple.com/go/applebot)"
17.246.15.7 - - [27/Jul/2026:08:54:27 +0000] "GET /wp-content/cache/min/1/wp-content/plugins/contact-form-7/includes/js/index.js?ver=1784812623 HTTP/1.1" 200 4803 "https://weelorum.com/blog/tips-and-examples-for-ecommerce-mobile-application-development/" "Mozilla/5.0 (Macintosh; Intel Mac OS X 10_15_7) AppleWebKit/605.1.15 (KHTML, like Gecko) Version/17.4 Safari/605.1.15 (Applebot/0.1; +http://www.apple.com/go/applebot)"
17.246.15.7 - - [27/Jul/2026:08:54:28 +0000] "GET /wp-content/plugins/wp-rocket/assets/js/lazyload/17.8.3/lazyload.min.js HTTP/1.1" 200 3400 "https://weelorum.com/blog/tips-and-examples-for-ecommerce-mobile-application-development/" "Mozilla/5.0 (Macintosh; Intel Mac OS X 10_15_7) AppleWebKit/605.1.15 (KHTML, like Gecko) Version/17.4 Safari/605.1.15 (Applebot/0.1; +http://www.apple.com/go/applebot)"
146.190.158.65 - - [27/Jul/2026:08:54:30 +0000] "POST /wp-cron.php?doing_wp_cron=1785142470.5959479808807373046875 HTTP/1.1" 200 31 "-" "WordPress/7.0; https://weelorum.com"
17.246.15.7 - - [27/Jul/2026:08:54:30 +0000] "GET /wp-json/contact-form-7/v1/contact-forms/217/feedback/schema HTTP/1.1" 200 259 "https://weelorum.com/blog/tips-and-examples-for-ecommerce-mobile-application-development/" "Mozilla/5.0 (Macintosh; Intel Mac OS X 10_15_7) AppleWebKit/605.1.15 (KHTML, like Gecko) Version/17.4 Safari/605.1.15 (Applebot/0.1; +http://www.apple.com/go/applebot)"
17.246.15.7 - - [27/Jul/2026:08:54:32 +0000] "GET /wp-json/contact-form-7/v1/contact-forms/217/refill HTTP/1.1" 200 33 "https://weelorum.com/blog/tips-and-examples-for-ecommerce-mobile-application-development/" "Mozilla/5.0 (Macintosh; Intel Mac OS X 10_15_7) AppleWebKit/605.1.15 (KHTML, like Gecko) Version/17.4 Safari/605.1.15 (Applebot/0.1; +http://www.apple.com/go/applebot)"
146.190.158.65 - - [27/Jul/2026:08:56:01 +0000] "GET / HTTP/1.1" 301 169 "-" "Mozilla/5.0 (X11; Linux x86_64) AppleWebKit/537.36 (KHTML, like Gecko) Chrome/44.0.2403.157 Safari/537.36"
146.190.158.65 - - [27/Jul/2026:08:56:01 +0000] "GET / HTTP/1.1" 200 32502 "http://146.190.158.65" "Mozilla/5.0 (X11; Linux x86_64) AppleWebKit/537.36 (KHTML, like Gecko) Chrome/44.0.2403.157 Safari/537.36"
172.202.44.182 - - [27/Jul/2026:08:56:31 +0000] "POST /wp-plain.php HTTP/1.1" 301 169 "www.google.com" "Mozilla/5.0 (Linux; Android 7.0; SM-G892A Bulid/NRD90M; wv) AppleWebKit/537.36 (KHTML, like Gecko) Version/4.0 Chrome/60.0.3112.107 Moblie Safari/537.36"
172.202.44.182 - - [27/Jul/2026:08:56:31 +0000] "GET /wp-content/themes/seotheme/db.php?u HTTP/1.1" 301 169 "www.google.com" "Mozlila/5.0 (Linux; Android 7.0; SM-G892A Bulid/NRD90M; wv) AppleWebKit/537.36 (KHTML, like Gecko) Version/4.0 Chrome/60.0.3112.107 Moblie Safari/537.36"
172.202.44.182 - - [27/Jul/2026:08:56:33 +0000] "GET / HTTP/1.1" 301 169 "-" "Mozlila/5.0 (Linux; Android 7.0; SM-G892A Bulid/NRD90M; wv) AppleWebKit/537.36 (KHTML, like Gecko) Version/4.0 Chrome/60.0.3112.107 Moblie Safari/537.36"
172.202.44.182 - - [27/Jul/2026:08:56:42 +0000] "GET /wp-content/themes/seotheme/db.php?u HTTP/1.1" 404 27 "www.google.com" "Mozlila/5.0 (Linux; Android 7.0; SM-G892A Bulid/NRD90M; wv) AppleWebKit/537.36 (KHTML, like Gecko) Version/4.0 Chrome/60.0.3112.107 Moblie Safari/537.36"
172.202.44.182 - - [27/Jul/2026:08:56:42 +0000] "POST /wp-plain.php HTTP/1.1" 404 27 "www.google.com" "Mozilla/5.0 (Linux; Android 7.0; SM-G892A Bulid/NRD90M; wv) AppleWebKit/537.36 (KHTML, like Gecko) Version/4.0 Chrome/60.0.3112.107 Moblie Safari/537.36"
172.202.44.182 - - [27/Jul/2026:08:56:42 +0000] "GET /wp-content/themes/seotheme/db.php?u HTTP/1.1" 404 27 "www.google.com" "Mozlila/5.0 (Linux; Android 7.0; SM-G892A Bulid/NRD90M; wv) AppleWebKit/537.36 (KHTML, like Gecko) Version/4.0 Chrome/60.0.3112.107 Moblie Safari/537.36"
172.202.44.182 - - [27/Jul/2026:08:56:43 +0000] "GET /vuarmzso.php?Fox=d3wL7 HTTP/1.1" 404 27 "www.google.com" "Mozilla/5.0 (Linux; Android 7.0; SM-G892A Bulid/NRD90M; wv) AppleWebKit/537.36 (KHTML, like Gecko) Version/4.0 Chrome/60.0.3112.107 Moblie Safari/537.36"
172.202.44.182 - - [27/Jul/2026:08:56:43 +0000] "GET / HTTP/1.1" 200 333048 "-" "Mozlila/5.0 (Linux; Android 7.0; SM-G892A Bulid/NRD90M; wv) AppleWebKit/537.36 (KHTML, like Gecko) Version/4.0 Chrome/60.0.3112.107 Moblie Safari/537.36"
172.202.44.182 - - [27/Jul/2026:08:56:43 +0000] "GET /wp-content/plugins/apikey/apikey.php?test=hello HTTP/1.1" 404 27 "-" "Mozlila/5.0 (Linux; Android 7.0; SM-G892A Bulid/NRD90M; wv) AppleWebKit/537.36 (KHTML, like Gecko) Version/4.0 Chrome/60.0.3112.107 Moblie Safari/537.36"
172.202.44.182 - - [27/Jul/2026:08:56:43 +0000] "GET /plugins/content/apismtp/apismtp.php?test=hello HTTP/1.1" 404 27 "-" "Mozlila/5.0 (Linux; Android 7.0; SM-G892A Bulid/NRD90M; wv) AppleWebKit/537.36 (KHTML, like Gecko) Version/4.0 Chrome/60.0.3112.107 Moblie Safari/537.36"
146.190.158.65 - - [27/Jul/2026:08:56:43 +0000] "POST /wp-cron.php?doing_wp_cron=1785142603.4840359687805175781250 HTTP/1.1" 200 31 "-" "WordPress/7.0; https://weelorum.com"
172.202.44.182 - - [27/Jul/2026:08:56:43 +0000] "GET /wp-content/plugins/apikey/apikey.php.suspected?test=hello HTTP/1.1" 404 123806 "-" "Mozlila/5.0 (Linux; Android 7.0; SM-G892A Bulid/NRD90M; wv) AppleWebKit/537.36 (KHTML, like Gecko) Version/4.0 Chrome/60.0.3112.107 Moblie Safari/537.36"
172.202.44.182 - - [27/Jul/2026:08:56:43 +0000] "GET /plugins/content/apismtp/apismtp.php.suspected?test=hello HTTP/1.1" 404 123805 "-" "Mozlila/5.0 (Linux; Android 7.0; SM-G892A Bulid/NRD90M; wv) AppleWebKit/537.36 (KHTML, like Gecko) Version/4.0 Chrome/60.0.3112.107 Moblie Safari/537.36"
105.108.163.78 - - [27/Jul/2026:08:57:07 +0000] "GET /services/mobile-app-launch-company/tel:380962170860 HTTP/1.1" 404 29681 "-" "Mozilla/5.0 (Windows NT 10.0; Win64; x64) AppleWebKit/537.36 (KHTML, like Gecko) Chrome/99.0.1150.52 Safari/537.36"
146.190.158.65 - - [27/Jul/2026:08:57:33 +0000] "POST /wp-cron.php?doing_wp_cron=1785142653.5281610488891601562500 HTTP/1.1" 200 31 "-" "WordPress/7.0; https://weelorum.com"
45.137.212.23 - - [27/Jul/2026:08:57:33 +0000] "GET /key-things-you-should-know-when-making-a-calendar-app/ HTTP/1.0" 404 130387 "https://weelorum.com/key-things-you-should-know-when-making-a-calendar-app/" "Mozilla/5.0 (Windows NT 10.0; Win64; x64) AppleWebKit/537.36 (KHTML, like Gecko) Chrome/130.0.0.0 Safari/537.36 CCleaner/130.0.0.0"
45.137.212.23 - - [27/Jul/2026:08:57:35 +0000] "POST /key-things-you-should-know-when-making-a-calendar-app/ HTTP/1.0" 404 123665 "https://weelorum.com/key-things-you-should-know-when-making-a-calendar-app/" "Mozilla/5.0 (Windows NT 10.0; Win64; x64) AppleWebKit/537.36 (KHTML, like Gecko) Chrome/130.0.0.0 Safari/537.36 CCleaner/130.0.0.0"
146.190.158.65 - - [27/Jul/2026:08:58:36 +0000] "POST /wp-cron.php?doing_wp_cron=1785142716.1636490821838378906250 HTTP/1.1" 200 31 "-" "WordPress/7.0; https://weelorum.com"
102.90.123.152 - - [27/Jul/2026:08:58:36 +0000] "GET /success-stories/zinglez/tel:380962170860 HTTP/1.1" 404 29680 "-" "Mozilla/5.0 (Windows NT 6.3; WOW64) AppleWebKit/537.36 (KHTML, like Gecko) Chrome/63.0.3215.0 Safari/537.36"
146.190.158.65 - - [27/Jul/2026:09:00:01 +0000] "GET / HTTP/1.1" 301 169 "-" "Mozilla/5.0 (X11; Linux x86_64) AppleWebKit/537.36 (KHTML, like Gecko) Chrome/44.0.2403.157 Safari/537.36"
146.190.158.65 - - [27/Jul/2026:09:00:01 +0000] "GET / HTTP/1.1" 200 32502 "http://146.190.158.65" "Mozilla/5.0 (X11; Linux x86_64) AppleWebKit/537.36 (KHTML, like Gecko) Chrome/44.0.2403.157 Safari/537.36"
146.190.158.65 - - [27/Jul/2026:09:02:00 +0000] "POST /wp-cron.php?doing_wp_cron=1785142920.7620999813079833984375 HTTP/1.1" 200 31 "-" "WordPress/7.0; https://weelorum.com"
220.196.160.147 - - [27/Jul/2026:09:02:00 +0000] "GET /solutions/travel-mobile-app-development-services HTTP/1.1" 301 5 "-" "Mozilla/5.0 (Windows NT 10.0; Win64; x64) AppleWebKit/537.36 (KHTML, like Gecko) Chrome/122.0.0.0 Safari/537.36"
220.196.160.147 - - [27/Jul/2026:09:02:00 +0000] "GET /solutions/travel-mobile-app-development-services/ HTTP/1.1" 200 79507 "-" "Mozilla/5.0 (Windows NT 10.0; Win64; x64) AppleWebKit/537.36 (KHTML, like Gecko) Chrome/122.0.0.0 Safari/537.36"
146.190.158.65 - - [27/Jul/2026:09:02:30 +0000] "POST /wp-cron.php?doing_wp_cron=1785142950.4721949100494384765625 HTTP/1.1" 200 31 "-" "WordPress/7.0; https://weelorum.com"
34.29.140.43 - - [27/Jul/2026:09:02:30 +0000] "GET /wp-json/wp/v2/pages/2857 HTTP/1.1" 200 13675 "-" "Mozilla/5.0 (Macintosh; Intel Mac OS X 10_15_7) AppleWebKit/537.36 (KHTML, like Gecko) Chrome/120.0.0.0 Safari/537.36"
185.191.171.2 - - [27/Jul/2026:09:05:40 +0000] "GET /robots.txt HTTP/1.1" 200 140 "-" "Mozilla/5.0 (compatible; SemrushBot/7~bl; +http://www.semrush.com/bot.html)"
185.191.171.16 - - [27/Jul/2026:09:05:41 +0000] "GET /blog/ HTTP/1.1" 200 67657 "-" "Mozilla/5.0 (compatible; SemrushBot/7~bl; +http://www.semrush.com/bot.html)"
146.190.158.65 - - [27/Jul/2026:09:10:55 +0000] "POST /wp-cron.php?doing_wp_cron=1785143455.9533650875091552734375 HTTP/1.1" 200 31 "-" "WordPress/7.0; https://weelorum.com"
77.75.73.26 - - [27/Jul/2026:09:10:56 +0000] "GET /home-v2-preview/ HTTP/1.1" 301 5 "-" "Mozilla/5.0 (compatible; SeznamBot/4.0; +https://o-seznam.cz/napoveda/vyhledavani/en/seznambot-crawler/)"
146.190.158.65 - - [27/Jul/2026:09:13:33 +0000] "POST /wp-cron.php?doing_wp_cron=1785143613.5476999282836914062500 HTTP/1.1" 200 31 "-" "WordPress/7.0; https://weelorum.com"
162.220.234.20 - - [27/Jul/2026:09:13:33 +0000] "GET /feed/ HTTP/1.1" 304 0 "-" "Go-http-client/1.1"
146.190.158.65 - - [27/Jul/2026:09:14:01 +0000] "GET / HTTP/1.1" 301 169 "-" "Mozilla/5.0 (X11; Linux x86_64) AppleWebKit/537.36 (KHTML, like Gecko) Chrome/44.0.2403.157 Safari/537.36"
146.190.158.65 - - [27/Jul/2026:09:14:01 +0000] "GET / HTTP/1.1" 200 32502 "http://146.190.158.65" "Mozilla/5.0 (X11; Linux x86_64) AppleWebKit/537.36 (KHTML, like Gecko) Chrome/44.0.2403.157 Safari/537.36"
146.190.158.65 - - [27/Jul/2026:09:15:19 +0000] "POST /wp-cron.php?doing_wp_cron=1785143719.3751509189605712890625 HTTP/1.1" 200 31 "-" "WordPress/7.0; https://weelorum.com"
182.177.78.15 - - [27/Jul/2026:09:15:19 +0000] "GET /technologies/native-ios-app-development-company/tel:380962170860 HTTP/1.1" 404 29678 "-" "Mozilla/5.0 (Windows NT 10.0; Win64; x64) AppleWebKit/537.36 (KHTML, like Gecko) Chrome/80.0.3987.132 Safari/537.36"
146.190.158.65 - - [27/Jul/2026:09:18:01 +0000] "POST /wp-cron.php?doing_wp_cron=1785143881.3880040645599365234375 HTTP/1.1" 200 31 "-" "WordPress/7.0; https://weelorum.com"
57.141.18.6 - - [27/Jul/2026:09:18:01 +0000] "GET /wp-json/wp/v2/pages/1130 HTTP/1.1" 200 38400 "-" "Mozilla/5.0 (Windows NT 10.0; Win64; x64) AppleWebKit/537.36 (KHTML, like Gecko) Chrome/145.0.0.0 Safari/537.36 (compatible; meta-webindexer/1.1 (+https://developers.facebook.com/docs/sharing/webmasters/crawler))"
87.199.194.213 - - [27/Jul/2026:09:19:20 +0000] "GET /blog/find-out-how-to-estimate-cost-of-app-development-with-weelorum/ HTTP/1.0" 200 365755 "https://weelorum.com/blog/find-out-how-to-estimate-cost-of-app-development-with-weelorum/" "Mozilla/5.0 (Windows NT 10.0; Win64; x64) AppleWebKit/537.36 (KHTML, like Gecko) Chrome/130.0.0.0 Safari/537.36"
146.190.158.65 - - [27/Jul/2026:09:19:21 +0000] "POST /wp-cron.php?doing_wp_cron=1785143961.8201949596405029296875 HTTP/1.1" 200 31 "-" "WordPress/7.0; https://weelorum.com"
87.199.194.213 - - [27/Jul/2026:09:19:21 +0000] "POST /wp-comments-post.php HTTP/1.0" 302 0 "https://weelorum.com/blog/find-out-how-to-estimate-cost-of-app-development-with-weelorum/" "Mozilla/5.0 (Windows NT 10.0; Win64; x64) AppleWebKit/537.36 (KHTML, like Gecko) Chrome/130.0.0.0 Safari/537.36"
87.199.194.213 - - [27/Jul/2026:09:19:23 +0000] "GET /blog/find-out-how-to-estimate-cost-of-app-development-with-weelorum/ HTTP/1.0" 200 212767 "https://weelorum.com/blog/find-out-how-to-estimate-cost-of-app-development-with-weelorum/#comment-40109" "Mozilla/5.0 (Windows NT 10.0; Win64; x64) AppleWebKit/537.36 (KHTML, like Gecko) Chrome/130.0.0.0 Safari/537.36"
43.173.175.254 - - [27/Jul/2026:09:20:43 +0000] "GET /blog/social-media-app-development-key-stages-and-requirements/ HTTP/1.1" 200 91273 "-" "Mozilla/5.0 (Windows NT 10.0; Win64; x64) AppleWebKit/537.36 (KHTML, like Gecko) Chrome/104.0.5112.81 Safari/537.36"
43.172.198.202 - - [27/Jul/2026:09:20:45 +0000] "GET /wp-content/cache/background-css/1/weelorum.com/wp-content/cache/min/1/wp-content/themes/weelorum-theme/assets/css/wl-pages.css?ver=1784812621&wpr_t=1785086772 HTTP/1.1" 200 58160 "https://weelorum.com/blog/social-media-app-development-key-stages-and-requirements/" "Mozilla/5.0 (Windows NT 10.0; Win64; x64) AppleWebKit/537.36 (KHTML, like Gecko) Chrome/104.0.5112.81 Safari/537.36"
43.172.196.90 - - [27/Jul/2026:09:20:49 +0000] "GET /wp-json/contact-form-7/v1/contact-forms/217/refill HTTP/1.1" 200 33 "https://weelorum.com/blog/social-media-app-development-key-stages-and-requirements/" "Mozilla/5.0 (Windows NT 10.0; Win64; x64) AppleWebKit/537.36 (KHTML, like Gecko) Chrome/104.0.5112.81 Safari/537.36"
146.190.158.65 - - [27/Jul/2026:09:20:49 +0000] "POST /wp-cron.php?doing_wp_cron=1785144049.0548450946807861328125 HTTP/1.1" 200 31 "-" "WordPress/7.0; https://weelorum.com"
43.173.179.128 - - [27/Jul/2026:09:20:49 +0000] "GET /wp-json/contact-form-7/v1/contact-forms/217/feedback/schema HTTP/1.1" 200 259 "https://weelorum.com/blog/social-media-app-development-key-stages-and-requirements/" "Mozilla/5.0 (Windows NT 10.0; Win64; x64) AppleWebKit/537.36 (KHTML, like Gecko) Chrome/104.0.5112.81 Safari/537.36"
20.169.87.115 - - [27/Jul/2026:09:23:15 +0000] "GET /blog/5-must-have-features-for-a-successful-ai-powered-dating-app/ HTTP/1.1" 200 89554 "-" "Mozilla/5.0 AppleWebKit/537.36 (KHTML, like Gecko); compatible; ChatGPT-User/1.0; +https://openai.com/bot"
216.73.216.69 - - [27/Jul/2026:09:25:20 +0000] "GET /robots.txt HTTP/1.1" 200 140 "-" "Mozilla/5.0 AppleWebKit/537.36 (KHTML, like Gecko; compatible; ClaudeBot/1.0; +claudebot@anthropic.com)"
216.73.216.69 - - [27/Jul/2026:09:25:21 +0000] "GET /blog/5-mistakes-to-avoid-while-building-a-marketplace-app/ HTTP/1.1" 200 87521 "-" "Mozilla/5.0 AppleWebKit/537.36 (KHTML, like Gecko; compatible; ClaudeBot/1.0; +claudebot@anthropic.com)"
146.190.158.65 - - [27/Jul/2026:09:25:21 +0000] "POST /wp-cron.php?doing_wp_cron=1785144321.6907920837402343750000 HTTP/1.1" 200 31 "-" "WordPress/7.0; https://weelorum.com"
216.73.216.69 - - [27/Jul/2026:09:25:21 +0000] "GET /blog/client-guides/page/1/ HTTP/1.1" 301 5 "-" "Mozilla/5.0 AppleWebKit/537.36 (KHTML, like Gecko; compatible; ClaudeBot/1.0; +claudebot@anthropic.com)"
216.73.216.69 - - [27/Jul/2026:09:25:21 +0000] "GET /blog/client-guides/ HTTP/1.1" 200 67488 "https://weelorum.com/blog/client-guides/page/1/" "Mozilla/5.0 AppleWebKit/537.36 (KHTML, like Gecko; compatible; ClaudeBot/1.0; +claudebot@anthropic.com)"
216.73.216.69 - - [27/Jul/2026:09:25:22 +0000] "GET /blog/client-guides/page/4/ HTTP/1.1" 200 66790 "-" "Mozilla/5.0 AppleWebKit/537.36 (KHTML, like Gecko; compatible; ClaudeBot/1.0; +claudebot@anthropic.com)"
216.73.216.69 - - [27/Jul/2026:09:25:55 +0000] "GET /blog/tips-and-examples-for-ecommerce-mobile-application-development/ HTTP/1.1" 200 89179 "-" "Mozilla/5.0 AppleWebKit/537.36 (KHTML, like Gecko; compatible; ClaudeBot/1.0; +claudebot@anthropic.com)"
2.26.23.219 - - [27/Jul/2026:09:26:15 +0000] "GET /about-us/ HTTP/1.0" 200 305442 "https://weelorum.com/about-us/" "Mozilla/5.0 (Windows NT 10.0; Win64; x64) AppleWebKit/537.36 (KHTML, like Gecko) Chrome/130.0.0.0 Safari/537.36"
146.190.158.65 - - [27/Jul/2026:09:26:17 +0000] "POST /wp-cron.php?doing_wp_cron=1785144377.1016080379486083984375 HTTP/1.1" 200 31 "-" "WordPress/7.0; https://weelorum.com"
2.26.23.219 - - [27/Jul/2026:09:26:17 +0000] "POST /about-us/ HTTP/1.0" 200 170603 "https://weelorum.com/about-us/" "Mozilla/5.0 (Windows NT 10.0; Win64; x64) AppleWebKit/537.36 (KHTML, like Gecko) Chrome/130.0.0.0 Safari/537.36"
216.73.216.69 - - [27/Jul/2026:09:26:56 +0000] "GET /blog/app-like-facebook-how-to-develop-a-social-media-app-in-2023/ HTTP/1.1" 200 90250 "-" "Mozilla/5.0 AppleWebKit/537.36 (KHTML, like Gecko; compatible; ClaudeBot/1.0; +claudebot@anthropic.com)"
146.190.158.65 - - [27/Jul/2026:09:26:56 +0000] "POST /wp-cron.php?doing_wp_cron=1785144416.6885368824005126953125 HTTP/1.1" 200 31 "-" "WordPress/7.0; https://weelorum.com"
216.73.216.69 - - [27/Jul/2026:09:26:56 +0000] "GET /blog/more-reliable-income-and-other-benefits-of-subscription-based-apps/feed/ HTTP/1.1" 200 964 "-" "Mozilla/5.0 AppleWebKit/537.36 (KHTML, like Gecko; compatible; ClaudeBot/1.0; +claudebot@anthropic.com)"
216.73.216.69 - - [27/Jul/2026:09:26:57 +0000] "GET /blog/what-you-need-to-know-for-developing-a-music-streaming-app-for-ios/ HTTP/1.1" 200 86456 "-" "Mozilla/5.0 AppleWebKit/537.36 (KHTML, like Gecko; compatible; ClaudeBot/1.0; +claudebot@anthropic.com)"
216.73.216.69 - - [27/Jul/2026:09:26:57 +0000] "GET /blog/how-to-develop-taxi-app-like-uber-complete-guide/ HTTP/1.1" 200 88068 "-" "Mozilla/5.0 AppleWebKit/537.36 (KHTML, like Gecko; compatible; ClaudeBot/1.0; +claudebot@anthropic.com)"
146.190.158.65 - - [27/Jul/2026:09:27:30 +0000] "POST /wp-cron.php?doing_wp_cron=1785144450.8713889122009277343750 HTTP/1.1" 200 31 "-" "WordPress/7.0; https://weelorum.com"
64.233.173.236 - - [27/Jul/2026:09:27:30 +0000] "GET /.well-known/traffic-advice HTTP/1.1" 404 29676 "-" "Chrome Privacy Preserving Prefetch Proxy"
72.14.201.142 - - [27/Jul/2026:09:27:30 +0000] "GET /solutions/e-commerce-mobile-app-development-services/ HTTP/1.1" 200 75857 "https://www.google.com/" "Mozilla/5.0 (Windows NT 10.0; Win64; x64) AppleWebKit/537.36 (KHTML, like Gecko) Chrome/150.0.0.0 Safari/537.36"
216.73.216.69 - - [27/Jul/2026:09:27:31 +0000] "GET /blog/how-to-develop-an-app-like-snapchat-everything-you-need-to-know/ HTTP/1.1" 200 91212 "-" "Mozilla/5.0 AppleWebKit/537.36 (KHTML, like Gecko; compatible; ClaudeBot/1.0; +claudebot@anthropic.com)"
43.152.72.244 - - [27/Jul/2026:09:27:47 +0000] "GET / HTTP/1.1" 301 169 "-" "Mozilla/5.0 (iPhone; CPU iPhone OS 13_2_3 like Mac OS X) AppleWebKit/605.1.15 (KHTML, like Gecko) Version/13.0.3 Mobile/15E148 Safari/604.1"
43.152.72.244 - - [27/Jul/2026:09:27:47 +0000] "GET / HTTP/1.1" 200 80014 "http://weelorum.com" "Mozilla/5.0 (iPhone; CPU iPhone OS 13_2_3 like Mac OS X) AppleWebKit/605.1.15 (KHTML, like Gecko) Version/13.0.3 Mobile/15E148 Safari/604.1"
216.73.216.69 - - [27/Jul/2026:09:27:54 +0000] "GET /blog/how-to-hire-the-best-contractor-for-b2b-mobile-app-development/ HTTP/1.1" 200 90966 "-" "Mozilla/5.0 AppleWebKit/537.36 (KHTML, like Gecko; compatible; ClaudeBot/1.0; +claudebot@anthropic.com)"
146.190.158.65 - - [27/Jul/2026:09:28:01 +0000] "GET / HTTP/1.1" 301 169 "-" "Mozilla/5.0 (X11; Linux x86_64) AppleWebKit/537.36 (KHTML, like Gecko) Chrome/44.0.2403.157 Safari/537.36"
146.190.158.65 - - [27/Jul/2026:09:28:01 +0000] "GET / HTTP/1.1" 200 48886 "http://146.190.158.65" "Mozilla/5.0 (X11; Linux x86_64) AppleWebKit/537.36 (KHTML, like Gecko) Chrome/44.0.2403.157 Safari/537.36"
44.229.48.220 - - [27/Jul/2026:09:28:05 +0000] "GET / HTTP/1.1" 200 79980 "-" "Mozilla/5.0 (Macintosh; Intel Mac OS X 10_15_7) AppleWebKit/537.36 (KHTML, like Gecko) Chrome/120.0.0.0 Safari/537.36"
193.186.4.143 - - [27/Jul/2026:09:28:55 +0000] "GET /solutions/dating-app-development-services/ HTTP/1.1" 200 84659 "https://www.google.com/" "Mozilla/5.0 (Windows NT 10.0; Win64; x64) AppleWebKit/537.36 (KHTML, like Gecko) Chrome/150.0.0.0 Safari/537.36"
146.190.158.65 - - [27/Jul/2026:09:28:56 +0000] "POST /wp-cron.php?doing_wp_cron=1785144536.9027740955352783203125 HTTP/1.1" 200 31 "-" "WordPress/7.0; https://weelorum.com"
15.235.27.133 - - [27/Jul/2026:09:28:56 +0000] "GET /home-v2-preview/ HTTP/1.1" 301 5 "-" "Mozilla/5.0 (compatible; AhrefsBot/7.0; +http://ahrefs.com/robot/)"
212.107.27.66 - - [27/Jul/2026:09:29:22 +0000] "GET /blog/find-out-how-to-estimate-cost-of-app-development-with-weelorum/ HTTP/1.0" 200 365755 "https://weelorum.com/blog/find-out-how-to-estimate-cost-of-app-development-with-weelorum/#comment-31872/" "Mozilla/5.0 (Windows NT 10.0; Win64; x64) AppleWebKit/537.36 (KHTML, like Gecko) Chrome/131.0.0.0 Safari/537.36"
189.81.195.98 - - [27/Jul/2026:09:29:26 +0000] "GET /wp-content/uploads/2023/08/Firebase.svg HTTP/1.1" 200 3446 "-" "Mozilla/5.0 (compatible; crawler)"
146.190.158.65 - - [27/Jul/2026:09:29:30 +0000] "POST /wp-cron.php?doing_wp_cron=1785144570.2884359359741210937500 HTTP/1.1" 200 31 "-" "WordPress/7.0; https://weelorum.com"
212.107.27.66 - - [27/Jul/2026:09:29:30 +0000] "POST /wp-comments-post.php HTTP/1.0" 302 0 "https://weelorum.com/blog/find-out-how-to-estimate-cost-of-app-development-with-weelorum/#comment-31872/" "Mozilla/5.0 (Windows NT 10.0; Win64; x64) AppleWebKit/537.36 (KHTML, like Gecko) Chrome/131.0.0.0 Safari/537.36"
212.107.27.66 - - [27/Jul/2026:09:29:32 +0000] "GET /blog/find-out-how-to-estimate-cost-of-app-development-with-weelorum/ HTTP/1.0" 200 212760 "https://weelorum.com/blog/find-out-how-to-estimate-cost-of-app-development-with-weelorum/#comment-40110" "Mozilla/5.0 (Windows NT 10.0; Win64; x64) AppleWebKit/537.36 (KHTML, like Gecko) Chrome/131.0.0.0 Safari/537.36"
216.73.216.69 - - [27/Jul/2026:09:29:34 +0000] "GET /blog/key-challenges-in-mobile-app-development-and-how-to-overcome-them/ HTTP/1.1" 200 86638 "-" "Mozilla/5.0 AppleWebKit/537.36 (KHTML, like Gecko; compatible; ClaudeBot/1.0; +claudebot@anthropic.com)"
146.190.158.65 - - [27/Jul/2026:09:29:42 +0000] "POST /wp-cron.php?doing_wp_cron=1785144582.8009049892425537109375 HTTP/1.1" 200 31 "-" "WordPress/7.0; https://weelorum.com"
216.73.216.69 - - [27/Jul/2026:09:29:43 +0000] "GET /blog/client-guides/feed/ HTTP/1.1" 200 422601 "-" "Mozilla/5.0 AppleWebKit/537.36 (KHTML, like Gecko; compatible; ClaudeBot/1.0; +claudebot@anthropic.com)"
62.238.63.215 - - [27/Jul/2026:09:29:59 +0000] "GET /wp-content/uploads/2023/01/Card-adobe-illustrator.svg HTTP/1.1" 301 5 "-" "Mozilla/5.0 (X11; Ubuntu; Linux x86_64; rv:72.0) Gecko/20100101 Firefox/72.0"
62.238.63.215 - - [27/Jul/2026:09:30:00 +0000] "GET /wp-content/uploads/2023/01/card-adobe-illustrator.svg HTTP/1.1" 404 130487 "-" "Mozilla/5.0 (X11; Ubuntu; Linux x86_64; rv:72.0) Gecko/20100101 Firefox/72.0"
216.73.216.69 - - [27/Jul/2026:09:30:29 +0000] "GET /blog/how-to-build-a-messaging-app-for-chats-steps-and-examples-of-apps/ HTTP/1.1" 200 86208 "-" "Mozilla/5.0 AppleWebKit/537.36 (KHTML, like Gecko; compatible; ClaudeBot/1.0; +claudebot@anthropic.com)"
176.9.74.49 - - [27/Jul/2026:09:30:42 +0000] "GET /blog/key-challenges-in-mobile-app-development-and-how-to-overcome-them/ HTTP/1.1" 200 86638 "-" "SEBot-WA"
176.9.74.49 - - [27/Jul/2026:09:30:43 +0000] "GET /wp-content/themes/weelorum-theme/assets/fonts/montserrat.woff2 HTTP/1.1" 200 30300 "https://weelorum.com/blog/key-challenges-in-mobile-app-development-and-how-to-overcome-them/" "SEBot-WA"
176.9.74.49 - - [27/Jul/2026:09:30:43 +0000] "GET /wp-content/uploads/2022/09/15.-Web-Challenges-in-Mobile-App-Development.svg HTTP/1.1" 200 68111 "https://weelorum.com/blog/key-challenges-in-mobile-app-development-and-how-to-overcome-them/" "SEBot-WA"
176.9.74.49 - - [27/Jul/2026:09:30:43 +0000] "GET /wp-content/cache/min/1/wp-content/themes/weelorum-theme/css/awards-section.css?ver=1784812621 HTTP/1.1" 200 1392 "https://weelorum.com/blog/key-challenges-in-mobile-app-development-and-how-to-overcome-them/" "SEBot-WA"
176.9.74.49 - - [27/Jul/2026:09:30:43 +0000] "GET /wp-content/cache/background-css/1/weelorum.com/wp-content/cache/min/1/wp-content/themes/weelorum-theme/assets/css/wl-pages.css?ver=1784812621&wpr_t=1785086494 HTTP/1.1" 200 58160 "https://weelorum.com/blog/key-challenges-in-mobile-app-development-and-how-to-overcome-them/" "SEBot-WA"
176.9.74.49 - - [27/Jul/2026:09:30:43 +0000] "GET /wp-content/uploads/2022/08/cropped-cropped-CEO-1-104x104.jpg HTTP/1.1" 200 2683 "https://weelorum.com/blog/key-challenges-in-mobile-app-development-and-how-to-overcome-them/" "SEBot-WA"
176.9.74.49 - - [27/Jul/2026:09:30:43 +0000] "GET /wp-includes/js/dist/i18n.min.js?ver=781d11515ad3d91786ec HTTP/1.1" 200 2574 "https://weelorum.com/blog/key-challenges-in-mobile-app-development-and-how-to-overcome-them/" "SEBot-WA"
176.9.74.49 - - [27/Jul/2026:09:30:43 +0000] "GET /wp-includes/js/jquery/jquery.min.js?ver=3.7.1 HTTP/1.1" 200 35451 "https://weelorum.com/blog/key-challenges-in-mobile-app-development-and-how-to-overcome-them/" "SEBot-WA"
176.9.74.49 - - [27/Jul/2026:09:30:43 +0000] "GET /wp-content/cache/min/1/wp-content/themes/weelorum-theme/assets/js/main.js?ver=1784812621 HTTP/1.1" 200 1767 "https://weelorum.com/blog/key-challenges-in-mobile-app-development-and-how-to-overcome-them/" "SEBot-WA"
176.9.74.49 - - [27/Jul/2026:09:30:43 +0000] "GET /wp-content/cache/min/1/wp-content/plugins/contact-form-7/includes/js/index.js?ver=1784812623 HTTP/1.1" 200 4803 "https://weelorum.com/blog/key-challenges-in-mobile-app-development-and-how-to-overcome-them/" "SEBot-WA"
176.9.74.49 - - [27/Jul/2026:09:30:43 +0000] "GET /wp-includes/js/jquery/jquery-migrate.min.js?ver=3.4.1 HTTP/1.1" 200 5355 "https://weelorum.com/blog/key-challenges-in-mobile-app-development-and-how-to-overcome-them/" "SEBot-WA"
