216.73.216.6 - - [27/Jul/2026:10:58:13 +0000] "GET /wp-content/uploads/2022/08/3.-Preview-articles.svg HTTP/1.1" 200 118945 "https://weelorum.com/blog/how-to-find-and-hire-developers-for-financial-applications/" "Mozilla/5.0 (Macintosh; Intel Mac OS X 10_15_7) AppleWebKit/537.36 (KHTML, like Gecko) Chrome/131.0.0.0 Safari/537.36; ClaudeBot/1.0; +claudebot@anthropic.com)"
216.73.216.6 - - [27/Jul/2026:10:58:13 +0000] "GET /wp-content/uploads/2023/07/52.Web_.630-410x233.png HTTP/1.1" 200 4868 "https://weelorum.com/blog/how-to-find-and-hire-developers-for-financial-applications/" "Mozilla/5.0 (Macintosh; Intel Mac OS X 10_15_7) AppleWebKit/537.36 (KHTML, like Gecko) Chrome/131.0.0.0 Safari/537.36; ClaudeBot/1.0; +claudebot@anthropic.com)"
216.73.216.6 - - [27/Jul/2026:10:58:13 +0000] "GET /wp-content/uploads/2022/11/19.-630_344.svg HTTP/1.1" 200 70290 "https://weelorum.com/blog/how-to-find-and-hire-developers-for-financial-applications/" "Mozilla/5.0 (Macintosh; Intel Mac OS X 10_15_7) AppleWebKit/537.36 (KHTML, like Gecko) Chrome/131.0.0.0 Safari/537.36; ClaudeBot/1.0; +claudebot@anthropic.com)"
216.73.216.6 - - [27/Jul/2026:10:58:13 +0000] "GET /wp-content/uploads/2022/09/14.-Preview-articles.svg HTTP/1.1" 200 73347 "https://weelorum.com/blog/how-to-find-and-hire-developers-for-financial-applications/" "Mozilla/5.0 (Macintosh; Intel Mac OS X 10_15_7) AppleWebKit/537.36 (KHTML, like Gecko) Chrome/131.0.0.0 Safari/537.36; ClaudeBot/1.0; +claudebot@anthropic.com)"
216.73.216.6 - - [27/Jul/2026:10:58:13 +0000] "GET /wp-content/uploads/2023/06/51.Web_.630-410x233.png HTTP/1.1" 200 4539 "https://weelorum.com/blog/how-to-find-and-hire-developers-for-financial-applications/" "Mozilla/5.0 (Macintosh; Intel Mac OS X 10_15_7) AppleWebKit/537.36 (KHTML, like Gecko) Chrome/131.0.0.0 Safari/537.36; ClaudeBot/1.0; +claudebot@anthropic.com)"
216.73.216.6 - - [27/Jul/2026:10:58:13 +0000] "GET /wp-content/uploads/2022/11/16.-630_344.svg HTTP/1.1" 200 89962 "https://weelorum.com/blog/how-to-find-and-hire-developers-for-financial-applications/" "Mozilla/5.0 (Macintosh; Intel Mac OS X 10_15_7) AppleWebKit/537.36 (KHTML, like Gecko) Chrome/131.0.0.0 Safari/537.36; ClaudeBot/1.0; +claudebot@anthropic.com)"
216.73.216.6 - - [27/Jul/2026:10:58:13 +0000] "GET /wp-content/uploads/2022/05/logo.png HTTP/1.1" 200 2047 "https://weelorum.com/blog/how-to-find-and-hire-developers-for-financial-applications/" "Mozilla/5.0 (Macintosh; Intel Mac OS X 10_15_7) AppleWebKit/537.36 (KHTML, like Gecko) Chrome/131.0.0.0 Safari/537.36; ClaudeBot/1.0; +claudebot@anthropic.com)"
216.73.216.6 - - [27/Jul/2026:10:58:13 +0000] "GET /wp-content/themes/weelorum-theme/assets/images/icon-linkedin.png HTTP/1.1" 200 461 "https://weelorum.com/blog/how-to-find-and-hire-developers-for-financial-applications/" "Mozilla/5.0 (Macintosh; Intel Mac OS X 10_15_7) AppleWebKit/537.36 (KHTML, like Gecko) Chrome/131.0.0.0 Safari/537.36; ClaudeBot/1.0; +claudebot@anthropic.com)"
216.73.216.6 - - [27/Jul/2026:10:58:13 +0000] "GET /wp-content/themes/weelorum-theme/assets/images/icon-facebook.png HTTP/1.1" 200 313 "https://weelorum.com/blog/how-to-find-and-hire-developers-for-financial-applications/" "Mozilla/5.0 (Macintosh; Intel Mac OS X 10_15_7) AppleWebKit/537.36 (KHTML, like Gecko) Chrome/131.0.0.0 Safari/537.36; ClaudeBot/1.0; +claudebot@anthropic.com)"
216.73.216.6 - - [27/Jul/2026:10:58:13 +0000] "GET /wp-content/themes/weelorum-theme/assets/images/icon-telegram.png HTTP/1.1" 200 670 "https://weelorum.com/blog/how-to-find-and-hire-developers-for-financial-applications/" "Mozilla/5.0 (Macintosh; Intel Mac OS X 10_15_7) AppleWebKit/537.36 (KHTML, like Gecko) Chrome/131.0.0.0 Safari/537.36; ClaudeBot/1.0; +claudebot@anthropic.com)"
216.73.216.6 - - [27/Jul/2026:10:58:13 +0000] "GET /wp-content/themes/weelorum-theme/assets/images/footer-award-1.png HTTP/1.1" 200 5163 "https://weelorum.com/blog/how-to-find-and-hire-developers-for-financial-applications/" "Mozilla/5.0 (Macintosh; Intel Mac OS X 10_15_7) AppleWebKit/537.36 (KHTML, like Gecko) Chrome/131.0.0.0 Safari/537.36; ClaudeBot/1.0; +claudebot@anthropic.com)"
216.73.216.6 - - [27/Jul/2026:10:58:13 +0000] "GET /wp-content/themes/weelorum-theme/assets/images/footer-award-2.svg HTTP/1.1" 200 30445 "https://weelorum.com/blog/how-to-find-and-hire-developers-for-financial-applications/" "Mozilla/5.0 (Macintosh; Intel Mac OS X 10_15_7) AppleWebKit/537.36 (KHTML, like Gecko) Chrome/131.0.0.0 Safari/537.36; ClaudeBot/1.0; +claudebot@anthropic.com)"
146.190.158.65 - - [27/Jul/2026:10:58:20 +0000] "POST /wp-cron.php?doing_wp_cron=1785149900.6353840827941894531250 HTTP/1.1" 200 31 "-" "WordPress/7.0; https://weelorum.com"
81.45.180.115 - - [27/Jul/2026:10:58:20 +0000] "POST /xmlrpc.php HTTP/1.1" 405 427 "-" "Jetpack by WordPress.com"
146.190.158.65 - - [27/Jul/2026:10:58:31 +0000] "POST /wp-cron.php?doing_wp_cron=1785149911.1420159339904785156250 HTTP/1.1" 200 31 "-" "WordPress/7.0; https://weelorum.com"
81.45.180.115 - - [27/Jul/2026:10:58:31 +0000] "POST /xmlrpc.php HTTP/1.1" 405 427 "-" "Jetpack/12.0; WordPress/6.3; http://site18331910.com"
146.190.158.65 - - [27/Jul/2026:10:58:41 +0000] "POST /wp-cron.php?doing_wp_cron=1785149921.6322040557861328125000 HTTP/1.1" 200 31 "-" "WordPress/7.0; https://weelorum.com"
81.45.180.115 - - [27/Jul/2026:10:58:41 +0000] "POST /xmlrpc.php HTTP/1.1" 405 427 "-" "Jetpack/12.1; WordPress/6.2; http://site21062660.com"
81.45.180.115 - - [27/Jul/2026:10:58:52 +0000] "POST /xmlrpc.php HTTP/1.1" 405 427 "-" "Jetpack/13.0; WordPress/6.4; http://site83743961.com"
81.45.180.115 - - [27/Jul/2026:10:59:02 +0000] "POST /xmlrpc.php HTTP/1.1" 405 427 "-" "Jetpack by WordPress.com (Jetpack 13.0; WordPress 6.3)"
81.45.180.115 - - [27/Jul/2026:10:59:13 +0000] "POST /xmlrpc.php HTTP/1.1" 405 427 "-" "Jetpack by WordPress.com (Jetpack 12.0; WordPress 6.1)"
146.190.158.65 - - [27/Jul/2026:10:59:23 +0000] "POST /wp-cron.php?doing_wp_cron=1785149963.7110109329223632812500 HTTP/1.1" 200 31 "-" "WordPress/7.0; https://weelorum.com"
81.45.180.115 - - [27/Jul/2026:10:59:23 +0000] "POST /xmlrpc.php HTTP/1.1" 405 427 "-" "Jetpack by WordPress.com"
146.190.158.65 - - [27/Jul/2026:10:59:34 +0000] "POST /wp-cron.php?doing_wp_cron=1785149974.3080430030822753906250 HTTP/1.1" 200 31 "-" "WordPress/7.0; https://weelorum.com"
81.45.180.115 - - [27/Jul/2026:10:59:34 +0000] "POST /xmlrpc.php HTTP/1.1" 405 427 "-" "Jetpack by WordPress.com"
193.124.67.142 - - [27/Jul/2026:10:59:41 +0000] "GET /blog/find-out-how-to-estimate-cost-of-app-development-with-weelorum/ HTTP/1.1" 200 89296 "-" "Mozilla/5.0 (compatible; Googlebot/2.1; +http://www.google.com/bot.html)"
146.190.158.65 - - [27/Jul/2026:10:59:44 +0000] "POST /wp-cron.php?doing_wp_cron=1785149984.7417399883270263671875 HTTP/1.1" 200 31 "-" "WordPress/7.0; https://weelorum.com"
81.45.180.115 - - [27/Jul/2026:10:59:44 +0000] "POST /xmlrpc.php HTTP/1.1" 405 427 "-" "WordPress.com; https://wordpress.com"
81.45.180.115 - - [27/Jul/2026:10:59:55 +0000] "POST /xmlrpc.php HTTP/1.1" 405 427 "-" "Jetpack by WordPress.com (Jetpack 13.0; WordPress 6.3)"
157.55.39.223 - - [27/Jul/2026:10:59:57 +0000] "GET /robots.txt HTTP/1.1" 200 140 "-" "Mozilla/5.0 AppleWebKit/537.36 (KHTML, like Gecko; compatible; bingbot/2.0; +http://www.bing.com/bingbot.htm) Chrome/116.0.1938.76 Safari/537.36"
146.190.158.65 - - [27/Jul/2026:11:00:01 +0000] "GET / HTTP/1.1" 301 169 "-" "Mozilla/5.0 (X11; Linux x86_64) AppleWebKit/537.36 (KHTML, like Gecko) Chrome/44.0.2403.157 Safari/537.36"
146.190.158.65 - - [27/Jul/2026:11:00:01 +0000] "GET / HTTP/1.1" 200 32502 "http://146.190.158.65" "Mozilla/5.0 (X11; Linux x86_64) AppleWebKit/537.36 (KHTML, like Gecko) Chrome/44.0.2403.157 Safari/537.36"
40.77.167.243 - - [27/Jul/2026:11:00:05 +0000] "GET /wp-content/uploads/2023/09/team.png HTTP/1.1" 200 367111 "-" "Mozilla/5.0 AppleWebKit/537.36 (KHTML, like Gecko; compatible; bingbot/2.0; +http://www.bing.com/bingbot.htm) Chrome/116.0.1938.76 Safari/537.36"
81.45.180.115 - - [27/Jul/2026:11:00:06 +0000] "POST /xmlrpc.php HTTP/1.1" 405 427 "-" "Jetpack by WordPress.com (Jetpack 12.1; WordPress 6.4)"
146.190.158.65 - - [27/Jul/2026:11:00:16 +0000] "POST /wp-cron.php?doing_wp_cron=1785150016.4251430034637451171875 HTTP/1.1" 200 31 "-" "WordPress/7.0; https://weelorum.com"
81.45.180.115 - - [27/Jul/2026:11:00:16 +0000] "POST /xmlrpc.php HTTP/1.1" 405 427 "-" "WordPress.com; https://wordpress.com"
146.190.158.65 - - [27/Jul/2026:11:00:26 +0000] "POST /wp-cron.php?doing_wp_cron=1785150026.8615920543670654296875 HTTP/1.1" 200 31 "-" "WordPress/7.0; https://weelorum.com"
81.45.180.115 - - [27/Jul/2026:11:00:26 +0000] "POST /xmlrpc.php HTTP/1.1" 405 427 "-" "WordPress.com; https://wordpress.com"
184.73.62.37 - - [27/Jul/2026:11:00:33 +0000] "GET /app-ads.txt HTTP/1.1" 404 130469 "-" "Mozilla/5.0 (Windows NT 10.0; Win64; x64) AppleWebKit/537.36 (KHTML, like Gecko) Chrome/124.0.0.0 Safari/537.36"
81.45.180.115 - - [27/Jul/2026:11:00:37 +0000] "POST /xmlrpc.php HTTP/1.1" 405 427 "-" "Jetpack/12.0; WordPress/6.1; http://site96782793.com"
146.190.158.65 - - [27/Jul/2026:11:00:47 +0000] "POST /wp-cron.php?doing_wp_cron=1785150047.8827691078186035156250 HTTP/1.1" 200 31 "-" "WordPress/7.0; https://weelorum.com"
81.45.180.115 - - [27/Jul/2026:11:00:47 +0000] "POST /xmlrpc.php HTTP/1.1" 405 427 "-" "WordPress.com; https://wordpress.com"
81.45.180.115 - - [27/Jul/2026:11:00:58 +0000] "POST /xmlrpc.php HTTP/1.1" 405 427 "-" "Jetpack/12.0; WordPress/6.3; http://site80720933.com"
81.45.180.115 - - [27/Jul/2026:11:01:08 +0000] "POST /xmlrpc.php HTTP/1.1" 405 427 "-" "WordPress.com; https://wordpress.com"
146.190.158.65 - - [27/Jul/2026:11:01:19 +0000] "POST /wp-cron.php?doing_wp_cron=1785150079.4755980968475341796875 HTTP/1.1" 200 31 "-" "WordPress/7.0; https://weelorum.com"
81.45.180.115 - - [27/Jul/2026:11:01:19 +0000] "POST /xmlrpc.php HTTP/1.1" 405 427 "-" "Jetpack by WordPress.com (Jetpack 13.0; WordPress 6.2)"
146.190.158.65 - - [27/Jul/2026:11:01:29 +0000] "POST /wp-cron.php?doing_wp_cron=1785150089.9280691146850585937500 HTTP/1.1" 200 31 "-" "WordPress/7.0; https://weelorum.com"
81.45.180.115 - - [27/Jul/2026:11:01:29 +0000] "POST /xmlrpc.php HTTP/1.1" 405 427 "-" "Jetpack by WordPress.com (Jetpack 13.0; WordPress 6.1)"
146.190.158.65 - - [27/Jul/2026:11:01:40 +0000] "POST /wp-cron.php?doing_wp_cron=1785150100.5056838989257812500000 HTTP/1.1" 200 31 "-" "WordPress/7.0; https://weelorum.com"
81.45.180.115 - - [27/Jul/2026:11:01:40 +0000] "POST /xmlrpc.php HTTP/1.1" 405 427 "-" "Jetpack/12.0; WordPress/6.1; http://site25362606.com"
184.73.62.37 - - [27/Jul/2026:11:01:49 +0000] "GET /app-ads.txt HTTP/1.1" 301 169 "-" "Mozilla/5.0 (Windows NT 10.0; Win64; x64) AppleWebKit/537.36 (KHTML, like Gecko) Chrome/124.0.0.0 Safari/537.36"
81.45.180.115 - - [27/Jul/2026:11:01:51 +0000] "POST /xmlrpc.php HTTP/1.1" 405 427 "-" "Jetpack by WordPress.com"
81.45.180.115 - - [27/Jul/2026:11:02:01 +0000] "POST /xmlrpc.php HTTP/1.1" 405 427 "-" "Jetpack/12.0; WordPress/6.3; http://site87291431.com"
146.190.158.65 - - [27/Jul/2026:11:02:12 +0000] "POST /wp-cron.php?doing_wp_cron=1785150132.1458508968353271484375 HTTP/1.1" 200 31 "-" "WordPress/7.0; https://weelorum.com"
81.45.180.115 - - [27/Jul/2026:11:02:12 +0000] "POST /xmlrpc.php HTTP/1.1" 405 427 "-" "Jetpack by WordPress.com"
146.190.158.65 - - [27/Jul/2026:11:02:22 +0000] "POST /wp-cron.php?doing_wp_cron=1785150142.3451991081237792968750 HTTP/1.1" 200 31 "-" "WordPress/7.0; https://weelorum.com"
130.12.182.219 - - [27/Jul/2026:11:02:22 +0000] "POST /?rest_route=/batch/v1 HTTP/1.1" 207 10921 "-" "python-requests/2.31.0"
81.45.180.115 - - [27/Jul/2026:11:02:22 +0000] "POST /xmlrpc.php HTTP/1.1" 405 427 "-" "WordPress.com; https://wordpress.com"
130.12.182.219 - - [27/Jul/2026:11:02:23 +0000] "POST /?rest_route=/batch/v1 HTTP/1.1" 207 10860 "-" "python-requests/2.31.0"
130.12.182.219 - - [27/Jul/2026:11:02:24 +0000] "POST /?rest_route=/batch/v1 HTTP/1.1" 207 10860 "-" "python-requests/2.31.0"
130.12.182.219 - - [27/Jul/2026:11:02:25 +0000] "POST /?rest_route=/batch/v1 HTTP/1.1" 207 10868 "-" "python-requests/2.31.0"
146.190.158.65 - - [27/Jul/2026:11:02:26 +0000] "POST /wp-cron.php?doing_wp_cron=1785150146.2618091106414794921875 HTTP/1.1" 200 31 "-" "WordPress/7.0; https://weelorum.com"
130.12.182.219 - - [27/Jul/2026:11:02:26 +0000] "POST /?rest_route=/batch/v1 HTTP/1.1" 207 10868 "-" "python-requests/2.31.0"
130.12.182.219 - - [27/Jul/2026:11:02:27 +0000] "POST /?rest_route=/batch/v1 HTTP/1.1" 207 10866 "-" "python-requests/2.31.0"
130.12.182.219 - - [27/Jul/2026:11:02:28 +0000] "POST /?rest_route=/batch/v1 HTTP/1.1" 207 29507 "-" "python-requests/2.31.0"
130.12.182.219 - - [27/Jul/2026:11:02:29 +0000] "POST /?rest_route=/batch/v1 HTTP/1.1" 207 10840 "-" "python-requests/2.31.0"
130.12.182.219 - - [27/Jul/2026:11:02:30 +0000] "POST /?rest_route=/batch/v1 HTTP/1.1" 207 10840 "-" "python-requests/2.31.0"
130.12.182.219 - - [27/Jul/2026:11:02:31 +0000] "POST /?rest_route=/batch/v1 HTTP/1.1" 207 10779 "-" "python-requests/2.31.0"
130.12.182.219 - - [27/Jul/2026:11:02:31 +0000] "POST /?rest_route=/batch/v1 HTTP/1.1" 207 10786 "-" "python-requests/2.31.0"
130.12.182.219 - - [27/Jul/2026:11:02:32 +0000] "POST /?rest_route=/batch/v1 HTTP/1.1" 207 10781 "-" "python-requests/2.31.0"
81.45.180.115 - - [27/Jul/2026:11:02:33 +0000] "POST /xmlrpc.php HTTP/1.1" 405 427 "-" "Jetpack by WordPress.com (Jetpack 12.5; WordPress 6.2)"
130.12.182.219 - - [27/Jul/2026:11:02:33 +0000] "POST /?rest_route=/batch/v1 HTTP/1.1" 207 10781 "-" "python-requests/2.31.0"
130.12.182.219 - - [27/Jul/2026:11:02:34 +0000] "POST /?rest_route=/batch/v1 HTTP/1.1" 207 10785 "-" "python-requests/2.31.0"
130.12.182.219 - - [27/Jul/2026:11:02:35 +0000] "POST /?rest_route=/batch/v1 HTTP/1.1" 207 10785 "-" "python-requests/2.31.0"
184.73.62.37 - - [27/Jul/2026:11:02:36 +0000] "GET /app-ads.txt HTTP/1.1" 404 130469 "-" "Mozilla/5.0 (Windows NT 10.0; Win64; x64) AppleWebKit/537.36 (KHTML, like Gecko) Chrome/124.0.0.0 Safari/537.36"
130.12.182.219 - - [27/Jul/2026:11:02:36 +0000] "POST /?rest_route=/batch/v1 HTTP/1.1" 207 10779 "-" "python-requests/2.31.0"
130.12.182.219 - - [27/Jul/2026:11:02:37 +0000] "POST /?rest_route=/batch/v1 HTTP/1.1" 207 10779 "-" "python-requests/2.31.0"
130.12.182.219 - - [27/Jul/2026:11:02:38 +0000] "POST /?rest_route=/batch/v1 HTTP/1.1" 207 10783 "-" "python-requests/2.31.0"
130.12.182.219 - - [27/Jul/2026:11:02:39 +0000] "POST /?rest_route=/batch/v1 HTTP/1.1" 207 10779 "-" "python-requests/2.31.0"
146.190.158.65 - - [27/Jul/2026:11:02:40 +0000] "POST /wp-cron.php?doing_wp_cron=1785150160.1498370170593261718750 HTTP/1.1" 200 31 "-" "WordPress/7.0; https://weelorum.com"
130.12.182.219 - - [27/Jul/2026:11:02:40 +0000] "POST /?rest_route=/batch/v1 HTTP/1.1" 207 10783 "-" "python-requests/2.31.0"
130.12.182.219 - - [27/Jul/2026:11:02:41 +0000] "POST /?rest_route=/batch/v1 HTTP/1.1" 207 10884 "-" "python-requests/2.31.0"
130.12.182.219 - - [27/Jul/2026:11:02:41 +0000] "POST /?rest_route=/batch/v1 HTTP/1.1" 207 10934 "-" "python-requests/2.31.0"
130.12.182.219 - - [27/Jul/2026:11:02:42 +0000] "POST /?rest_route=/batch/v1 HTTP/1.1" 207 10933 "-" "python-requests/2.31.0"
81.45.180.115 - - [27/Jul/2026:11:02:43 +0000] "POST /xmlrpc.php HTTP/1.1" 405 427 "-" "Jetpack by WordPress.com (Jetpack 12.1; WordPress 6.2)"
130.12.182.219 - - [27/Jul/2026:11:02:43 +0000] "POST /?rest_route=/batch/v1 HTTP/1.1" 207 10941 "-" "python-requests/2.31.0"
130.12.182.219 - - [27/Jul/2026:11:02:44 +0000] "POST /?rest_route=/batch/v1 HTTP/1.1" 207 11110 "-" "python-requests/2.31.0"
130.12.182.219 - - [27/Jul/2026:11:02:45 +0000] "POST /?rest_route=/batch/v1 HTTP/1.1" 207 11087 "-" "python-requests/2.31.0"
130.12.182.219 - - [27/Jul/2026:11:02:46 +0000] "POST /?rest_route=/batch/v1 HTTP/1.1" 207 10853 "-" "python-requests/2.31.0"
130.12.182.219 - - [27/Jul/2026:11:02:47 +0000] "POST /?rest_route=/batch/v1 HTTP/1.1" 207 10808 "-" "python-requests/2.31.0"
130.12.182.219 - - [27/Jul/2026:11:02:48 +0000] "POST /?rest_route=/batch/v1 HTTP/1.1" 207 10791 "-" "python-requests/2.31.0"
130.12.182.219 - - [27/Jul/2026:11:02:49 +0000] "POST /?rest_route=/batch/v1 HTTP/1.1" 207 10855 "-" "python-requests/2.31.0"
130.12.182.219 - - [27/Jul/2026:11:02:50 +0000] "POST /?rest_route=/batch/v1 HTTP/1.1" 207 10845 "-" "python-requests/2.31.0"
130.12.182.219 - - [27/Jul/2026:11:02:51 +0000] "POST /?rest_route=/batch/v1 HTTP/1.1" 207 10847 "-" "python-requests/2.31.0"
130.12.182.219 - - [27/Jul/2026:11:02:51 +0000] "POST /?rest_route=/batch/v1 HTTP/1.1" 207 10937 "-" "python-requests/2.31.0"
130.12.182.219 - - [27/Jul/2026:11:02:52 +0000] "POST /?rest_route=/batch/v1 HTTP/1.1" 207 10935 "-" "python-requests/2.31.0"
130.12.182.219 - - [27/Jul/2026:11:02:53 +0000] "POST /?rest_route=/batch/v1 HTTP/1.1" 207 10793 "-" "python-requests/2.31.0"
81.45.180.115 - - [27/Jul/2026:11:02:54 +0000] "POST /xmlrpc.php HTTP/1.1" 405 427 "-" "Jetpack/12.5; WordPress/6.3; http://site70739317.com"
130.12.182.219 - - [27/Jul/2026:11:02:54 +0000] "POST /?rest_route=/batch/v1 HTTP/1.1" 207 10841 "-" "python-requests/2.31.0"
130.12.182.219 - - [27/Jul/2026:11:02:55 +0000] "POST /?rest_route=/batch/v1 HTTP/1.1" 207 10941 "-" "python-requests/2.31.0"
130.12.182.219 - - [27/Jul/2026:11:02:56 +0000] "POST /?rest_route=/batch/v1 HTTP/1.1" 207 10894 "-" "python-requests/2.31.0"
130.12.182.219 - - [27/Jul/2026:11:02:57 +0000] "POST /?rest_route=/batch/v1 HTTP/1.1" 207 10896 "-" "python-requests/2.31.0"
130.12.182.219 - - [27/Jul/2026:11:02:58 +0000] "POST /?rest_route=/batch/v1 HTTP/1.1" 207 10783 "-" "python-requests/2.31.0"
130.12.182.219 - - [27/Jul/2026:11:02:59 +0000] "POST /?rest_route=/batch/v1 HTTP/1.1" 207 18111 "-" "python-requests/2.31.0"
81.45.180.115 - - [27/Jul/2026:11:03:04 +0000] "POST /xmlrpc.php HTTP/1.1" 405 427 "-" "Jetpack by WordPress.com"
146.190.158.65 - - [27/Jul/2026:11:03:15 +0000] "POST /wp-cron.php?doing_wp_cron=1785150195.2825589179992675781250 HTTP/1.1" 200 31 "-" "WordPress/7.0; https://weelorum.com"
81.45.180.115 - - [27/Jul/2026:11:03:15 +0000] "POST /xmlrpc.php HTTP/1.1" 405 427 "-" "Jetpack/12.1; WordPress/6.3; http://site37329533.com"
146.190.158.65 - - [27/Jul/2026:11:03:22 +0000] "POST /wp-cron.php?doing_wp_cron=1785150202.5829811096191406250000 HTTP/1.1" 200 31 "-" "WordPress/7.0; https://weelorum.com"
184.73.62.37 - - [27/Jul/2026:11:03:22 +0000] "GET /app-ads.txt HTTP/1.1" 301 5 "-" "Mozilla/5.0 (Windows NT 10.0; Win64; x64) AppleWebKit/537.36 (KHTML, like Gecko) Chrome/124.0.0.0 Safari/537.36"
81.45.180.115 - - [27/Jul/2026:11:03:25 +0000] "POST /xmlrpc.php HTTP/1.1" 405 427 "-" "Jetpack/13.0; WordPress/6.3; http://site33076804.com"
146.190.158.65 - - [27/Jul/2026:11:03:36 +0000] "POST /wp-cron.php?doing_wp_cron=1785150216.2985069751739501953125 HTTP/1.1" 200 31 "-" "WordPress/7.0; https://weelorum.com"
81.45.180.115 - - [27/Jul/2026:11:03:36 +0000] "POST /xmlrpc.php HTTP/1.1" 405 427 "-" "WordPress.com; https://wordpress.com"
146.190.158.65 - - [27/Jul/2026:11:03:46 +0000] "POST /wp-cron.php?doing_wp_cron=1785150226.7961440086364746093750 HTTP/1.1" 200 31 "-" "WordPress/7.0; https://weelorum.com"
81.45.180.115 - - [27/Jul/2026:11:03:46 +0000] "POST /xmlrpc.php HTTP/1.1" 405 427 "-" "Jetpack by WordPress.com"
81.45.180.115 - - [27/Jul/2026:11:03:57 +0000] "POST /xmlrpc.php HTTP/1.1" 405 427 "-" "Jetpack by WordPress.com (Jetpack 12.5; WordPress 6.2)"
184.73.62.37 - - [27/Jul/2026:11:04:00 +0000] "GET /app-ads.txt HTTP/1.1" 404 130469 "-" "Mozilla/5.0 (Windows NT 10.0; Win64; x64) AppleWebKit/537.36 (KHTML, like Gecko) Chrome/124.0.0.0 Safari/537.36"
81.45.180.115 - - [27/Jul/2026:11:04:07 +0000] "POST /xmlrpc.php HTTP/1.1" 405 427 "-" "Jetpack by WordPress.com (Jetpack 12.0; WordPress 6.1)"
146.190.158.65 - - [27/Jul/2026:11:04:18 +0000] "POST /wp-cron.php?doing_wp_cron=1785150258.3981389999389648437500 HTTP/1.1" 200 31 "-" "WordPress/7.0; https://weelorum.com"
81.45.180.115 - - [27/Jul/2026:11:04:18 +0000] "POST /xmlrpc.php HTTP/1.1" 405 427 "-" "Jetpack by WordPress.com (Jetpack 13.0; WordPress 6.3)"
184.73.62.37 - - [27/Jul/2026:11:04:28 +0000] "GET /app-ads.txt HTTP/1.1" 301 169 "-" "Mozilla/5.0 (Windows NT 10.0; Win64; x64) AppleWebKit/537.36 (KHTML, like Gecko) Chrome/124.0.0.0 Safari/537.36"
146.190.158.65 - - [27/Jul/2026:11:04:28 +0000] "POST /wp-cron.php?doing_wp_cron=1785150268.9617249965667724609375 HTTP/1.1" 200 31 "-" "WordPress/7.0; https://weelorum.com"
81.45.180.115 - - [27/Jul/2026:11:04:28 +0000] "POST /xmlrpc.php HTTP/1.1" 405 427 "-" "Jetpack by WordPress.com (Jetpack 12.1; WordPress 6.4)"
81.45.180.115 - - [27/Jul/2026:11:04:39 +0000] "POST /xmlrpc.php HTTP/1.1" 405 427 "-" "Jetpack by WordPress.com (Jetpack 12.0; WordPress 6.1)"
51.68.111.207 - - [27/Jul/2026:11:04:40 +0000] "GET /robots.txt HTTP/1.1" 301 169 "-" "Mozilla/5.0 (compatible; MJ12bot/v2.0.5; http://mj12bot.com/)"
51.68.111.207 - - [27/Jul/2026:11:04:41 +0000] "GET /robots.txt HTTP/1.1" 200 140 "-" "Mozilla/5.0 (compatible; MJ12bot/v2.0.5; http://mj12bot.com/)"
51.68.111.207 - - [27/Jul/2026:11:04:41 +0000] "GET / HTTP/1.1" 301 169 "-" "Mozilla/5.0 (compatible; MJ12bot/v2.0.5; http://mj12bot.com/)"
51.68.111.207 - - [27/Jul/2026:11:04:41 +0000] "GET / HTTP/1.1" 200 79980 "-" "Mozilla/5.0 (compatible; MJ12bot/v2.0.5; http://mj12bot.com/)"
51.68.111.207 - - [27/Jul/2026:11:04:42 +0000] "GET /robots.txt HTTP/1.1" 301 169 "-" "Mozilla/5.0 (compatible; MJ12bot/v2.0.5; http://mj12bot.com/)"
51.68.111.207 - - [27/Jul/2026:11:04:43 +0000] "GET /robots.txt HTTP/1.1" 200 140 "-" "Mozilla/5.0 (compatible; MJ12bot/v2.0.5; http://mj12bot.com/)"
51.68.111.207 - - [27/Jul/2026:11:04:43 +0000] "GET / HTTP/1.1" 301 169 "-" "Mozilla/5.0 (compatible; MJ12bot/v2.0.5; http://mj12bot.com/)"
146.190.158.65 - - [27/Jul/2026:11:04:44 +0000] "POST /wp-cron.php?doing_wp_cron=1785150284.1064329147338867187500 HTTP/1.1" 200 31 "-" "WordPress/7.0; https://weelorum.com"
51.68.111.207 - - [27/Jul/2026:11:04:44 +0000] "GET / HTTP/1.1" 301 5 "-" "Mozilla/5.0 (compatible; MJ12bot/v2.0.5; http://mj12bot.com/)"
51.68.111.207 - - [27/Jul/2026:11:04:44 +0000] "GET / HTTP/1.1" 200 79980 "-" "Mozilla/5.0 (compatible; MJ12bot/v2.0.5; http://mj12bot.com/)"
184.73.62.37 - - [27/Jul/2026:11:04:49 +0000] "GET /app-ads.txt HTTP/1.1" 301 5 "-" "Mozilla/5.0 (Windows NT 10.0; Win64; x64) AppleWebKit/537.36 (KHTML, like Gecko) Chrome/124.0.0.0 Safari/537.36"
81.45.180.115 - - [27/Jul/2026:11:04:50 +0000] "POST /xmlrpc.php HTTP/1.1" 405 427 "-" "WordPress.com; https://wordpress.com"
81.45.180.115 - - [27/Jul/2026:11:05:00 +0000] "POST /xmlrpc.php HTTP/1.1" 405 427 "-" "Jetpack by WordPress.com (Jetpack 13.0; WordPress 6.4)"
184.73.62.37 - - [27/Jul/2026:11:05:04 +0000] "GET /app-ads.txt HTTP/1.1" 404 130469 "-" "Mozilla/5.0 (Windows NT 10.0; Win64; x64) AppleWebKit/537.36 (KHTML, like Gecko) Chrome/124.0.0.0 Safari/537.36"
64.233.173.237 - - [27/Jul/2026:11:05:08 +0000] "GET /.well-known/traffic-advice HTTP/1.1" 404 29676 "-" "Chrome Privacy Preserving Prefetch Proxy"
162.120.184.45 - - [27/Jul/2026:11:05:08 +0000] "GET /app-audit/?gad_source=1&gad_campaignid=24011806482&gbraid=0AAAABEJu3cLaf-1qq_QxH5W1wuGQqwJdv&gclid=Cj0KCQjwg5zTBhCLARIsAP2AFU6NLChRBt4_JWId2S1HlIiuBtLAK4B1el2FxBc5D5uElPIXdZTnVM4aAiJjEALw_wcB HTTP/1.1" 200 85870 "https://www.google.com/" "Mozilla/5.0 (Macintosh; Intel Mac OS X 10_15_7) AppleWebKit/537.36 (KHTML, like Gecko) Chrome/150.0.0.0 Safari/537.36"
81.45.180.115 - - [27/Jul/2026:11:05:11 +0000] "POST /xmlrpc.php HTTP/1.1" 405 427 "-" "Jetpack/12.5; WordPress/6.4; http://site14340773.com"
146.190.158.65 - - [27/Jul/2026:11:05:21 +0000] "POST /wp-cron.php?doing_wp_cron=1785150321.6169269084930419921875 HTTP/1.1" 200 31 "-" "WordPress/7.0; https://weelorum.com"
81.45.180.115 - - [27/Jul/2026:11:05:21 +0000] "POST /xmlrpc.php HTTP/1.1" 405 427 "-" "Jetpack by WordPress.com"
146.190.158.65 - - [27/Jul/2026:11:05:32 +0000] "POST /wp-cron.php?doing_wp_cron=1785150332.1818261146545410156250 HTTP/1.1" 200 31 "-" "WordPress/7.0; https://weelorum.com"
81.45.180.115 - - [27/Jul/2026:11:05:32 +0000] "POST /xmlrpc.php HTTP/1.1" 405 427 "-" "Jetpack/12.5; WordPress/6.4; http://site15539737.com"
146.190.158.65 - - [27/Jul/2026:11:05:42 +0000] "POST /wp-cron.php?doing_wp_cron=1785150342.6886160373687744140625 HTTP/1.1" 200 31 "-" "WordPress/7.0; https://weelorum.com"
81.45.180.115 - - [27/Jul/2026:11:05:42 +0000] "POST /xmlrpc.php HTTP/1.1" 405 427 "-" "Jetpack by WordPress.com (Jetpack 12.1; WordPress 6.4)"
81.45.180.115 - - [27/Jul/2026:11:05:53 +0000] "POST /xmlrpc.php HTTP/1.1" 405 427 "-" "WordPress.com; https://wordpress.com"
81.45.180.115 - - [27/Jul/2026:11:06:03 +0000] "POST /xmlrpc.php HTTP/1.1" 405 427 "-" "WordPress.com; https://wordpress.com"
81.45.180.115 - - [27/Jul/2026:11:06:14 +0000] "POST /xmlrpc.php HTTP/1.1" 405 427 "-" "Jetpack/12.0; WordPress/6.4; http://site99530503.com"
95.245.35.214 - - [27/Jul/2026:11:06:14 +0000] "GET /blog/discover-how-to-build-an-mvp-for-a-mobile-app-timing-stages-and-evaluation/ HTTP/1.1" 301 169 "-" "Mozilla/5.0 (compatible; Googlebot/2.1; +http://www.google.com/bot.html)"
95.245.35.214 - - [27/Jul/2026:11:06:15 +0000] "GET /blog/discover-how-to-build-an-mvp-for-a-mobile-app-timing-stages-and-evaluation/ HTTP/1.1" 200 89793 "http://weelorum.com/blog/discover-how-to-build-an-mvp-for-a-mobile-app-timing-stages-and-evaluation/" "Mozilla/5.0 (compatible; Googlebot/2.1; +http://www.google.com/bot.html)"
146.190.158.65 - - [27/Jul/2026:11:06:17 +0000] "POST /wp-cron.php?doing_wp_cron=1785150377.7634479999542236328125 HTTP/1.1" 200 31 "-" "WordPress/7.0; https://weelorum.com"
41.214.127.19 - - [27/Jul/2026:11:06:17 +0000] "GET /detailed-guide-on-how-to-develop-a-music-streaming-app/tel:380962170860 HTTP/1.1" 404 29698 "-" "Mozilla/5.0 (Macintosh; Intel Mac OS X 10_13_6) AppleWebKit/537.36 (KHTML, like Gecko) Brave Chrome/77.0.3865.90 Safari/537.36"
81.45.180.115 - - [27/Jul/2026:11:06:24 +0000] "POST /xmlrpc.php HTTP/1.1" 405 427 "-" "Jetpack/13.0; WordPress/6.4; http://site81784318.com"
146.190.158.65 - - [27/Jul/2026:11:06:35 +0000] "POST /wp-cron.php?doing_wp_cron=1785150395.3891949653625488281250 HTTP/1.1" 200 31 "-" "WordPress/7.0; https://weelorum.com"
81.45.180.115 - - [27/Jul/2026:11:06:35 +0000] "POST /xmlrpc.php HTTP/1.1" 405 427 "-" "Jetpack/13.0; WordPress/6.1; http://site57809203.com"
146.190.158.65 - - [27/Jul/2026:11:06:45 +0000] "POST /wp-cron.php?doing_wp_cron=1785150405.9871640205383300781250 HTTP/1.1" 200 31 "-" "WordPress/7.0; https://weelorum.com"
81.45.180.115 - - [27/Jul/2026:11:06:46 +0000] "POST /xmlrpc.php HTTP/1.1" 405 427 "-" "WordPress.com; https://wordpress.com"
57.141.18.89 - - [27/Jul/2026:11:06:46 +0000] "GET /portfolio-projects/knock-knock/ HTTP/1.1" 200 283774 "-" "Mozilla/5.0 (Macintosh; Intel Mac OS X 10_15_7) AppleWebKit/537.36 (KHTML, like Gecko) Chrome/145.0.0.0 Safari/537.36 (compatible; meta-externalagent/1.1 (+https://developers.facebook.com/docs/sharing/webmasters/crawler))"
81.45.180.115 - - [27/Jul/2026:11:06:56 +0000] "POST /xmlrpc.php HTTP/1.1" 405 427 "-" "Jetpack by WordPress.com (Jetpack 12.1; WordPress 6.3)"
81.45.180.115 - - [27/Jul/2026:11:07:07 +0000] "POST /xmlrpc.php HTTP/1.1" 405 427 "-" "WordPress.com; https://wordpress.com"
146.190.158.65 - - [27/Jul/2026:11:07:17 +0000] "POST /wp-cron.php?doing_wp_cron=1785150437.5458528995513916015625 HTTP/1.1" 200 31 "-" "WordPress/7.0; https://weelorum.com"
81.45.180.115 - - [27/Jul/2026:11:07:17 +0000] "POST /xmlrpc.php HTTP/1.1" 405 427 "-" "Jetpack/12.1; WordPress/6.4; http://site99409364.com"
91.84.111.146 - - [27/Jul/2026:11:07:18 +0000] "GET /blog/find-out-how-to-estimate-cost-of-app-development-with-weelorum/ HTTP/1.0" 200 365755 "https://weelorum.com/blog/find-out-how-to-estimate-cost-of-app-development-with-weelorum/" "Mozilla/5.0 (Windows NT 10.0; Win64; x64) AppleWebKit/537.36 (KHTML, like Gecko) Chrome/131.0.0.0 Safari/537.36 Avast/131.0.0.0"
91.84.111.146 - - [27/Jul/2026:11:07:19 +0000] "POST /wp-comments-post.php HTTP/1.0" 302 0 "https://weelorum.com/blog/find-out-how-to-estimate-cost-of-app-development-with-weelorum/" "Mozilla/5.0 (Windows NT 10.0; Win64; x64) AppleWebKit/537.36 (KHTML, like Gecko) Chrome/131.0.0.0 Safari/537.36 Avast/131.0.0.0"
91.84.111.146 - - [27/Jul/2026:11:07:20 +0000] "GET /blog/find-out-how-to-estimate-cost-of-app-development-with-weelorum/ HTTP/1.0" 200 212783 "https://weelorum.com/blog/find-out-how-to-estimate-cost-of-app-development-with-weelorum/#comment-40113" "Mozilla/5.0 (Windows NT 10.0; Win64; x64) AppleWebKit/537.36 (KHTML, like Gecko) Chrome/131.0.0.0 Safari/537.36 Avast/131.0.0.0"
146.190.158.65 - - [27/Jul/2026:11:07:28 +0000] "POST /wp-cron.php?doing_wp_cron=1785150448.0335280895233154296875 HTTP/1.1" 200 31 "-" "WordPress/7.0; https://weelorum.com"
81.45.180.115 - - [27/Jul/2026:11:07:28 +0000] "POST /xmlrpc.php HTTP/1.1" 405 427 "-" "Jetpack by WordPress.com"
81.45.180.115 - - [27/Jul/2026:11:07:38 +0000] "POST /xmlrpc.php HTTP/1.1" 405 427 "-" "Jetpack by WordPress.com"
146.190.158.65 - - [27/Jul/2026:11:07:49 +0000] "POST /wp-cron.php?doing_wp_cron=1785150469.1189570426940917968750 HTTP/1.1" 200 31 "-" "WordPress/7.0; https://weelorum.com"
81.45.180.115 - - [27/Jul/2026:11:07:49 +0000] "POST /xmlrpc.php HTTP/1.1" 405 427 "-" "Jetpack/12.1; WordPress/6.3; http://site87647302.com"
81.45.180.115 - - [27/Jul/2026:11:07:59 +0000] "POST /xmlrpc.php HTTP/1.1" 405 427 "-" "Jetpack by WordPress.com (Jetpack 12.5; WordPress 6.4)"
81.45.180.115 - - [27/Jul/2026:11:08:10 +0000] "POST /xmlrpc.php HTTP/1.1" 405 427 "-" "Jetpack/12.1; WordPress/6.2; http://site35479693.com"
146.190.158.65 - - [27/Jul/2026:11:08:20 +0000] "POST /wp-cron.php?doing_wp_cron=1785150500.6562430858612060546875 HTTP/1.1" 200 31 "-" "WordPress/7.0; https://weelorum.com"
81.45.180.115 - - [27/Jul/2026:11:08:20 +0000] "POST /xmlrpc.php HTTP/1.1" 405 427 "-" "Jetpack/12.0; WordPress/6.3; http://site56153887.com"
146.190.158.65 - - [27/Jul/2026:11:08:31 +0000] "POST /wp-cron.php?doing_wp_cron=1785150511.1956400871276855468750 HTTP/1.1" 200 31 "-" "WordPress/7.0; https://weelorum.com"
81.45.180.115 - - [27/Jul/2026:11:08:31 +0000] "POST /xmlrpc.php HTTP/1.1" 405 427 "-" "Jetpack/12.1; WordPress/6.4; http://site35390106.com"
146.190.158.65 - - [27/Jul/2026:11:08:41 +0000] "POST /wp-cron.php?doing_wp_cron=1785150521.8244009017944335937500 HTTP/1.1" 200 31 "-" "WordPress/7.0; https://weelorum.com"
81.45.180.115 - - [27/Jul/2026:11:08:41 +0000] "POST /xmlrpc.php HTTP/1.1" 405 427 "-" "Jetpack by WordPress.com"
114.111.32.140 - - [27/Jul/2026:11:08:45 +0000] "GET / HTTP/1.1" 200 79980 "-" "Mozilla/5.0 (Windows NT 10.0; Win64; x64) AppleWebKit/537.36 (KHTML, like Gecko; compatible; Yeti/1.1; +https://naver.me/spd) Chrome/149.0.0.0 Safari/537.36"
110.93.150.113 - - [27/Jul/2026:11:08:46 +0000] "GET /wp-content/cache/background-css/1/weelorum.com/wp-content/cache/min/1/wp-content/themes/weelorum-theme/assets/css/wl-pages.css?ver=1784812621&wpr_t=1785086881 HTTP/1.1" 200 58160 "https://weelorum.com/" "Mozilla/5.0 (Windows NT 10.0; Win64; x64) AppleWebKit/537.36 (KHTML, like Gecko; compatible; Yeti/1.1; +https://naver.me/spd) Chrome/149.0.0.0 Safari/537.36"
211.249.46.102 - - [27/Jul/2026:11:08:47 +0000] "GET /wp-json/contact-form-7/v1/contact-forms/217/feedback/schema HTTP/1.1" 200 259 "https://weelorum.com/" "Mozilla/5.0 (Windows NT 10.0; Win64; x64) AppleWebKit/537.36 (KHTML, like Gecko; compatible; Yeti/1.1; +https://naver.me/spd) Chrome/149.0.0.0 Safari/537.36"
114.111.32.152 - - [27/Jul/2026:11:08:47 +0000] "GET /wp-json/contact-form-7/v1/contact-forms/217/refill HTTP/1.1" 200 33 "https://weelorum.com/" "Mozilla/5.0 (Windows NT 10.0; Win64; x64) AppleWebKit/537.36 (KHTML, like Gecko; compatible; Yeti/1.1; +https://naver.me/spd) Chrome/149.0.0.0 Safari/537.36"
81.45.180.115 - - [27/Jul/2026:11:08:52 +0000] "POST /xmlrpc.php HTTP/1.1" 405 427 "-" "Jetpack by WordPress.com"
44.194.176.113 - - [27/Jul/2026:11:08:52 +0000] "GET /privacy-policy HTTP/1.1" 301 5 "-" "Mozilla/5.0 AppleWebKit/605.1.15 (KHTML, like Gecko) Chrome/139.0.0.0 Safari/605.1.15"
54.87.113.56 - - [27/Jul/2026:11:08:53 +0000] "GET /privacy-policy/ HTTP/1.1" 200 60584 "-" "Mozilla/5.0 AppleWebKit/605.1.15 (KHTML, like Gecko) Chrome/139.0.0.0 Safari/605.1.15"
81.45.180.115 - - [27/Jul/2026:11:09:02 +0000] "POST /xmlrpc.php HTTP/1.1" 405 427 "-" "WordPress.com; https://wordpress.com"
81.45.180.115 - - [27/Jul/2026:11:09:13 +0000] "POST /xmlrpc.php HTTP/1.1" 405 427 "-" "Jetpack by WordPress.com"
162.120.184.11 - - [27/Jul/2026:11:09:18 +0000] "GET /technologies/iot-application-development-services/ HTTP/1.1" 200 79350 "https://www.google.com/" "Mozilla/5.0 (Windows NT 10.0; Win64; x64) AppleWebKit/537.36 (KHTML, like Gecko) Chrome/150.0.0.0 Safari/537.36"
146.190.158.65 - - [27/Jul/2026:11:09:23 +0000] "POST /wp-cron.php?doing_wp_cron=1785150563.8612871170043945312500 HTTP/1.1" 200 31 "-" "WordPress/7.0; https://weelorum.com"
81.45.180.115 - - [27/Jul/2026:11:09:23 +0000] "POST /xmlrpc.php HTTP/1.1" 405 427 "-" "WordPress.com; https://wordpress.com"
146.190.158.65 - - [27/Jul/2026:11:09:34 +0000] "POST /wp-cron.php?doing_wp_cron=1785150574.4102499485015869140625 HTTP/1.1" 200 31 "-" "WordPress/7.0; https://weelorum.com"
81.45.180.115 - - [27/Jul/2026:11:09:34 +0000] "POST /xmlrpc.php HTTP/1.1" 405 427 "-" "Jetpack by WordPress.com"
146.190.158.65 - - [27/Jul/2026:11:09:44 +0000] "POST /wp-cron.php?doing_wp_cron=1785150584.9578330516815185546875 HTTP/1.1" 200 31 "-" "WordPress/7.0; https://weelorum.com"
81.45.180.115 - - [27/Jul/2026:11:09:44 +0000] "POST /xmlrpc.php HTTP/1.1" 405 427 "-" "Jetpack/12.1; WordPress/6.4; http://site98422000.com"
81.45.180.115 - - [27/Jul/2026:11:09:55 +0000] "POST /xmlrpc.php HTTP/1.1" 405 427 "-" "Jetpack by WordPress.com (Jetpack 12.1; WordPress 6.2)"
81.45.180.115 - - [27/Jul/2026:11:10:06 +0000] "POST /xmlrpc.php HTTP/1.1" 405 427 "-" "WordPress.com; https://wordpress.com"
146.190.158.65 - - [27/Jul/2026:11:10:16 +0000] "POST /wp-cron.php?doing_wp_cron=1785150616.5771720409393310546875 HTTP/1.1" 200 31 "-" "WordPress/7.0; https://weelorum.com"
81.45.180.115 - - [27/Jul/2026:11:10:16 +0000] "POST /xmlrpc.php HTTP/1.1" 405 427 "-" "Jetpack by WordPress.com (Jetpack 12.0; WordPress 6.4)"
146.190.158.65 - - [27/Jul/2026:11:10:27 +0000] "POST /wp-cron.php?doing_wp_cron=1785150627.1314349174499511718750 HTTP/1.1" 200 31 "-" "WordPress/7.0; https://weelorum.com"
81.45.180.115 - - [27/Jul/2026:11:10:27 +0000] "POST /xmlrpc.php HTTP/1.1" 405 427 "-" "Jetpack/12.5; WordPress/6.2; http://site49026028.com"
81.45.180.115 - - [27/Jul/2026:11:10:37 +0000] "POST /xmlrpc.php HTTP/1.1" 405 427 "-" "Jetpack by WordPress.com"
146.190.158.65 - - [27/Jul/2026:11:10:48 +0000] "POST /wp-cron.php?doing_wp_cron=1785150648.2003450393676757812500 HTTP/1.1" 200 31 "-" "WordPress/7.0; https://weelorum.com"
81.45.180.115 - - [27/Jul/2026:11:10:48 +0000] "POST /xmlrpc.php HTTP/1.1" 405 427 "-" "Jetpack by WordPress.com"
81.45.180.115 - - [27/Jul/2026:11:10:58 +0000] "POST /xmlrpc.php HTTP/1.1" 405 427 "-" "Jetpack by WordPress.com"
81.45.180.115 - - [27/Jul/2026:11:11:09 +0000] "POST /xmlrpc.php HTTP/1.1" 405 427 "-" "Jetpack by WordPress.com"
146.190.158.65 - - [27/Jul/2026:11:11:19 +0000] "POST /wp-cron.php?doing_wp_cron=1785150679.8235559463500976562500 HTTP/1.1" 200 31 "-" "WordPress/7.0; https://weelorum.com"
81.45.180.115 - - [27/Jul/2026:11:11:19 +0000] "POST /xmlrpc.php HTTP/1.1" 405 427 "-" "Jetpack by WordPress.com"
146.190.158.65 - - [27/Jul/2026:11:11:30 +0000] "POST /wp-cron.php?doing_wp_cron=1785150690.3201189041137695312500 HTTP/1.1" 200 31 "-" "WordPress/7.0; https://weelorum.com"
81.45.180.115 - - [27/Jul/2026:11:11:30 +0000] "POST /xmlrpc.php HTTP/1.1" 405 427 "-" "Jetpack by WordPress.com (Jetpack 12.0; WordPress 6.1)"
162.120.184.8 - - [27/Jul/2026:11:11:30 +0000] "GET /app-audit/?gad_source=1&gad_campaignid=24011806482&gbraid=0AAAABEJu3cLaf-1qq_QxH5W1wuGQqwJdv&gclid=Cj0KCQjwg5zTBhCLARIsAP2AFU6swRcxdDGoZWwMMN_x10EcDmNpIAUrCVi9AAoSa_WASQWvQrpAGxUaAtuiEALw_wcB HTTP/1.1" 200 85870 "https://www.google.com/" "Mozilla/5.0 (Windows NT 10.0; Win64; x64) AppleWebKit/537.36 (KHTML, like Gecko) Chrome/150.0.0.0 Safari/537.36"
146.190.158.65 - - [27/Jul/2026:11:11:40 +0000] "POST /wp-cron.php?doing_wp_cron=1785150700.8605170249938964843750 HTTP/1.1" 200 31 "-" "WordPress/7.0; https://weelorum.com"
81.45.180.115 - - [27/Jul/2026:11:11:40 +0000] "POST /xmlrpc.php HTTP/1.1" 405 427 "-" "WordPress.com; https://wordpress.com"
3.232.82.72 - - [27/Jul/2026:11:11:48 +0000] "GET /blog/how-to-build-a-fitness-app-must-have-features-cost/ HTTP/1.1" 200 85840 "-" "Mozilla/5.0 AppleWebKit/537.36 (KHTML, like Gecko; compatible; Amazonbot/0.1; +https://developer.amazon.com/support/amazonbot) Chrome/119.0.6045.214 Safari/537.36"
81.45.180.115 - - [27/Jul/2026:11:11:51 +0000] "POST /xmlrpc.php HTTP/1.1" 405 427 "-" "Jetpack/12.1; WordPress/6.4; http://site31273975.com"
81.45.180.115 - - [27/Jul/2026:11:12:02 +0000] "POST /xmlrpc.php HTTP/1.1" 405 427 "-" "Jetpack by WordPress.com"
81.45.180.115 - - [27/Jul/2026:11:12:12 +0000] "POST /xmlrpc.php HTTP/1.1" 405 427 "-" "WordPress.com; https://wordpress.com"
146.190.158.65 - - [27/Jul/2026:11:12:23 +0000] "POST /wp-cron.php?doing_wp_cron=1785150743.0474169254302978515625 HTTP/1.1" 200 31 "-" "WordPress/7.0; https://weelorum.com"
81.45.180.115 - - [27/Jul/2026:11:12:23 +0000] "POST /xmlrpc.php HTTP/1.1" 405 427 "-" "Jetpack by WordPress.com (Jetpack 12.0; WordPress 6.2)"
146.190.158.65 - - [27/Jul/2026:11:12:33 +0000] "POST /wp-cron.php?doing_wp_cron=1785150753.5209929943084716796875 HTTP/1.1" 200 31 "-" "WordPress/7.0; https://weelorum.com"
81.45.180.115 - - [27/Jul/2026:11:12:33 +0000] "POST /xmlrpc.php HTTP/1.1" 405 427 "-" "Jetpack by WordPress.com"
146.190.158.65 - - [27/Jul/2026:11:12:44 +0000] "POST /wp-cron.php?doing_wp_cron=1785150764.0697588920593261718750 HTTP/1.1" 200 31 "-" "WordPress/7.0; https://weelorum.com"
81.45.180.115 - - [27/Jul/2026:11:12:44 +0000] "POST /xmlrpc.php HTTP/1.1" 405 427 "-" "Jetpack by WordPress.com"
81.45.180.115 - - [27/Jul/2026:11:12:54 +0000] "POST /xmlrpc.php HTTP/1.1" 405 427 "-" "Jetpack/12.5; WordPress/6.1; http://site27418906.com"
185.191.171.14 - - [27/Jul/2026:11:13:02 +0000] "GET /robots.txt HTTP/1.1" 200 140 "-" "Mozilla/5.0 (compatible; SemrushBot/7~bl; +http://www.semrush.com/bot.html)"
81.45.180.115 - - [27/Jul/2026:11:13:05 +0000] "POST /xmlrpc.php HTTP/1.1" 405 427 "-" "Jetpack by WordPress.com (Jetpack 12.5; WordPress 6.4)"
185.191.171.15 - - [27/Jul/2026:11:13:06 +0000] "GET /industry/wellness/ HTTP/1.1" 200 55225 "-" "Mozilla/5.0 (compatible; SemrushBot/7~bl; +http://www.semrush.com/bot.html)"
146.190.158.65 - - [27/Jul/2026:11:13:15 +0000] "POST /wp-cron.php?doing_wp_cron=1785150795.7065579891204833984375 HTTP/1.1" 200 31 "-" "WordPress/7.0; https://weelorum.com"
81.45.180.115 - - [27/Jul/2026:11:13:15 +0000] "POST /xmlrpc.php HTTP/1.1" 405 427 "-" "WordPress.com; https://wordpress.com"
14.191.228.12 - - [27/Jul/2026:11:13:23 +0000] "GET /solutions/healthcare-app-development-services/tel:380962170860 HTTP/1.1" 404 29678 "-" "Mozilla/5.0 (Windows NT 6.2; Win64; x64) AppleWebKit/537.36 (KHTML, like Gecko) Chrome/101.0.4951.64 Safari/537.36"
146.190.158.65 - - [27/Jul/2026:11:13:26 +0000] "POST /wp-cron.php?doing_wp_cron=1785150806.2910931110382080078125 HTTP/1.1" 200 31 "-" "WordPress/7.0; https://weelorum.com"
81.45.180.115 - - [27/Jul/2026:11:13:26 +0000] "POST /xmlrpc.php HTTP/1.1" 405 427 "-" "Jetpack/12.0; WordPress/6.1; http://site41923352.com"
81.45.180.115 - - [27/Jul/2026:11:13:36 +0000] "POST /xmlrpc.php HTTP/1.1" 405 427 "-" "Jetpack by WordPress.com (Jetpack 13.0; WordPress 6.4)"
146.190.158.65 - - [27/Jul/2026:11:13:47 +0000] "POST /wp-cron.php?doing_wp_cron=1785150827.3821721076965332031250 HTTP/1.1" 200 31 "-" "WordPress/7.0; https://weelorum.com"
81.45.180.115 - - [27/Jul/2026:11:13:47 +0000] "POST /xmlrpc.php HTTP/1.1" 405 427 "-" "WordPress.com; https://wordpress.com"
81.45.180.115 - - [27/Jul/2026:11:13:57 +0000] "POST /xmlrpc.php HTTP/1.1" 405 427 "-" "Jetpack by WordPress.com (Jetpack 12.0; WordPress 6.4)"
146.190.158.65 - - [27/Jul/2026:11:14:01 +0000] "GET / HTTP/1.1" 301 169 "-" "Mozilla/5.0 (X11; Linux x86_64) AppleWebKit/537.36 (KHTML, like Gecko) Chrome/44.0.2403.157 Safari/537.36"
146.190.158.65 - - [27/Jul/2026:11:14:01 +0000] "GET / HTTP/1.1" 200 16118 "http://146.190.158.65" "Mozilla/5.0 (X11; Linux x86_64) AppleWebKit/537.36 (KHTML, like Gecko) Chrome/44.0.2403.157 Safari/537.36"
81.45.180.115 - - [27/Jul/2026:11:14:08 +0000] "POST /xmlrpc.php HTTP/1.1" 405 427 "-" "Jetpack by WordPress.com (Jetpack 12.5; WordPress 6.2)"
146.190.158.65 - - [27/Jul/2026:11:14:19 +0000] "POST /wp-cron.php?doing_wp_cron=1785150859.0382189750671386718750 HTTP/1.1" 200 31 "-" "WordPress/7.0; https://weelorum.com"
81.45.180.115 - - [27/Jul/2026:11:14:19 +0000] "POST /xmlrpc.php HTTP/1.1" 405 427 "-" "WordPress.com; https://wordpress.com"
146.190.158.65 - - [27/Jul/2026:11:14:29 +0000] "POST /wp-cron.php?doing_wp_cron=1785150869.5540060997009277343750 HTTP/1.1" 200 31 "-" "WordPress/7.0; https://weelorum.com"
81.45.180.115 - - [27/Jul/2026:11:14:29 +0000] "POST /xmlrpc.php HTTP/1.1" 405 427 "-" "Jetpack by WordPress.com (Jetpack 13.0; WordPress 6.1)"
146.190.158.65 - - [27/Jul/2026:11:14:40 +0000] "POST /wp-cron.php?doing_wp_cron=1785150880.0896079540252685546875 HTTP/1.1" 200 31 "-" "WordPress/7.0; https://weelorum.com"
81.45.180.115 - - [27/Jul/2026:11:14:40 +0000] "POST /xmlrpc.php HTTP/1.1" 405 427 "-" "Jetpack/13.0; WordPress/6.2; http://site71034570.com"
81.45.180.115 - - [27/Jul/2026:11:14:50 +0000] "POST /xmlrpc.php HTTP/1.1" 405 427 "-" "Jetpack by WordPress.com (Jetpack 12.1; WordPress 6.4)"
81.45.180.115 - - [27/Jul/2026:11:15:01 +0000] "POST /xmlrpc.php HTTP/1.1" 405 427 "-" "WordPress.com; https://wordpress.com"
81.45.180.115 - - [27/Jul/2026:11:15:11 +0000] "POST /xmlrpc.php HTTP/1.1" 405 427 "-" "Jetpack by WordPress.com (Jetpack 12.0; WordPress 6.3)"
146.190.158.65 - - [27/Jul/2026:11:15:22 +0000] "POST /wp-cron.php?doing_wp_cron=1785150922.1769928932189941406250 HTTP/1.1" 200 31 "-" "WordPress/7.0; https://weelorum.com"
81.45.180.115 - - [27/Jul/2026:11:15:22 +0000] "POST /xmlrpc.php HTTP/1.1" 405 427 "-" "WordPress.com; https://wordpress.com"
146.190.158.65 - - [27/Jul/2026:11:15:32 +0000] "POST /wp-cron.php?doing_wp_cron=1785150932.7295029163360595703125 HTTP/1.1" 200 31 "-" "WordPress/7.0; https://weelorum.com"
81.45.180.115 - - [27/Jul/2026:11:15:32 +0000] "POST /xmlrpc.php HTTP/1.1" 405 427 "-" "Jetpack by WordPress.com (Jetpack 12.0; WordPress 6.4)"
146.190.158.65 - - [27/Jul/2026:11:15:43 +0000] "POST /wp-cron.php?doing_wp_cron=1785150943.2544989585876464843750 HTTP/1.1" 200 31 "-" "WordPress/7.0; https://weelorum.com"
81.45.180.115 - - [27/Jul/2026:11:15:43 +0000] "POST /xmlrpc.php HTTP/1.1" 405 427 "-" "Jetpack by WordPress.com (Jetpack 13.0; WordPress 6.4)"
81.45.180.115 - - [27/Jul/2026:11:15:53 +0000] "POST /xmlrpc.php HTTP/1.1" 405 427 "-" "Jetpack/13.0; WordPress/6.2; http://site59627109.com"
81.45.180.115 - - [27/Jul/2026:11:16:04 +0000] "POST /xmlrpc.php HTTP/1.1" 405 427 "-" "WordPress.com; https://wordpress.com"
81.45.180.115 - - [27/Jul/2026:11:16:14 +0000] "POST /xmlrpc.php HTTP/1.1" 405 427 "-" "Jetpack/12.0; WordPress/6.4; http://site36387587.com"
146.190.158.65 - - [27/Jul/2026:11:16:25 +0000] "POST /wp-cron.php?doing_wp_cron=1785150985.3769090175628662109375 HTTP/1.1" 200 31 "-" "WordPress/7.0; https://weelorum.com"
81.45.180.115 - - [27/Jul/2026:11:16:25 +0000] "POST /xmlrpc.php HTTP/1.1" 405 427 "-" "Jetpack by WordPress.com (Jetpack 12.0; WordPress 6.1)"
146.190.158.65 - - [27/Jul/2026:11:16:35 +0000] "POST /wp-cron.php?doing_wp_cron=1785150995.9042890071868896484375 HTTP/1.1" 200 31 "-" "WordPress/7.0; https://weelorum.com"
81.45.180.115 - - [27/Jul/2026:11:16:35 +0000] "POST /xmlrpc.php HTTP/1.1" 405 427 "-" "Jetpack/12.5; WordPress/6.2; http://site18520798.com"
146.190.158.65 - - [27/Jul/2026:11:16:46 +0000] "POST /wp-cron.php?doing_wp_cron=1785151006.4586040973663330078125 HTTP/1.1" 200 31 "-" "WordPress/7.0; https://weelorum.com"
81.45.180.115 - - [27/Jul/2026:11:16:46 +0000] "POST /xmlrpc.php HTTP/1.1" 405 427 "-" "Jetpack by WordPress.com (Jetpack 12.1; WordPress 6.3)"
81.45.180.115 - - [27/Jul/2026:11:16:56 +0000] "POST /xmlrpc.php HTTP/1.1" 405 427 "-" "Jetpack by WordPress.com (Jetpack 12.0; WordPress 6.1)"
114.119.128.154 - - [27/Jul/2026:11:16:59 +0000] "GET /blog/blog/page/3/ HTTP/1.1" 301 5 "https://weelorum.com/blog/blog/" "Mozilla/5.0 (Linux; Android 7.0;) AppleWebKit/537.36 (HTML, like Gecko) Mobile Safari/537.36 (compatible; PetalBot;+https://webmaster.petalsearch.com/site/petalbot)"
114.119.128.154 - - [27/Jul/2026:11:17:00 +0000] "GET /blog/ HTTP/1.1" 200 67961 "https://weelorum.com/blog/blog/" "Mozilla/5.0 (Linux; Android 7.0;) AppleWebKit/537.36 (HTML, like Gecko) Mobile Safari/537.36 (compatible; PetalBot;+https://webmaster.petalsearch.com/site/petalbot)"
81.45.180.115 - - [27/Jul/2026:11:17:07 +0000] "POST /xmlrpc.php HTTP/1.1" 405 427 "-" "Jetpack by WordPress.com (Jetpack 12.0; WordPress 6.3)"
146.190.158.65 - - [27/Jul/2026:11:17:18 +0000] "POST /wp-cron.php?doing_wp_cron=1785151038.0947721004486083984375 HTTP/1.1" 200 31 "-" "WordPress/7.0; https://weelorum.com"
81.45.180.115 - - [27/Jul/2026:11:17:18 +0000] "POST /xmlrpc.php HTTP/1.1" 405 427 "-" "WordPress.com; https://wordpress.com"
162.120.188.188 - - [27/Jul/2026:11:17:27 +0000] "GET /app-audit/?gad_source=1&gad_campaignid=24011806482&gbraid=0AAAABEJu3cLaf-1qq_QxH5W1wuGQqwJdv&gclid=Cj0KCQjwg5zTBhCLARIsAP2AFU5surWiYSOi5pLR9yG_Z-o90VflnKTzyPmuvaI4msa4or537b-0SPwaApaLEALw_wcB HTTP/1.1" 200 85870 "https://www.google.com/" "Mozilla/5.0 (Windows NT 10.0; Win64; x64) AppleWebKit/537.36 (KHTML, like Gecko) Chrome/146.0.0.0 Safari/537.36"
146.190.158.65 - - [27/Jul/2026:11:17:28 +0000] "POST /wp-cron.php?doing_wp_cron=1785151048.6519908905029296875000 HTTP/1.1" 200 31 "-" "WordPress/7.0; https://weelorum.com"
81.45.180.115 - - [27/Jul/2026:11:17:28 +0000] "POST /xmlrpc.php HTTP/1.1" 405 427 "-" "Jetpack by WordPress.com (Jetpack 13.0; WordPress 6.1)"
81.45.180.115 - - [27/Jul/2026:11:17:39 +0000] "POST /xmlrpc.php HTTP/1.1" 405 427 "-" "Jetpack/12.5; WordPress/6.1; http://site92238948.com"
162.120.187.61 - - [27/Jul/2026:11:17:41 +0000] "GET /app-audit/?gad_source=1&gad_campaignid=24011806482&gbraid=0AAAABEJu3cLaf-1qq_QxH5W1wuGQqwJdv&gclid=Cj0KCQjwg5zTBhCLARIsAP2AFU7UKw0kJge0vrihiaqfIM14sVOusRe65UWXEZBfbhY3jbGaUvWTCNEaAi96EALw_wcB HTTP/1.1" 200 85870 "https://www.google.com/" "Mozilla/5.0 (Windows NT 10.0; Win64; x64) AppleWebKit/537.36 (KHTML, like Gecko) Chrome/146.0.0.0 Safari/537.36"
146.190.158.65 - - [27/Jul/2026:11:17:49 +0000] "POST /wp-cron.php?doing_wp_cron=1785151069.7070670127868652343750 HTTP/1.1" 200 31 "-" "WordPress/7.0; https://weelorum.com"
81.45.180.115 - - [27/Jul/2026:11:17:49 +0000] "POST /xmlrpc.php HTTP/1.1" 405 427 "-" "Jetpack/12.1; WordPress/6.2; http://site63068646.com"
66.227.125.46 - - [27/Jul/2026:11:17:51 +0000] "GET /blog/discover-how-to-build-an-mvp-for-a-mobile-app-timing-stages-and-evaluation/ HTTP/1.1" 301 169 "http://weelorum.com/blog/discover-how-to-build-an-mvp-for-a-mobile-app-timing-stages-and-evaluation/" "Mozilla/5.0 (Windows NT 10.0; Win64; x64) AppleWebKit/537.36 (KHTML, like Gecko) Chrome/131.0.0.0 Safari/537.36 Avast/131.0.0.0"
66.93.228.118 - - [27/Jul/2026:11:17:51 +0000] "GET /blog/find-out-how-to-estimate-cost-of-app-development-with-weelorum/ HTTP/1.1" 301 169 "http://weelorum.com/blog/find-out-how-to-estimate-cost-of-app-development-with-weelorum/" "Mozilla/5.0 (Windows NT 10.0; Win64; x64) AppleWebKit/537.36 (KHTML, like Gecko) Chrome/129.0.0.0 Safari/537.36"
66.227.125.46 - - [27/Jul/2026:11:17:59 +0000] "GET /blog/discover-how-to-build-an-mvp-for-a-mobile-app-timing-stages-and-evaluation/ HTTP/1.0" 200 365304 "https://weelorum.com/blog/discover-how-to-build-an-mvp-for-a-mobile-app-timing-stages-and-evaluation/" "Mozilla/5.0 (Windows NT 10.0; Win64; x64) AppleWebKit/537.36 (KHTML, like Gecko) Chrome/131.0.0.0 Safari/537.36 Avast/131.0.0.0"
81.45.180.115 - - [27/Jul/2026:11:18:00 +0000] "POST /xmlrpc.php HTTP/1.1" 405 427 "-" "Jetpack/13.0; WordPress/6.1; http://site51148091.com"
66.93.228.118 - - [27/Jul/2026:11:18:07 +0000] "GET /blog/find-out-how-to-estimate-cost-of-app-development-with-weelorum/ HTTP/1.0" 200 365755 "https://weelorum.com/blog/find-out-how-to-estimate-cost-of-app-development-with-weelorum/" "Mozilla/5.0 (Windows NT 10.0; Win64; x64) AppleWebKit/537.36 (KHTML, like Gecko) Chrome/129.0.0.0 Safari/537.36"
66.227.125.46 - - [27/Jul/2026:11:18:08 +0000] "POST /wp-comments-post.php HTTP/1.0" 302 0 "https://weelorum.com/blog/discover-how-to-build-an-mvp-for-a-mobile-app-timing-stages-and-evaluation/" "Mozilla/5.0 (Windows NT 10.0; Win64; x64) AppleWebKit/537.36 (KHTML, like Gecko) Chrome/131.0.0.0 Safari/537.36 Avast/131.0.0.0"
66.227.125.46 - - [27/Jul/2026:11:18:10 +0000] "GET /blog/discover-how-to-build-an-mvp-for-a-mobile-app-timing-stages-and-evaluation/ HTTP/1.0" 200 97991 "https://weelorum.com/blog/discover-how-to-build-an-mvp-for-a-mobile-app-timing-stages-and-evaluation/#comment-40114" "Mozilla/5.0 (Windows NT 10.0; Win64; x64) AppleWebKit/537.36 (KHTML, like Gecko) Chrome/131.0.0.0 Safari/537.36 Avast/131.0.0.0"
81.45.180.115 - - [27/Jul/2026:11:18:10 +0000] "POST /xmlrpc.php HTTP/1.1" 405 427 "-" "WordPress.com; https://wordpress.com"
66.93.228.118 - - [27/Jul/2026:11:18:12 +0000] "POST /wp-comments-post.php HTTP/1.0" 429 2612 "https://weelorum.com/blog/find-out-how-to-estimate-cost-of-app-development-with-weelorum/" "Mozilla/5.0 (Windows NT 10.0; Win64; x64) AppleWebKit/537.36 (KHTML, like Gecko) Chrome/129.0.0.0 Safari/537.36"
