176.9.74.49 - - [27/Jul/2026:09:30:43 +0000] "GET /wp-content/cache/min/1/wp-content/plugins/contact-form-7/includes/swv/js/index.js?ver=1784812623 HTTP/1.1" 200 3887 "https://weelorum.com/blog/key-challenges-in-mobile-app-development-and-how-to-overcome-them/" "SEBot-WA"
176.9.74.49 - - [27/Jul/2026:09:30:43 +0000] "GET /wp-content/plugins/wp-rocket/assets/js/lazyload/17.8.3/lazyload.min.js HTTP/1.1" 200 3400 "https://weelorum.com/blog/key-challenges-in-mobile-app-development-and-how-to-overcome-them/" "SEBot-WA"
176.9.74.49 - - [27/Jul/2026:09:30:43 +0000] "GET /wp-content/uploads/2022/06/gray-star-rating-hovered.png HTTP/1.1" 200 901 "https://weelorum.com/blog/key-challenges-in-mobile-app-development-and-how-to-overcome-them/" "SEBot-WA"
176.9.74.49 - - [27/Jul/2026:09:30:44 +0000] "GET /wp-content/uploads/fbrfg/site.webmanifest HTTP/1.1" 200 476 "https://weelorum.com/blog/key-challenges-in-mobile-app-development-and-how-to-overcome-them/" "SEBot-WA"
176.9.74.49 - - [27/Jul/2026:09:30:44 +0000] "GET /wp-content/themes/weelorum-theme/assets/images/logo.png HTTP/1.1" 200 4112 "https://weelorum.com/wp-content/cache/background-css/1/weelorum.com/wp-content/cache/min/1/wp-content/themes/weelorum-theme/assets/css/wl-pages.css?ver=1784812621&wpr_t=1785086494" "SEBot-WA"
146.190.158.65 - - [27/Jul/2026:09:30:44 +0000] "POST /wp-cron.php?doing_wp_cron=1785144644.3032860755920410156250 HTTP/1.1" 200 31 "-" "WordPress/7.0; https://weelorum.com"
176.9.74.49 - - [27/Jul/2026:09:30:44 +0000] "GET /wp-json/contact-form-7/v1/contact-forms/217/feedback/schema HTTP/1.1" 200 259 "https://weelorum.com/blog/key-challenges-in-mobile-app-development-and-how-to-overcome-them/" "SEBot-WA"
176.9.74.49 - - [27/Jul/2026:09:30:44 +0000] "GET /wp-content/uploads/fbrfg/favicon.ico HTTP/1.1" 200 1924 "https://weelorum.com/blog/key-challenges-in-mobile-app-development-and-how-to-overcome-them/" "SEBot-WA"
176.9.74.49 - - [27/Jul/2026:09:30:44 +0000] "GET /wp-json/contact-form-7/v1/contact-forms/217/refill HTTP/1.1" 200 33 "https://weelorum.com/blog/key-challenges-in-mobile-app-development-and-how-to-overcome-them/" "SEBot-WA"
216.73.216.69 - - [27/Jul/2026:09:31:26 +0000] "GET /blog/ways-of-music-streaming-app-monetization/ HTTP/1.1" 200 85902 "-" "Mozilla/5.0 AppleWebKit/537.36 (KHTML, like Gecko; compatible; ClaudeBot/1.0; +claudebot@anthropic.com)"
216.73.216.69 - - [27/Jul/2026:09:31:26 +0000] "GET /blog/how-to-track-mobile-analytics-to-collect-all-needed-app-data/ HTTP/1.1" 200 89891 "-" "Mozilla/5.0 AppleWebKit/537.36 (KHTML, like Gecko; compatible; ClaudeBot/1.0; +claudebot@anthropic.com)"
156.59.198.136 - - [27/Jul/2026:09:31:29 +0000] "GET /wp-content/themes/weelorum-theme/assets/images/about-team-v2.webp HTTP/1.1" 200 55660 "https://weelorum.com/" "Mozilla/5.0 (Linux; Android 5.0) AppleWebKit/537.36 (KHTML, like Gecko) Mobile Safari/537.36 (compatible; Bytespider; spider-feedback@bytedance.com)"
216.73.216.69 - - [27/Jul/2026:09:32:08 +0000] "GET /blog/comprehensive-guide-to-creating-an-app-like-bereal/ HTTP/1.1" 200 90033 "-" "Mozilla/5.0 AppleWebKit/537.36 (KHTML, like Gecko; compatible; ClaudeBot/1.0; +claudebot@anthropic.com)"
216.73.216.69 - - [27/Jul/2026:09:32:18 +0000] "GET /blog/how-to-make-a-shopping-app-team-of-developers-process-points/ HTTP/1.1" 200 89818 "-" "Mozilla/5.0 AppleWebKit/537.36 (KHTML, like Gecko; compatible; ClaudeBot/1.0; +claudebot@anthropic.com)"
216.73.216.69 - - [27/Jul/2026:09:32:18 +0000] "GET /blog/hospital-application-development-challenges-key-features-and-cost/ HTTP/1.1" 200 86644 "-" "Mozilla/5.0 AppleWebKit/537.36 (KHTML, like Gecko; compatible; ClaudeBot/1.0; +claudebot@anthropic.com)"
216.73.216.69 - - [27/Jul/2026:09:34:12 +0000] "GET /blog/how-to-build-a-fitness-app-must-have-features-cost/ HTTP/1.1" 200 85840 "-" "Mozilla/5.0 AppleWebKit/537.36 (KHTML, like Gecko; compatible; ClaudeBot/1.0; +claudebot@anthropic.com)"
216.73.216.69 - - [27/Jul/2026:09:34:17 +0000] "GET /blog/complete-guide-to-developing-a-photo-sharing-application/ HTTP/1.1" 200 90447 "-" "Mozilla/5.0 AppleWebKit/537.36 (KHTML, like Gecko; compatible; ClaudeBot/1.0; +claudebot@anthropic.com)"
216.73.216.69 - - [27/Jul/2026:09:35:15 +0000] "GET /blog/4-key-points-of-successful-saas-mobile-application-development/ HTTP/1.1" 200 87544 "-" "Mozilla/5.0 AppleWebKit/537.36 (KHTML, like Gecko; compatible; ClaudeBot/1.0; +claudebot@anthropic.com)"
216.73.216.69 - - [27/Jul/2026:09:36:16 +0000] "GET /blog/social-media-app-development-key-stages-and-requirements/ HTTP/1.1" 200 91273 "-" "Mozilla/5.0 AppleWebKit/537.36 (KHTML, like Gecko; compatible; ClaudeBot/1.0; +claudebot@anthropic.com)"
207.97.164.12 - - [27/Jul/2026:09:37:47 +0000] "GET /wp-content/uploads/2023/07/digiproduct.svg HTTP/1.1" 200 5253 "-" "Mozilla/5.0 (compatible; crawler)"
216.73.216.69 - - [27/Jul/2026:09:38:00 +0000] "GET /blog/telemedicine-app-development-nuances-strategy-to-follow/ HTTP/1.1" 200 94873 "-" "Mozilla/5.0 AppleWebKit/537.36 (KHTML, like Gecko; compatible; ClaudeBot/1.0; +claudebot@anthropic.com)"
216.73.216.69 - - [27/Jul/2026:09:38:21 +0000] "GET /blog/top-10-challenges-in-financial-mobile-app-development-and-ways-to-solve-them/ HTTP/1.1" 200 90813 "-" "Mozilla/5.0 AppleWebKit/537.36 (KHTML, like Gecko; compatible; ClaudeBot/1.0; +claudebot@anthropic.com)"
114.119.130.110 - - [27/Jul/2026:09:39:03 +0000] "GET /solutions/music-streaming-app-development-services/ HTTP/1.1" 200 78361 "https://weelorum.com/success-stories/car-wash-ordering-vortex/" "Mozilla/5.0 (Linux; Android 7.0;) AppleWebKit/537.36 (HTML, like Gecko) Mobile Safari/537.36 (compatible; PetalBot;+https://webmaster.petalsearch.com/site/petalbot)"
146.190.158.65 - - [27/Jul/2026:09:40:24 +0000] "POST /wp-cron.php?doing_wp_cron=1785145224.8026139736175537109375 HTTP/1.1" 200 31 "-" "WordPress/7.0; https://weelorum.com"
57.141.18.107 - - [27/Jul/2026:09:40:24 +0000] "GET /category-sitemap.xml HTTP/1.1" 200 972 "-" "Mozilla/5.0 (X11; Linux x86_64) AppleWebKit/537.36 (KHTML, like Gecko) Chrome/145.0.0.0 Safari/537.36 (compatible; meta-externalagent/1.1 (+https://developers.facebook.com/docs/sharing/webmasters/crawler))"
5.161.183.57 - - [27/Jul/2026:09:40:58 +0000] "GET /blog/how-to-hire-the-best-contractor-for-b2b-mobile-app-development/ HTTP/1.1" 200 90966 "-" "Mozilla/5.0 (Macintosh; Intel Mac OS X 10.15; rv:147.0) Gecko/20100101 Firefox/147.0"
74.7.228.14 - - [27/Jul/2026:09:41:03 +0000] "GET /robots.txt HTTP/1.1" 200 140 "-" "Mozilla/5.0 (Macintosh; Intel Mac OS X 10_15_7) AppleWebKit/537.36 (KHTML, like Gecko) Chrome/131.0.0.0 Safari/537.36; compatible; OAI-SearchBot/1.4; robots.txt; +https://openai.com/searchbot"
185.191.171.19 - - [27/Jul/2026:09:41:10 +0000] "GET /industry/edtech/ HTTP/1.1" 200 55275 "-" "Mozilla/5.0 (compatible; SemrushBot/7~bl; +http://www.semrush.com/bot.html)"
47.128.115.86 - - [27/Jul/2026:09:41:43 +0000] "GET /robots.txt HTTP/1.1" 301 169 "-" "Mozilla/5.0 (Linux; Android 5.0) AppleWebKit/537.36 (KHTML, like Gecko) Mobile Safari/537.36 (compatible; Bytespider; spider-feedback@bytedance.com)"
47.128.115.86 - - [27/Jul/2026:09:41:44 +0000] "GET /robots.txt HTTP/1.1" 200 140 "-" "Mozilla/5.0 (Linux; Android 5.0) AppleWebKit/537.36 (KHTML, like Gecko) Mobile Safari/537.36 (compatible; Bytespider; spider-feedback@bytedance.com)"
146.190.158.65 - - [27/Jul/2026:09:42:02 +0000] "GET / HTTP/1.1" 301 169 "-" "Mozilla/5.0 (X11; Linux x86_64) AppleWebKit/537.36 (KHTML, like Gecko) Chrome/44.0.2403.157 Safari/537.36"
146.190.158.65 - - [27/Jul/2026:09:42:02 +0000] "GET / HTTP/1.1" 200 32502 "http://146.190.158.65" "Mozilla/5.0 (X11; Linux x86_64) AppleWebKit/537.36 (KHTML, like Gecko) Chrome/44.0.2403.157 Safari/537.36"
192.178.11.102 - - [27/Jul/2026:09:48:29 +0000] "GET /app-audit/ HTTP/1.1" 200 85828 "-" "Mozilla/5.0 (Linux; Android 6.0.1; Nexus 5X Build/MMB29P) AppleWebKit/537.36 (KHTML, like Gecko) Chrome/150.0.7871.181 Mobile Safari/537.36 (compatible; Google-Adwords-Instant-Mobile; +http://www.google.com/mobile/adsbot.html)"
66.249.83.33 - - [27/Jul/2026:09:48:29 +0000] "GET /app-audit/ HTTP/1.1" 200 85870 "-" "Mozilla/5.0 (en-us) AppleWebKit/537.36(KHTML, like Gecko; Google-Adwords-DisplayAds-WebRender;) Chrome/150.0.7871.124Safari/537.36"
192.178.11.100 - - [27/Jul/2026:09:48:29 +0000] "GET /app-audit/ HTTP/1.1" 200 85828 "-" "Mozilla/5.0 (Linux; Android 6.0.1; Nexus 5X Build/MMB29P) AppleWebKit/537.36 (KHTML, like Gecko) Chrome/150.0.7871.181 Mobile Safari/537.36 (compatible; Google-Adwords-Instant-Mobile; +http://www.google.com/mobile/adsbot.html)"
66.249.83.33 - - [27/Jul/2026:09:48:29 +0000] "GET /wp-content/cache/background-css/1/weelorum.com/wp-content/cache/min/1/wp-content/themes/weelorum-theme/assets/css/wl-pages.css?ver=1784812621&wpr_t=1785086995 HTTP/1.1" 200 58160 "https://weelorum.com/app-audit/" "Mozilla/5.0 (en-us) AppleWebKit/537.36(KHTML, like Gecko; Google-Adwords-DisplayAds-WebRender;) Chrome/150.0.7871.124Safari/537.36"
66.249.83.32 - - [27/Jul/2026:09:48:30 +0000] "GET /wp-content/themes/weelorum-theme/assets/fonts/montserrat.woff2 HTTP/1.1" 200 30300 "https://weelorum.com/app-audit/" "Mozilla/5.0 (en-us) AppleWebKit/537.36(KHTML, like Gecko; Google-Adwords-DisplayAds-WebRender;) Chrome/150.0.7871.124Safari/537.36"
66.249.83.32 - - [27/Jul/2026:09:48:30 +0000] "GET /wp-includes/js/dist/i18n.min.js?ver=781d11515ad3d91786ec HTTP/1.1" 200 2574 "https://weelorum.com/app-audit/" "Mozilla/5.0 (en-us) AppleWebKit/537.36(KHTML, like Gecko; Google-Adwords-DisplayAds-WebRender;) Chrome/150.0.7871.124Safari/537.36"
66.249.83.33 - - [27/Jul/2026:09:48:30 +0000] "GET /wp-content/cache/min/1/wp-content/themes/weelorum-theme/css/awards-section.css?ver=1784812621 HTTP/1.1" 200 1392 "https://weelorum.com/app-audit/" "Mozilla/5.0 (en-us) AppleWebKit/537.36(KHTML, like Gecko; Google-Adwords-DisplayAds-WebRender;) Chrome/150.0.7871.124Safari/537.36"
66.249.83.32 - - [27/Jul/2026:09:48:30 +0000] "GET /wp-includes/js/jquery/jquery-migrate.min.js?ver=3.4.1 HTTP/1.1" 200 5355 "https://weelorum.com/app-audit/" "Mozilla/5.0 (en-us) AppleWebKit/537.36(KHTML, like Gecko; Google-Adwords-DisplayAds-WebRender;) Chrome/150.0.7871.124Safari/537.36"
66.249.83.33 - - [27/Jul/2026:09:48:30 +0000] "GET /wp-content/cache/min/1/wp-content/themes/weelorum-theme/assets/js/main.js?ver=1784812621 HTTP/1.1" 200 1767 "https://weelorum.com/app-audit/" "Mozilla/5.0 (en-us) AppleWebKit/537.36(KHTML, like Gecko; Google-Adwords-DisplayAds-WebRender;) Chrome/150.0.7871.124Safari/537.36"
66.249.83.32 - - [27/Jul/2026:09:48:30 +0000] "GET /wp-content/cache/min/1/wp-content/plugins/contact-form-7/includes/swv/js/index.js?ver=1784812623 HTTP/1.1" 200 3887 "https://weelorum.com/app-audit/" "Mozilla/5.0 (en-us) AppleWebKit/537.36(KHTML, like Gecko; Google-Adwords-DisplayAds-WebRender;) Chrome/150.0.7871.124Safari/537.36"
209.85.238.161 - - [27/Jul/2026:09:48:30 +0000] "GET /wp-content/cache/background-css/1/weelorum.com/wp-content/cache/min/1/wp-content/themes/weelorum-theme/assets/css/wl-pages.css?ver=1784812621&wpr_t=1785086996 HTTP/1.1" 200 58160 "https://weelorum.com/app-audit/" "AdsBot-Google (+http://www.google.com/adsbot.html)"
66.249.83.34 - - [27/Jul/2026:09:48:30 +0000] "GET /wp-content/cache/min/1/wp-content/plugins/contact-form-7/includes/js/index.js?ver=1784812623 HTTP/1.1" 200 4803 "https://weelorum.com/app-audit/" "Mozilla/5.0 (en-us) AppleWebKit/537.36(KHTML, like Gecko; Google-Adwords-DisplayAds-WebRender;) Chrome/150.0.7871.124Safari/537.36"
66.249.83.34 - - [27/Jul/2026:09:48:30 +0000] "GET /wp-includes/js/jquery/jquery.min.js?ver=3.7.1 HTTP/1.1" 200 35451 "https://weelorum.com/app-audit/" "Mozilla/5.0 (en-us) AppleWebKit/537.36(KHTML, like Gecko; Google-Adwords-DisplayAds-WebRender;) Chrome/150.0.7871.124Safari/537.36"
66.249.83.32 - - [27/Jul/2026:09:48:30 +0000] "GET /wp-content/plugins/wp-rocket/assets/js/lazyload/17.8.3/lazyload.min.js HTTP/1.1" 200 3400 "https://weelorum.com/app-audit/" "Mozilla/5.0 (en-us) AppleWebKit/537.36(KHTML, like Gecko; Google-Adwords-DisplayAds-WebRender;) Chrome/150.0.7871.124Safari/537.36"
66.249.83.34 - - [27/Jul/2026:09:48:31 +0000] "GET /wp-json/contact-form-7/v1/contact-forms/217/refill HTTP/1.1" 200 33 "https://weelorum.com/app-audit/" "Mozilla/5.0 (en-us) AppleWebKit/537.36(KHTML, like Gecko; Google-Adwords-DisplayAds-WebRender;) Chrome/150.0.7871.124Safari/537.36"
146.190.158.65 - - [27/Jul/2026:09:48:31 +0000] "POST /wp-cron.php?doing_wp_cron=1785145711.0669679641723632812500 HTTP/1.1" 200 31 "-" "WordPress/7.0; https://weelorum.com"
66.249.83.33 - - [27/Jul/2026:09:48:31 +0000] "GET /wp-json/contact-form-7/v1/contact-forms/217/feedback/schema HTTP/1.1" 200 259 "https://weelorum.com/app-audit/" "Mozilla/5.0 (en-us) AppleWebKit/537.36(KHTML, like Gecko; Google-Adwords-DisplayAds-WebRender;) Chrome/150.0.7871.124Safari/537.36"
209.85.238.161 - - [27/Jul/2026:09:48:31 +0000] "GET /wp-content/cache/min/1/wp-content/themes/weelorum-theme/css/awards-section.css?ver=1784812621 HTTP/1.1" 200 1392 "https://weelorum.com/app-audit/" "AdsBot-Google (+http://www.google.com/adsbot.html)"
66.249.83.33 - - [27/Jul/2026:09:48:31 +0000] "GET /wp-content/themes/weelorum-theme/assets/images/icon-telegram.png HTTP/1.1" 200 670 "https://weelorum.com/app-audit/" "Mozilla/5.0 (en-us) AppleWebKit/537.36(KHTML, like Gecko; Google-Adwords-DisplayAds-WebRender;) Chrome/150.0.7871.124Safari/537.36"
66.249.83.32 - - [27/Jul/2026:09:48:31 +0000] "GET /wp-content/themes/weelorum-theme/assets/images/icon-linkedin.png HTTP/1.1" 200 461 "https://weelorum.com/app-audit/" "Mozilla/5.0 (en-us) AppleWebKit/537.36(KHTML, like Gecko; Google-Adwords-DisplayAds-WebRender;) Chrome/150.0.7871.124Safari/537.36"
66.249.83.33 - - [27/Jul/2026:09:48:31 +0000] "GET /wp-content/uploads/2022/05/logo.png HTTP/1.1" 200 2047 "https://weelorum.com/app-audit/" "Mozilla/5.0 (en-us) AppleWebKit/537.36(KHTML, like Gecko; Google-Adwords-DisplayAds-WebRender;) Chrome/150.0.7871.124Safari/537.36"
66.249.83.33 - - [27/Jul/2026:09:48:31 +0000] "GET /wp-content/themes/weelorum-theme/assets/images/icon-facebook.png HTTP/1.1" 200 313 "https://weelorum.com/app-audit/" "Mozilla/5.0 (en-us) AppleWebKit/537.36(KHTML, like Gecko; Google-Adwords-DisplayAds-WebRender;) Chrome/150.0.7871.124Safari/537.36"
66.249.83.33 - - [27/Jul/2026:09:48:31 +0000] "GET /wp-content/uploads/2022/06/contact-form-blur-min.png HTTP/1.1" 200 106022 "https://weelorum.com/app-audit/" "Mozilla/5.0 (en-us) AppleWebKit/537.36(KHTML, like Gecko; Google-Adwords-DisplayAds-WebRender;) Chrome/150.0.7871.124Safari/537.36"
66.249.83.32 - - [27/Jul/2026:09:48:31 +0000] "GET /wp-content/themes/weelorum-theme/assets/images/logo.png HTTP/1.1" 200 4112 "https://weelorum.com/wp-content/cache/background-css/1/weelorum.com/wp-content/cache/min/1/wp-content/themes/weelorum-theme/assets/css/wl-pages.css?ver=1784812621&wpr_t=1785086995" "Mozilla/5.0 (en-us) AppleWebKit/537.36(KHTML, like Gecko; Google-Adwords-DisplayAds-WebRender;) Chrome/150.0.7871.124Safari/537.36"
209.85.238.162 - - [27/Jul/2026:09:48:31 +0000] "GET /wp-content/themes/weelorum-theme/assets/fonts/montserrat.woff2 HTTP/1.1" 200 30300 "https://weelorum.com/app-audit/" "AdsBot-Google (+http://www.google.com/adsbot.html)"
209.85.238.160 - - [27/Jul/2026:09:48:32 +0000] "GET /wp-includes/js/dist/i18n.min.js?ver=781d11515ad3d91786ec HTTP/1.1" 200 2574 "https://weelorum.com/app-audit/" "AdsBot-Google (+http://www.google.com/adsbot.html)"
209.85.238.162 - - [27/Jul/2026:09:48:32 +0000] "GET /wp-includes/js/jquery/jquery.min.js?ver=3.7.1 HTTP/1.1" 200 35451 "https://weelorum.com/app-audit/" "AdsBot-Google (+http://www.google.com/adsbot.html)"
209.85.238.161 - - [27/Jul/2026:09:48:32 +0000] "GET /wp-includes/js/jquery/jquery-migrate.min.js?ver=3.4.1 HTTP/1.1" 200 5355 "https://weelorum.com/app-audit/" "AdsBot-Google (+http://www.google.com/adsbot.html)"
209.85.238.162 - - [27/Jul/2026:09:48:33 +0000] "GET /wp-content/cache/min/1/wp-content/themes/weelorum-theme/assets/js/main.js?ver=1784812621 HTTP/1.1" 200 1767 "https://weelorum.com/app-audit/" "AdsBot-Google (+http://www.google.com/adsbot.html)"
209.85.238.162 - - [27/Jul/2026:09:48:33 +0000] "GET /wp-content/cache/min/1/wp-content/plugins/contact-form-7/includes/swv/js/index.js?ver=1784812623 HTTP/1.1" 200 3887 "https://weelorum.com/app-audit/" "AdsBot-Google (+http://www.google.com/adsbot.html)"
209.85.238.161 - - [27/Jul/2026:09:48:34 +0000] "GET /wp-content/plugins/wp-rocket/assets/js/lazyload/17.8.3/lazyload.min.js HTTP/1.1" 200 3400 "https://weelorum.com/app-audit/" "AdsBot-Google (+http://www.google.com/adsbot.html)"
209.85.238.161 - - [27/Jul/2026:09:48:34 +0000] "GET /wp-content/cache/min/1/wp-content/plugins/contact-form-7/includes/js/index.js?ver=1784812623 HTTP/1.1" 200 4803 "https://weelorum.com/app-audit/" "AdsBot-Google (+http://www.google.com/adsbot.html)"
209.85.238.160 - - [27/Jul/2026:09:48:35 +0000] "GET /wp-json/contact-form-7/v1/contact-forms/217/feedback/schema HTTP/1.1" 200 259 "https://weelorum.com/app-audit/" "AdsBot-Google (+http://www.google.com/adsbot.html)"
66.249.83.33 - - [27/Jul/2026:09:48:35 +0000] "GET /wp-content/uploads/fbrfg/favicon.ico HTTP/1.1" 200 1924 "-" "Google-Adwords-DisplayAds"
66.249.83.33 - - [27/Jul/2026:09:48:35 +0000] "GET /wp-content/uploads/fbrfg/favicon-16x16.png HTTP/1.1" 200 696 "-" "Google-Adwords-DisplayAds"
66.249.83.32 - - [27/Jul/2026:09:48:35 +0000] "GET /wp-content/themes/weelorum-theme/assets/images/logo.png HTTP/1.1" 200 4112 "-" "Google-Adwords-DisplayAds"
66.249.83.32 - - [27/Jul/2026:09:48:35 +0000] "GET /wp-content/uploads/2022/06/contact-form-blur-min.png HTTP/1.1" 200 106022 "-" "Google-Adwords-DisplayAds"
66.249.83.34 - - [27/Jul/2026:09:48:35 +0000] "GET /wp-content/uploads/fbrfg/favicon-32x32.png HTTP/1.1" 200 1093 "-" "Google-Adwords-DisplayAds"
66.249.83.33 - - [27/Jul/2026:09:48:35 +0000] "GET /wp-content/uploads/fbrfg/apple-touch-icon.png HTTP/1.1" 200 5628 "-" "Google-Adwords-DisplayAds"
209.85.238.161 - - [27/Jul/2026:09:48:36 +0000] "GET /wp-json/contact-form-7/v1/contact-forms/217/refill HTTP/1.1" 200 33 "https://weelorum.com/app-audit/" "AdsBot-Google (+http://www.google.com/adsbot.html)"
66.249.83.34 - - [27/Jul/2026:09:48:37 +0000] "GET /wp-content/uploads/2026/02/weelorum_logo.png HTTP/1.1" 200 3290 "-" "Google-Adwords-DisplayAds"
47.128.116.142 - - [27/Jul/2026:09:48:38 +0000] "GET /blog/find-out-how-to-estimate-cost-of-app-development-with-weelorum HTTP/1.1" 301 5 "-" "Mozilla/5.0 (compatible; Bytespider; spider-feedback@bytedance.com) AppleWebKit/537.36 (KHTML, like Gecko) Chrome/70.0.0.0 Safari/537.36"
47.128.116.142 - - [27/Jul/2026:09:48:39 +0000] "GET /blog/find-out-how-to-estimate-cost-of-app-development-with-weelorum/ HTTP/1.1" 200 89296 "-" "Mozilla/5.0 (compatible; Bytespider; spider-feedback@bytedance.com) AppleWebKit/537.36 (KHTML, like Gecko) Chrome/70.0.0.0 Safari/537.36"
47.128.116.142 - - [27/Jul/2026:09:48:43 +0000] "GET /wp-content/uploads/2022/08/4.-How-to-estimate-app-development-cost_-BG.svg HTTP/1.1" 206 500 "https://weelorum.com/blog/find-out-how-to-estimate-cost-of-app-development-with-weelorum/" "Mozilla/5.0 (compatible; Bytespider; spider-feedback@bytedance.com) AppleWebKit/537.36 (KHTML, like Gecko) Chrome/70.0.0.0 Safari/537.36"
47.128.116.142 - - [27/Jul/2026:09:48:43 +0000] "GET /wp-content/uploads/2022/08/cropped-cropped-CEO-1-104x104.jpg HTTP/1.1" 206 500 "https://weelorum.com/blog/find-out-how-to-estimate-cost-of-app-development-with-weelorum/" "Mozilla/5.0 (compatible; Bytespider; spider-feedback@bytedance.com) AppleWebKit/537.36 (KHTML, like Gecko) Chrome/70.0.0.0 Safari/537.36"
47.128.116.142 - - [27/Jul/2026:09:48:45 +0000] "GET /wp-content/uploads/2022/08/4.-How-to-estimate-app-development-cost_-BG.svg HTTP/1.1" 304 0 "https://weelorum.com/blog/find-out-how-to-estimate-cost-of-app-development-with-weelorum/" "Mozilla/5.0 (compatible; Bytespider; spider-feedback@bytedance.com) AppleWebKit/537.36 (KHTML, like Gecko) Chrome/70.0.0.0 Safari/537.36"
47.128.116.142 - - [27/Jul/2026:09:48:45 +0000] "GET /wp-content/uploads/2022/08/4.-How-to-estimate-app-development-cost_-BG.svg HTTP/1.1" 200 38947 "https://weelorum.com/blog/find-out-how-to-estimate-cost-of-app-development-with-weelorum/" "Mozilla/5.0 (compatible; Bytespider; spider-feedback@bytedance.com) AppleWebKit/537.36 (KHTML, like Gecko) Chrome/70.0.0.0 Safari/537.36"
47.128.116.142 - - [27/Jul/2026:09:48:47 +0000] "GET /wp-content/uploads/2022/06/gray-star-rating-hovered.png HTTP/1.1" 206 500 "https://weelorum.com/blog/find-out-how-to-estimate-cost-of-app-development-with-weelorum/" "Mozilla/5.0 (compatible; Bytespider; spider-feedback@bytedance.com) AppleWebKit/537.36 (KHTML, like Gecko) Chrome/70.0.0.0 Safari/537.36"
47.128.116.142 - - [27/Jul/2026:09:48:49 +0000] "GET /wp-content/uploads/2022/08/cropped-cropped-CEO-1-96x96.jpg HTTP/1.1" 206 500 "https://weelorum.com/blog/find-out-how-to-estimate-cost-of-app-development-with-weelorum/" "Mozilla/5.0 (compatible; Bytespider; spider-feedback@bytedance.com) AppleWebKit/537.36 (KHTML, like Gecko) Chrome/70.0.0.0 Safari/537.36"
47.128.116.142 - - [27/Jul/2026:09:48:49 +0000] "GET /wp-content/uploads/2025/11/App-Development-Costs-Beyond-Coding_-Budget-for-2025-285x162.png HTTP/1.1" 206 500 "https://weelorum.com/blog/find-out-how-to-estimate-cost-of-app-development-with-weelorum/" "Mozilla/5.0 (compatible; Bytespider; spider-feedback@bytedance.com) AppleWebKit/537.36 (KHTML, like Gecko) Chrome/70.0.0.0 Safari/537.36"
47.128.116.142 - - [27/Jul/2026:09:48:49 +0000] "GET /wp-content/uploads/2025/11/5-Must-Have-Features-for-a-Successful-AI-Powered-Dating-App-285x162.png HTTP/1.1" 206 500 "https://weelorum.com/blog/find-out-how-to-estimate-cost-of-app-development-with-weelorum/" "Mozilla/5.0 (compatible; Bytespider; spider-feedback@bytedance.com) AppleWebKit/537.36 (KHTML, like Gecko) Chrome/70.0.0.0 Safari/537.36"
47.128.116.142 - - [27/Jul/2026:09:48:50 +0000] "GET /wp-content/uploads/2022/11/16.-630_344.svg HTTP/1.1" 206 500 "https://weelorum.com/blog/find-out-how-to-estimate-cost-of-app-development-with-weelorum/" "Mozilla/5.0 (compatible; Bytespider; spider-feedback@bytedance.com) AppleWebKit/537.36 (KHTML, like Gecko) Chrome/70.0.0.0 Safari/537.36"
47.128.116.142 - - [27/Jul/2026:09:48:50 +0000] "GET /wp-content/uploads/2022/09/14.-Preview-articles.svg HTTP/1.1" 206 500 "https://weelorum.com/blog/find-out-how-to-estimate-cost-of-app-development-with-weelorum/" "Mozilla/5.0 (compatible; Bytespider; spider-feedback@bytedance.com) AppleWebKit/537.36 (KHTML, like Gecko) Chrome/70.0.0.0 Safari/537.36"
47.128.116.142 - - [27/Jul/2026:09:48:50 +0000] "GET /wp-content/uploads/2022/08/3.-Preview-articles.svg HTTP/1.1" 206 500 "https://weelorum.com/blog/find-out-how-to-estimate-cost-of-app-development-with-weelorum/" "Mozilla/5.0 (compatible; Bytespider; spider-feedback@bytedance.com) AppleWebKit/537.36 (KHTML, like Gecko) Chrome/70.0.0.0 Safari/537.36"
47.128.116.142 - - [27/Jul/2026:09:48:50 +0000] "GET /wp-content/uploads/2022/11/19.-630_344.svg HTTP/1.1" 206 500 "https://weelorum.com/blog/find-out-how-to-estimate-cost-of-app-development-with-weelorum/" "Mozilla/5.0 (compatible; Bytespider; spider-feedback@bytedance.com) AppleWebKit/537.36 (KHTML, like Gecko) Chrome/70.0.0.0 Safari/537.36"
47.128.116.142 - - [27/Jul/2026:09:48:50 +0000] "GET /wp-content/uploads/2023/06/51.Web_.630-285x162.png HTTP/1.1" 206 500 "https://weelorum.com/blog/find-out-how-to-estimate-cost-of-app-development-with-weelorum/" "Mozilla/5.0 (compatible; Bytespider; spider-feedback@bytedance.com) AppleWebKit/537.36 (KHTML, like Gecko) Chrome/70.0.0.0 Safari/537.36"
47.128.116.142 - - [27/Jul/2026:09:48:50 +0000] "GET /wp-content/uploads/2023/07/52.Web_.630-285x162.png HTTP/1.1" 206 500 "https://weelorum.com/blog/find-out-how-to-estimate-cost-of-app-development-with-weelorum/" "Mozilla/5.0 (compatible; Bytespider; spider-feedback@bytedance.com) AppleWebKit/537.36 (KHTML, like Gecko) Chrome/70.0.0.0 Safari/537.36"
47.128.116.142 - - [27/Jul/2026:09:48:51 +0000] "GET /wp-content/uploads/2022/09/14.-Preview-articles.svg HTTP/1.1" 304 0 "https://weelorum.com/blog/find-out-how-to-estimate-cost-of-app-development-with-weelorum/" "Mozilla/5.0 (compatible; Bytespider; spider-feedback@bytedance.com) AppleWebKit/537.36 (KHTML, like Gecko) Chrome/70.0.0.0 Safari/537.36"
47.128.116.142 - - [27/Jul/2026:09:48:51 +0000] "GET /wp-content/uploads/2022/11/16.-630_344.svg HTTP/1.1" 304 0 "https://weelorum.com/blog/find-out-how-to-estimate-cost-of-app-development-with-weelorum/" "Mozilla/5.0 (compatible; Bytespider; spider-feedback@bytedance.com) AppleWebKit/537.36 (KHTML, like Gecko) Chrome/70.0.0.0 Safari/537.36"
47.128.116.142 - - [27/Jul/2026:09:48:51 +0000] "GET /wp-content/uploads/2022/08/3.-Preview-articles.svg HTTP/1.1" 304 0 "https://weelorum.com/blog/find-out-how-to-estimate-cost-of-app-development-with-weelorum/" "Mozilla/5.0 (compatible; Bytespider; spider-feedback@bytedance.com) AppleWebKit/537.36 (KHTML, like Gecko) Chrome/70.0.0.0 Safari/537.36"
47.128.116.142 - - [27/Jul/2026:09:48:51 +0000] "GET /wp-content/uploads/2022/11/19.-630_344.svg HTTP/1.1" 304 0 "https://weelorum.com/blog/find-out-how-to-estimate-cost-of-app-development-with-weelorum/" "Mozilla/5.0 (compatible; Bytespider; spider-feedback@bytedance.com) AppleWebKit/537.36 (KHTML, like Gecko) Chrome/70.0.0.0 Safari/537.36"
47.128.116.142 - - [27/Jul/2026:09:48:51 +0000] "GET /wp-content/themes/weelorum-theme/assets/images/footer-award-2.svg HTTP/1.1" 206 500 "https://weelorum.com/blog/find-out-how-to-estimate-cost-of-app-development-with-weelorum/" "Mozilla/5.0 (compatible; Bytespider; spider-feedback@bytedance.com) AppleWebKit/537.36 (KHTML, like Gecko) Chrome/70.0.0.0 Safari/537.36"
146.190.158.65 - - [27/Jul/2026:09:48:51 +0000] "POST /wp-cron.php?doing_wp_cron=1785145731.8726639747619628906250 HTTP/1.1" 200 31 "-" "WordPress/7.0; https://weelorum.com"
47.128.116.142 - - [27/Jul/2026:09:48:51 +0000] "GET /wp-json/contact-form-7/v1/contact-forms/217/feedback/schema HTTP/1.1" 200 259 "https://weelorum.com/blog/find-out-how-to-estimate-cost-of-app-development-with-weelorum/" "Mozilla/5.0 (compatible; Bytespider; spider-feedback@bytedance.com) AppleWebKit/537.36 (KHTML, like Gecko) Chrome/70.0.0.0 Safari/537.36"
47.128.116.142 - - [27/Jul/2026:09:48:51 +0000] "GET /wp-content/uploads/2022/11/16.-630_344.svg HTTP/1.1" 200 89962 "https://weelorum.com/blog/find-out-how-to-estimate-cost-of-app-development-with-weelorum/" "Mozilla/5.0 (compatible; Bytespider; spider-feedback@bytedance.com) AppleWebKit/537.36 (KHTML, like Gecko) Chrome/70.0.0.0 Safari/537.36"
47.128.116.142 - - [27/Jul/2026:09:48:52 +0000] "GET /wp-content/uploads/2022/09/14.-Preview-articles.svg HTTP/1.1" 200 73347 "https://weelorum.com/blog/find-out-how-to-estimate-cost-of-app-development-with-weelorum/" "Mozilla/5.0 (compatible; Bytespider; spider-feedback@bytedance.com) AppleWebKit/537.36 (KHTML, like Gecko) Chrome/70.0.0.0 Safari/537.36"
47.128.116.142 - - [27/Jul/2026:09:48:52 +0000] "GET /wp-content/uploads/2022/08/3.-Preview-articles.svg HTTP/1.1" 200 118945 "https://weelorum.com/blog/find-out-how-to-estimate-cost-of-app-development-with-weelorum/" "Mozilla/5.0 (compatible; Bytespider; spider-feedback@bytedance.com) AppleWebKit/537.36 (KHTML, like Gecko) Chrome/70.0.0.0 Safari/537.36"
47.128.116.142 - - [27/Jul/2026:09:48:52 +0000] "GET /wp-content/uploads/2022/11/19.-630_344.svg HTTP/1.1" 200 70290 "https://weelorum.com/blog/find-out-how-to-estimate-cost-of-app-development-with-weelorum/" "Mozilla/5.0 (compatible; Bytespider; spider-feedback@bytedance.com) AppleWebKit/537.36 (KHTML, like Gecko) Chrome/70.0.0.0 Safari/537.36"
47.128.116.142 - - [27/Jul/2026:09:48:52 +0000] "GET /wp-content/themes/weelorum-theme/assets/images/footer-award-2.svg HTTP/1.1" 304 0 "https://weelorum.com/blog/find-out-how-to-estimate-cost-of-app-development-with-weelorum/" "Mozilla/5.0 (compatible; Bytespider; spider-feedback@bytedance.com) AppleWebKit/537.36 (KHTML, like Gecko) Chrome/70.0.0.0 Safari/537.36"
47.128.116.142 - - [27/Jul/2026:09:48:53 +0000] "GET /wp-content/themes/weelorum-theme/assets/images/footer-award-2.svg HTTP/1.1" 200 30445 "https://weelorum.com/blog/find-out-how-to-estimate-cost-of-app-development-with-weelorum/" "Mozilla/5.0 (compatible; Bytespider; spider-feedback@bytedance.com) AppleWebKit/537.36 (KHTML, like Gecko) Chrome/70.0.0.0 Safari/537.36"
47.128.116.142 - - [27/Jul/2026:09:48:58 +0000] "GET /wp-json/contact-form-7/v1/contact-forms/217/refill HTTP/1.1" 200 33 "https://weelorum.com/blog/find-out-how-to-estimate-cost-of-app-development-with-weelorum/" "Mozilla/5.0 (compatible; Bytespider; spider-feedback@bytedance.com) AppleWebKit/537.36 (KHTML, like Gecko) Chrome/70.0.0.0 Safari/537.36"
209.85.238.162 - - [27/Jul/2026:09:49:03 +0000] "GET /app-audit/ HTTP/1.1" 200 85828 "-" "Mozilla/5.0 (Linux; Android 6.0.1; Nexus 5X Build/MMB29P) AppleWebKit/537.36 (KHTML, like Gecko) Chrome/150.0.7871.128 Mobile Safari/537.36 (compatible; AdsBot-Google-Mobile; +http://www.google.com/mobile/adsbot.html)"
209.85.238.162 - - [27/Jul/2026:09:49:04 +0000] "GET /wp-content/cache/background-css/1/weelorum.com/wp-content/cache/min/1/wp-content/themes/weelorum-theme/assets/css/wl-pages.css?ver=1784812621&wpr_t=1785086996 HTTP/1.1" 304 0 "https://weelorum.com/app-audit/" "AdsBot-Google (+http://www.google.com/adsbot.html)"
209.85.238.161 - - [27/Jul/2026:09:49:05 +0000] "GET /wp-content/cache/min/1/wp-content/themes/weelorum-theme/css/awards-section.css?ver=1784812621 HTTP/1.1" 304 0 "https://weelorum.com/app-audit/" "AdsBot-Google (+http://www.google.com/adsbot.html)"
209.85.238.160 - - [27/Jul/2026:09:49:05 +0000] "GET /wp-content/themes/weelorum-theme/assets/fonts/montserrat.woff2 HTTP/1.1" 304 0 "https://weelorum.com/app-audit/" "AdsBot-Google (+http://www.google.com/adsbot.html)"
209.85.238.160 - - [27/Jul/2026:09:49:06 +0000] "GET /wp-includes/js/dist/i18n.min.js?ver=781d11515ad3d91786ec HTTP/1.1" 304 0 "https://weelorum.com/app-audit/" "AdsBot-Google (+http://www.google.com/adsbot.html)"
209.85.238.160 - - [27/Jul/2026:09:49:06 +0000] "GET /wp-includes/js/jquery/jquery.min.js?ver=3.7.1 HTTP/1.1" 304 0 "https://weelorum.com/app-audit/" "AdsBot-Google (+http://www.google.com/adsbot.html)"
209.85.238.160 - - [27/Jul/2026:09:49:07 +0000] "GET /wp-content/cache/min/1/wp-content/themes/weelorum-theme/assets/js/main.js?ver=1784812621 HTTP/1.1" 304 0 "https://weelorum.com/app-audit/" "AdsBot-Google (+http://www.google.com/adsbot.html)"
209.85.238.161 - - [27/Jul/2026:09:49:07 +0000] "GET /wp-content/cache/min/1/wp-content/plugins/contact-form-7/includes/js/index.js?ver=1784812623 HTTP/1.1" 304 0 "https://weelorum.com/app-audit/" "AdsBot-Google (+http://www.google.com/adsbot.html)"
209.85.238.160 - - [27/Jul/2026:09:49:08 +0000] "GET /wp-content/cache/min/1/wp-content/plugins/contact-form-7/includes/swv/js/index.js?ver=1784812623 HTTP/1.1" 304 0 "https://weelorum.com/app-audit/" "AdsBot-Google (+http://www.google.com/adsbot.html)"
209.85.238.161 - - [27/Jul/2026:09:49:08 +0000] "GET /wp-content/plugins/wp-rocket/assets/js/lazyload/17.8.3/lazyload.min.js HTTP/1.1" 304 0 "https://weelorum.com/app-audit/" "AdsBot-Google (+http://www.google.com/adsbot.html)"
209.85.238.161 - - [27/Jul/2026:09:49:08 +0000] "GET /wp-includes/js/jquery/jquery-migrate.min.js?ver=3.4.1 HTTP/1.1" 304 0 "https://weelorum.com/app-audit/" "AdsBot-Google (+http://www.google.com/adsbot.html)"
209.85.238.160 - - [27/Jul/2026:09:49:09 +0000] "GET /wp-json/contact-form-7/v1/contact-forms/217/feedback/schema HTTP/1.1" 200 259 "https://weelorum.com/app-audit/" "AdsBot-Google (+http://www.google.com/adsbot.html)"
209.85.238.161 - - [27/Jul/2026:09:49:09 +0000] "GET /wp-json/contact-form-7/v1/contact-forms/217/refill HTTP/1.1" 200 33 "https://weelorum.com/app-audit/" "AdsBot-Google (+http://www.google.com/adsbot.html)"
40.77.167.33 - - [27/Jul/2026:09:49:54 +0000] "GET /wp-content/uploads/2023/08/freestock_794304244-1024x683.jpg HTTP/1.1" 200 39708 "-" "Mozilla/5.0 AppleWebKit/537.36 (KHTML, like Gecko; compatible; bingbot/2.0; +http://www.bing.com/bingbot.htm) Chrome/116.0.1938.76 Safari/537.36"
89.110.64.239 - - [27/Jul/2026:09:51:26 +0000] "GET /blog/find-out-how-to-estimate-cost-of-app-development-with-weelorum/ HTTP/1.0" 200 365755 "https://weelorum.com/blog/find-out-how-to-estimate-cost-of-app-development-with-weelorum/" "Mozilla/5.0 (Windows NT 10.0; Win64; x64) AppleWebKit/537.36 (KHTML, like Gecko) Chrome/131.0.0.0 Safari/537.36"
146.190.158.65 - - [27/Jul/2026:09:51:27 +0000] "POST /wp-cron.php?doing_wp_cron=1785145887.3348240852355957031250 HTTP/1.1" 200 31 "-" "WordPress/7.0; https://weelorum.com"
89.110.64.239 - - [27/Jul/2026:09:51:27 +0000] "POST /wp-comments-post.php HTTP/1.0" 302 0 "https://weelorum.com/blog/find-out-how-to-estimate-cost-of-app-development-with-weelorum/" "Mozilla/5.0 (Windows NT 10.0; Win64; x64) AppleWebKit/537.36 (KHTML, like Gecko) Chrome/131.0.0.0 Safari/537.36"
89.110.64.239 - - [27/Jul/2026:09:51:28 +0000] "GET /blog/find-out-how-to-estimate-cost-of-app-development-with-weelorum/ HTTP/1.0" 200 212782 "https://weelorum.com/blog/find-out-how-to-estimate-cost-of-app-development-with-weelorum/#comment-40111" "Mozilla/5.0 (Windows NT 10.0; Win64; x64) AppleWebKit/537.36 (KHTML, like Gecko) Chrome/131.0.0.0 Safari/537.36"
195.178.110.48 - - [27/Jul/2026:09:51:57 +0000] "GET / HTTP/1.1" 200 79980 "-" "Mozilla/5.0 (Macintosh; Intel Mac OS X 10_15_7) AppleWebKit/537.36 Chrome/122.0.0.0 Safari/537.36"
146.190.158.65 - - [27/Jul/2026:09:51:58 +0000] "POST /wp-cron.php?doing_wp_cron=1785145918.8555779457092285156250 HTTP/1.1" 200 31 "-" "WordPress/7.0; https://weelorum.com"
195.178.110.48 - - [27/Jul/2026:09:51:58 +0000] "POST / HTTP/1.1" 200 43327 "-" "Mozilla/5.0 (Windows NT 10.0; Win64; x64) AppleWebKit/537.36 Chrome/122.0.0.0 Safari/537.36"
195.178.110.48 - - [27/Jul/2026:09:51:59 +0000] "POST /en HTTP/1.1" 404 27219 "-" "Mozilla/5.0 (Windows NT 10.0; Win64; x64) AppleWebKit/537.36 Chrome/122.0.0.0 Safari/537.36"
146.190.158.65 - - [27/Jul/2026:09:52:19 +0000] "POST /wp-cron.php?doing_wp_cron=1785145939.8954429626464843750000 HTTP/1.1" 200 31 "-" "WordPress/7.0; https://weelorum.com"
57.141.18.122 - - [27/Jul/2026:09:52:19 +0000] "GET /home-v2-preview/ HTTP/1.1" 301 5 "-" "Mozilla/5.0 (Macintosh; Intel Mac OS X 10_15_7) AppleWebKit/537.36 (KHTML, like Gecko) Chrome/145.0.0.0 Safari/537.36 (compatible; meta-externalagent/1.1 (+https://developers.facebook.com/docs/sharing/webmasters/crawler))"
20.191.45.212 - - [27/Jul/2026:09:52:23 +0000] "GET / HTTP/1.1" 301 169 "-" "DuckDuckBot/1.1; (+http://duckduckgo.com/duckduckbot.html)"
20.191.45.212 - - [27/Jul/2026:09:52:24 +0000] "GET / HTTP/1.1" 200 79980 "http://weelorum.com" "DuckDuckBot/1.1; (+http://duckduckgo.com/duckduckbot.html)"
20.191.45.212 - - [27/Jul/2026:09:52:25 +0000] "GET /wp-content/uploads/fbrfg/favicon-32x32.png HTTP/1.1" 200 1093 "-" "DuckDuckBot/1.1; (+http://duckduckgo.com/duckduckbot.html)"
146.190.158.65 - - [27/Jul/2026:09:53:10 +0000] "POST /wp-cron.php?doing_wp_cron=1785145990.9678549766540527343750 HTTP/1.1" 200 31 "-" "WordPress/7.0; https://weelorum.com"
23.23.233.50 - - [27/Jul/2026:09:53:10 +0000] "GET /blog/social-media-app-development-key-stages-and-requirements HTTP/1.1" 301 5 "-" "Mozilla/5.0 AppleWebKit/605.1.15 (KHTML, like Gecko) Chrome/139.0.0.0 Safari/605.1.15"
44.216.53.84 - - [27/Jul/2026:09:53:11 +0000] "GET /blog/social-media-app-development-key-stages-and-requirements/ HTTP/1.1" 200 91273 "-" "Mozilla/5.0 AppleWebKit/605.1.15 (KHTML, like Gecko) Chrome/139.0.0.0 Safari/605.1.15"
70.36.123.142 - - [27/Jul/2026:09:53:16 +0000] "GET /web-development-services/ HTTP/1.1" 301 5 "https://weelorum.com/" "0"
70.36.123.142 - - [27/Jul/2026:09:53:16 +0000] "GET /services/web-development-services/ HTTP/1.1" 200 85865 "https://weelorum.com/web-development-services/" "0"
146.190.158.65 - - [27/Jul/2026:09:53:31 +0000] "POST /wp-cron.php?doing_wp_cron=1785146011.4648160934448242187500 HTTP/1.1" 200 31 "-" "WordPress/7.0; https://weelorum.com"
105.104.189.14 - - [27/Jul/2026:09:53:31 +0000] "GET /comprehensive-guide-to-creating-an-app-like-bereal/tel:380962170860 HTTP/1.1" 404 29708 "-" "Mozilla/5.0 (Windows NT 10.0; Win64; x64) AppleWebKit/537.36 (KHTML, like Gecko) Chrome/92.0.4515.159 Safari/537.36"
34.159.21.222 - - [27/Jul/2026:09:54:17 +0000] "GET /services/mobile-app-launch-company/ HTTP/1.1" 200 75525 "-" "Bun/1.3.14"
159.223.177.192 - - [27/Jul/2026:09:54:24 +0000] "POST /wp-confiq.php HTTP/1.1" 301 169 "-" "Mozilla/5.0 (Linux; Android 7.0; SM-G892A Build/NRD90M; wv) AppleWebKit/537.36 (KHTML, like Gecko) Version/4.0 Chrome/60.0.3112.107 Mobile Safari/537.36"
44.195.188.79 - - [27/Jul/2026:09:54:59 +0000] "GET /robots.txt HTTP/1.1" 301 169 "-" "Mozilla/5.0 (Macintosh; Intel Mac OS X 10_10_1) AppleWebKit/600.2.5 (KHTML, like Gecko) Version/8.0.2 Safari/600.2.5 (Gort)"
35.168.200.72 - - [27/Jul/2026:09:54:59 +0000] "GET /robots.txt HTTP/1.1" 200 140 "-" "Mozilla/5.0 (Macintosh; Intel Mac OS X 10_10_1) AppleWebKit/600.2.5 (KHTML, like Gecko) Version/8.0.2 Safari/600.2.5 (Gort)"
66.249.73.226 - - [27/Jul/2026:09:55:05 +0000] "GET /wp-content/uploads/2023/05/49.Mob_.375.svg HTTP/1.1" 200 138335 "https://weelorum.com/blog/4-steps-of-digital-wallet-development-and-keeping-it-secure/" "Mozilla/5.0 (Linux; Android 6.0.1; Nexus 5X Build/MMB29P) AppleWebKit/537.36 (KHTML, like Gecko) Chrome/150.0.7871.128 Mobile Safari/537.36 (compatible; GoogleOther)"
66.249.73.225 - - [27/Jul/2026:09:55:07 +0000] "GET /wp-content/cache/min/1/wp-content/plugins/contact-form-7/includes/js/index.js?ver=1783296000 HTTP/1.1" 200 4803 "https://weelorum.com/blog/4-steps-of-digital-wallet-development-and-keeping-it-secure/" "Mozilla/5.0 (Linux; Android 6.0.1; Nexus 5X Build/MMB29P) AppleWebKit/537.36 (KHTML, like Gecko) Chrome/150.0.7871.128 Mobile Safari/537.36 (compatible; GoogleOther)"
146.190.158.65 - - [27/Jul/2026:09:55:11 +0000] "POST /wp-cron.php?doing_wp_cron=1785146111.7793869972229003906250 HTTP/1.1" 200 31 "-" "WordPress/7.0; https://weelorum.com"
66.249.73.224 - - [27/Jul/2026:09:55:11 +0000] "GET /wp-json/contact-form-7/v1/contact-forms/217/feedback/schema HTTP/1.1" 200 259 "https://weelorum.com/blog/4-steps-of-digital-wallet-development-and-keeping-it-secure/" "Mozilla/5.0 (Linux; Android 6.0.1; Nexus 5X Build/MMB29P) AppleWebKit/537.36 (KHTML, like Gecko) Chrome/150.0.7871.128 Mobile Safari/537.36 (compatible; GoogleOther)"
66.249.73.224 - - [27/Jul/2026:09:55:13 +0000] "GET /wp-json/contact-form-7/v1/contact-forms/217/refill HTTP/1.1" 200 33 "https://weelorum.com/blog/4-steps-of-digital-wallet-development-and-keeping-it-secure/" "Mozilla/5.0 (Linux; Android 6.0.1; Nexus 5X Build/MMB29P) AppleWebKit/537.36 (KHTML, like Gecko) Chrome/150.0.7871.128 Mobile Safari/537.36 (compatible; GoogleOther)"
146.190.158.65 - - [27/Jul/2026:09:56:01 +0000] "GET / HTTP/1.1" 301 169 "-" "Mozilla/5.0 (X11; Linux x86_64) AppleWebKit/537.36 (KHTML, like Gecko) Chrome/44.0.2403.157 Safari/537.36"
146.190.158.65 - - [27/Jul/2026:09:56:01 +0000] "GET / HTTP/1.1" 200 32502 "http://146.190.158.65" "Mozilla/5.0 (X11; Linux x86_64) AppleWebKit/537.36 (KHTML, like Gecko) Chrome/44.0.2403.157 Safari/537.36"
51.195.39.150 - - [27/Jul/2026:09:57:10 +0000] "GET /wp-content/plugins/all-in-one-wp-migration/lib/view/assets/css/reset.min.css HTTP/1.1" 200 704 "-" "Mozilla/5.0 (Macintosh; Intel Mac OS X 10_15_7; rv:149.0) Gecko/20100101 Firefox/149.0"
156.213.233.89 - - [27/Jul/2026:09:58:27 +0000] "GET / HTTP/1.1" 200 79980 "-" "python-requests/2.34.2"
146.190.158.65 - - [27/Jul/2026:09:58:38 +0000] "POST /wp-cron.php?doing_wp_cron=1785146318.2926740646362304687500 HTTP/1.1" 200 31 "-" "WordPress/7.0; https://weelorum.com"
216.73.216.42 - - [27/Jul/2026:09:58:38 +0000] "GET /sitemap_index.xml HTTP/1.1" 200 439 "-" "Mozilla/5.0 AppleWebKit/537.36 (KHTML, like Gecko; compatible; ClaudeBot/1.0; +claudebot@anthropic.com)"
146.190.158.65 - - [27/Jul/2026:10:00:02 +0000] "GET / HTTP/1.1" 301 169 "-" "Mozilla/5.0 (X11; Linux x86_64) AppleWebKit/537.36 (KHTML, like Gecko) Chrome/44.0.2403.157 Safari/537.36"
146.190.158.65 - - [27/Jul/2026:10:00:02 +0000] "GET / HTTP/1.1" 200 48886 "http://146.190.158.65" "Mozilla/5.0 (X11; Linux x86_64) AppleWebKit/537.36 (KHTML, like Gecko) Chrome/44.0.2403.157 Safari/537.36"
104.207.38.0 - - [27/Jul/2026:10:00:50 +0000] "GET /blog/an-ultimate-guide-for-how-to-make-money-from-mobile-apps/ HTTP/1.1" 200 93893 "-" "Mozilla/5.0 (Windows NT 10.0; Win64; x64) AppleWebKit/537.36 (KHTML, like Gecko) Chrome/135.0.0.0 Safari/537.36"
146.56.197.150 - - [27/Jul/2026:10:01:02 +0000] "GET / HTTP/1.1" 301 169 "-" "Mozilla/5.0 (iPhone; CPU iPhone OS 13_2_3 like Mac OS X) AppleWebKit/605.1.15 (KHTML, like Gecko) Version/13.0.3 Mobile/15E148 Safari/604.1"
185.191.171.13 - - [27/Jul/2026:10:01:42 +0000] "GET /industry/transportation/ HTTP/1.1" 200 55269 "-" "Mozilla/5.0 (compatible; SemrushBot/7~bl; +http://www.semrush.com/bot.html)"
146.190.158.65 - - [27/Jul/2026:10:02:46 +0000] "POST /wp-cron.php?doing_wp_cron=1785146566.2977941036224365234375 HTTP/1.1" 200 31 "-" "WordPress/7.0; https://weelorum.com"
45.61.148.157 - - [27/Jul/2026:10:02:46 +0000] "GET /.env HTTP/1.1" 404 130477 "-" "Mozilla/5.0 (Windows NT 10.0; Win64; x64) AppleWebKit/537.36 (KHTML, like Gecko) Chrome/137.0.0.0 Safari/537.36"
45.61.148.157 - - [27/Jul/2026:10:02:47 +0000] "GET /.env HTTP/1.1" 301 169 "-" "Mozilla/5.0 (Windows NT 10.0; Win64; x64) AppleWebKit/537.36 (KHTML, like Gecko) Chrome/137.0.0.0 Safari/537.36"
207.46.13.170 - - [27/Jul/2026:10:06:50 +0000] "GET /blog/apple-watch-app-development-all-you-need-to-know-for-a-successful-result/ HTTP/1.1" 200 89262 "-" "Mozilla/5.0 AppleWebKit/537.36 (KHTML, like Gecko; compatible; bingbot/2.0; +http://www.bing.com/bingbot.htm) Chrome/116.0.1938.76 Safari/537.36"
146.190.158.65 - - [27/Jul/2026:10:06:58 +0000] "POST /wp-cron.php?doing_wp_cron=1785146818.8244469165802001953125 HTTP/1.1" 200 31 "-" "WordPress/7.0; https://weelorum.com"
220.196.160.147 - - [27/Jul/2026:10:06:58 +0000] "GET /document.location.href;if(!href.match(/[?&]nowprocket/))%7Bif(href.indexOf(%22?%22)==-1)%7Bif(href.indexOf(%22 HTTP/1.1" 301 5 "-" "Mozilla/5.0 (Windows NT 10.0; Win64; x64) AppleWebKit/537.36 (KHTML, like Gecko) Chrome/122.0.0.0 Safari/537.36"
220.196.160.147 - - [27/Jul/2026:10:06:59 +0000] "GET /document.location.href;if(!href.match(/[?]nowprocket/))%7Bif(href.indexOf(%22?%22)==-1)%7Bif(href.indexOf(%22 HTTP/1.1" 404 27298 "-" "Mozilla/5.0 (Windows NT 10.0; Win64; x64) AppleWebKit/537.36 (KHTML, like Gecko) Chrome/122.0.0.0 Safari/537.36"
52.167.144.191 - - [27/Jul/2026:10:07:02 +0000] "GET /wp-content/cache/background-css/1/weelorum.com/wp-content/cache/min/1/wp-content/themes/weelorum-theme/assets/css/wl-pages.css?ver=1784812621&wpr_t=1785086695 HTTP/1.1" 200 58160 "https://weelorum.com/blog/apple-watch-app-development-all-you-need-to-know-for-a-successful-result/" "Mozilla/5.0 AppleWebKit/537.36 (KHTML, like Gecko; compatible; bingbot/2.0; +http://www.bing.com/bingbot.htm) Chrome/136.0.0.0 Safari/537.36 AppleWebKit/537.36 (KHTML, like Gecko; compatible; bingbot/2.0; +http://www.bing.com/bingbot.htm) Chrome/116.0.1938.76 Safari/537.36"
85.208.96.201 - - [27/Jul/2026:10:07:02 +0000] "GET /robots.txt HTTP/1.1" 200 140 "-" "Mozilla/5.0 (compatible; SemrushBot/7~bl; +http://www.semrush.com/bot.html)"
185.191.171.18 - - [27/Jul/2026:10:07:02 +0000] "GET /success-stories/krankque/ HTTP/1.1" 200 75224 "-" "Mozilla/5.0 (compatible; SemrushBot/7~bl; +http://www.semrush.com/bot.html)"
88.183.37.20 - - [27/Jul/2026:10:13:19 +0000] "GET /senior-android-developer/ HTTP/1.1" 301 5 "-" "Mozilla/5.0 (Macintosh; Intel Mac OS X 10_15_7) AppleWebKit/537.36 (KHTML, like Gecko) Chrome/146.0.0.0 Safari/537.36"
88.183.37.20 - - [27/Jul/2026:10:13:19 +0000] "GET /our-team/senior-android-developer/ HTTP/1.1" 200 68724 "-" "Mozilla/5.0 (Macintosh; Intel Mac OS X 10_15_7) AppleWebKit/537.36 (KHTML, like Gecko) Chrome/146.0.0.0 Safari/537.36"
179.1.128.51 - - [27/Jul/2026:10:13:19 +0000] "GET /blog/ilya-budko/page/5/ HTTP/1.1" 200 61196 "-" "Mozilla/5.0 (Macintosh; Intel Mac OS X 10_15_7) AppleWebKit/537.36 (KHTML, like Gecko) Chrome/146.0.0.0 Safari/537.36"
177.22.238.193 - - [27/Jul/2026:10:13:20 +0000] "GET /blog/ilya-budko/page/3/ HTTP/1.1" 200 61486 "-" "Mozilla/5.0 (Macintosh; Intel Mac OS X 10_15_7) AppleWebKit/537.36 (KHTML, like Gecko) Chrome/146.0.0.0 Safari/537.36"
146.190.158.65 - - [27/Jul/2026:10:14:01 +0000] "GET / HTTP/1.1" 301 169 "-" "Mozilla/5.0 (X11; Linux x86_64) AppleWebKit/537.36 (KHTML, like Gecko) Chrome/44.0.2403.157 Safari/537.36"
146.190.158.65 - - [27/Jul/2026:10:14:02 +0000] "GET / HTTP/1.1" 200 16118 "http://146.190.158.65" "Mozilla/5.0 (X11; Linux x86_64) AppleWebKit/537.36 (KHTML, like Gecko) Chrome/44.0.2403.157 Safari/537.36"
20.169.78.125 - - [27/Jul/2026:10:14:18 +0000] "GET /blog/5-must-have-features-for-a-successful-ai-powered-dating-app/ HTTP/1.1" 200 89554 "-" "Mozilla/5.0 AppleWebKit/537.36 (KHTML, like Gecko); compatible; ChatGPT-User/1.0; +https://openai.com/bot"
146.190.158.65 - - [27/Jul/2026:10:16:31 +0000] "POST /wp-cron.php?doing_wp_cron=1785147391.3168859481811523437500 HTTP/1.1" 200 31 "-" "WordPress/7.0; https://weelorum.com"
201.252.118.52 - - [27/Jul/2026:10:16:31 +0000] "GET /social-media-app-development-key-stages-and-requirements/tel:380962170860 HTTP/1.1" 404 29698 "-" "Mozilla/5.0 (Macintosh; Intel Mac OS X 10_11_6) AppleWebKit/537.36 (KHTML, like Gecko) Brave Chrome/86.0.4240.198 Safari/537.36"
43.173.175.35 - - [27/Jul/2026:10:16:49 +0000] "GET / HTTP/1.1" 301 169 "-" "Mozilla/5.0 (Windows NT 10.0; Win64; x64) AppleWebKit/537.36 (KHTML, like Gecko) Chrome/108.0.0.0 Safari/537.36"
43.173.173.117 - - [27/Jul/2026:10:16:50 +0000] "GET / HTTP/1.1" 200 79980 "-" "Mozilla/5.0 (Windows NT 10.0; Win64; x64) AppleWebKit/537.36 (KHTML, like Gecko) Chrome/108.0.0.0 Safari/537.36"
43.173.181.195 - - [27/Jul/2026:10:16:54 +0000] "GET /wp-json/contact-form-7/v1/contact-forms/217/refill HTTP/1.1" 200 33 "https://weelorum.com/" "Mozilla/5.0 (Windows NT 10.0; Win64; x64) AppleWebKit/537.36 (KHTML, like Gecko) Chrome/108.0.0.0 Safari/537.36"
146.190.158.65 - - [27/Jul/2026:10:16:54 +0000] "POST /wp-cron.php?doing_wp_cron=1785147414.7482099533081054687500 HTTP/1.1" 200 31 "-" "WordPress/7.0; https://weelorum.com"
43.172.198.32 - - [27/Jul/2026:10:16:54 +0000] "GET /wp-json/contact-form-7/v1/contact-forms/217/feedback/schema HTTP/1.1" 200 259 "https://weelorum.com/" "Mozilla/5.0 (Windows NT 10.0; Win64; x64) AppleWebKit/537.36 (KHTML, like Gecko) Chrome/108.0.0.0 Safari/537.36"
189.104.196.172 - - [27/Jul/2026:10:17:54 +0000] "GET /wp-content/uploads/2026/06/vortex.jpg HTTP/1.1" 200 188617 "-" "Mozilla/5.0 (compatible; crawler)"
57.141.18.71 - - [27/Jul/2026:10:19:53 +0000] "GET /service/web-development/ HTTP/1.1" 200 229855 "-" "Mozilla/5.0 (Windows NT 10.0; Win64; x64) AppleWebKit/537.36 (KHTML, like Gecko) Chrome/145.0.0.0 Safari/537.36 (compatible; meta-externalagent/1.1 (+https://developers.facebook.com/docs/sharing/webmasters/crawler))"
54.174.58.225 - - [27/Jul/2026:10:21:25 +0000] "GET /robots.txt HTTP/1.1" 301 169 "-" "Mozilla/5.0 AppleWebKit/537.36 (KHTML, like Gecko; compatible; HubSpot Crawler; +https://www.hubspot.com) Chrome/131.0.0.0 Safari/537.36"
54.174.58.235 - - [27/Jul/2026:10:21:25 +0000] "GET /robots.txt HTTP/1.1" 200 150 "-" "Mozilla/5.0 AppleWebKit/537.36 (KHTML, like Gecko; compatible; HubSpot Crawler; +https://www.hubspot.com) Chrome/131.0.0.0 Safari/537.36"
54.174.58.225 - - [27/Jul/2026:10:21:31 +0000] "GET /robots.txt HTTP/1.1" 301 169 "-" "Mozilla/5.0 AppleWebKit/537.36 (KHTML, like Gecko; compatible; HubSpot Crawler; +https://www.hubspot.com) Chrome/131.0.0.0 Safari/537.36"
54.174.58.235 - - [27/Jul/2026:10:21:31 +0000] "GET /robots.txt HTTP/1.1" 200 150 "-" "Mozilla/5.0 AppleWebKit/537.36 (KHTML, like Gecko; compatible; HubSpot Crawler; +https://www.hubspot.com) Chrome/131.0.0.0 Safari/537.36"
54.174.58.243 - - [27/Jul/2026:10:21:34 +0000] "HEAD /blog/7-best-location-based-app-ideas-choose-one-and-hit-the-jackpot/ HTTP/1.1" 200 0 "-" "Mozilla/5.0 AppleWebKit/537.36 (KHTML, like Gecko; compatible; HubSpot Crawler; +https://www.hubspot.com) Chrome/131.0.0.0 Safari/537.36"
54.174.58.246 - - [27/Jul/2026:10:21:34 +0000] "GET /blog/7-best-location-based-app-ideas-choose-one-and-hit-the-jackpot/ HTTP/1.1" 200 89227 "-" "Mozilla/5.0 AppleWebKit/537.36 (KHTML, like Gecko; compatible; HubSpot Crawler; +https://www.hubspot.com) Chrome/131.0.0.0 Safari/537.36"
54.174.58.246 - - [27/Jul/2026:10:21:34 +0000] "GET /wp-content/cache/min/1/wp-content/themes/weelorum-theme/css/awards-section.css?ver=1784812621 HTTP/1.1" 200 1392 "https://weelorum.com/blog/7-best-location-based-app-ideas-choose-one-and-hit-the-jackpot/" "Mozilla/5.0 AppleWebKit/537.36 (KHTML, like Gecko; compatible; HubSpot Crawler; +https://www.hubspot.com) Chrome/131.0.0.0 Safari/537.36"
54.174.58.246 - - [27/Jul/2026:10:21:34 +0000] "GET /wp-content/cache/background-css/1/weelorum.com/wp-content/cache/min/1/wp-content/themes/weelorum-theme/assets/css/wl-pages.css?ver=1784812621&wpr_t=1785086887 HTTP/1.1" 200 58160 "https://weelorum.com/blog/7-best-location-based-app-ideas-choose-one-and-hit-the-jackpot/" "Mozilla/5.0 AppleWebKit/537.36 (KHTML, like Gecko; compatible; HubSpot Crawler; +https://www.hubspot.com) Chrome/131.0.0.0 Safari/537.36"
54.174.58.246 - - [27/Jul/2026:10:21:35 +0000] "GET /wp-includes/js/dist/i18n.min.js?ver=781d11515ad3d91786ec HTTP/1.1" 200 2574 "https://weelorum.com/blog/7-best-location-based-app-ideas-choose-one-and-hit-the-jackpot/" "Mozilla/5.0 AppleWebKit/537.36 (KHTML, like Gecko; compatible; HubSpot Crawler; +https://www.hubspot.com) Chrome/131.0.0.0 Safari/537.36"
