103.131.71.22 - - [27/Jul/2026:00:47:08 +0000] "GET /robots.txt HTTP/1.1" 301 169 "-" "Mozilla/5.0 (compatible; coccocbot-image/1.0; +http://help.coccoc.com/searchengine)"
103.131.71.22 - - [27/Jul/2026:00:47:10 +0000] "GET /robots.txt HTTP/1.1" 200 140 "-" "Mozilla/5.0 (compatible; coccocbot-image/1.0; +http://help.coccoc.com/searchengine)"
103.131.71.29 - - [27/Jul/2026:00:47:12 +0000] "GET /wp-content/uploads/2023/07/Jhon-D.-Rock.svg HTTP/1.1" 200 3342 "-" "Mozilla/5.0 (compatible; coccocbot-image/1.0; +http://help.coccoc.com/searchengine)"
185.191.171.14 - - [27/Jul/2026:00:47:41 +0000] "GET /industry/health-fitness/ HTTP/1.1" 200 55275 "-" "Mozilla/5.0 (compatible; SemrushBot/7~bl; +http://www.semrush.com/bot.html)"
193.124.67.142 - - [27/Jul/2026:00:48:38 +0000] "GET /blog/find-out-how-to-estimate-cost-of-app-development-with-weelorum/ HTTP/1.1" 200 89296 "https://weelorum.com/" "Mozilla/5.0 (Macintosh; Intel Mac OS X 10_15_7) AppleWebKit/537.36 (KHTML, like Gecko) Chrome/147.0.0.0 Safari/537.36"
193.124.67.142 - - [27/Jul/2026:00:48:39 +0000] "GET /wp-content/cache/min/1/wp-content/themes/weelorum-theme/css/awards-section.css?ver=1784812621 HTTP/1.1" 200 1392 "https://weelorum.com/blog/find-out-how-to-estimate-cost-of-app-development-with-weelorum/" "Mozilla/5.0 (Windows NT 10.0; Win64; x64) AppleWebKit/537.36 (KHTML, like Gecko) Chrome/149.0.0.0 Safari/537.36"
193.124.67.142 - - [27/Jul/2026:00:48:40 +0000] "GET /wp-content/cache/background-css/1/weelorum.com/wp-content/cache/min/1/wp-content/themes/weelorum-theme/assets/css/wl-pages.css?ver=1784812621&wpr_t=1785086686 HTTP/1.1" 200 58160 "https://weelorum.com/blog/find-out-how-to-estimate-cost-of-app-development-with-weelorum/" "Mozilla/5.0 (Windows NT 10.0; Win64; x64) AppleWebKit/537.36 (KHTML, like Gecko) Chrome/149.0.0.0 Safari/537.36"
146.190.158.65 - - [27/Jul/2026:00:48:42 +0000] "POST /wp-cron.php?doing_wp_cron=1785113322.0900630950927734375000 HTTP/1.1" 200 31 "-" "WordPress/7.0; https://weelorum.com"
193.124.67.142 - - [27/Jul/2026:00:48:42 +0000] "POST /wp-comments-post.php HTTP/1.1" 302 5 "https://weelorum.com/blog/find-out-how-to-estimate-cost-of-app-development-with-weelorum/" "Mozilla/5.0 (Macintosh; Intel Mac OS X 10_15_7) AppleWebKit/537.36 (KHTML, like Gecko) Chrome/147.0.0.0 Safari/537.36"
193.124.67.142 - - [27/Jul/2026:00:48:42 +0000] "GET /blog/find-out-how-to-estimate-cost-of-app-development-with-weelorum/ HTTP/1.1" 200 89296 "https://weelorum.com/wp-comments-post.php" "Mozilla/5.0 (Macintosh; Intel Mac OS X 10_15_7) AppleWebKit/537.36 (KHTML, like Gecko) Chrome/147.0.0.0 Safari/537.36"
193.124.67.142 - - [27/Jul/2026:00:48:44 +0000] "GET /blog/find-out-how-to-estimate-cost-of-app-development-with-weelorum/ HTTP/1.1" 200 89296 "-" "Mozilla/5.0 (compatible; Googlebot/2.1; +http://www.google.com/bot.html)"
77.75.78.161 - - [27/Jul/2026:00:49:18 +0000] "GET /technology/tensorflow/ HTTP/1.1" 200 55294 "-" "Mozilla/5.0 (compatible; SeznamBot/4.0; +https://o-seznam.cz/napoveda/vyhledavani/en/seznambot-crawler/)"
77.75.78.161 - - [27/Jul/2026:00:49:18 +0000] "GET /robots.txt HTTP/1.1" 200 140 "-" "Mozilla/5.0 (compatible; SeznamBot/4.0; +https://o-seznam.cz/napoveda/vyhledavani/en/seznambot-crawler/)"
85.208.96.200 - - [27/Jul/2026:00:52:02 +0000] "GET /success-stories/my-store/ HTTP/1.1" 200 75177 "-" "Mozilla/5.0 (compatible; SemrushBot/7~bl; +http://www.semrush.com/bot.html)"
193.124.67.142 - - [27/Jul/2026:00:53:32 +0000] "GET /blog/find-out-how-to-estimate-cost-of-app-development-with-weelorum/ HTTP/1.1" 200 89296 "-" "Mozilla/5.0 (compatible; Googlebot/2.1; +http://www.google.com/bot.html)"
146.190.158.65 - - [27/Jul/2026:00:54:46 +0000] "POST /wp-cron.php?doing_wp_cron=1785113686.5604989528656005859375 HTTP/1.1" 200 31 "-" "WordPress/7.0; https://weelorum.com"
190.236.202.43 - - [27/Jul/2026:00:54:46 +0000] "GET /solutions/event-app-development-company/tel:380962170860 HTTP/1.1" 404 29677 "-" "Mozilla/5.0 (Windows NT 6.1; WOW64) AppleWebKit/537.36 (KHTML, like Gecko) Chrome/106.0.0.0 Safari/537.36"
146.190.158.65 - - [27/Jul/2026:00:56:01 +0000] "GET / HTTP/1.1" 301 169 "-" "Mozilla/5.0 (X11; Linux x86_64) AppleWebKit/537.36 (KHTML, like Gecko) Chrome/44.0.2403.157 Safari/537.36"
146.190.158.65 - - [27/Jul/2026:00:56:01 +0000] "GET / HTTP/1.1" 200 32502 "http://146.190.158.65" "Mozilla/5.0 (X11; Linux x86_64) AppleWebKit/537.36 (KHTML, like Gecko) Chrome/44.0.2403.157 Safari/537.36"
185.191.171.10 - - [27/Jul/2026:00:57:09 +0000] "GET /portfolio-projects/knock-knock/ HTTP/1.1" 200 70921 "-" "Mozilla/5.0 (compatible; SemrushBot/7~bl; +http://www.semrush.com/bot.html)"
47.236.96.46 - - [27/Jul/2026:00:57:42 +0000] "GET /wp-content/uploads/2022/11/17.-630_344.svg HTTP/1.1" 200 63083 "-" "Mozilla/5.0 (Windows NT 10.0; Win64; x64) AppleWebKit/537.36 (KHTML, like Gecko) Chrome/100.0.4896.127 Safari/537.36 OPR/86.0.4363.50"
146.190.158.65 - - [27/Jul/2026:01:00:01 +0000] "GET / HTTP/1.1" 301 169 "-" "Mozilla/5.0 (X11; Linux x86_64) AppleWebKit/537.36 (KHTML, like Gecko) Chrome/44.0.2403.157 Safari/537.36"
146.190.158.65 - - [27/Jul/2026:01:00:01 +0000] "GET / HTTP/1.1" 200 79980 "http://146.190.158.65" "Mozilla/5.0 (X11; Linux x86_64) AppleWebKit/537.36 (KHTML, like Gecko) Chrome/44.0.2403.157 Safari/537.36"
146.190.158.65 - - [27/Jul/2026:01:02:22 +0000] "POST /wp-cron.php?doing_wp_cron=1785114142.7293019294738769531250 HTTP/1.1" 200 31 "-" "WordPress/7.0; https://weelorum.com"
116.128.185.61 - - [27/Jul/2026:01:02:22 +0000] "GET /solutions HTTP/1.1" 301 5 "-" "Mozilla/5.0 (Macintosh; Intel Mac OS X 10_15_7) AppleWebKit/537.36 (KHTML, like Gecko) Chrome/121.0.0.0 Safari/537.36"
116.128.185.61 - - [27/Jul/2026:01:02:22 +0000] "GET /solutions/ HTTP/1.1" 200 53078 "-" "Mozilla/5.0 (Macintosh; Intel Mac OS X 10_15_7) AppleWebKit/537.36 (KHTML, like Gecko) Chrome/121.0.0.0 Safari/537.36"
146.190.158.65 - - [27/Jul/2026:01:02:49 +0000] "POST /wp-cron.php?doing_wp_cron=1785114169.0349600315093994140625 HTTP/1.1" 200 31 "-" "WordPress/7.0; https://weelorum.com"
114.75.103.154 - - [27/Jul/2026:01:02:49 +0000] "GET /blog/app-development-costs-beyond-coding-budget-for-2025 HTTP/1.1" 301 5 "-" "Mozilla/5.0 (Windows NT 10.0; Win64; x64) AppleWebKit/537.36 (KHTML, like Gecko) Chrome/138.0.0.0 Safari/537.36"
189.46.126.153 - - [27/Jul/2026:01:02:53 +0000] "GET /blog/app-development-costs-beyond-coding-budget-for-2025/ HTTP/1.1" 200 92807 "-" "Mozilla/5.0 (Windows NT 10.0; Win64; x64) AppleWebKit/537.36 (KHTML, like Gecko) Chrome/138.0.0.0 Safari/537.36"
190.213.225.53 - - [27/Jul/2026:01:02:54 +0000] "GET /wp-content/plugins/wp-rocket/assets/js/lazyload/17.8.3/lazyload.min.js HTTP/1.1" 200 3400 "-" "Mozilla/5.0 (Windows NT 10.0; Win64; x64) AppleWebKit/537.36 (KHTML, like Gecko) Chrome/138.0.0.0 Safari/537.36"
46.98.129.149 - - [27/Jul/2026:01:02:54 +0000] "GET /wp-content/cache/min/1/wp-content/themes/weelorum-theme/assets/js/main.js?ver=1784812621 HTTP/1.1" 200 1767 "-" "Mozilla/5.0 (Windows NT 10.0; Win64; x64) AppleWebKit/537.36 (KHTML, like Gecko) Chrome/138.0.0.0 Safari/537.36"
131.0.5.207 - - [27/Jul/2026:01:02:55 +0000] "GET /wp-content/cache/min/1/wp-content/plugins/contact-form-7/includes/swv/js/index.js?ver=1784812623 HTTP/1.1" 200 3887 "-" "Mozilla/5.0 (Windows NT 10.0; Win64; x64) AppleWebKit/537.36 (KHTML, like Gecko) Chrome/138.0.0.0 Safari/537.36"
177.6.114.124 - - [27/Jul/2026:01:02:55 +0000] "GET /wp-content/cache/min/1/wp-content/plugins/contact-form-7/includes/js/index.js?ver=1784812623 HTTP/1.1" 200 4803 "-" "Mozilla/5.0 (Windows NT 10.0; Win64; x64) AppleWebKit/537.36 (KHTML, like Gecko) Chrome/138.0.0.0 Safari/537.36"
27.130.72.48 - - [27/Jul/2026:01:02:55 +0000] "GET /wp-includes/js/jquery/jquery-migrate.min.js?ver=3.4.1 HTTP/1.1" 200 5355 "-" "Mozilla/5.0 (Windows NT 10.0; Win64; x64) AppleWebKit/537.36 (KHTML, like Gecko) Chrome/138.0.0.0 Safari/537.36"
187.137.171.6 - - [27/Jul/2026:01:02:56 +0000] "GET /wp-includes/js/dist/i18n.min.js?ver=781d11515ad3d91786ec HTTP/1.1" 200 2574 "-" "Mozilla/5.0 (Windows NT 10.0; Win64; x64) AppleWebKit/537.36 (KHTML, like Gecko) Chrome/138.0.0.0 Safari/537.36"
201.127.121.37 - - [27/Jul/2026:01:02:56 +0000] "GET /wp-includes/js/jquery/jquery.min.js?ver=3.7.1 HTTP/1.1" 200 35451 "-" "Mozilla/5.0 (Windows NT 10.0; Win64; x64) AppleWebKit/537.36 (KHTML, like Gecko) Chrome/138.0.0.0 Safari/537.36"
44.212.131.50 - - [27/Jul/2026:01:05:13 +0000] "GET /solutions/live-video-streaming-app-development-company/ HTTP/1.1" 200 81947 "-" "Mozilla/5.0 AppleWebKit/537.36 (KHTML, like Gecko; compatible; Amazonbot/0.1; +https://developer.amazon.com/support/amazonbot) Chrome/119.0.6045.214 Safari/537.36"
47.236.199.168 - - [27/Jul/2026:01:05:33 +0000] "GET /wp-content/uploads/2022/11/17.-630_344.svg HTTP/1.1" 200 63083 "-" "Mozilla/5.0 (Macintosh; Intel Mac OS X 10_15_7) AppleWebKit/537.36 (KHTML, like Gecko) Chrome/98.0.4758.102 Safari/537.36"
146.190.158.65 - - [27/Jul/2026:01:07:11 +0000] "POST /wp-cron.php?doing_wp_cron=1785114431.9026019573211669921875 HTTP/1.1" 200 31 "-" "WordPress/7.0; https://weelorum.com"
40.77.167.27 - - [27/Jul/2026:01:07:11 +0000] "GET /sitemap_index.xml HTTP/1.1" 200 439 "-" "Mozilla/5.0 AppleWebKit/537.36 (KHTML, like Gecko; compatible; bingbot/2.0; +http://www.bing.com/bingbot.htm) Chrome/116.0.1938.76 Safari/537.36"
146.190.158.65 - - [27/Jul/2026:01:08:04 +0000] "POST /wp-cron.php?doing_wp_cron=1785114484.5974531173706054687500 HTTP/1.1" 200 31 "-" "WordPress/7.0; https://weelorum.com"
207.254.88.250 - - [27/Jul/2026:01:08:04 +0000] "GET /solutions/fintech-application-development-services HTTP/1.1" 301 5 "-" "Mozilla/5.0 (Macintosh; Intel Mac OS X 13_4_1) AppleWebKit/605.1.15 (KHTML, like Gecko) Version/16.5 Safari/605.1.15 Edg/114.0.1823.79"
162.244.149.91 - - [27/Jul/2026:01:08:15 +0000] "GET /solutions/fintech-application-development-services/ HTTP/1.1" 200 78772 "-" "Mozilla/5.0 (Macintosh; Intel Mac OS X 13_4_1) AppleWebKit/605.1.15 (KHTML, like Gecko) Version/16.5 Safari/605.1.15 Edg/114.0.1823.79"
146.190.158.65 - - [27/Jul/2026:01:10:36 +0000] "POST /wp-cron.php?doing_wp_cron=1785114636.7911329269409179687500 HTTP/1.1" 200 31 "-" "WordPress/7.0; https://weelorum.com"
104.210.56.224 - - [27/Jul/2026:01:10:36 +0000] "GET /blog/the-role-of-a-discovery-phase-in-application-development HTTP/1.1" 301 5 "-" "Mozilla/5.0 (Macintosh; Intel Mac OS X 12_0) AppleWebKit/605.1.15 (KHTML, like Gecko) Version/16.0 Safari/605.1.15"
104.210.56.224 - - [27/Jul/2026:01:10:36 +0000] "GET /blog/the-role-of-a-discovery-phase-in-application-development/ HTTP/1.1" 200 84829 "https://weelorum.com/blog/the-role-of-a-discovery-phase-in-application-development" "Mozilla/5.0 (Macintosh; Intel Mac OS X 12_0) AppleWebKit/605.1.15 (KHTML, like Gecko) Version/16.0 Safari/605.1.15"
146.190.158.65 - - [27/Jul/2026:01:14:02 +0000] "GET / HTTP/1.1" 301 169 "-" "Mozilla/5.0 (X11; Linux x86_64) AppleWebKit/537.36 (KHTML, like Gecko) Chrome/44.0.2403.157 Safari/537.36"
146.190.158.65 - - [27/Jul/2026:01:14:02 +0000] "GET / HTTP/1.1" 200 32502 "http://146.190.158.65" "Mozilla/5.0 (X11; Linux x86_64) AppleWebKit/537.36 (KHTML, like Gecko) Chrome/44.0.2403.157 Safari/537.36"
185.191.171.11 - - [27/Jul/2026:01:15:01 +0000] "GET /service/payment-integration/ HTTP/1.1" 200 55349 "-" "Mozilla/5.0 (compatible; SemrushBot/7~bl; +http://www.semrush.com/bot.html)"
146.190.158.65 - - [27/Jul/2026:01:15:07 +0000] "POST /wp-cron.php?doing_wp_cron=1785114907.4429891109466552734375 HTTP/1.1" 200 31 "-" "WordPress/7.0; https://weelorum.com"
43.173.181.43 - - [27/Jul/2026:01:15:07 +0000] "GET /ways-of-music-streaming-app-monetization/ HTTP/1.1" 404 29673 "-" "Mozilla/5.0 (Windows NT 10.0; Win64; x64) AppleWebKit/537.36 (KHTML, like Gecko) Chrome/109.0.0.0 Safari/537.36"
57.141.18.51 - - [27/Jul/2026:01:15:08 +0000] "GET /service/iot-integration/ HTTP/1.1" 200 226865 "-" "Mozilla/5.0 (Windows NT 10.0; Win64; x64) AppleWebKit/537.36 (KHTML, like Gecko) Chrome/145.0.0.0 Safari/537.36 (compatible; meta-externalagent/1.1 (+https://developers.facebook.com/docs/sharing/webmasters/crawler))"
43.173.181.8 - - [27/Jul/2026:01:15:12 +0000] "GET /wp-admin/admin-ajax.php?action=check_custom_clutch&nonce=7a68a0a8d5 HTTP/1.1" 200 343 "https://weelorum.com/ways-of-music-streaming-app-monetization/" "Mozilla/5.0 (Windows NT 10.0; Win64; x64) AppleWebKit/537.36 (KHTML, like Gecko) Chrome/109.0.0.0 Safari/537.36"
111.221.140.236 - - [27/Jul/2026:01:16:17 +0000] "GET /robots.txt HTTP/1.1" 200 140 "-" "Mozilla/5.0 (Windows NT 10.0; WOW64) AppleWebKit/537.36 (KHTML, like Gecko) Chrome/91.0.3370.121 UBrowser/6.2.3964.2 Safari/537.36"
88.118.183.117 - - [27/Jul/2026:01:16:45 +0000] "GET / HTTP/1.1" 200 79980 "-" "Mozilla/5.0 (Windows NT 10.0; Win64; x64) AppleWebKit/537.36 DomainForwardChecker/1.1"
146.190.158.65 - - [27/Jul/2026:01:20:17 +0000] "POST /wp-cron.php?doing_wp_cron=1785115217.6204330921173095703125 HTTP/1.1" 200 31 "-" "WordPress/7.0; https://weelorum.com"
52.167.144.25 - - [27/Jul/2026:01:20:17 +0000] "GET /sitemap.xml HTTP/1.1" 301 5 "-" "Mozilla/5.0 AppleWebKit/537.36 (KHTML, like Gecko; compatible; bingbot/2.0; +http://www.bing.com/bingbot.htm) Chrome/116.0.1938.76 Safari/537.36"
52.167.144.25 - - [27/Jul/2026:01:20:18 +0000] "GET /sitemap_index.xml HTTP/1.1" 200 439 "-" "Mozilla/5.0 AppleWebKit/537.36 (KHTML, like Gecko; compatible; bingbot/2.0; +http://www.bing.com/bingbot.htm) Chrome/116.0.1938.76 Safari/537.36"
47.236.236.52 - - [27/Jul/2026:01:21:26 +0000] "GET /wp-content/uploads/2022/11/17.-630_344.svg HTTP/1.1" 200 63083 "-" "Mozilla/5.0 (Windows NT 10.0; Win64; x64) AppleWebKit/537.36 (KHTML, like Gecko) Chrome/100.0.4896.127 Safari/537.36"
146.190.158.65 - - [27/Jul/2026:01:21:52 +0000] "POST /wp-cron.php?doing_wp_cron=1785115312.4000809192657470703125 HTTP/1.1" 200 31 "-" "WordPress/7.0; https://weelorum.com"
200.61.17.72 - - [27/Jul/2026:01:21:52 +0000] "GET /ways-of-music-streaming-app-monetization/ HTTP/1.1" 404 29673 "-" "Mozilla/5.0 (Windows NT 10.0; Win64; x64) AppleWebKit/537.36 (KHTML, like Gecko) Chrome/111.0.0.0 Safari/537.36"
152.32.202.244 - - [27/Jul/2026:01:22:58 +0000] "GET / HTTP/1.1" 301 169 "-" "Mozilla/5.0 (Macintosh; Intel Mac OS X 10_15_7) AppleWebKit/537.36 (KHTML, like Gecko) Chrome/120.0.0.0 Safari/537.36 Edg/120.0.0.0"
152.32.202.244 - - [27/Jul/2026:01:23:02 +0000] "GET / HTTP/1.1" 200 333070 "-" "Mozilla/5.0 (Macintosh; Intel Mac OS X 10_15_7) AppleWebKit/537.36 (KHTML, like Gecko) Chrome/120.0.0.0 Safari/537.36 Edg/120.0.0.0"
84.233.195.155 - - [27/Jul/2026:01:23:08 +0000] "GET / HTTP/1.1" 200 79980 "-" "Go-http-client/1.1"
149.102.230.118 - - [27/Jul/2026:01:23:09 +0000] "GET / HTTP/1.1" 200 79980 "-" "Go-http-client/1.1"
84.233.195.150 - - [27/Jul/2026:01:23:10 +0000] "GET / HTTP/1.1" 200 79980 "-" "Go-http-client/1.1"
84.233.195.157 - - [27/Jul/2026:01:23:11 +0000] "GET / HTTP/1.1" 200 79980 "-" "Go-http-client/1.1"
152.32.202.244 - - [27/Jul/2026:01:23:21 +0000] "GET / HTTP/1.1" 200 79980 "http://weelorum.com/" "Mozilla/5.0 (Macintosh; Intel Mac OS X 10_15_7) AppleWebKit/537.36 (KHTML, like Gecko) Chrome/120.0.0.0 Safari/537.36 Edg/120.0.0.0"
152.32.202.244 - - [27/Jul/2026:01:23:32 +0000] "GET /wp-content/uploads/fbrfg/favicon.ico HTTP/1.1" 301 169 "-" "Mozilla/5.0 (Macintosh; Intel Mac OS X 10_15_7) AppleWebKit/537.36 (KHTML, like Gecko) Chrome/120.0.0.0 Safari/537.36 Edg/120.0.0.0"
152.32.202.244 - - [27/Jul/2026:01:23:38 +0000] "GET /wp-content/uploads/fbrfg/favicon.ico HTTP/1.1" 200 1924 "http://weelorum.com/wp-content/uploads/fbrfg/favicon.ico" "Mozilla/5.0 (Macintosh; Intel Mac OS X 10_15_7) AppleWebKit/537.36 (KHTML, like Gecko) Chrome/120.0.0.0 Safari/537.36 Edg/120.0.0.0"
152.32.202.244 - - [27/Jul/2026:01:23:41 +0000] "GET /robots.txt HTTP/1.1" 301 169 "-" "Mozilla/5.0 (Macintosh; Intel Mac OS X 10_15_7) AppleWebKit/537.36 (KHTML, like Gecko) Chrome/120.0.0.0 Safari/537.36 Edg/120.0.0.0"
152.32.202.244 - - [27/Jul/2026:01:23:45 +0000] "GET /robots.txt HTTP/1.1" 200 140 "http://weelorum.com/robots.txt" "Mozilla/5.0 (Macintosh; Intel Mac OS X 10_15_7) AppleWebKit/537.36 (KHTML, like Gecko) Chrome/120.0.0.0 Safari/537.36 Edg/120.0.0.0"
152.32.202.244 - - [27/Jul/2026:01:23:47 +0000] "GET /sitemap.xml HTTP/1.1" 301 169 "-" "Mozilla/5.0 (Macintosh; Intel Mac OS X 10_15_7) AppleWebKit/537.36 (KHTML, like Gecko) Chrome/120.0.0.0 Safari/537.36 Edg/120.0.0.0"
146.190.158.65 - - [27/Jul/2026:01:23:50 +0000] "POST /wp-cron.php?doing_wp_cron=1785115430.1644411087036132812500 HTTP/1.1" 200 31 "-" "WordPress/7.0; https://weelorum.com"
152.32.202.244 - - [27/Jul/2026:01:23:50 +0000] "GET /sitemap.xml HTTP/1.1" 301 5 "http://weelorum.com/sitemap.xml" "Mozilla/5.0 (Macintosh; Intel Mac OS X 10_15_7) AppleWebKit/537.36 (KHTML, like Gecko) Chrome/120.0.0.0 Safari/537.36 Edg/120.0.0.0"
152.32.202.244 - - [27/Jul/2026:01:23:51 +0000] "GET /sitemap_index.xml HTTP/1.1" 200 439 "https://weelorum.com/sitemap.xml" "Mozilla/5.0 (Macintosh; Intel Mac OS X 10_15_7) AppleWebKit/537.36 (KHTML, like Gecko) Chrome/120.0.0.0 Safari/537.36 Edg/120.0.0.0"
152.32.202.244 - - [27/Jul/2026:01:23:52 +0000] "GET /config.json HTTP/1.1" 301 169 "-" "Mozilla/5.0 (Macintosh; Intel Mac OS X 10_7_0) AppleWebKit/535.11 (KHTML, like Gecko) Chrome/17.0.963.56 Safari/535.11"
152.32.202.244 - - [27/Jul/2026:01:23:59 +0000] "GET /wp-content/plugins/drag-and-drop-multiple-file-upload-contact-form-7/readme.txt HTTP/1.1" 301 169 "-" "Mozilla/5.0 (Macintosh; Intel Mac OS X 10_8_3) AppleWebKit/533.1 (KHTML, like Gecko) Chrome/45.0.877.0 Safari/533.1"
152.32.202.244 - - [27/Jul/2026:01:23:59 +0000] "GET /wp-content/uploads/fbrfg/favicon.ico HTTP/1.1" 200 1924 "-" "Mozilla/5.0 (Macintosh; Intel Mac OS X 10_15_7) AppleWebKit/537.36 (KHTML, like Gecko) Chrome/120.0.0.0 Safari/537.36 Edg/120.0.0.0"
152.32.202.244 - - [27/Jul/2026:01:24:00 +0000] "GET /wp-content/plugins/drag-and-drop-multiple-file-upload-contact-form-7/readme.txt HTTP/1.1" 200 6892 "-" "Mozilla/5.0 (Macintosh; Intel Mac OS X 10_8_3) AppleWebKit/533.1 (KHTML, like Gecko) Chrome/45.0.877.0 Safari/533.1"
152.32.202.244 - - [27/Jul/2026:01:24:00 +0000] "GET /wp-content/plugins/cookie-law-info/readme.txt HTTP/1.1" 301 169 "-" "Mozilla/5.0 (Macintosh; Intel Mac OS X 10_8_3) AppleWebKit/533.1 (KHTML, like Gecko) Chrome/45.0.877.0 Safari/533.1"
152.32.202.244 - - [27/Jul/2026:01:24:01 +0000] "GET /wp-content/plugins/cookie-law-info/readme.txt HTTP/1.1" 200 6622 "-" "Mozilla/5.0 (Macintosh; Intel Mac OS X 10_8_3) AppleWebKit/533.1 (KHTML, like Gecko) Chrome/45.0.877.0 Safari/533.1"
152.32.202.244 - - [27/Jul/2026:01:24:01 +0000] "GET /wp-content/plugins/add-to-any/readme.txt HTTP/1.1" 301 169 "-" "Mozilla/5.0 (Macintosh; Intel Mac OS X 10_8_3) AppleWebKit/533.1 (KHTML, like Gecko) Chrome/45.0.877.0 Safari/533.1"
152.32.202.244 - - [27/Jul/2026:01:24:01 +0000] "GET /robots.txt HTTP/1.1" 200 140 "-" "Mozilla/5.0 (Macintosh; Intel Mac OS X 10_15_7) AppleWebKit/537.36 (KHTML, like Gecko) Chrome/120.0.0.0 Safari/537.36 Edg/120.0.0.0"
152.32.202.244 - - [27/Jul/2026:01:24:02 +0000] "GET /wp-content/plugins/add-to-any/readme.txt HTTP/1.1" 404 29677 "-" "Mozilla/5.0 (Macintosh; Intel Mac OS X 10_8_3) AppleWebKit/533.1 (KHTML, like Gecko) Chrome/45.0.877.0 Safari/533.1"
152.32.202.244 - - [27/Jul/2026:01:24:03 +0000] "GET /wp-content/plugins/akismet/readme.txt HTTP/1.1" 301 169 "-" "Mozilla/5.0 (Macintosh; Intel Mac OS X 10_8_3) AppleWebKit/533.1 (KHTML, like Gecko) Chrome/45.0.877.0 Safari/533.1"
57.141.18.38 - - [27/Jul/2026:01:24:03 +0000] "GET /technology/flutter/ HTTP/1.1" 200 226714 "-" "Mozilla/5.0 (Windows NT 10.0; Win64; x64) AppleWebKit/537.36 (KHTML, like Gecko) Chrome/145.0.0.0 Safari/537.36 (compatible; meta-externalagent/1.1 (+https://developers.facebook.com/docs/sharing/webmasters/crawler))"
152.32.202.244 - - [27/Jul/2026:01:24:03 +0000] "GET /sitemap.xml HTTP/1.1" 301 5 "-" "Mozilla/5.0 (Macintosh; Intel Mac OS X 10_15_7) AppleWebKit/537.36 (KHTML, like Gecko) Chrome/120.0.0.0 Safari/537.36 Edg/120.0.0.0"
152.32.202.244 - - [27/Jul/2026:01:24:03 +0000] "GET /wp-content/plugins/akismet/readme.txt HTTP/1.1" 200 3065 "-" "Mozilla/5.0 (Macintosh; Intel Mac OS X 10_8_3) AppleWebKit/533.1 (KHTML, like Gecko) Chrome/45.0.877.0 Safari/533.1"
152.32.202.244 - - [27/Jul/2026:01:24:04 +0000] "GET /wp-content/plugins/countup-js/readme.txt HTTP/1.1" 301 169 "-" "Mozilla/5.0 (Macintosh; Intel Mac OS X 10_8_3) AppleWebKit/533.1 (KHTML, like Gecko) Chrome/45.0.877.0 Safari/533.1"
152.32.202.244 - - [27/Jul/2026:01:24:04 +0000] "GET /sitemap_index.xml HTTP/1.1" 200 439 "https://weelorum.com/sitemap.xml" "Mozilla/5.0 (Macintosh; Intel Mac OS X 10_15_7) AppleWebKit/537.36 (KHTML, like Gecko) Chrome/120.0.0.0 Safari/537.36 Edg/120.0.0.0"
152.32.202.244 - - [27/Jul/2026:01:24:04 +0000] "GET /wp-content/plugins/countup-js/readme.txt HTTP/1.1" 200 984 "-" "Mozilla/5.0 (Macintosh; Intel Mac OS X 10_8_3) AppleWebKit/533.1 (KHTML, like Gecko) Chrome/45.0.877.0 Safari/533.1"
152.32.202.244 - - [27/Jul/2026:01:24:04 +0000] "GET /wp-content/plugins/contact-form-7/readme.txt HTTP/1.1" 301 169 "-" "Mozilla/5.0 (Macintosh; Intel Mac OS X 10_8_3) AppleWebKit/533.1 (KHTML, like Gecko) Chrome/45.0.877.0 Safari/533.1"
152.32.202.244 - - [27/Jul/2026:01:24:05 +0000] "GET /wp-content/plugins/contact-form-7/readme.txt HTTP/1.1" 200 1888 "-" "Mozilla/5.0 (Macintosh; Intel Mac OS X 10_8_3) AppleWebKit/533.1 (KHTML, like Gecko) Chrome/45.0.877.0 Safari/533.1"
152.32.202.244 - - [27/Jul/2026:01:24:07 +0000] "GET /wp-content/plugins/rate-my-post/readme.txt HTTP/1.1" 301 169 "-" "Mozilla/5.0 (Macintosh; Intel Mac OS X 10_8_3) AppleWebKit/533.1 (KHTML, like Gecko) Chrome/45.0.877.0 Safari/533.1"
152.32.202.244 - - [27/Jul/2026:01:24:08 +0000] "GET /wp-content/plugins/rate-my-post/readme.txt HTTP/1.1" 200 5763 "-" "Mozilla/5.0 (Macintosh; Intel Mac OS X 10_8_3) AppleWebKit/533.1 (KHTML, like Gecko) Chrome/45.0.877.0 Safari/533.1"
152.32.202.244 - - [27/Jul/2026:01:24:09 +0000] "GET /wp-content/plugins/wp-rocket/readme.txt HTTP/1.1" 301 169 "-" "Mozilla/5.0 (Macintosh; Intel Mac OS X 10_8_3) AppleWebKit/533.1 (KHTML, like Gecko) Chrome/45.0.877.0 Safari/533.1"
152.32.202.244 - - [27/Jul/2026:01:24:11 +0000] "GET /wp-content/plugins/wp-rocket/readme.txt HTTP/1.1" 404 29676 "-" "Mozilla/5.0 (Macintosh; Intel Mac OS X 10_8_3) AppleWebKit/533.1 (KHTML, like Gecko) Chrome/45.0.877.0 Safari/533.1"
152.32.202.244 - - [27/Jul/2026:01:24:11 +0000] "GET /config.json HTTP/1.1" 404 29665 "-" "Mozilla/5.0 (Macintosh; Intel Mac OS X 10_7_0) AppleWebKit/535.11 (KHTML, like Gecko) Chrome/17.0.963.56 Safari/535.11"
152.32.202.244 - - [27/Jul/2026:01:24:11 +0000] "GET /wp-content/plugins/*\x22,\x22/readme.txt HTTP/1.1" 301 169 "-" "Mozilla/5.0 (Macintosh; Intel Mac OS X 10_8_3) AppleWebKit/533.1 (KHTML, like Gecko) Chrome/45.0.877.0 Safari/533.1"
152.32.202.244 - - [27/Jul/2026:01:24:12 +0000] "GET /wp-content/plugins/*\x22,\x22/readme.txt HTTP/1.1" 404 29675 "-" "Mozilla/5.0 (Macintosh; Intel Mac OS X 10_8_3) AppleWebKit/533.1 (KHTML, like Gecko) Chrome/45.0.877.0 Safari/533.1"
152.32.202.244 - - [27/Jul/2026:01:24:13 +0000] "GET /wp-content/themes/weelorum-theme/readme.txt HTTP/1.1" 301 169 "-" "Mozilla/5.0 (Macintosh; Intel Mac OS X 10_8_3) AppleWebKit/533.1 (KHTML, like Gecko) Chrome/45.0.877.0 Safari/533.1"
152.32.202.244 - - [27/Jul/2026:01:24:14 +0000] "GET /wp-content/themes/weelorum-theme/readme.txt HTTP/1.1" 404 29669 "-" "Mozilla/5.0 (Macintosh; Intel Mac OS X 10_8_3) AppleWebKit/533.1 (KHTML, like Gecko) Chrome/45.0.877.0 Safari/533.1"
152.32.202.244 - - [27/Jul/2026:01:24:15 +0000] "GET /wp-content/plugins/drag-and-drop-multiple-file-upload-contact-form-7/readme.txt HTTP/1.1" 200 6892 "-" "Mozilla/5.0 (Macintosh; Intel Mac OS X 10_8_3) AppleWebKit/533.1 (KHTML, like Gecko) Chrome/45.0.877.0 Safari/533.1"
152.32.202.244 - - [27/Jul/2026:01:24:15 +0000] "GET /wp-content/plugins/cookie-law-info/readme.txt HTTP/1.1" 200 6622 "-" "Mozilla/5.0 (Macintosh; Intel Mac OS X 10_8_3) AppleWebKit/533.1 (KHTML, like Gecko) Chrome/45.0.877.0 Safari/533.1"
146.190.158.65 - - [27/Jul/2026:01:24:16 +0000] "POST /wp-cron.php?doing_wp_cron=1785115456.8527390956878662109375 HTTP/1.1" 200 31 "-" "WordPress/7.0; https://weelorum.com"
152.32.202.244 - - [27/Jul/2026:01:24:16 +0000] "GET /wp-content/plugins/add-to-any/readme.txt HTTP/1.1" 404 29677 "-" "Mozilla/5.0 (Macintosh; Intel Mac OS X 10_8_3) AppleWebKit/533.1 (KHTML, like Gecko) Chrome/45.0.877.0 Safari/533.1"
152.32.202.244 - - [27/Jul/2026:01:24:18 +0000] "GET /wp-content/plugins/akismet/readme.txt HTTP/1.1" 200 3065 "-" "Mozilla/5.0 (Macintosh; Intel Mac OS X 10_8_3) AppleWebKit/533.1 (KHTML, like Gecko) Chrome/45.0.877.0 Safari/533.1"
152.32.202.244 - - [27/Jul/2026:01:24:18 +0000] "GET /wp-content/plugins/countup-js/readme.txt HTTP/1.1" 200 984 "-" "Mozilla/5.0 (Macintosh; Intel Mac OS X 10_8_3) AppleWebKit/533.1 (KHTML, like Gecko) Chrome/45.0.877.0 Safari/533.1"
152.32.202.244 - - [27/Jul/2026:01:24:19 +0000] "GET /wp-content/plugins/contact-form-7/readme.txt HTTP/1.1" 200 1888 "-" "Mozilla/5.0 (Macintosh; Intel Mac OS X 10_8_3) AppleWebKit/533.1 (KHTML, like Gecko) Chrome/45.0.877.0 Safari/533.1"
152.32.202.244 - - [27/Jul/2026:01:24:20 +0000] "GET /wp-content/plugins/rate-my-post/readme.txt HTTP/1.1" 200 5763 "-" "Mozilla/5.0 (Macintosh; Intel Mac OS X 10_8_3) AppleWebKit/533.1 (KHTML, like Gecko) Chrome/45.0.877.0 Safari/533.1"
152.32.202.244 - - [27/Jul/2026:01:24:20 +0000] "GET /wp-content/plugins/wp-rocket/readme.txt HTTP/1.1" 404 29676 "-" "Mozilla/5.0 (Macintosh; Intel Mac OS X 10_8_3) AppleWebKit/533.1 (KHTML, like Gecko) Chrome/45.0.877.0 Safari/533.1"
152.32.202.244 - - [27/Jul/2026:01:24:21 +0000] "GET /wp-content/plugins/*\x22,\x22/readme.txt HTTP/1.1" 404 29675 "-" "Mozilla/5.0 (Macintosh; Intel Mac OS X 10_8_3) AppleWebKit/533.1 (KHTML, like Gecko) Chrome/45.0.877.0 Safari/533.1"
152.32.202.244 - - [27/Jul/2026:01:24:22 +0000] "GET /wp-content/themes/weelorum-theme/readme.txt HTTP/1.1" 404 29669 "-" "Mozilla/5.0 (Macintosh; Intel Mac OS X 10_8_3) AppleWebKit/533.1 (KHTML, like Gecko) Chrome/45.0.877.0 Safari/533.1"
20.118.11.251 - - [27/Jul/2026:01:24:51 +0000] "GET /robots.txt HTTP/1.1" 200 140 "-" "DuckAssistBot/1.2; (+http://duckduckgo.com/duckassistbot.html)"
4.149.142.7 - - [27/Jul/2026:01:24:52 +0000] "GET /blog/how-do-dating-apps-make-money-12-monetization-methods/ HTTP/1.1" 200 88557 "-" "DuckAssistBot/1.2; (+http://duckduckgo.com/duckassistbot.html)"
87.199.196.181 - - [27/Jul/2026:01:27:19 +0000] "GET /blog/key-things-you-should-know-when-making-a-calendar-app/ HTTP/1.0" 200 374717 "https://weelorum.com/blog/key-things-you-should-know-when-making-a-calendar-app/" "Mozilla/5.0 (Windows NT 10.0; Win64; x64) AppleWebKit/537.36 (KHTML, like Gecko) Chrome/131.0.0.0 Safari/537.36 Avast/131.0.0.0"
146.190.158.65 - - [27/Jul/2026:01:27:21 +0000] "POST /wp-cron.php?doing_wp_cron=1785115641.0526239871978759765625 HTTP/1.1" 200 31 "-" "WordPress/7.0; https://weelorum.com"
87.199.196.181 - - [27/Jul/2026:01:27:21 +0000] "POST /wp-comments-post.php HTTP/1.0" 302 0 "https://weelorum.com/blog/key-things-you-should-know-when-making-a-calendar-app/" "Mozilla/5.0 (Windows NT 10.0; Win64; x64) AppleWebKit/537.36 (KHTML, like Gecko) Chrome/131.0.0.0 Safari/537.36 Avast/131.0.0.0"
87.199.196.181 - - [27/Jul/2026:01:27:22 +0000] "GET /blog/key-things-you-should-know-when-making-a-calendar-app/ HTTP/1.0" 200 226487 "https://weelorum.com/blog/key-things-you-should-know-when-making-a-calendar-app/#comment-40081" "Mozilla/5.0 (Windows NT 10.0; Win64; x64) AppleWebKit/537.36 (KHTML, like Gecko) Chrome/131.0.0.0 Safari/537.36 Avast/131.0.0.0"
146.190.158.65 - - [27/Jul/2026:01:28:01 +0000] "GET / HTTP/1.1" 301 169 "-" "Mozilla/5.0 (X11; Linux x86_64) AppleWebKit/537.36 (KHTML, like Gecko) Chrome/44.0.2403.157 Safari/537.36"
146.190.158.65 - - [27/Jul/2026:01:28:01 +0000] "GET / HTTP/1.1" 200 32502 "http://146.190.158.65" "Mozilla/5.0 (X11; Linux x86_64) AppleWebKit/537.36 (KHTML, like Gecko) Chrome/44.0.2403.157 Safari/537.36"
178.20.43.173 - - [27/Jul/2026:01:30:34 +0000] "GET /blog/find-out-how-to-estimate-cost-of-app-development-with-weelorum/ HTTP/1.0" 301 169 "http://weelorum.com/blog/find-out-how-to-estimate-cost-of-app-development-with-weelorum/" "Mozilla/5.0 (Windows NT 10.0; Win64; x64) AppleWebKit/537.36 (KHTML, like Gecko) Chrome/130.0.0.0 Safari/537.36 CCleaner/130.0.0.0"
178.20.43.173 - - [27/Jul/2026:01:30:35 +0000] "GET /blog/find-out-how-to-estimate-cost-of-app-development-with-weelorum/ HTTP/1.0" 200 365755 "https://weelorum.com/blog/find-out-how-to-estimate-cost-of-app-development-with-weelorum/" "Mozilla/5.0 (Windows NT 10.0; Win64; x64) AppleWebKit/537.36 (KHTML, like Gecko) Chrome/130.0.0.0 Safari/537.36 CCleaner/130.0.0.0"
146.190.158.65 - - [27/Jul/2026:01:30:37 +0000] "POST /wp-cron.php?doing_wp_cron=1785115837.4988338947296142578125 HTTP/1.1" 200 31 "-" "WordPress/7.0; https://weelorum.com"
178.20.43.173 - - [27/Jul/2026:01:30:37 +0000] "POST /wp-comments-post.php HTTP/1.0" 302 0 "https://weelorum.com/blog/find-out-how-to-estimate-cost-of-app-development-with-weelorum/" "Mozilla/5.0 (Windows NT 10.0; Win64; x64) AppleWebKit/537.36 (KHTML, like Gecko) Chrome/130.0.0.0 Safari/537.36 CCleaner/130.0.0.0"
178.20.43.173 - - [27/Jul/2026:01:30:39 +0000] "GET /blog/find-out-how-to-estimate-cost-of-app-development-with-weelorum/ HTTP/1.0" 200 212777 "https://weelorum.com/blog/find-out-how-to-estimate-cost-of-app-development-with-weelorum/#comment-40082" "Mozilla/5.0 (Windows NT 10.0; Win64; x64) AppleWebKit/537.36 (KHTML, like Gecko) Chrome/130.0.0.0 Safari/537.36 CCleaner/130.0.0.0"
91.84.114.45 - - [27/Jul/2026:01:31:26 +0000] "GET /blog/find-out-how-to-estimate-cost-of-app-development-with-weelorum/ HTTP/1.0" 200 365755 "https://weelorum.com/blog/find-out-how-to-estimate-cost-of-app-development-with-weelorum/" "Mozilla/5.0 (Windows NT 10.0; Win64; x64) AppleWebKit/537.36 (KHTML, like Gecko) Chrome/130.0.0.0 Safari/537.36 CCleaner/130.0.0.0"
146.190.158.65 - - [27/Jul/2026:01:31:27 +0000] "POST /wp-cron.php?doing_wp_cron=1785115887.5983200073242187500000 HTTP/1.1" 200 31 "-" "WordPress/7.0; https://weelorum.com"
91.84.111.146 - - [27/Jul/2026:01:31:27 +0000] "GET /blog/find-out-how-to-estimate-cost-of-app-development-with-weelorum/ HTTP/1.0" 200 365755 "https://weelorum.com/blog/find-out-how-to-estimate-cost-of-app-development-with-weelorum/" "Mozilla/5.0 (Windows NT 10.0; Win64; x64) AppleWebKit/537.36 (KHTML, like Gecko) Chrome/129.0.0.0 Safari/537.36"
91.84.114.45 - - [27/Jul/2026:01:31:27 +0000] "POST /wp-comments-post.php HTTP/1.0" 302 0 "https://weelorum.com/blog/find-out-how-to-estimate-cost-of-app-development-with-weelorum/" "Mozilla/5.0 (Windows NT 10.0; Win64; x64) AppleWebKit/537.36 (KHTML, like Gecko) Chrome/130.0.0.0 Safari/537.36 CCleaner/130.0.0.0"
91.84.114.45 - - [27/Jul/2026:01:31:28 +0000] "GET /blog/find-out-how-to-estimate-cost-of-app-development-with-weelorum/ HTTP/1.0" 200 212786 "https://weelorum.com/blog/find-out-how-to-estimate-cost-of-app-development-with-weelorum/#comment-40083" "Mozilla/5.0 (Windows NT 10.0; Win64; x64) AppleWebKit/537.36 (KHTML, like Gecko) Chrome/130.0.0.0 Safari/537.36 CCleaner/130.0.0.0"
91.84.111.146 - - [27/Jul/2026:01:31:28 +0000] "POST /wp-comments-post.php HTTP/1.0" 302 0 "https://weelorum.com/blog/find-out-how-to-estimate-cost-of-app-development-with-weelorum/" "Mozilla/5.0 (Windows NT 10.0; Win64; x64) AppleWebKit/537.36 (KHTML, like Gecko) Chrome/129.0.0.0 Safari/537.36"
91.84.111.146 - - [27/Jul/2026:01:31:29 +0000] "GET /blog/find-out-how-to-estimate-cost-of-app-development-with-weelorum/ HTTP/1.0" 200 130759 "https://weelorum.com/blog/find-out-how-to-estimate-cost-of-app-development-with-weelorum/#comment-40084" "Mozilla/5.0 (Windows NT 10.0; Win64; x64) AppleWebKit/537.36 (KHTML, like Gecko) Chrome/129.0.0.0 Safari/537.36"
3.221.119.225 - - [27/Jul/2026:01:33:23 +0000] "GET /about-us HTTP/1.1" 301 169 "https://www.google.com/" "Mozilla/5.0 (Windows NT 10.0; Win64; x64) AppleWebKit/537.36 (KHTML, like Gecko) Chrome/129.0.0.0 Safari/537.36"
146.190.158.65 - - [27/Jul/2026:01:33:23 +0000] "POST /wp-cron.php?doing_wp_cron=1785116003.5663890838623046875000 HTTP/1.1" 200 31 "-" "WordPress/7.0; https://weelorum.com"
3.221.119.225 - - [27/Jul/2026:01:33:23 +0000] "GET /about-us HTTP/1.1" 301 5 "https://www.google.com/" "Mozilla/5.0 (Windows NT 10.0; Win64; x64) AppleWebKit/537.36 (KHTML, like Gecko) Chrome/129.0.0.0 Safari/537.36"
3.221.119.225 - - [27/Jul/2026:01:33:23 +0000] "GET /about-us/ HTTP/1.1" 200 74403 "https://www.google.com/" "Mozilla/5.0 (Windows NT 10.0; Win64; x64) AppleWebKit/537.36 (KHTML, like Gecko) Chrome/129.0.0.0 Safari/537.36"
3.221.119.225 - - [27/Jul/2026:01:33:23 +0000] "GET /wp-content/cache/min/1/wp-content/themes/weelorum-theme/css/awards-section.css?ver=1784812621 HTTP/1.1" 200 1392 "https://www.google.com/" "Mozilla/5.0 (Windows NT 10.0; Win64; x64) AppleWebKit/537.36 (KHTML, like Gecko) Chrome/129.0.0.0 Safari/537.36"
3.221.119.225 - - [27/Jul/2026:01:33:23 +0000] "GET /wp-content/cache/background-css/1/weelorum.com/wp-content/cache/min/1/wp-content/themes/weelorum-theme/assets/css/wl-pages.css?ver=1784812621&wpr_t=1785086519 HTTP/1.1" 200 58160 "https://www.google.com/" "Mozilla/5.0 (Windows NT 10.0; Win64; x64) AppleWebKit/537.36 (KHTML, like Gecko) Chrome/129.0.0.0 Safari/537.36"
3.221.119.225 - - [27/Jul/2026:01:33:24 +0000] "GET /wp-includes/js/dist/i18n.min.js?ver=781d11515ad3d91786ec HTTP/1.1" 200 2574 "https://www.google.com/" "Mozilla/5.0 (Windows NT 10.0; Win64; x64) AppleWebKit/537.36 (KHTML, like Gecko) Chrome/129.0.0.0 Safari/537.36"
3.221.119.225 - - [27/Jul/2026:01:33:24 +0000] "GET /wp-includes/js/jquery/jquery.min.js?ver=3.7.1 HTTP/1.1" 200 35451 "https://www.google.com/" "Mozilla/5.0 (Windows NT 10.0; Win64; x64) AppleWebKit/537.36 (KHTML, like Gecko) Chrome/129.0.0.0 Safari/537.36"
3.221.119.225 - - [27/Jul/2026:01:33:24 +0000] "GET /wp-includes/js/jquery/jquery-migrate.min.js?ver=3.4.1 HTTP/1.1" 200 5355 "https://www.google.com/" "Mozilla/5.0 (Windows NT 10.0; Win64; x64) AppleWebKit/537.36 (KHTML, like Gecko) Chrome/129.0.0.0 Safari/537.36"
3.221.119.225 - - [27/Jul/2026:01:33:24 +0000] "GET /wp-content/cache/min/1/wp-content/themes/weelorum-theme/assets/js/main.js?ver=1784812621 HTTP/1.1" 200 1767 "https://www.google.com/" "Mozilla/5.0 (Windows NT 10.0; Win64; x64) AppleWebKit/537.36 (KHTML, like Gecko) Chrome/129.0.0.0 Safari/537.36"
3.221.119.225 - - [27/Jul/2026:01:33:24 +0000] "GET /wp-content/cache/min/1/wp-content/plugins/contact-form-7/includes/swv/js/index.js?ver=1784812623 HTTP/1.1" 200 3887 "https://www.google.com/" "Mozilla/5.0 (Windows NT 10.0; Win64; x64) AppleWebKit/537.36 (KHTML, like Gecko) Chrome/129.0.0.0 Safari/537.36"
3.221.119.225 - - [27/Jul/2026:01:33:24 +0000] "GET /wp-content/cache/min/1/wp-content/plugins/contact-form-7/includes/js/index.js?ver=1784812623 HTTP/1.1" 200 4803 "https://www.google.com/" "Mozilla/5.0 (Windows NT 10.0; Win64; x64) AppleWebKit/537.36 (KHTML, like Gecko) Chrome/129.0.0.0 Safari/537.36"
3.221.119.225 - - [27/Jul/2026:01:33:24 +0000] "GET /wp-content/plugins/wp-rocket/assets/js/lazyload/17.8.3/lazyload.min.js HTTP/1.1" 200 3400 "https://www.google.com/" "Mozilla/5.0 (Windows NT 10.0; Win64; x64) AppleWebKit/537.36 (KHTML, like Gecko) Chrome/129.0.0.0 Safari/537.36"
3.221.119.225 - - [27/Jul/2026:01:33:25 +0000] "GET /wp-json/contact-form-7/v1/contact-forms/17524/feedback/schema HTTP/1.1" 200 249 "https://www.google.com/" "Mozilla/5.0 (Windows NT 10.0; Win64; x64) AppleWebKit/537.36 (KHTML, like Gecko) Chrome/129.0.0.0 Safari/537.36"
3.221.119.225 - - [27/Jul/2026:01:33:25 +0000] "GET /wp-json/contact-form-7/v1/contact-forms/17524/refill HTTP/1.1" 200 33 "https://www.google.com/" "Mozilla/5.0 (Windows NT 10.0; Win64; x64) AppleWebKit/537.36 (KHTML, like Gecko) Chrome/129.0.0.0 Safari/537.36"
3.221.119.225 - - [27/Jul/2026:01:33:33 +0000] "GET /wp-includes/js/dist/hooks.min.js?ver=7496969728ca0f95732d HTTP/1.1" 200 1909 "https://www.google.com/" "Mozilla/5.0 (Windows NT 10.0; Win64; x64) AppleWebKit/537.36 (KHTML, like Gecko) Chrome/129.0.0.0 Safari/537.36"
3.221.119.225 - - [27/Jul/2026:01:33:33 +0000] "GET /wp-content/plugins/add-to-any/addtoany.min.js?ver=1.1 HTTP/1.1" 200 137 "https://www.google.com/" "Mozilla/5.0 (Windows NT 10.0; Win64; x64) AppleWebKit/537.36 (KHTML, like Gecko) Chrome/129.0.0.0 Safari/537.36"
3.221.119.225 - - [27/Jul/2026:01:33:33 +0000] "GET /wp-content/cache/min/1/wp-content/plugins/cookie-law-info/legacy/public/js/cookie-law-info-public.js?ver=1784812621 HTTP/1.1" 200 7917 "https://www.google.com/" "Mozilla/5.0 (Windows NT 10.0; Win64; x64) AppleWebKit/537.36 (KHTML, like Gecko) Chrome/129.0.0.0 Safari/537.36"
3.221.119.225 - - [27/Jul/2026:01:33:33 +0000] "GET /wp-content/cache/min/1/wp-content/plugins/countup-js/js/countup.js?ver=1784812621 HTTP/1.1" 200 1507 "https://www.google.com/" "Mozilla/5.0 (Windows NT 10.0; Win64; x64) AppleWebKit/537.36 (KHTML, like Gecko) Chrome/129.0.0.0 Safari/537.36"
3.221.119.225 - - [27/Jul/2026:01:33:33 +0000] "GET /wp-content/plugins/rate-my-post/public/js/rate-my-post.min.js?ver=4.5.1 HTTP/1.1" 200 5596 "https://www.google.com/" "Mozilla/5.0 (Windows NT 10.0; Win64; x64) AppleWebKit/537.36 (KHTML, like Gecko) Chrome/129.0.0.0 Safari/537.36"
3.221.119.225 - - [27/Jul/2026:01:33:33 +0000] "GET /wp-content/cache/min/1/wp-content/themes/weelorum-theme/assets/js/scroll-handler.js?ver=1784812621 HTTP/1.1" 200 1531 "https://www.google.com/" "Mozilla/5.0 (Windows NT 10.0; Win64; x64) AppleWebKit/537.36 (KHTML, like Gecko) Chrome/129.0.0.0 Safari/537.36"
3.221.119.225 - - [27/Jul/2026:01:33:33 +0000] "GET /wp-content/cache/min/1/wp-content/themes/weelorum-theme/assets/js/footer-scripts.js?ver=1784812621 HTTP/1.1" 200 1745 "https://www.google.com/" "Mozilla/5.0 (Windows NT 10.0; Win64; x64) AppleWebKit/537.36 (KHTML, like Gecko) Chrome/129.0.0.0 Safari/537.36"
3.221.119.225 - - [27/Jul/2026:01:33:33 +0000] "GET /wp-content/cache/min/1/wp-content/themes/weelorum-theme/assets/js/floating-discovery.js?ver=1784812621 HTTP/1.1" 200 1459 "https://www.google.com/" "Mozilla/5.0 (Windows NT 10.0; Win64; x64) AppleWebKit/537.36 (KHTML, like Gecko) Chrome/129.0.0.0 Safari/537.36"
3.221.119.225 - - [27/Jul/2026:01:33:33 +0000] "GET /wp-content/themes/weelorum-theme/assets/js/swiper.min.js?ver=3.0.0 HTTP/1.1" 200 52198 "https://www.google.com/" "Mozilla/5.0 (Windows NT 10.0; Win64; x64) AppleWebKit/537.36 (KHTML, like Gecko) Chrome/129.0.0.0 Safari/537.36"
3.221.119.225 - - [27/Jul/2026:01:33:33 +0000] "GET /wp-content/cache/min/1/wp-content/themes/weelorum-theme/assets/js/swiper-init.js?ver=1784812621 HTTP/1.1" 200 1831 "https://www.google.com/" "Mozilla/5.0 (Windows NT 10.0; Win64; x64) AppleWebKit/537.36 (KHTML, like Gecko) Chrome/129.0.0.0 Safari/537.36"
3.221.119.225 - - [27/Jul/2026:01:33:33 +0000] "GET /wp-content/cache/min/1/wp-content/themes/weelorum-theme/assets/js/wl-pages.js?ver=1784812621 HTTP/1.1" 200 4498 "https://www.google.com/" "Mozilla/5.0 (Windows NT 10.0; Win64; x64) AppleWebKit/537.36 (KHTML, like Gecko) Chrome/129.0.0.0 Safari/537.36"
3.221.119.225 - - [27/Jul/2026:01:33:33 +0000] "GET /wp-content/cache/min/1/wp-content/themes/weelorum-theme/assets/js/header-v2.js?ver=1784812621 HTTP/1.1" 200 1204 "https://www.google.com/" "Mozilla/5.0 (Windows NT 10.0; Win64; x64) AppleWebKit/537.36 (KHTML, like Gecko) Chrome/129.0.0.0 Safari/537.36"
3.221.119.225 - - [27/Jul/2026:01:33:33 +0000] "GET /wp-content/cache/min/1/wp-content/themes/weelorum-theme/assets/js/wl-about-us.js?ver=1784812770 HTTP/1.1" 200 331 "https://www.google.com/" "Mozilla/5.0 (Windows NT 10.0; Win64; x64) AppleWebKit/537.36 (KHTML, like Gecko) Chrome/129.0.0.0 Safari/537.36"
3.221.119.225 - - [27/Jul/2026:01:33:33 +0000] "GET /wp-content/plugins/drag-and-drop-multiple-file-upload-contact-form-7/assets/js/codedropz-uploader-min.js?ver=1.3.9.8 HTTP/1.1" 200 4191 "https://www.google.com/" "Mozilla/5.0 (Windows NT 10.0; Win64; x64) AppleWebKit/537.36 (KHTML, like Gecko) Chrome/129.0.0.0 Safari/537.36"
3.221.119.225 - - [27/Jul/2026:01:33:33 +0000] "GET /wp-content/cache/min/1/wp-content/plugins/akismet/_inc/akismet-frontend.js?ver=1784812623 HTTP/1.1" 200 2088 "https://www.google.com/" "Mozilla/5.0 (Windows NT 10.0; Win64; x64) AppleWebKit/537.36 (KHTML, like Gecko) Chrome/129.0.0.0 Safari/537.36"
146.190.158.65 - - [27/Jul/2026:01:33:36 +0000] "POST /wp-cron.php?doing_wp_cron=1785116016.9294710159301757812500 HTTP/1.1" 200 31 "-" "WordPress/7.0; https://weelorum.com"
3.221.119.225 - - [27/Jul/2026:01:33:36 +0000] "GET /wp-admin/admin-ajax.php?action=check_custom_clutch&nonce=955a01a970 HTTP/1.1" 200 343 "https://www.google.com/" "Mozilla/5.0 (Windows NT 10.0; Win64; x64) AppleWebKit/537.36 (KHTML, like Gecko) Chrome/129.0.0.0 Safari/537.36"
146.190.158.65 - - [27/Jul/2026:01:33:57 +0000] "POST /wp-cron.php?doing_wp_cron=1785116037.0753190517425537109375 HTTP/1.1" 200 31 "-" "WordPress/7.0; https://weelorum.com"
209.59.231.26 - - [27/Jul/2026:01:33:57 +0000] "GET /blog/ilya-budko HTTP/1.1" 301 5 "-" "Mozilla/5.0 (Windows NT 10.0; Win64; x64; rv:115.0) Gecko/20100101 Firefox/115.0"
162.244.147.114 - - [27/Jul/2026:01:34:00 +0000] "GET /blog/ilya-budko/ HTTP/1.1" 200 62099 "-" "Mozilla/5.0 (Windows NT 10.0; Win64; x64; rv:115.0) Gecko/20100101 Firefox/115.0"
144.124.230.156 - - [27/Jul/2026:01:37:10 +0000] "GET /blog/find-out-how-to-estimate-cost-of-app-development-with-weelorum/ HTTP/1.0" 301 169 "http://weelorum.com/blog/find-out-how-to-estimate-cost-of-app-development-with-weelorum/" "Mozilla/5.0 (Windows NT 10.0; Win64; x64) AppleWebKit/537.36 (KHTML, like Gecko) Chrome/130.0.0.0 Safari/537.36"
144.124.230.156 - - [27/Jul/2026:01:37:11 +0000] "GET /blog/find-out-how-to-estimate-cost-of-app-development-with-weelorum/ HTTP/1.0" 200 365755 "https://weelorum.com/blog/find-out-how-to-estimate-cost-of-app-development-with-weelorum/" "Mozilla/5.0 (Windows NT 10.0; Win64; x64) AppleWebKit/537.36 (KHTML, like Gecko) Chrome/130.0.0.0 Safari/537.36"
146.190.158.65 - - [27/Jul/2026:01:37:12 +0000] "POST /wp-cron.php?doing_wp_cron=1785116232.1524560451507568359375 HTTP/1.1" 200 31 "-" "WordPress/7.0; https://weelorum.com"
144.124.230.156 - - [27/Jul/2026:01:37:12 +0000] "POST /wp-comments-post.php HTTP/1.0" 302 0 "https://weelorum.com/blog/find-out-how-to-estimate-cost-of-app-development-with-weelorum/" "Mozilla/5.0 (Windows NT 10.0; Win64; x64) AppleWebKit/537.36 (KHTML, like Gecko) Chrome/130.0.0.0 Safari/537.36"
144.124.230.156 - - [27/Jul/2026:01:37:13 +0000] "GET /blog/find-out-how-to-estimate-cost-of-app-development-with-weelorum/ HTTP/1.0" 200 212898 "https://weelorum.com/blog/find-out-how-to-estimate-cost-of-app-development-with-weelorum/#comment-40085" "Mozilla/5.0 (Windows NT 10.0; Win64; x64) AppleWebKit/537.36 (KHTML, like Gecko) Chrome/130.0.0.0 Safari/537.36"
146.190.158.65 - - [27/Jul/2026:01:37:24 +0000] "POST /wp-cron.php?doing_wp_cron=1785116244.6055040359497070312500 HTTP/1.1" 200 31 "-" "WordPress/7.0; https://weelorum.com"
177.184.239.196 - - [27/Jul/2026:01:37:24 +0000] "POST /xmlrpc.php HTTP/1.1" 405 427 "-" "Jetpack by WordPress.com"
146.190.158.65 - - [27/Jul/2026:01:37:35 +0000] "POST /wp-cron.php?doing_wp_cron=1785116255.3641209602355957031250 HTTP/1.1" 200 31 "-" "WordPress/7.0; https://weelorum.com"
177.184.239.196 - - [27/Jul/2026:01:37:35 +0000] "POST /xmlrpc.php HTTP/1.1" 405 427 "-" "Jetpack/12.1; WordPress/6.2; http://site61239112.com"
146.190.158.65 - - [27/Jul/2026:01:37:46 +0000] "POST /wp-cron.php?doing_wp_cron=1785116266.4743070602416992187500 HTTP/1.1" 200 31 "-" "WordPress/7.0; https://weelorum.com"
177.184.239.196 - - [27/Jul/2026:01:37:46 +0000] "POST /xmlrpc.php HTTP/1.1" 405 427 "-" "WordPress.com; https://wordpress.com"
177.184.239.196 - - [27/Jul/2026:01:37:57 +0000] "POST /xmlrpc.php HTTP/1.1" 405 427 "-" "WordPress.com; https://wordpress.com"
177.184.239.196 - - [27/Jul/2026:01:38:08 +0000] "POST /xmlrpc.php HTTP/1.1" 405 427 "-" "Jetpack by WordPress.com (Jetpack 12.5; WordPress 6.1)"
146.190.158.65 - - [27/Jul/2026:01:38:20 +0000] "POST /wp-cron.php?doing_wp_cron=1785116300.1789789199829101562500 HTTP/1.1" 200 31 "-" "WordPress/7.0; https://weelorum.com"
177.184.239.196 - - [27/Jul/2026:01:38:20 +0000] "POST /xmlrpc.php HTTP/1.1" 405 427 "-" "WordPress.com; https://wordpress.com"
146.190.158.65 - - [27/Jul/2026:01:38:31 +0000] "POST /wp-cron.php?doing_wp_cron=1785116311.4238839149475097656250 HTTP/1.1" 200 31 "-" "WordPress/7.0; https://weelorum.com"
177.184.239.196 - - [27/Jul/2026:01:38:31 +0000] "POST /xmlrpc.php HTTP/1.1" 405 427 "-" "WordPress.com; https://wordpress.com"
146.190.158.65 - - [27/Jul/2026:01:38:42 +0000] "POST /wp-cron.php?doing_wp_cron=1785116322.4950330257415771484375 HTTP/1.1" 200 31 "-" "WordPress/7.0; https://weelorum.com"
177.184.239.196 - - [27/Jul/2026:01:38:42 +0000] "POST /xmlrpc.php HTTP/1.1" 405 427 "-" "Jetpack/13.0; WordPress/6.4; http://site52283416.com"
177.184.239.196 - - [27/Jul/2026:01:38:53 +0000] "POST /xmlrpc.php HTTP/1.1" 405 427 "-" "WordPress.com; https://wordpress.com"
177.184.239.196 - - [27/Jul/2026:01:39:04 +0000] "POST /xmlrpc.php HTTP/1.1" 405 427 "-" "Jetpack/12.1; WordPress/6.1; http://site79977551.com"
146.190.158.65 - - [27/Jul/2026:01:39:15 +0000] "POST /wp-cron.php?doing_wp_cron=1785116355.5562520027160644531250 HTTP/1.1" 200 31 "-" "WordPress/7.0; https://weelorum.com"
177.184.239.196 - - [27/Jul/2026:01:39:15 +0000] "POST /xmlrpc.php HTTP/1.1" 405 427 "-" "Jetpack by WordPress.com (Jetpack 12.5; WordPress 6.2)"
146.190.158.65 - - [27/Jul/2026:01:39:26 +0000] "POST /wp-cron.php?doing_wp_cron=1785116366.6888749599456787109375 HTTP/1.1" 200 31 "-" "WordPress/7.0; https://weelorum.com"
177.184.239.196 - - [27/Jul/2026:01:39:26 +0000] "POST /xmlrpc.php HTTP/1.1" 405 427 "-" "Jetpack by WordPress.com (Jetpack 12.5; WordPress 6.2)"
177.184.239.196 - - [27/Jul/2026:01:39:37 +0000] "POST /xmlrpc.php HTTP/1.1" 405 427 "-" "Jetpack by WordPress.com"
146.190.158.65 - - [27/Jul/2026:01:39:49 +0000] "POST /wp-cron.php?doing_wp_cron=1785116389.2362499237060546875000 HTTP/1.1" 200 31 "-" "WordPress/7.0; https://weelorum.com"
177.184.239.196 - - [27/Jul/2026:01:39:49 +0000] "POST /xmlrpc.php HTTP/1.1" 405 427 "-" "WordPress.com; https://wordpress.com"
177.184.239.196 - - [27/Jul/2026:01:40:00 +0000] "POST /xmlrpc.php HTTP/1.1" 405 427 "-" "WordPress.com; https://wordpress.com"
177.184.239.196 - - [27/Jul/2026:01:40:11 +0000] "POST /xmlrpc.php HTTP/1.1" 405 427 "-" "Jetpack/13.0; WordPress/6.3; http://site37657961.com"
146.190.158.65 - - [27/Jul/2026:01:40:22 +0000] "POST /wp-cron.php?doing_wp_cron=1785116422.3914830684661865234375 HTTP/1.1" 200 31 "-" "WordPress/7.0; https://weelorum.com"
177.184.239.196 - - [27/Jul/2026:01:40:22 +0000] "POST /xmlrpc.php HTTP/1.1" 405 427 "-" "Jetpack by WordPress.com (Jetpack 12.0; WordPress 6.1)"
146.190.158.65 - - [27/Jul/2026:01:40:33 +0000] "POST /wp-cron.php?doing_wp_cron=1785116433.4803779125213623046875 HTTP/1.1" 200 31 "-" "WordPress/7.0; https://weelorum.com"
177.184.239.196 - - [27/Jul/2026:01:40:33 +0000] "POST /xmlrpc.php HTTP/1.1" 405 427 "-" "Jetpack by WordPress.com (Jetpack 12.5; WordPress 6.3)"
146.190.158.65 - - [27/Jul/2026:01:40:44 +0000] "POST /wp-cron.php?doing_wp_cron=1785116444.5019550323486328125000 HTTP/1.1" 200 31 "-" "WordPress/7.0; https://weelorum.com"
177.184.239.196 - - [27/Jul/2026:01:40:44 +0000] "POST /xmlrpc.php HTTP/1.1" 405 427 "-" "Jetpack/13.0; WordPress/6.1; http://site54057309.com"
177.184.239.196 - - [27/Jul/2026:01:40:55 +0000] "POST /xmlrpc.php HTTP/1.1" 405 427 "-" "WordPress.com; https://wordpress.com"
177.184.239.196 - - [27/Jul/2026:01:41:06 +0000] "POST /xmlrpc.php HTTP/1.1" 405 427 "-" "Jetpack by WordPress.com (Jetpack 13.0; WordPress 6.3)"
85.208.96.207 - - [27/Jul/2026:01:41:07 +0000] "GET /robots.txt HTTP/1.1" 200 140 "-" "Mozilla/5.0 (compatible; SemrushBot/7~bl; +http://www.semrush.com/bot.html)"
85.208.96.207 - - [27/Jul/2026:01:41:08 +0000] "GET /industry/fintech/ HTTP/1.1" 200 55322 "-" "Mozilla/5.0 (compatible; SemrushBot/7~bl; +http://www.semrush.com/bot.html)"
113.166.173.204 - - [27/Jul/2026:01:41:10 +0000] "GET /solutions/music-streaming-app-development-services/tel:380962170860 HTTP/1.1" 404 29678 "-" "Mozilla/5.0 (Macintosh; Intel Mac OS X 10_12_6) AppleWebKit/537.36 (KHTML, like Gecko) Brave Chrome/86.0.4240.75 Safari/537.36"
146.190.158.65 - - [27/Jul/2026:01:41:17 +0000] "POST /wp-cron.php?doing_wp_cron=1785116477.5651640892028808593750 HTTP/1.1" 200 31 "-" "WordPress/7.0; https://weelorum.com"
177.184.239.196 - - [27/Jul/2026:01:41:17 +0000] "POST /xmlrpc.php HTTP/1.1" 405 427 "-" "Jetpack/12.5; WordPress/6.3; http://site47409423.com"
87.199.196.181 - - [27/Jul/2026:01:41:24 +0000] "GET /blog/the-functionality-of-ai-powered-media-sharing-app/ HTTP/1.0" 200 365489 "https://weelorum.com/blog/the-functionality-of-ai-powered-media-sharing-app/" "Mozilla/5.0 (Windows NT 10.0; Win64; x64) AppleWebKit/537.36 (KHTML, like Gecko) Chrome/129.0.0.0 Safari/537.36"
87.199.196.181 - - [27/Jul/2026:01:41:25 +0000] "POST /wp-comments-post.php HTTP/1.0" 302 0 "https://weelorum.com/blog/the-functionality-of-ai-powered-media-sharing-app/" "Mozilla/5.0 (Windows NT 10.0; Win64; x64) AppleWebKit/537.36 (KHTML, like Gecko) Chrome/129.0.0.0 Safari/537.36"
146.190.158.65 - - [27/Jul/2026:01:41:26 +0000] "POST /wp-cron.php?doing_wp_cron=1785116486.4269459247589111328125 HTTP/1.1" 200 31 "-" "WordPress/7.0; https://weelorum.com"
