85.208.96.210 - - [27/Jul/2026:04:52:57 +0000] "GET /technology/react-native/ HTTP/1.1" 200 55544 "-" "Mozilla/5.0 (compatible; SemrushBot/7~bl; +http://www.semrush.com/bot.html)"
223.109.252.145 - - [27/Jul/2026:04:53:48 +0000] "GET / HTTP/1.1" 200 79980 "-" "Sogou web spider/4.0(+http://www.sogou.com/docs/help/webmasters.htm#07)"
178.20.45.159 - - [27/Jul/2026:04:54:13 +0000] "GET / HTTP/1.0" 301 169 "http://weelorum.com/" "Mozilla/5.0 (Windows NT 10.0; Win64; x64) AppleWebKit/537.36 (KHTML, like Gecko) Chrome/131.0.0.0 Safari/537.36 Avast/131.0.0.0"
178.20.45.159 - - [27/Jul/2026:04:54:14 +0000] "GET / HTTP/1.0" 200 332927 "https://weelorum.com/" "Mozilla/5.0 (Windows NT 10.0; Win64; x64) AppleWebKit/537.36 (KHTML, like Gecko) Chrome/131.0.0.0 Safari/537.36 Avast/131.0.0.0"
146.190.158.65 - - [27/Jul/2026:04:54:56 +0000] "POST /wp-cron.php?doing_wp_cron=1785128096.2283170223236083984375 HTTP/1.1" 200 31 "-" "WordPress/7.0; https://weelorum.com"
54.235.191.179 - - [27/Jul/2026:04:54:56 +0000] "GET /blog/ilya-budko/page/5/ HTTP/1.1" 200 61171 "-" "Mozilla/5.0 AppleWebKit/537.36 (KHTML, like Gecko; compatible; Amazonbot/0.1; +https://developer.amazon.com/support/amazonbot) Chrome/119.0.6045.214 Safari/537.36"
146.190.158.65 - - [27/Jul/2026:04:56:01 +0000] "GET / HTTP/1.1" 301 169 "-" "Mozilla/5.0 (X11; Linux x86_64) AppleWebKit/537.36 (KHTML, like Gecko) Chrome/44.0.2403.157 Safari/537.36"
146.190.158.65 - - [27/Jul/2026:04:56:01 +0000] "GET / HTTP/1.1" 200 16118 "http://146.190.158.65" "Mozilla/5.0 (X11; Linux x86_64) AppleWebKit/537.36 (KHTML, like Gecko) Chrome/44.0.2403.157 Safari/537.36"
77.75.73.26 - - [27/Jul/2026:04:56:09 +0000] "GET /robots.txt HTTP/1.1" 200 140 "-" "Mozilla/5.0 (compatible; SeznamBot/4.0; +https://o-seznam.cz/napoveda/vyhledavani/en/seznambot-crawler/)"
146.190.158.65 - - [27/Jul/2026:04:56:09 +0000] "POST /wp-cron.php?doing_wp_cron=1785128169.2293069362640380859375 HTTP/1.1" 200 31 "-" "WordPress/7.0; https://weelorum.com"
77.75.73.26 - - [27/Jul/2026:04:56:09 +0000] "GET /sitemap_index.xml HTTP/1.1" 200 439 "-" "Mozilla/5.0 (compatible; SeznamBot/4.0; +https://o-seznam.cz/napoveda/vyhledavani/en/seznambot-crawler/)"
146.190.158.65 - - [27/Jul/2026:04:56:39 +0000] "POST /wp-cron.php?doing_wp_cron=1785128199.7844829559326171875000 HTTP/1.1" 200 31 "-" "WordPress/7.0; https://weelorum.com"
184.73.68.20 - - [27/Jul/2026:04:56:39 +0000] "GET /wp-json/wp/v2/pages/17615 HTTP/1.1" 200 24697 "-" "Mozilla/5.0 AppleWebKit/537.36 (KHTML, like Gecko; compatible; Amazonbot/0.1; +https://developer.amazon.com/support/amazonbot) Chrome/119.0.6045.214 Safari/537.36"
146.190.158.65 - - [27/Jul/2026:04:56:59 +0000] "POST /wp-cron.php?doing_wp_cron=1785128219.9445660114288330078125 HTTP/1.1" 200 31 "-" "WordPress/7.0; https://weelorum.com"
23.23.103.31 - - [27/Jul/2026:04:56:59 +0000] "GET /wp-json/wp/v2/pages/6523 HTTP/1.1" 200 14718 "-" "Mozilla/5.0 AppleWebKit/537.36 (KHTML, like Gecko; compatible; Amazonbot/0.1; +https://developer.amazon.com/support/amazonbot) Chrome/119.0.6045.214 Safari/537.36"
146.190.158.65 - - [27/Jul/2026:04:57:32 +0000] "POST /wp-cron.php?doing_wp_cron=1785128252.1765589714050292968750 HTTP/1.1" 200 31 "-" "WordPress/7.0; https://weelorum.com"
184.73.195.18 - - [27/Jul/2026:04:57:32 +0000] "GET /wp-json/wp/v2/posts/6483 HTTP/1.1" 200 13415 "-" "Mozilla/5.0 AppleWebKit/537.36 (KHTML, like Gecko; compatible; Amazonbot/0.1; +https://developer.amazon.com/support/amazonbot) Chrome/119.0.6045.214 Safari/537.36"
142.147.137.89 - - [27/Jul/2026:04:58:03 +0000] "GET /wp-content/uploads/2026/06/cell-1-music-coast.png HTTP/1.1" 200 10322 "-" "Mozilla/5.0 (compatible; crawler)"
40.77.167.159 - - [27/Jul/2026:04:58:34 +0000] "GET /wp-content/uploads/2023/04/GASLA-5620.png HTTP/1.1" 200 13238 "-" "Mozilla/5.0 AppleWebKit/537.36 (KHTML, like Gecko; compatible; bingbot/2.0; +http://www.bing.com/bingbot.htm) Chrome/116.0.1938.76 Safari/537.36"
146.190.158.65 - - [27/Jul/2026:05:00:01 +0000] "GET / HTTP/1.1" 301 169 "-" "Mozilla/5.0 (X11; Linux x86_64) AppleWebKit/537.36 (KHTML, like Gecko) Chrome/44.0.2403.157 Safari/537.36"
146.190.158.65 - - [27/Jul/2026:05:00:01 +0000] "GET / HTTP/1.1" 200 16118 "http://146.190.158.65" "Mozilla/5.0 (X11; Linux x86_64) AppleWebKit/537.36 (KHTML, like Gecko) Chrome/44.0.2403.157 Safari/537.36"
34.122.248.170 - - [27/Jul/2026:05:00:57 +0000] "GET /wp-json/oembed/1.0/embed?url=https://weelorum.com/contact/ HTTP/1.1" 301 5 "-" "Mozilla/5.0 (Macintosh; Intel Mac OS X 10_15_7) AppleWebKit/537.36 (KHTML, like Gecko) Chrome/120.0.0.0 Safari/537.36"
146.190.158.65 - - [27/Jul/2026:05:02:18 +0000] "POST /wp-cron.php?doing_wp_cron=1785128538.4004549980163574218750 HTTP/1.1" 200 31 "-" "WordPress/7.0; https://weelorum.com"
8.234.180.193 - - [27/Jul/2026:05:02:18 +0000] "GET /blog/diet-and-nutrition-app-development-all-you-need-to-know HTTP/1.1" 301 5 "-" "Mozilla/5.0 (Windows NT 10.0; Win64; x64) AppleWebKit/537.36 (KHTML, like Gecko) Chrome/145.0.0.0 Safari/537.36"
8.234.180.193 - - [27/Jul/2026:05:02:19 +0000] "GET /blog/diet-and-nutrition-app-development-all-you-need-to-know/ HTTP/1.1" 200 88358 "-" "Mozilla/5.0 (Windows NT 10.0; Win64; x64) AppleWebKit/537.36 (KHTML, like Gecko) Chrome/145.0.0.0 Safari/537.36"
8.234.180.193 - - [27/Jul/2026:05:02:20 +0000] "GET /wp-includes/js/dist/i18n.min.js?ver=781d11515ad3d91786ec HTTP/1.1" 200 2574 "https://weelorum.com/blog/diet-and-nutrition-app-development-all-you-need-to-know/" "Mozilla/5.0 (Windows NT 10.0; Win64; x64) AppleWebKit/537.36 (KHTML, like Gecko) Chrome/145.0.0.0 Safari/537.36"
8.234.180.193 - - [27/Jul/2026:05:02:20 +0000] "GET /wp-includes/js/jquery/jquery.min.js?ver=3.7.1 HTTP/1.1" 200 35451 "https://weelorum.com/blog/diet-and-nutrition-app-development-all-you-need-to-know/" "Mozilla/5.0 (Windows NT 10.0; Win64; x64) AppleWebKit/537.36 (KHTML, like Gecko) Chrome/145.0.0.0 Safari/537.36"
8.234.180.193 - - [27/Jul/2026:05:02:21 +0000] "GET /wp-includes/js/jquery/jquery-migrate.min.js?ver=3.4.1 HTTP/1.1" 200 5355 "https://weelorum.com/blog/diet-and-nutrition-app-development-all-you-need-to-know/" "Mozilla/5.0 (Windows NT 10.0; Win64; x64) AppleWebKit/537.36 (KHTML, like Gecko) Chrome/145.0.0.0 Safari/537.36"
8.234.180.193 - - [27/Jul/2026:05:02:21 +0000] "GET /wp-content/cache/min/1/wp-content/themes/weelorum-theme/assets/js/main.js?ver=1784812621 HTTP/1.1" 200 1767 "https://weelorum.com/blog/diet-and-nutrition-app-development-all-you-need-to-know/" "Mozilla/5.0 (Windows NT 10.0; Win64; x64) AppleWebKit/537.36 (KHTML, like Gecko) Chrome/145.0.0.0 Safari/537.36"
8.234.180.193 - - [27/Jul/2026:05:02:21 +0000] "GET /wp-content/cache/min/1/wp-content/plugins/contact-form-7/includes/swv/js/index.js?ver=1784812623 HTTP/1.1" 200 3887 "https://weelorum.com/blog/diet-and-nutrition-app-development-all-you-need-to-know/" "Mozilla/5.0 (Windows NT 10.0; Win64; x64) AppleWebKit/537.36 (KHTML, like Gecko) Chrome/145.0.0.0 Safari/537.36"
8.234.180.193 - - [27/Jul/2026:05:02:21 +0000] "GET /wp-content/cache/min/1/wp-content/plugins/contact-form-7/includes/js/index.js?ver=1784812623 HTTP/1.1" 200 4803 "https://weelorum.com/blog/diet-and-nutrition-app-development-all-you-need-to-know/" "Mozilla/5.0 (Windows NT 10.0; Win64; x64) AppleWebKit/537.36 (KHTML, like Gecko) Chrome/145.0.0.0 Safari/537.36"
8.234.180.193 - - [27/Jul/2026:05:02:21 +0000] "GET /wp-content/plugins/wp-rocket/assets/js/lazyload/17.8.3/lazyload.min.js HTTP/1.1" 200 3400 "https://weelorum.com/blog/diet-and-nutrition-app-development-all-you-need-to-know/" "Mozilla/5.0 (Windows NT 10.0; Win64; x64) AppleWebKit/537.36 (KHTML, like Gecko) Chrome/145.0.0.0 Safari/537.36"
8.234.180.193 - - [27/Jul/2026:05:02:24 +0000] "GET /wp-content/uploads/fbrfg/favicon.ico HTTP/1.1" 200 1924 "https://weelorum.com/blog/diet-and-nutrition-app-development-all-you-need-to-know/" "Mozilla/5.0 (Windows NT 10.0; Win64; x64) AppleWebKit/537.36 (KHTML, like Gecko) Chrome/145.0.0.0 Safari/537.36"
8.234.180.193 - - [27/Jul/2026:05:02:24 +0000] "GET /wp-json/contact-form-7/v1/contact-forms/217/feedback/schema HTTP/1.1" 200 259 "https://weelorum.com/blog/diet-and-nutrition-app-development-all-you-need-to-know/" "Mozilla/5.0 (Windows NT 10.0; Win64; x64) AppleWebKit/537.36 (KHTML, like Gecko) Chrome/145.0.0.0 Safari/537.36"
8.234.180.193 - - [27/Jul/2026:05:02:24 +0000] "GET /wp-json/contact-form-7/v1/contact-forms/217/refill HTTP/1.1" 499 0 "https://weelorum.com/blog/diet-and-nutrition-app-development-all-you-need-to-know/" "Mozilla/5.0 (Windows NT 10.0; Win64; x64) AppleWebKit/537.36 (KHTML, like Gecko) Chrome/145.0.0.0 Safari/537.36"
146.190.158.65 - - [27/Jul/2026:05:02:30 +0000] "POST /wp-cron.php?doing_wp_cron=1785128550.0127038955688476562500 HTTP/1.1" 200 31 "-" "WordPress/7.0; https://weelorum.com"
149.20.241.27 - - [27/Jul/2026:05:02:30 +0000] "GET /technologies HTTP/1.1" 301 5 "-" "Mozilla/5.0 (X11; Linux x86_64) AppleWebKit/537.36 (KHTML, like Gecko) Chrome/114.0.5735.199 Safari/537.36"
149.20.244.41 - - [27/Jul/2026:05:02:32 +0000] "GET /technologies/ HTTP/1.1" 200 55779 "-" "Mozilla/5.0 (X11; Linux x86_64) AppleWebKit/537.36 (KHTML, like Gecko) Chrome/114.0.5735.199 Safari/537.36"
62.84.100.111 - - [27/Jul/2026:05:04:17 +0000] "GET /blog/find-out-how-to-estimate-cost-of-app-development-with-weelorum/ HTTP/1.0" 200 365755 "https://weelorum.com/blog/find-out-how-to-estimate-cost-of-app-development-with-weelorum/#comment-28751" "Mozilla/5.0 (Windows NT 10.0; WOW64) AppleWebKit/537.36 (KHTML, like Gecko) Chrome/103.0.5060.114 Safari/537.36"
146.190.158.65 - - [27/Jul/2026:05:04:20 +0000] "POST /wp-cron.php?doing_wp_cron=1785128660.6845960617065429687500 HTTP/1.1" 200 31 "-" "WordPress/7.0; https://weelorum.com"
62.84.100.111 - - [27/Jul/2026:05:04:20 +0000] "POST /wp-comments-post.php HTTP/1.0" 302 0 "https://weelorum.com/blog/find-out-how-to-estimate-cost-of-app-development-with-weelorum/#comment-28751" "Mozilla/5.0 (Windows NT 10.0; WOW64) AppleWebKit/537.36 (KHTML, like Gecko) Chrome/103.0.5060.114 Safari/537.36"
62.84.100.111 - - [27/Jul/2026:05:04:27 +0000] "GET /blog/find-out-how-to-estimate-cost-of-app-development-with-weelorum/ HTTP/1.0" 200 212754 "https://weelorum.com/blog/find-out-how-to-estimate-cost-of-app-development-with-weelorum/#comment-40095" "Mozilla/5.0 (Windows NT 10.0; WOW64) AppleWebKit/537.36 (KHTML, like Gecko) Chrome/103.0.5060.114 Safari/537.36"
216.73.217.153 - - [27/Jul/2026:05:06:20 +0000] "GET /robots.txt HTTP/1.1" 200 140 "-" "Mozilla/5.0 AppleWebKit/537.36 (KHTML, like Gecko; compatible; ClaudeBot/1.0; +claudebot@anthropic.com)"
216.73.217.153 - - [27/Jul/2026:05:06:21 +0000] "GET /blog/7-design-ideas-to-make-a-user-friendly-application/ HTTP/1.1" 200 85018 "-" "Mozilla/5.0 AppleWebKit/537.36 (KHTML, like Gecko; compatible; ClaudeBot/1.0; +claudebot@anthropic.com)"
216.73.217.153 - - [27/Jul/2026:05:07:39 +0000] "GET /blog/native-vs-hybrid-mobile-apps-which-is-better-to-choose/ HTTP/1.1" 200 87385 "-" "Mozilla/5.0 AppleWebKit/537.36 (KHTML, like Gecko; compatible; ClaudeBot/1.0; +claudebot@anthropic.com)"
163.116.213.154 - - [27/Jul/2026:05:10:41 +0000] "GET /services/ai-assisted-mvps-with-claude-ai/ HTTP/1.1" 200 81408 "https://www.google.com/" "Mozilla/5.0 (Windows NT 10.0; Win64; x64) AppleWebKit/537.36 (KHTML, like Gecko) Chrome/150.0.0.0 Safari/537.36"
146.190.158.65 - - [27/Jul/2026:05:10:50 +0000] "POST /wp-cron.php?doing_wp_cron=1785129050.2890429496765136718750 HTTP/1.1" 200 31 "-" "WordPress/7.0; https://weelorum.com"
216.73.217.153 - - [27/Jul/2026:05:10:50 +0000] "GET /blog/everything-you-need-to-know-about-mobile-app-prototyping/feed/ HTTP/1.1" 200 934 "-" "Mozilla/5.0 AppleWebKit/537.36 (KHTML, like Gecko; compatible; ClaudeBot/1.0; +claudebot@anthropic.com)"
103.251.52.162 - - [27/Jul/2026:05:11:13 +0000] "POST /xmlrpc.php HTTP/1.1" 405 427 "-" "WordPress.com; https://wordpress.com"
146.190.158.65 - - [27/Jul/2026:05:11:20 +0000] "POST /wp-cron.php?doing_wp_cron=1785129080.6186459064483642578125 HTTP/1.1" 200 31 "-" "WordPress/7.0; https://weelorum.com"
103.251.52.162 - - [27/Jul/2026:05:11:20 +0000] "POST /xmlrpc.php HTTP/1.1" 405 427 "-" "Jetpack by WordPress.com (Jetpack 13.0; WordPress 6.2)"
146.190.158.65 - - [27/Jul/2026:05:11:31 +0000] "POST /wp-cron.php?doing_wp_cron=1785129091.4036850929260253906250 HTTP/1.1" 200 31 "-" "WordPress/7.0; https://weelorum.com"
103.251.52.162 - - [27/Jul/2026:05:11:31 +0000] "POST /xmlrpc.php HTTP/1.1" 405 427 "-" "WordPress.com; https://wordpress.com"
216.73.217.153 - - [27/Jul/2026:05:11:41 +0000] "GET /service/web-development/ HTTP/1.1" 200 55249 "-" "Mozilla/5.0 AppleWebKit/537.36 (KHTML, like Gecko; compatible; ClaudeBot/1.0; +claudebot@anthropic.com)"
146.190.158.65 - - [27/Jul/2026:05:11:42 +0000] "POST /wp-cron.php?doing_wp_cron=1785129102.1217770576477050781250 HTTP/1.1" 200 31 "-" "WordPress/7.0; https://weelorum.com"
103.251.52.162 - - [27/Jul/2026:05:11:42 +0000] "POST /xmlrpc.php HTTP/1.1" 405 427 "-" "WordPress.com; https://wordpress.com"
103.251.52.162 - - [27/Jul/2026:05:11:52 +0000] "POST /xmlrpc.php HTTP/1.1" 405 427 "-" "Jetpack by WordPress.com (Jetpack 12.1; WordPress 6.2)"
103.251.52.162 - - [27/Jul/2026:05:12:03 +0000] "POST /xmlrpc.php HTTP/1.1" 405 427 "-" "Jetpack by WordPress.com (Jetpack 12.1; WordPress 6.3)"
103.251.52.162 - - [27/Jul/2026:05:12:14 +0000] "POST /xmlrpc.php HTTP/1.1" 405 427 "-" "WordPress.com; https://wordpress.com"
146.190.158.65 - - [27/Jul/2026:05:12:24 +0000] "POST /wp-cron.php?doing_wp_cron=1785129144.5795760154724121093750 HTTP/1.1" 200 31 "-" "WordPress/7.0; https://weelorum.com"
103.251.52.162 - - [27/Jul/2026:05:12:24 +0000] "POST /xmlrpc.php HTTP/1.1" 405 427 "-" "Jetpack by WordPress.com (Jetpack 12.1; WordPress 6.3)"
146.190.158.65 - - [27/Jul/2026:05:12:35 +0000] "POST /wp-cron.php?doing_wp_cron=1785129155.2013089656829833984375 HTTP/1.1" 200 31 "-" "WordPress/7.0; https://weelorum.com"
103.251.52.162 - - [27/Jul/2026:05:12:35 +0000] "POST /xmlrpc.php HTTP/1.1" 405 427 "-" "WordPress.com; https://wordpress.com"
162.120.186.79 - - [27/Jul/2026:05:12:45 +0000] "GET /solutions/music-streaming-app-development-services/ HTTP/1.1" 200 78399 "https://www.google.com/" "Mozilla/5.0 (Windows NT 10.0; Win64; x64) AppleWebKit/537.36 (KHTML, like Gecko) Chrome/150.0.0.0 Safari/537.36"
146.190.158.65 - - [27/Jul/2026:05:12:45 +0000] "POST /wp-cron.php?doing_wp_cron=1785129165.8621449470520019531250 HTTP/1.1" 200 31 "-" "WordPress/7.0; https://weelorum.com"
103.251.52.162 - - [27/Jul/2026:05:12:45 +0000] "POST /xmlrpc.php HTTP/1.1" 405 427 "-" "Jetpack by WordPress.com"
54.163.136.244 - - [27/Jul/2026:05:12:48 +0000] "GET /services/mobile-app-support-and-maintenance/ HTTP/1.1" 200 69881 "-" "Mozilla/5.0 AppleWebKit/537.36 (KHTML, like Gecko; compatible; Amazonbot/0.1; +https://developer.amazon.com/support/amazonbot) Chrome/119.0.6045.214 Safari/537.36"
103.251.52.162 - - [27/Jul/2026:05:12:56 +0000] "POST /xmlrpc.php HTTP/1.1" 405 427 "-" "Jetpack by WordPress.com (Jetpack 12.0; WordPress 6.1)"
103.251.52.162 - - [27/Jul/2026:05:13:06 +0000] "POST /xmlrpc.php HTTP/1.1" 405 427 "-" "Jetpack by WordPress.com (Jetpack 13.0; WordPress 6.4)"
146.190.158.65 - - [27/Jul/2026:05:13:17 +0000] "POST /wp-cron.php?doing_wp_cron=1785129197.6299810409545898437500 HTTP/1.1" 200 31 "-" "WordPress/7.0; https://weelorum.com"
103.251.52.162 - - [27/Jul/2026:05:13:17 +0000] "POST /xmlrpc.php HTTP/1.1" 405 427 "-" "Jetpack by WordPress.com (Jetpack 12.5; WordPress 6.2)"
146.190.158.65 - - [27/Jul/2026:05:13:28 +0000] "POST /wp-cron.php?doing_wp_cron=1785129208.3924300670623779296875 HTTP/1.1" 200 31 "-" "WordPress/7.0; https://weelorum.com"
103.251.52.162 - - [27/Jul/2026:05:13:28 +0000] "POST /xmlrpc.php HTTP/1.1" 405 427 "-" "Jetpack/12.0; WordPress/6.4; http://site29142263.com"
103.251.52.162 - - [27/Jul/2026:05:13:39 +0000] "POST /xmlrpc.php HTTP/1.1" 405 427 "-" "Jetpack by WordPress.com"
162.120.185.203 - - [27/Jul/2026:05:13:40 +0000] "GET /solutions/music-streaming-app-development-services/ HTTP/1.1" 200 78399 "https://www.google.com/" "Mozilla/5.0 (Windows NT 10.0; Win64; x64) AppleWebKit/537.36 (KHTML, like Gecko) Chrome/150.0.0.0 Safari/537.36"
146.190.158.65 - - [27/Jul/2026:05:13:49 +0000] "POST /wp-cron.php?doing_wp_cron=1785129229.9365420341491699218750 HTTP/1.1" 200 31 "-" "WordPress/7.0; https://weelorum.com"
103.251.52.162 - - [27/Jul/2026:05:13:49 +0000] "POST /xmlrpc.php HTTP/1.1" 405 427 "-" "WordPress.com; https://wordpress.com"
103.251.52.162 - - [27/Jul/2026:05:14:00 +0000] "POST /xmlrpc.php HTTP/1.1" 405 427 "-" "Jetpack/12.5; WordPress/6.3; http://site63507981.com"
146.190.158.65 - - [27/Jul/2026:05:14:01 +0000] "GET / HTTP/1.1" 301 169 "-" "Mozilla/5.0 (X11; Linux x86_64) AppleWebKit/537.36 (KHTML, like Gecko) Chrome/44.0.2403.157 Safari/537.36"
146.190.158.65 - - [27/Jul/2026:05:14:01 +0000] "GET / HTTP/1.1" 200 32502 "http://146.190.158.65" "Mozilla/5.0 (X11; Linux x86_64) AppleWebKit/537.36 (KHTML, like Gecko) Chrome/44.0.2403.157 Safari/537.36"
103.251.52.162 - - [27/Jul/2026:05:14:11 +0000] "POST /xmlrpc.php HTTP/1.1" 405 427 "-" "Jetpack/12.0; WordPress/6.4; http://site52381416.com"
146.190.158.65 - - [27/Jul/2026:05:14:18 +0000] "POST /wp-cron.php?doing_wp_cron=1785129258.4122009277343750000000 HTTP/1.1" 200 31 "-" "WordPress/7.0; https://weelorum.com"
143.137.84.133 - - [27/Jul/2026:05:14:18 +0000] "GET /solutions/wellness-fitness-app-development-services/tel:380962170860 HTTP/1.1" 404 29678 "-" "Mozilla/5.0 (Macintosh; Intel Mac OS X 10_15_6) AppleWebKit/537.36 (KHTML, like Gecko) Chrome/95.0.4638.69 Safari/537.36"
103.251.52.162 - - [27/Jul/2026:05:14:21 +0000] "POST /xmlrpc.php HTTP/1.1" 405 427 "-" "WordPress.com; https://wordpress.com"
146.190.158.65 - - [27/Jul/2026:05:14:32 +0000] "POST /wp-cron.php?doing_wp_cron=1785129272.3257110118865966796875 HTTP/1.1" 200 31 "-" "WordPress/7.0; https://weelorum.com"
103.251.52.162 - - [27/Jul/2026:05:14:32 +0000] "POST /xmlrpc.php HTTP/1.1" 405 427 "-" "Jetpack by WordPress.com (Jetpack 13.0; WordPress 6.4)"
146.103.109.89 - - [27/Jul/2026:05:14:39 +0000] "GET /key-things-you-should-know-when-making-a-calendar-app/ HTTP/1.0" 404 130387 "https://weelorum.com/key-things-you-should-know-when-making-a-calendar-app/" "Mozilla/5.0 (Windows NT 10.0; Win64; x64) AppleWebKit/537.36 (KHTML, like Gecko) Chrome/130.0.0.0 Safari/537.36 CCleaner/130.0.0.0"
146.190.158.65 - - [27/Jul/2026:05:14:40 +0000] "POST /wp-cron.php?doing_wp_cron=1785129280.3260900974273681640625 HTTP/1.1" 200 31 "-" "WordPress/7.0; https://weelorum.com"
146.103.109.89 - - [27/Jul/2026:05:14:40 +0000] "POST /key-things-you-should-know-when-making-a-calendar-app/ HTTP/1.0" 404 123665 "https://weelorum.com/key-things-you-should-know-when-making-a-calendar-app/" "Mozilla/5.0 (Windows NT 10.0; Win64; x64) AppleWebKit/537.36 (KHTML, like Gecko) Chrome/130.0.0.0 Safari/537.36 CCleaner/130.0.0.0"
103.251.52.162 - - [27/Jul/2026:05:14:42 +0000] "POST /xmlrpc.php HTTP/1.1" 405 427 "-" "Jetpack by WordPress.com (Jetpack 12.5; WordPress 6.4)"
103.251.52.162 - - [27/Jul/2026:05:14:53 +0000] "POST /xmlrpc.php HTTP/1.1" 405 427 "-" "Jetpack by WordPress.com"
103.251.52.162 - - [27/Jul/2026:05:15:04 +0000] "POST /xmlrpc.php HTTP/1.1" 405 427 "-" "WordPress.com; https://wordpress.com"
103.251.52.162 - - [27/Jul/2026:05:15:14 +0000] "POST /xmlrpc.php HTTP/1.1" 405 427 "-" "Jetpack by WordPress.com"
146.190.158.65 - - [27/Jul/2026:05:15:25 +0000] "POST /wp-cron.php?doing_wp_cron=1785129325.5274319648742675781250 HTTP/1.1" 200 31 "-" "WordPress/7.0; https://weelorum.com"
103.251.52.162 - - [27/Jul/2026:05:15:25 +0000] "POST /xmlrpc.php HTTP/1.1" 405 427 "-" "Jetpack/13.0; WordPress/6.2; http://site83381885.com"
146.190.158.65 - - [27/Jul/2026:05:15:36 +0000] "POST /wp-cron.php?doing_wp_cron=1785129336.3348410129547119140625 HTTP/1.1" 200 31 "-" "WordPress/7.0; https://weelorum.com"
103.251.52.162 - - [27/Jul/2026:05:15:36 +0000] "POST /xmlrpc.php HTTP/1.1" 405 427 "-" "Jetpack by WordPress.com (Jetpack 12.1; WordPress 6.2)"
146.190.158.65 - - [27/Jul/2026:05:15:47 +0000] "POST /wp-cron.php?doing_wp_cron=1785129347.1717369556427001953125 HTTP/1.1" 200 31 "-" "WordPress/7.0; https://weelorum.com"
103.251.52.162 - - [27/Jul/2026:05:15:47 +0000] "POST /xmlrpc.php HTTP/1.1" 405 427 "-" "WordPress.com; https://wordpress.com"
103.251.52.162 - - [27/Jul/2026:05:15:57 +0000] "POST /xmlrpc.php HTTP/1.1" 405 427 "-" "Jetpack by WordPress.com (Jetpack 13.0; WordPress 6.4)"
103.251.52.162 - - [27/Jul/2026:05:16:08 +0000] "POST /xmlrpc.php HTTP/1.1" 405 427 "-" "Jetpack by WordPress.com"
146.190.158.65 - - [27/Jul/2026:05:16:19 +0000] "POST /wp-cron.php?doing_wp_cron=1785129379.0958580970764160156250 HTTP/1.1" 200 31 "-" "WordPress/7.0; https://weelorum.com"
103.251.52.162 - - [27/Jul/2026:05:16:19 +0000] "POST /xmlrpc.php HTTP/1.1" 405 427 "-" "Jetpack by WordPress.com"
146.190.158.65 - - [27/Jul/2026:05:16:29 +0000] "POST /wp-cron.php?doing_wp_cron=1785129389.7496080398559570312500 HTTP/1.1" 200 31 "-" "WordPress/7.0; https://weelorum.com"
103.251.52.162 - - [27/Jul/2026:05:16:29 +0000] "POST /xmlrpc.php HTTP/1.1" 405 427 "-" "WordPress.com; https://wordpress.com"
146.190.158.65 - - [27/Jul/2026:05:16:40 +0000] "POST /wp-cron.php?doing_wp_cron=1785129400.3337860107421875000000 HTTP/1.1" 200 31 "-" "WordPress/7.0; https://weelorum.com"
103.251.52.162 - - [27/Jul/2026:05:16:40 +0000] "POST /xmlrpc.php HTTP/1.1" 405 427 "-" "Jetpack by WordPress.com"
103.251.52.162 - - [27/Jul/2026:05:16:50 +0000] "POST /xmlrpc.php HTTP/1.1" 405 427 "-" "WordPress.com; https://wordpress.com"
103.251.52.162 - - [27/Jul/2026:05:17:01 +0000] "POST /xmlrpc.php HTTP/1.1" 405 427 "-" "Jetpack by WordPress.com (Jetpack 12.1; WordPress 6.4)"
103.251.52.162 - - [27/Jul/2026:05:17:12 +0000] "POST /xmlrpc.php HTTP/1.1" 405 427 "-" "Jetpack by WordPress.com (Jetpack 12.0; WordPress 6.1)"
146.190.158.65 - - [27/Jul/2026:05:17:22 +0000] "POST /wp-cron.php?doing_wp_cron=1785129442.8166239261627197265625 HTTP/1.1" 200 31 "-" "WordPress/7.0; https://weelorum.com"
103.251.52.162 - - [27/Jul/2026:05:17:22 +0000] "POST /xmlrpc.php HTTP/1.1" 405 427 "-" "WordPress.com; https://wordpress.com"
146.190.158.65 - - [27/Jul/2026:05:17:33 +0000] "POST /wp-cron.php?doing_wp_cron=1785129453.4177160263061523437500 HTTP/1.1" 200 31 "-" "WordPress/7.0; https://weelorum.com"
103.251.52.162 - - [27/Jul/2026:05:17:33 +0000] "POST /xmlrpc.php HTTP/1.1" 405 427 "-" "Jetpack by WordPress.com (Jetpack 12.5; WordPress 6.4)"
146.190.158.65 - - [27/Jul/2026:05:17:44 +0000] "POST /wp-cron.php?doing_wp_cron=1785129464.2560219764709472656250 HTTP/1.1" 200 31 "-" "WordPress/7.0; https://weelorum.com"
103.251.52.162 - - [27/Jul/2026:05:17:44 +0000] "POST /xmlrpc.php HTTP/1.1" 405 427 "-" "Jetpack by WordPress.com (Jetpack 12.5; WordPress 6.3)"
103.251.52.162 - - [27/Jul/2026:05:17:55 +0000] "POST /xmlrpc.php HTTP/1.1" 405 427 "-" "WordPress.com; https://wordpress.com"
103.251.52.162 - - [27/Jul/2026:05:18:05 +0000] "POST /xmlrpc.php HTTP/1.1" 405 427 "-" "Jetpack/12.0; WordPress/6.1; http://site73564166.com"
146.190.158.65 - - [27/Jul/2026:05:18:16 +0000] "POST /wp-cron.php?doing_wp_cron=1785129496.5328888893127441406250 HTTP/1.1" 200 31 "-" "WordPress/7.0; https://weelorum.com"
103.251.52.162 - - [27/Jul/2026:05:18:16 +0000] "POST /xmlrpc.php HTTP/1.1" 405 427 "-" "Jetpack by WordPress.com"
146.190.158.65 - - [27/Jul/2026:05:18:27 +0000] "POST /wp-cron.php?doing_wp_cron=1785129507.2818670272827148437500 HTTP/1.1" 200 31 "-" "WordPress/7.0; https://weelorum.com"
103.251.52.162 - - [27/Jul/2026:05:18:27 +0000] "POST /xmlrpc.php HTTP/1.1" 405 427 "-" "Jetpack by WordPress.com"
103.251.52.162 - - [27/Jul/2026:05:18:37 +0000] "POST /xmlrpc.php HTTP/1.1" 405 427 "-" "Jetpack by WordPress.com (Jetpack 12.1; WordPress 6.1)"
146.190.158.65 - - [27/Jul/2026:05:18:48 +0000] "POST /wp-cron.php?doing_wp_cron=1785129528.5256600379943847656250 HTTP/1.1" 200 31 "-" "WordPress/7.0; https://weelorum.com"
103.251.52.162 - - [27/Jul/2026:05:18:48 +0000] "POST /xmlrpc.php HTTP/1.1" 405 427 "-" "Jetpack by WordPress.com (Jetpack 12.0; WordPress 6.2)"
103.251.52.162 - - [27/Jul/2026:05:18:59 +0000] "POST /xmlrpc.php HTTP/1.1" 405 427 "-" "Jetpack by WordPress.com (Jetpack 13.0; WordPress 6.1)"
103.251.52.162 - - [27/Jul/2026:05:19:09 +0000] "POST /xmlrpc.php HTTP/1.1" 405 427 "-" "Jetpack by WordPress.com (Jetpack 13.0; WordPress 6.2)"
146.190.158.65 - - [27/Jul/2026:05:19:20 +0000] "POST /wp-cron.php?doing_wp_cron=1785129560.2914249897003173828125 HTTP/1.1" 200 31 "-" "WordPress/7.0; https://weelorum.com"
103.251.52.162 - - [27/Jul/2026:05:19:20 +0000] "POST /xmlrpc.php HTTP/1.1" 405 427 "-" "WordPress.com; https://wordpress.com"
146.190.158.65 - - [27/Jul/2026:05:19:30 +0000] "POST /wp-cron.php?doing_wp_cron=1785129570.8657209873199462890625 HTTP/1.1" 200 31 "-" "WordPress/7.0; https://weelorum.com"
103.251.52.162 - - [27/Jul/2026:05:19:30 +0000] "POST /xmlrpc.php HTTP/1.1" 405 427 "-" "WordPress.com; https://wordpress.com"
146.190.158.65 - - [27/Jul/2026:05:19:41 +0000] "POST /wp-cron.php?doing_wp_cron=1785129581.4241330623626708984375 HTTP/1.1" 200 31 "-" "WordPress/7.0; https://weelorum.com"
103.251.52.162 - - [27/Jul/2026:05:19:41 +0000] "POST /xmlrpc.php HTTP/1.1" 405 427 "-" "Jetpack/12.0; WordPress/6.1; http://site56182519.com"
103.251.52.162 - - [27/Jul/2026:05:19:52 +0000] "POST /xmlrpc.php HTTP/1.1" 405 427 "-" "WordPress.com; https://wordpress.com"
103.251.52.162 - - [27/Jul/2026:05:20:02 +0000] "POST /xmlrpc.php HTTP/1.1" 405 427 "-" "Jetpack by WordPress.com"
103.251.52.162 - - [27/Jul/2026:05:20:13 +0000] "POST /xmlrpc.php HTTP/1.1" 405 427 "-" "WordPress.com; https://wordpress.com"
146.190.158.65 - - [27/Jul/2026:05:20:23 +0000] "POST /wp-cron.php?doing_wp_cron=1785129623.8103370666503906250000 HTTP/1.1" 200 31 "-" "WordPress/7.0; https://weelorum.com"
103.251.52.162 - - [27/Jul/2026:05:20:23 +0000] "POST /xmlrpc.php HTTP/1.1" 405 427 "-" "Jetpack by WordPress.com"
146.190.158.65 - - [27/Jul/2026:05:20:34 +0000] "POST /wp-cron.php?doing_wp_cron=1785129634.3605179786682128906250 HTTP/1.1" 200 31 "-" "WordPress/7.0; https://weelorum.com"
103.251.52.162 - - [27/Jul/2026:05:20:34 +0000] "POST /xmlrpc.php HTTP/1.1" 405 427 "-" "WordPress.com; https://wordpress.com"
146.190.158.65 - - [27/Jul/2026:05:20:45 +0000] "POST /wp-cron.php?doing_wp_cron=1785129645.0472300052642822265625 HTTP/1.1" 200 31 "-" "WordPress/7.0; https://weelorum.com"
103.251.52.162 - - [27/Jul/2026:05:20:45 +0000] "POST /xmlrpc.php HTTP/1.1" 405 427 "-" "WordPress.com; https://wordpress.com"
62.113.113.162 - - [27/Jul/2026:05:20:53 +0000] "GET /blog/find-out-how-to-estimate-cost-of-app-development-with-weelorum/ HTTP/1.0" 200 365755 "https://weelorum.com/blog/find-out-how-to-estimate-cost-of-app-development-with-weelorum/" "Mozilla/5.0 (Windows NT 10.0; Win64; x64) AppleWebKit/537.36 (KHTML, like Gecko) Chrome/130.0.0.0 Safari/537.36 CCleaner/130.0.0.0"
103.251.52.162 - - [27/Jul/2026:05:20:55 +0000] "POST /xmlrpc.php HTTP/1.1" 405 427 "-" "Jetpack/12.5; WordPress/6.3; http://site40255243.com"
62.113.113.162 - - [27/Jul/2026:05:20:56 +0000] "POST /wp-comments-post.php HTTP/1.0" 302 0 "https://weelorum.com/blog/find-out-how-to-estimate-cost-of-app-development-with-weelorum/" "Mozilla/5.0 (Windows NT 10.0; Win64; x64) AppleWebKit/537.36 (KHTML, like Gecko) Chrome/130.0.0.0 Safari/537.36 CCleaner/130.0.0.0"
62.113.113.162 - - [27/Jul/2026:05:20:57 +0000] "GET /blog/find-out-how-to-estimate-cost-of-app-development-with-weelorum/ HTTP/1.0" 200 212827 "https://weelorum.com/blog/find-out-how-to-estimate-cost-of-app-development-with-weelorum/#comment-40096" "Mozilla/5.0 (Windows NT 10.0; Win64; x64) AppleWebKit/537.36 (KHTML, like Gecko) Chrome/130.0.0.0 Safari/537.36 CCleaner/130.0.0.0"
103.251.52.162 - - [27/Jul/2026:05:21:06 +0000] "POST /xmlrpc.php HTTP/1.1" 405 427 "-" "Jetpack/13.0; WordPress/6.2; http://site63826967.com"
146.190.158.65 - - [27/Jul/2026:05:21:17 +0000] "POST /wp-cron.php?doing_wp_cron=1785129677.2848749160766601562500 HTTP/1.1" 200 31 "-" "WordPress/7.0; https://weelorum.com"
103.251.52.162 - - [27/Jul/2026:05:21:17 +0000] "POST /xmlrpc.php HTTP/1.1" 405 427 "-" "Jetpack by WordPress.com (Jetpack 12.1; WordPress 6.3)"
146.190.158.65 - - [27/Jul/2026:05:21:27 +0000] "POST /wp-cron.php?doing_wp_cron=1785129687.8094170093536376953125 HTTP/1.1" 200 31 "-" "WordPress/7.0; https://weelorum.com"
103.251.52.162 - - [27/Jul/2026:05:21:27 +0000] "POST /xmlrpc.php HTTP/1.1" 405 427 "-" "WordPress.com; https://wordpress.com"
103.251.52.162 - - [27/Jul/2026:05:21:38 +0000] "POST /xmlrpc.php HTTP/1.1" 405 427 "-" "Jetpack/12.0; WordPress/6.4; http://site31808857.com"
146.190.158.65 - - [27/Jul/2026:05:21:49 +0000] "POST /wp-cron.php?doing_wp_cron=1785129709.1089160442352294921875 HTTP/1.1" 200 31 "-" "WordPress/7.0; https://weelorum.com"
103.251.52.162 - - [27/Jul/2026:05:21:49 +0000] "POST /xmlrpc.php HTTP/1.1" 405 427 "-" "Jetpack by WordPress.com (Jetpack 12.1; WordPress 6.3)"
89.110.116.127 - - [27/Jul/2026:05:21:57 +0000] "GET /blog/12-trends-of-mobile-app-development-in-2023/ HTTP/1.0" 200 403929 "https://weelorum.com/blog/12-trends-of-mobile-app-development-in-2023/" "Mozilla/5.0 (Windows NT 10.0; Win64; x64) AppleWebKit/537.36 (KHTML, like Gecko) Chrome/130.0.0.0 Safari/537.36"
89.110.116.127 - - [27/Jul/2026:05:21:58 +0000] "POST /wp-comments-post.php HTTP/1.0" 302 0 "https://weelorum.com/blog/12-trends-of-mobile-app-development-in-2023/" "Mozilla/5.0 (Windows NT 10.0; Win64; x64) AppleWebKit/537.36 (KHTML, like Gecko) Chrome/130.0.0.0 Safari/537.36"
89.110.116.127 - - [27/Jul/2026:05:21:59 +0000] "GET /blog/12-trends-of-mobile-app-development-in-2023/ HTTP/1.0" 200 255009 "https://weelorum.com/blog/12-trends-of-mobile-app-development-in-2023/#comment-40097" "Mozilla/5.0 (Windows NT 10.0; Win64; x64) AppleWebKit/537.36 (KHTML, like Gecko) Chrome/130.0.0.0 Safari/537.36"
103.251.52.162 - - [27/Jul/2026:05:21:59 +0000] "POST /xmlrpc.php HTTP/1.1" 405 427 "-" "Jetpack by WordPress.com"
114.119.128.154 - - [27/Jul/2026:05:22:00 +0000] "GET /wp-content/uploads/2026/06/zinglez-410x233.jpg HTTP/1.1" 200 23480 "https://weelorum.com/portfolio-projects/" "Mozilla/5.0 (Linux; Android 7.0;) AppleWebKit/537.36 (HTML, like Gecko) Mobile Safari/537.36 (compatible; PetalBot;+https://webmaster.petalsearch.com/site/petalbot)"
89.110.116.127 - - [27/Jul/2026:05:22:01 +0000] "GET /blog/12-trends-of-mobile-app-development-in-2023/ HTTP/1.0" 200 255009 "https://weelorum.com/blog/12-trends-of-mobile-app-development-in-2023/#comment-40097" "Mozilla/5.0 (Windows NT 10.0; Win64; x64) AppleWebKit/537.36 (KHTML, like Gecko) Chrome/130.0.0.0 Safari/537.36"
89.110.116.127 - - [27/Jul/2026:05:22:02 +0000] "GET /blog/12-trends-of-mobile-app-development-in-2023/ HTTP/1.0" 200 255010 "https://weelorum.com/blog/12-trends-of-mobile-app-development-in-2023/" "Mozilla/5.0 (Windows NT 10.0; Win64; x64) AppleWebKit/537.36 (KHTML, like Gecko) Chrome/130.0.0.0 Safari/537.36"
103.251.52.162 - - [27/Jul/2026:05:22:10 +0000] "POST /xmlrpc.php HTTP/1.1" 405 427 "-" "Jetpack by WordPress.com"
146.190.158.65 - - [27/Jul/2026:05:22:21 +0000] "POST /wp-cron.php?doing_wp_cron=1785129741.6094288825988769531250 HTTP/1.1" 200 31 "-" "WordPress/7.0; https://weelorum.com"
103.251.52.162 - - [27/Jul/2026:05:22:21 +0000] "POST /xmlrpc.php HTTP/1.1" 405 427 "-" "Jetpack by WordPress.com"
146.190.158.65 - - [27/Jul/2026:05:22:32 +0000] "POST /wp-cron.php?doing_wp_cron=1785129752.4166040420532226562500 HTTP/1.1" 200 31 "-" "WordPress/7.0; https://weelorum.com"
103.251.52.162 - - [27/Jul/2026:05:22:32 +0000] "POST /xmlrpc.php HTTP/1.1" 405 427 "-" "Jetpack by WordPress.com (Jetpack 12.1; WordPress 6.1)"
146.190.158.65 - - [27/Jul/2026:05:22:43 +0000] "POST /wp-cron.php?doing_wp_cron=1785129763.0009689331054687500000 HTTP/1.1" 200 31 "-" "WordPress/7.0; https://weelorum.com"
103.251.52.162 - - [27/Jul/2026:05:22:43 +0000] "POST /xmlrpc.php HTTP/1.1" 405 427 "-" "Jetpack/12.5; WordPress/6.1; http://site81493994.com"
114.119.141.249 - - [27/Jul/2026:05:22:51 +0000] "GET /portfolio-projects/medconnect-2/ HTTP/1.1" 200 70188 "https://weelorum.com/portfolio-projects/" "Mozilla/5.0 (Linux; Android 7.0;) AppleWebKit/537.36 (HTML, like Gecko) Mobile Safari/537.36 (compatible; PetalBot;+https://webmaster.petalsearch.com/site/petalbot)"
103.251.52.162 - - [27/Jul/2026:05:22:53 +0000] "POST /xmlrpc.php HTTP/1.1" 405 427 "-" "Jetpack/13.0; WordPress/6.4; http://site87857055.com"
167.114.139.33 - - [27/Jul/2026:05:23:01 +0000] "GET /blog/page/5/ HTTP/1.1" 200 66733 "-" "Mozilla/5.0 (compatible; AhrefsBot/7.0; +http://ahrefs.com/robot/)"
103.251.52.162 - - [27/Jul/2026:05:23:04 +0000] "POST /xmlrpc.php HTTP/1.1" 405 427 "-" "Jetpack/12.0; WordPress/6.3; http://site35584622.com"
103.251.52.162 - - [27/Jul/2026:05:23:14 +0000] "POST /xmlrpc.php HTTP/1.1" 405 427 "-" "Jetpack by WordPress.com (Jetpack 13.0; WordPress 6.4)"
146.190.158.65 - - [27/Jul/2026:05:23:25 +0000] "POST /wp-cron.php?doing_wp_cron=1785129805.7861649990081787109375 HTTP/1.1" 200 31 "-" "WordPress/7.0; https://weelorum.com"
103.251.52.162 - - [27/Jul/2026:05:23:25 +0000] "POST /xmlrpc.php HTTP/1.1" 405 427 "-" "Jetpack by WordPress.com"
146.190.158.65 - - [27/Jul/2026:05:23:36 +0000] "POST /wp-cron.php?doing_wp_cron=1785129816.6613368988037109375000 HTTP/1.1" 200 31 "-" "WordPress/7.0; https://weelorum.com"
103.251.52.162 - - [27/Jul/2026:05:23:36 +0000] "POST /xmlrpc.php HTTP/1.1" 405 427 "-" "Jetpack by WordPress.com"
146.190.158.65 - - [27/Jul/2026:05:23:47 +0000] "POST /wp-cron.php?doing_wp_cron=1785129827.4359409809112548828125 HTTP/1.1" 200 31 "-" "WordPress/7.0; https://weelorum.com"
103.251.52.162 - - [27/Jul/2026:05:23:47 +0000] "POST /xmlrpc.php HTTP/1.1" 405 427 "-" "Jetpack/12.5; WordPress/6.2; http://site82947850.com"
103.251.52.162 - - [27/Jul/2026:05:23:58 +0000] "POST /xmlrpc.php HTTP/1.1" 405 427 "-" "Jetpack by WordPress.com"
103.251.52.162 - - [27/Jul/2026:05:24:09 +0000] "POST /xmlrpc.php HTTP/1.1" 405 427 "-" "Jetpack by WordPress.com"
2a06:98c0:3600::103 - - [27/Jul/2026:05:24:12 +0000] "GET / HTTP/1.1" 200 79980 "-" "Mozilla/5.0 (Macintosh; Intel Mac OS X 10_15_7) AppleWebKit/537.36 (KHTML, like Gecko) Chrome/147.0.0.0 Safari/537.36 CloudflareWebScanner/1.0"
146.190.158.65 - - [27/Jul/2026:05:24:20 +0000] "POST /wp-cron.php?doing_wp_cron=1785129860.9306249618530273437500 HTTP/1.1" 200 31 "-" "WordPress/7.0; https://weelorum.com"
103.251.52.162 - - [27/Jul/2026:05:24:20 +0000] "POST /xmlrpc.php HTTP/1.1" 405 427 "-" "Jetpack by WordPress.com (Jetpack 13.0; WordPress 6.1)"
146.190.158.65 - - [27/Jul/2026:05:24:31 +0000] "POST /wp-cron.php?doing_wp_cron=1785129871.4908421039581298828125 HTTP/1.1" 200 31 "-" "WordPress/7.0; https://weelorum.com"
103.251.52.162 - - [27/Jul/2026:05:24:31 +0000] "POST /xmlrpc.php HTTP/1.1" 405 427 "-" "WordPress.com; https://wordpress.com"
146.190.158.65 - - [27/Jul/2026:05:24:42 +0000] "POST /wp-cron.php?doing_wp_cron=1785129882.4419140815734863281250 HTTP/1.1" 200 31 "-" "WordPress/7.0; https://weelorum.com"
103.251.52.162 - - [27/Jul/2026:05:24:42 +0000] "POST /xmlrpc.php HTTP/1.1" 405 427 "-" "Jetpack/13.0; WordPress/6.1; http://site10540531.com"
54.39.0.167 - - [27/Jul/2026:05:24:52 +0000] "GET /wp-content/uploads/2023/01/30.630.svg HTTP/1.1" 200 71360 "-" "Mozilla/5.0 (compatible; AhrefsBot/7.0; +http://ahrefs.com/robot/)"
103.251.52.162 - - [27/Jul/2026:05:24:53 +0000] "POST /xmlrpc.php HTTP/1.1" 405 427 "-" "Jetpack/12.1; WordPress/6.2; http://site44214064.com"
54.39.0.184 - - [27/Jul/2026:05:24:54 +0000] "GET /wp-content/uploads/2022/08/2.-Preview-articles.svg HTTP/1.1" 200 71427 "-" "Mozilla/5.0 (compatible; AhrefsBot/7.0; +http://ahrefs.com/robot/)"
51.161.37.243 - - [27/Jul/2026:05:24:56 +0000] "GET /wp-content/uploads/2023/01/33.Web_.630.svg HTTP/1.1" 200 19311 "-" "Mozilla/5.0 (compatible; AhrefsBot/7.0; +http://ahrefs.com/robot/)"
142.44.233.207 - - [27/Jul/2026:05:24:57 +0000] "GET /wp-content/uploads/2022/08/1.-Preview-articles.svg HTTP/1.1" 200 43724 "-" "Mozilla/5.0 (compatible; AhrefsBot/7.0; +http://ahrefs.com/robot/)"
51.161.37.76 - - [27/Jul/2026:05:24:59 +0000] "GET /wp-content/uploads/2023/01/31.Web_.630.svg HTTP/1.1" 200 103708 "-" "Mozilla/5.0 (compatible; AhrefsBot/7.0; +http://ahrefs.com/robot/)"
51.222.168.19 - - [27/Jul/2026:05:25:01 +0000] "GET /wp-content/uploads/2022/08/4.-Preview-articles.svg HTTP/1.1" 200 39592 "-" "Mozilla/5.0 (compatible; AhrefsBot/7.0; +http://ahrefs.com/robot/)"
54.39.0.70 - - [27/Jul/2026:05:25:02 +0000] "GET /wp-content/uploads/2023/02/32.Web_.630.svg HTTP/1.1" 200 44555 "-" "Mozilla/5.0 (compatible; AhrefsBot/7.0; +http://ahrefs.com/robot/)"
103.251.52.162 - - [27/Jul/2026:05:25:03 +0000] "POST /xmlrpc.php HTTP/1.1" 405 427 "-" "WordPress.com; https://wordpress.com"
54.39.89.148 - - [27/Jul/2026:05:25:04 +0000] "GET /wp-content/cache/background-css/1/weelorum.com/wp-content/cache/min/1/wp-content/themes/weelorum-theme/assets/css/wl-pages.css?ver=1784812621&wpr_t=1785098362 HTTP/1.1" 200 58160 "-" "Mozilla/5.0 (compatible; AhrefsBot/7.0; +http://ahrefs.com/robot/)"
220.196.160.40 - - [27/Jul/2026:05:25:10 +0000] "GET /middle-senior-ios-developer HTTP/1.1" 301 5 "-" "Mozilla/5.0 (Windows NT 10.0; Win64; x64) AppleWebKit/537.36 (KHTML, like Gecko) Chrome/122.0.0.0 Safari/537.36 Edg/122.0.0.0"
220.196.160.40 - - [27/Jul/2026:05:25:11 +0000] "GET /our-team/middle-senior-ios-developer/ HTTP/1.1" 200 68458 "-" "Mozilla/5.0 (Windows NT 10.0; Win64; x64) AppleWebKit/537.36 (KHTML, like Gecko) Chrome/122.0.0.0 Safari/537.36 Edg/122.0.0.0"
103.251.52.162 - - [27/Jul/2026:05:25:14 +0000] "POST /xmlrpc.php HTTP/1.1" 405 427 "-" "WordPress.com; https://wordpress.com"
146.190.158.65 - - [27/Jul/2026:05:25:25 +0000] "POST /wp-cron.php?doing_wp_cron=1785129925.3485920429229736328125 HTTP/1.1" 200 31 "-" "WordPress/7.0; https://weelorum.com"
103.251.52.162 - - [27/Jul/2026:05:25:25 +0000] "POST /xmlrpc.php HTTP/1.1" 405 427 "-" "Jetpack by WordPress.com"
146.190.158.65 - - [27/Jul/2026:05:25:36 +0000] "POST /wp-cron.php?doing_wp_cron=1785129936.0632829666137695312500 HTTP/1.1" 200 31 "-" "WordPress/7.0; https://weelorum.com"
103.251.52.162 - - [27/Jul/2026:05:25:36 +0000] "POST /xmlrpc.php HTTP/1.1" 405 427 "-" "Jetpack by WordPress.com"
146.190.158.65 - - [27/Jul/2026:05:25:46 +0000] "POST /wp-cron.php?doing_wp_cron=1785129946.8009109497070312500000 HTTP/1.1" 200 31 "-" "WordPress/7.0; https://weelorum.com"
103.251.52.162 - - [27/Jul/2026:05:25:46 +0000] "POST /xmlrpc.php HTTP/1.1" 405 427 "-" "Jetpack by WordPress.com"
103.251.52.162 - - [27/Jul/2026:05:25:57 +0000] "POST /xmlrpc.php HTTP/1.1" 405 427 "-" "Jetpack/12.0; WordPress/6.3; http://site50730724.com"
103.251.52.162 - - [27/Jul/2026:05:26:08 +0000] "POST /xmlrpc.php HTTP/1.1" 405 427 "-" "WordPress.com; https://wordpress.com"
146.190.158.65 - - [27/Jul/2026:05:26:19 +0000] "POST /wp-cron.php?doing_wp_cron=1785129979.0505979061126708984375 HTTP/1.1" 200 31 "-" "WordPress/7.0; https://weelorum.com"
103.251.52.162 - - [27/Jul/2026:05:26:19 +0000] "POST /xmlrpc.php HTTP/1.1" 405 427 "-" "WordPress.com; https://wordpress.com"
146.190.158.65 - - [27/Jul/2026:05:26:29 +0000] "POST /wp-cron.php?doing_wp_cron=1785129989.8738300800323486328125 HTTP/1.1" 200 31 "-" "WordPress/7.0; https://weelorum.com"
103.251.52.162 - - [27/Jul/2026:05:26:29 +0000] "POST /xmlrpc.php HTTP/1.1" 405 427 "-" "Jetpack by WordPress.com (Jetpack 12.1; WordPress 6.1)"
146.190.158.65 - - [27/Jul/2026:05:26:40 +0000] "POST /wp-cron.php?doing_wp_cron=1785130000.5570740699768066406250 HTTP/1.1" 200 31 "-" "WordPress/7.0; https://weelorum.com"
103.251.52.162 - - [27/Jul/2026:05:26:40 +0000] "POST /xmlrpc.php HTTP/1.1" 405 427 "-" "WordPress.com; https://wordpress.com"
103.251.52.162 - - [27/Jul/2026:05:26:51 +0000] "POST /xmlrpc.php HTTP/1.1" 405 427 "-" "WordPress.com; https://wordpress.com"
103.251.52.162 - - [27/Jul/2026:05:27:01 +0000] "POST /xmlrpc.php HTTP/1.1" 405 427 "-" "Jetpack/12.0; WordPress/6.1; http://site27837699.com"
103.251.52.162 - - [27/Jul/2026:05:27:12 +0000] "POST /xmlrpc.php HTTP/1.1" 405 427 "-" "Jetpack by WordPress.com"
146.190.158.65 - - [27/Jul/2026:05:27:23 +0000] "POST /wp-cron.php?doing_wp_cron=1785130043.1873950958251953125000 HTTP/1.1" 200 31 "-" "WordPress/7.0; https://weelorum.com"
103.251.52.162 - - [27/Jul/2026:05:27:23 +0000] "POST /xmlrpc.php HTTP/1.1" 405 427 "-" "Jetpack by WordPress.com"
146.190.158.65 - - [27/Jul/2026:05:27:33 +0000] "POST /wp-cron.php?doing_wp_cron=1785130053.7816779613494873046875 HTTP/1.1" 200 31 "-" "WordPress/7.0; https://weelorum.com"
103.251.52.162 - - [27/Jul/2026:05:27:33 +0000] "POST /xmlrpc.php HTTP/1.1" 405 427 "-" "Jetpack/13.0; WordPress/6.4; http://site86954706.com"
146.190.158.65 - - [27/Jul/2026:05:27:44 +0000] "POST /wp-cron.php?doing_wp_cron=1785130064.3638989925384521484375 HTTP/1.1" 200 31 "-" "WordPress/7.0; https://weelorum.com"
103.251.52.162 - - [27/Jul/2026:05:27:44 +0000] "POST /xmlrpc.php HTTP/1.1" 405 427 "-" "WordPress.com; https://wordpress.com"
103.251.52.162 - - [27/Jul/2026:05:27:55 +0000] "POST /xmlrpc.php HTTP/1.1" 405 427 "-" "Jetpack by WordPress.com (Jetpack 12.1; WordPress 6.2)"
146.190.158.65 - - [27/Jul/2026:05:28:01 +0000] "GET / HTTP/1.1" 301 169 "-" "Mozilla/5.0 (X11; Linux x86_64) AppleWebKit/537.36 (KHTML, like Gecko) Chrome/44.0.2403.157 Safari/537.36"
146.190.158.65 - - [27/Jul/2026:05:28:01 +0000] "GET / HTTP/1.1" 200 32502 "http://146.190.158.65" "Mozilla/5.0 (X11; Linux x86_64) AppleWebKit/537.36 (KHTML, like Gecko) Chrome/44.0.2403.157 Safari/537.36"
103.251.52.162 - - [27/Jul/2026:05:28:06 +0000] "POST /xmlrpc.php HTTP/1.1" 405 427 "-" "Jetpack by WordPress.com"
146.190.158.65 - - [27/Jul/2026:05:28:16 +0000] "POST /wp-cron.php?doing_wp_cron=1785130096.6529519557952880859375 HTTP/1.1" 200 31 "-" "WordPress/7.0; https://weelorum.com"
103.251.52.162 - - [27/Jul/2026:05:28:16 +0000] "POST /xmlrpc.php HTTP/1.1" 405 427 "-" "Jetpack by WordPress.com (Jetpack 12.1; WordPress 6.1)"
146.190.158.65 - - [27/Jul/2026:05:28:27 +0000] "POST /wp-cron.php?doing_wp_cron=1785130107.2684350013732910156250 HTTP/1.1" 200 31 "-" "WordPress/7.0; https://weelorum.com"
103.251.52.162 - - [27/Jul/2026:05:28:27 +0000] "POST /xmlrpc.php HTTP/1.1" 405 427 "-" "WordPress.com; https://wordpress.com"
103.251.52.162 - - [27/Jul/2026:05:28:37 +0000] "POST /xmlrpc.php HTTP/1.1" 405 427 "-" "Jetpack by WordPress.com"
146.190.158.65 - - [27/Jul/2026:05:28:48 +0000] "POST /wp-cron.php?doing_wp_cron=1785130128.5818350315093994140625 HTTP/1.1" 200 31 "-" "WordPress/7.0; https://weelorum.com"
103.251.52.162 - - [27/Jul/2026:05:28:48 +0000] "POST /xmlrpc.php HTTP/1.1" 405 427 "-" "WordPress.com; https://wordpress.com"
103.251.52.162 - - [27/Jul/2026:05:28:59 +0000] "POST /xmlrpc.php HTTP/1.1" 405 427 "-" "Jetpack by WordPress.com"
103.251.52.162 - - [27/Jul/2026:05:29:09 +0000] "POST /xmlrpc.php HTTP/1.1" 405 427 "-" "WordPress.com; https://wordpress.com"
146.190.158.65 - - [27/Jul/2026:05:29:20 +0000] "POST /wp-cron.php?doing_wp_cron=1785130160.4828689098358154296875 HTTP/1.1" 200 31 "-" "WordPress/7.0; https://weelorum.com"
103.251.52.162 - - [27/Jul/2026:05:29:20 +0000] "POST /xmlrpc.php HTTP/1.1" 405 427 "-" "Jetpack by WordPress.com"
146.190.158.65 - - [27/Jul/2026:05:29:31 +0000] "POST /wp-cron.php?doing_wp_cron=1785130171.0836770534515380859375 HTTP/1.1" 200 31 "-" "WordPress/7.0; https://weelorum.com"
103.251.52.162 - - [27/Jul/2026:05:29:31 +0000] "POST /xmlrpc.php HTTP/1.1" 405 427 "-" "Jetpack/12.5; WordPress/6.1; http://site91919786.com"
146.190.158.65 - - [27/Jul/2026:05:29:41 +0000] "POST /wp-cron.php?doing_wp_cron=1785130181.6401209831237792968750 HTTP/1.1" 200 31 "-" "WordPress/7.0; https://weelorum.com"
103.251.52.162 - - [27/Jul/2026:05:29:41 +0000] "POST /xmlrpc.php HTTP/1.1" 405 427 "-" "WordPress.com; https://wordpress.com"
103.251.52.162 - - [27/Jul/2026:05:29:52 +0000] "POST /xmlrpc.php HTTP/1.1" 405 427 "-" "Jetpack/12.0; WordPress/6.1; http://site61226485.com"
103.251.52.162 - - [27/Jul/2026:05:30:03 +0000] "POST /xmlrpc.php HTTP/1.1" 405 427 "-" "Jetpack by WordPress.com"
103.251.52.162 - - [27/Jul/2026:05:30:13 +0000] "POST /xmlrpc.php HTTP/1.1" 405 427 "-" "WordPress.com; https://wordpress.com"
146.190.158.65 - - [27/Jul/2026:05:30:24 +0000] "POST /wp-cron.php?doing_wp_cron=1785130224.2278969287872314453125 HTTP/1.1" 200 31 "-" "WordPress/7.0; https://weelorum.com"
103.251.52.162 - - [27/Jul/2026:05:30:24 +0000] "POST /xmlrpc.php HTTP/1.1" 405 427 "-" "Jetpack by WordPress.com (Jetpack 12.1; WordPress 6.4)"
146.190.158.65 - - [27/Jul/2026:05:30:34 +0000] "POST /wp-cron.php?doing_wp_cron=1785130234.9806499481201171875000 HTTP/1.1" 200 31 "-" "WordPress/7.0; https://weelorum.com"
103.251.52.162 - - [27/Jul/2026:05:30:35 +0000] "POST /xmlrpc.php HTTP/1.1" 405 427 "-" "Jetpack by WordPress.com"
146.190.158.65 - - [27/Jul/2026:05:30:45 +0000] "POST /wp-cron.php?doing_wp_cron=1785130245.6361610889434814453125 HTTP/1.1" 200 31 "-" "WordPress/7.0; https://weelorum.com"
103.251.52.162 - - [27/Jul/2026:05:30:45 +0000] "POST /xmlrpc.php HTTP/1.1" 405 427 "-" "Jetpack by WordPress.com (Jetpack 12.0; WordPress 6.2)"
160.187.210.170 - - [27/Jul/2026:05:30:47 +0000] "POST /?rest_route=/batch/v1 HTTP/1.1" 207 631 "-" "Mozilla/5.0 (compatible; CVE-2026-63030-checker)"
160.187.210.170 - - [27/Jul/2026:05:30:48 +0000] "POST /?rest_route=/batch/v1 HTTP/1.1" 207 16318 "-" "Mozilla/5.0 (compatible; CVE-2026-63030-checker)"
160.187.210.170 - - [27/Jul/2026:05:30:49 +0000] "POST /?rest_route=/batch/v1 HTTP/1.1" 207 720 "-" "Mozilla/5.0 (compatible; CVE-2026-63030-checker)"
103.251.52.162 - - [27/Jul/2026:05:30:56 +0000] "POST /xmlrpc.php HTTP/1.1" 405 427 "-" "WordPress.com; https://wordpress.com"
103.251.52.162 - - [27/Jul/2026:05:31:07 +0000] "POST /xmlrpc.php HTTP/1.1" 405 427 "-" "Jetpack by WordPress.com (Jetpack 12.0; WordPress 6.4)"
146.190.158.65 - - [27/Jul/2026:05:31:17 +0000] "POST /wp-cron.php?doing_wp_cron=1785130277.7507309913635253906250 HTTP/1.1" 200 31 "-" "WordPress/7.0; https://weelorum.com"
103.251.52.162 - - [27/Jul/2026:05:31:17 +0000] "POST /xmlrpc.php HTTP/1.1" 405 427 "-" "Jetpack by WordPress.com"
146.190.158.65 - - [27/Jul/2026:05:31:28 +0000] "POST /wp-cron.php?doing_wp_cron=1785130288.5201759338378906250000 HTTP/1.1" 200 31 "-" "WordPress/7.0; https://weelorum.com"
103.251.52.162 - - [27/Jul/2026:05:31:28 +0000] "POST /xmlrpc.php HTTP/1.1" 405 427 "-" "Jetpack by WordPress.com (Jetpack 13.0; WordPress 6.2)"
103.251.52.162 - - [27/Jul/2026:05:31:39 +0000] "POST /xmlrpc.php HTTP/1.1" 405 427 "-" "WordPress.com; https://wordpress.com"
146.190.158.65 - - [27/Jul/2026:05:31:49 +0000] "POST /wp-cron.php?doing_wp_cron=1785130309.8362240791320800781250 HTTP/1.1" 200 31 "-" "WordPress/7.0; https://weelorum.com"
103.251.52.162 - - [27/Jul/2026:05:31:49 +0000] "POST /xmlrpc.php HTTP/1.1" 405 427 "-" "Jetpack by WordPress.com (Jetpack 12.0; WordPress 6.3)"
103.251.52.162 - - [27/Jul/2026:05:32:00 +0000] "POST /xmlrpc.php HTTP/1.1" 405 427 "-" "Jetpack/13.0; WordPress/6.3; http://site47772358.com"
103.251.52.162 - - [27/Jul/2026:05:32:11 +0000] "POST /xmlrpc.php HTTP/1.1" 405 427 "-" "WordPress.com; https://wordpress.com"
146.190.158.65 - - [27/Jul/2026:05:32:21 +0000] "POST /wp-cron.php?doing_wp_cron=1785130341.7742319107055664062500 HTTP/1.1" 200 31 "-" "WordPress/7.0; https://weelorum.com"
103.251.52.162 - - [27/Jul/2026:05:32:21 +0000] "POST /xmlrpc.php HTTP/1.1" 405 427 "-" "Jetpack by WordPress.com"
146.190.158.65 - - [27/Jul/2026:05:32:32 +0000] "POST /wp-cron.php?doing_wp_cron=1785130352.4952199459075927734375 HTTP/1.1" 200 31 "-" "WordPress/7.0; https://weelorum.com"
103.251.52.162 - - [27/Jul/2026:05:32:32 +0000] "POST /xmlrpc.php HTTP/1.1" 405 427 "-" "Jetpack by WordPress.com"
146.190.158.65 - - [27/Jul/2026:05:32:43 +0000] "POST /wp-cron.php?doing_wp_cron=1785130363.1794879436492919921875 HTTP/1.1" 200 31 "-" "WordPress/7.0; https://weelorum.com"
103.251.52.162 - - [27/Jul/2026:05:32:43 +0000] "POST /xmlrpc.php HTTP/1.1" 405 427 "-" "Jetpack by WordPress.com (Jetpack 12.1; WordPress 6.2)"
103.251.52.162 - - [27/Jul/2026:05:32:54 +0000] "POST /xmlrpc.php HTTP/1.1" 405 427 "-" "Jetpack/12.1; WordPress/6.3; http://site63605791.com"
103.251.52.162 - - [27/Jul/2026:05:33:04 +0000] "POST /xmlrpc.php HTTP/1.1" 405 427 "-" "Jetpack/12.5; WordPress/6.3; http://site99152545.com"
146.190.158.65 - - [27/Jul/2026:05:33:15 +0000] "POST /wp-cron.php?doing_wp_cron=1785130395.4036989212036132812500 HTTP/1.1" 200 31 "-" "WordPress/7.0; https://weelorum.com"
103.251.52.162 - - [27/Jul/2026:05:33:15 +0000] "POST /xmlrpc.php HTTP/1.1" 405 427 "-" "WordPress.com; https://wordpress.com"
146.190.158.65 - - [27/Jul/2026:05:33:26 +0000] "POST /wp-cron.php?doing_wp_cron=1785130406.0688529014587402343750 HTTP/1.1" 200 31 "-" "WordPress/7.0; https://weelorum.com"
103.251.52.162 - - [27/Jul/2026:05:33:26 +0000] "POST /xmlrpc.php HTTP/1.1" 405 427 "-" "Jetpack by WordPress.com"
103.251.52.162 - - [27/Jul/2026:05:33:36 +0000] "POST /xmlrpc.php HTTP/1.1" 405 427 "-" "Jetpack/13.0; WordPress/6.2; http://site41339451.com"
146.190.158.65 - - [27/Jul/2026:05:33:47 +0000] "POST /wp-cron.php?doing_wp_cron=1785130427.5017879009246826171875 HTTP/1.1" 200 31 "-" "WordPress/7.0; https://weelorum.com"
103.251.52.162 - - [27/Jul/2026:05:33:47 +0000] "POST /xmlrpc.php HTTP/1.1" 405 427 "-" "Jetpack by WordPress.com (Jetpack 13.0; WordPress 6.3)"
103.251.52.162 - - [27/Jul/2026:05:33:58 +0000] "POST /xmlrpc.php HTTP/1.1" 405 427 "-" "WordPress.com; https://wordpress.com"
103.251.52.162 - - [27/Jul/2026:05:34:08 +0000] "POST /xmlrpc.php HTTP/1.1" 405 427 "-" "Jetpack by WordPress.com (Jetpack 12.0; WordPress 6.4)"
