216.73.216.207 - - [28/Jul/2026:00:28:36 +0000] "GET /technology/kotlin/feed/?a=view&f=kmod&p=%2F%2Fbin HTTP/1.1" 200 246010 "-" "Mozilla/5.0 AppleWebKit/537.36 (KHTML, like Gecko; compatible; ClaudeBot/1.0; +claudebot@anthropic.com)"
216.73.216.207 - - [28/Jul/2026:00:28:37 +0000] "GET /technology/react/feed/?a=edit&f=style-rtl.min.css&p=%2Fvar%2Fwww%2Fweelorum_com_usr%2Fdata%2Fwww%2Fweelorum.com%2Fwp-includes%2Fblocks%2Fpost-terms HTTP/1.1" 200 23454 "-" "Mozilla/5.0 AppleWebKit/537.36 (KHTML, like Gecko; compatible; ClaudeBot/1.0; +claudebot@anthropic.com)"
216.73.216.207 - - [28/Jul/2026:00:28:37 +0000] "GET /technology/kotlin/feed/?a=view&f=menu.php&p=%2Fvar%2Fwww%2Fweelorum_com_usr%2Fdata%2Fwww%2Fweelorum.com%2Fwp-admin%2Fnetwork HTTP/1.1" 200 30673 "-" "Mozilla/5.0 AppleWebKit/537.36 (KHTML, like Gecko; compatible; ClaudeBot/1.0; +claudebot@anthropic.com)"
216.73.216.207 - - [28/Jul/2026:00:28:38 +0000] "GET /technology/kotlin/feed/?a=edit&f=frm.mailutils&p=%2F%2Fbin HTTP/1.1" 200 260317 "-" "Mozilla/5.0 AppleWebKit/537.36 (KHTML, like Gecko; compatible; ClaudeBot/1.0; +claudebot@anthropic.com)"
216.73.216.207 - - [28/Jul/2026:00:28:38 +0000] "GET /technology/kotlin/feed/?a=download&f=stack&p=%2F%2Fproc%2F74 HTTP/1.1" 200 6383 "-" "Mozilla/5.0 AppleWebKit/537.36 (KHTML, like Gecko; compatible; ClaudeBot/1.0; +claudebot@anthropic.com)"
216.73.216.207 - - [28/Jul/2026:00:28:38 +0000] "GET /technology/kotlin/feed/?a=download&f=Diff.php&p=%2Fvar%2Fwww%2Fweelorum_com_usr%2Fdata%2Fwww%2Fweelorum.com%2Fwp-includes%2FText HTTP/1.1" 200 9897 "-" "Mozilla/5.0 AppleWebKit/537.36 (KHTML, like Gecko; compatible; ClaudeBot/1.0; +claudebot@anthropic.com)"
216.73.216.207 - - [28/Jul/2026:00:28:38 +0000] "GET /technology/kotlin/feed/?a=download&f=stack&p=%2F%2Fproc%2F22 HTTP/1.1" 200 6383 "-" "Mozilla/5.0 AppleWebKit/537.36 (KHTML, like Gecko; compatible; ClaudeBot/1.0; +claudebot@anthropic.com)"
216.73.216.207 - - [28/Jul/2026:00:28:38 +0000] "GET /technology/kotlin/feed/?a=view&f=prezip&p=%2F%2Fbin HTTP/1.1" 200 248570 "-" "Mozilla/5.0 AppleWebKit/537.36 (KHTML, like Gecko; compatible; ClaudeBot/1.0; +claudebot@anthropic.com)"
216.73.216.207 - - [28/Jul/2026:00:28:38 +0000] "GET /technology/kotlin/feed/?a=download&f=sqlite3&p=%2F%2Fbin HTTP/1.1" 200 806546 "-" "Mozilla/5.0 AppleWebKit/537.36 (KHTML, like Gecko; compatible; ClaudeBot/1.0; +claudebot@anthropic.com)"
216.73.216.207 - - [28/Jul/2026:00:28:38 +0000] "GET /technology/react/feed/?a=view&f=a6ebe5e8aad2aa4e1511aab8f97856579ca90f&p=%2Fvar%2Fwww%2Fweelorum_com_usr%2Fdata%2Fwww%2Fweelorum.com%2F.git%2Fobjects%2Fd8 HTTP/1.1" 200 22092 "-" "Mozilla/5.0 AppleWebKit/537.36 (KHTML, like Gecko; compatible; ClaudeBot/1.0; +claudebot@anthropic.com)"
216.73.216.207 - - [28/Jul/2026:00:28:38 +0000] "GET /technology/react/feed/%3c?a=view&f=wp-blog-header.php&p=%2Fvar%2Fwww%2Fweelorum_com_usr%2Fdata%2Fwww%2Fweelorum.com HTTP/1.1" 200 63005 "-" "Mozilla/5.0 AppleWebKit/537.36 (KHTML, like Gecko; compatible; ClaudeBot/1.0; +claudebot@anthropic.com)"
216.73.216.207 - - [28/Jul/2026:00:28:39 +0000] "GET /technology/kotlin/feed/?a=view&f=printerbanner&p=%2F%2Fbin HTTP/1.1" 200 246007 "-" "Mozilla/5.0 AppleWebKit/537.36 (KHTML, like Gecko; compatible; ClaudeBot/1.0; +claudebot@anthropic.com)"
216.73.216.207 - - [28/Jul/2026:00:28:39 +0000] "GET /technology/kotlin/feed/?p=%2Fvar%2Fwww%2Fweelorum_com_usr%2Fdata%2Fwww%2Fweelorum.com%2Fwp-includes%2Fblocks%2Fpost-comments-link HTTP/1.1" 200 22729 "-" "Mozilla/5.0 AppleWebKit/537.36 (KHTML, like Gecko; compatible; ClaudeBot/1.0; +claudebot@anthropic.com)"
216.73.216.207 - - [28/Jul/2026:00:28:39 +0000] "GET /technology/kotlin/feed/?a=view&f=cloud-id&p=%2F%2Fbin HTTP/1.1" 200 246532 "-" "Mozilla/5.0 AppleWebKit/537.36 (KHTML, like Gecko; compatible; ClaudeBot/1.0; +claudebot@anthropic.com)"
216.73.216.207 - - [28/Jul/2026:00:28:39 +0000] "GET /service/watchos-development/feed/?a=view&f=feed-rss2-comments.php&p=%2Fvar%2Fwww%2Fweelorum_com_usr%2Fdata%2Fwww%2Fweelorum.com%2Fwp-includes HTTP/1.1" 200 88004 "-" "Mozilla/5.0 AppleWebKit/537.36 (KHTML, like Gecko; compatible; ClaudeBot/1.0; +claudebot@anthropic.com)"
216.73.216.207 - - [28/Jul/2026:00:28:40 +0000] "GET /technology/kotlin/feed/?a=view&f=openssl&p=%2F%2Fbin HTTP/1.1" 200 245647 "-" "Mozilla/5.0 AppleWebKit/537.36 (KHTML, like Gecko; compatible; ClaudeBot/1.0; +claudebot@anthropic.com)"
216.73.216.207 - - [28/Jul/2026:00:28:40 +0000] "GET /technology/react/feed/license.txt?a=view&f=class.wp-dependencies.php&p=%2Fvar%2Fwww%2Fweelorum_com_usr%2Fdata%2Fwww%2Fweelorum.com%2Fwp-includes HTTP/1.1" 200 113070 "-" "Mozilla/5.0 AppleWebKit/537.36 (KHTML, like Gecko; compatible; ClaudeBot/1.0; +claudebot@anthropic.com)"
216.73.216.207 - - [28/Jul/2026:00:28:40 +0000] "GET /technology/react/feed/?a=download&f=post-navigation-link.php&p=%2Fvar%2Fwww%2Fweelorum_com_usr%2Fdata%2Fwww%2Fweelorum.com%2Fwp-includes%2Fblocks HTTP/1.1" 200 8273 "-" "Mozilla/5.0 AppleWebKit/537.36 (KHTML, like Gecko; compatible; ClaudeBot/1.0; +claudebot@anthropic.com)"
216.73.216.207 - - [28/Jul/2026:00:28:40 +0000] "GET /service/watchos-development/feed/%3c?p=%2Fvar%2Fwww%2Fweelorum_com_usr%2Fdata%2Fwww%2Fweelorum.com%2F.cache HTTP/1.1" 200 47205 "-" "Mozilla/5.0 AppleWebKit/537.36 (KHTML, like Gecko; compatible; ClaudeBot/1.0; +claudebot@anthropic.com)"
216.73.216.207 - - [28/Jul/2026:00:28:40 +0000] "GET /technology/kotlin/feed/%3c?p=%2Fvar%2Fwww%2Fweelorum_com_usr%2Fdata%2Fwww%2Fweelorum.com%2Fwordpress HTTP/1.1" 200 47270 "-" "Mozilla/5.0 AppleWebKit/537.36 (KHTML, like Gecko; compatible; ClaudeBot/1.0; +claudebot@anthropic.com)"
146.190.158.65 - - [28/Jul/2026:00:28:41 +0000] "POST /wp-cron.php?doing_wp_cron=1785198520.0007710456848144531250 HTTP/1.1" 499 0 "-" "WordPress/7.0; https://weelorum.com"
216.73.216.207 - - [28/Jul/2026:00:28:41 +0000] "GET /technology/react/feed/'%20.%20$path%20.%20'?p=%2Fvar%2Flib%2Fsnmp HTTP/1.1" 200 18941 "-" "Mozilla/5.0 AppleWebKit/537.36 (KHTML, like Gecko; compatible; ClaudeBot/1.0; +claudebot@anthropic.com)"
216.73.216.207 - - [28/Jul/2026:00:28:41 +0000] "GET /technology/kotlin/feed/?a=view&f=class-custom-background.php&p=%2Fvar%2Fwww%2Fweelorum_com_usr%2Fdata%2Fwww%2Fweelorum.com%2Fwp-admin%2Fincludes HTTP/1.1" 200 53267 "-" "Mozilla/5.0 AppleWebKit/537.36 (KHTML, like Gecko; compatible; ClaudeBot/1.0; +claudebot@anthropic.com)"
216.73.216.207 - - [28/Jul/2026:00:28:41 +0000] "GET /technology/kotlin/feed/?a=edit&f=timedatectl&p=%2F%2Fbin HTTP/1.1" 200 270200 "-" "Mozilla/5.0 AppleWebKit/537.36 (KHTML, like Gecko; compatible; ClaudeBot/1.0; +claudebot@anthropic.com)"
216.73.216.207 - - [28/Jul/2026:00:28:41 +0000] "GET /technology/react/feed/wp-admin/images/wordpress-logo.png?p=%2Fvar%2Fwww%2Fweelorum_com_usr%2Fdata%2Fwww%2Fweelorum.com%2Fwp-includes%2Fai-client HTTP/1.1" 200 48567 "-" "Mozilla/5.0 AppleWebKit/537.36 (KHTML, like Gecko; compatible; ClaudeBot/1.0; +claudebot@anthropic.com)"
216.73.216.207 - - [28/Jul/2026:00:28:41 +0000] "GET /service/watchos-development/feed/?a=view&f=pluggable.php&p=%2Fvar%2Fwww%2Fweelorum_com_usr%2Fdata%2Fwww%2Fweelorum.com%2Fwp-includes HTTP/1.1" 200 123580 "-" "Mozilla/5.0 AppleWebKit/537.36 (KHTML, like Gecko; compatible; ClaudeBot/1.0; +claudebot@anthropic.com)"
216.73.216.207 - - [28/Jul/2026:00:28:42 +0000] "GET /technology/kotlin/feed/?a=view&f=lnstat&p=%2F%2Fbin HTTP/1.1" 200 245984 "-" "Mozilla/5.0 AppleWebKit/537.36 (KHTML, like Gecko; compatible; ClaudeBot/1.0; +claudebot@anthropic.com)"
216.73.216.207 - - [28/Jul/2026:00:28:42 +0000] "GET /technology/kotlin/feed/?a=view&f=ftpusers&p=%2F%2Fetc HTTP/1.1" 200 63084 "-" "Mozilla/5.0 AppleWebKit/537.36 (KHTML, like Gecko; compatible; ClaudeBot/1.0; +claudebot@anthropic.com)"
216.73.216.207 - - [28/Jul/2026:00:28:42 +0000] "GET /technology/react/feed/?a=download&f=c_rehash&p=%2F%2Fbin HTTP/1.1" 200 9378 "-" "Mozilla/5.0 AppleWebKit/537.36 (KHTML, like Gecko; compatible; ClaudeBot/1.0; +claudebot@anthropic.com)"
216.73.216.207 - - [28/Jul/2026:00:28:42 +0000] "GET /technology/react/feed/?a=view&f=user-suggest.js&p=%2Fvar%2Fwww%2Fweelorum_com_usr%2Fdata%2Fwww%2Fweelorum.com%2Fwp-admin%2Fjs HTTP/1.1" 200 45995 "-" "Mozilla/5.0 AppleWebKit/537.36 (KHTML, like Gecko; compatible; ClaudeBot/1.0; +claudebot@anthropic.com)"
216.73.216.207 - - [28/Jul/2026:00:28:43 +0000] "GET /technology/kotlin/feed/?a=edit&f=upload.php&p=%2Fvar%2Fwww%2Fweelorum_com_usr%2Fdata%2Fwww%2Fweelorum.com%2Fwp-admin HTTP/1.1" 200 51552 "-" "Mozilla/5.0 AppleWebKit/537.36 (KHTML, like Gecko; compatible; ClaudeBot/1.0; +claudebot@anthropic.com)"
216.73.216.207 - - [28/Jul/2026:00:28:43 +0000] "GET /technology/react/feed/?a=download&f=snmpdelta&p=%2F%2Fbin HTTP/1.1" 200 15331 "-" "Mozilla/5.0 AppleWebKit/537.36 (KHTML, like Gecko; compatible; ClaudeBot/1.0; +claudebot@anthropic.com)"
216.73.216.207 - - [28/Jul/2026:00:28:43 +0000] "GET /technology/react/feed/?a=download&f=iscsiadm&p=%2F%2Fbin HTTP/1.1" 200 183405 "-" "Mozilla/5.0 AppleWebKit/537.36 (KHTML, like Gecko; compatible; ClaudeBot/1.0; +claudebot@anthropic.com)"
216.73.216.207 - - [28/Jul/2026:00:28:43 +0000] "GET /technology/react/feed/?a=download&f=infotocap&p=%2F%2Fbin HTTP/1.1" 200 48873 "-" "Mozilla/5.0 AppleWebKit/537.36 (KHTML, like Gecko; compatible; ClaudeBot/1.0; +claudebot@anthropic.com)"
216.73.216.207 - - [28/Jul/2026:00:28:43 +0000] "GET /technology/react/feed/license.txt?p=%2Fvar%2Fwww%2Fweelorum_com_usr%2Fdata%2Fwww%2Fweelorum.com%2Fwp-includes%2Fai-client HTTP/1.1" 200 48571 "-" "Mozilla/5.0 AppleWebKit/537.36 (KHTML, like Gecko; compatible; ClaudeBot/1.0; +claudebot@anthropic.com)"
116.212.136.156 - - [28/Jul/2026:00:28:43 +0000] "GET / HTTP/1.1" 200 79976 "https://www.google.com/" "Mozilla/5.0 (Windows NT 10.0; Win64; x64) AppleWebKit/537.36 (KHTML, like Gecko) Chrome/150.0.0.0 Safari/537.36"
116.212.136.156 - - [28/Jul/2026:00:28:43 +0000] "GET /wp-content/themes/weelorum-theme/assets/fonts/montserrat.woff2 HTTP/1.1" 200 30300 "https://weelorum.com/" "Mozilla/5.0 (Windows NT 10.0; Win64; x64) AppleWebKit/537.36 (KHTML, like Gecko) Chrome/150.0.0.0 Safari/537.36"
216.73.216.207 - - [28/Jul/2026:00:28:43 +0000] "GET /technology/kotlin/feed/?a=view&f=base32&p=%2F%2Fbin HTTP/1.1" 200 246000 "-" "Mozilla/5.0 AppleWebKit/537.36 (KHTML, like Gecko; compatible; ClaudeBot/1.0; +claudebot@anthropic.com)"
216.73.216.207 - - [28/Jul/2026:00:28:43 +0000] "GET /technology/kotlin/feed/?a=edit&f=wp-admin-rtl.min.css&p=%2Fvar%2Fwww%2Fweelorum_com_usr%2Fdata%2Fwww%2Fweelorum.com%2Fwp-admin%2Fcss HTTP/1.1" 200 45972 "-" "Mozilla/5.0 AppleWebKit/537.36 (KHTML, like Gecko; compatible; ClaudeBot/1.0; +claudebot@anthropic.com)"
116.212.136.156 - - [28/Jul/2026:00:28:43 +0000] "GET /wp-content/themes/weelorum-theme/assets/images/hero-default-bg-desktop.webp HTTP/1.1" 200 8256 "https://weelorum.com/" "Mozilla/5.0 (Windows NT 10.0; Win64; x64) AppleWebKit/537.36 (KHTML, like Gecko) Chrome/150.0.0.0 Safari/537.36"
116.212.136.156 - - [28/Jul/2026:00:28:44 +0000] "GET /wp-content/cache/min/1/wp-content/themes/weelorum-theme/css/awards-section.css?ver=1784812621 HTTP/1.1" 200 1392 "https://weelorum.com/" "Mozilla/5.0 (Windows NT 10.0; Win64; x64) AppleWebKit/537.36 (KHTML, like Gecko) Chrome/150.0.0.0 Safari/537.36"
116.212.136.156 - - [28/Jul/2026:00:28:44 +0000] "GET /wp-content/cache/background-css/1/weelorum.com/wp-content/cache/min/1/wp-content/themes/weelorum-theme/assets/css/wl-pages.css?ver=1784812621&wpr_t=1785176882 HTTP/1.1" 200 58160 "https://weelorum.com/" "Mozilla/5.0 (Windows NT 10.0; Win64; x64) AppleWebKit/537.36 (KHTML, like Gecko) Chrome/150.0.0.0 Safari/537.36"
216.73.216.207 - - [28/Jul/2026:00:28:44 +0000] "GET /technology/kotlin/feed/?a=edit&f=statm&p=%2F%2Fproc%2F73 HTTP/1.1" 200 32339 "-" "Mozilla/5.0 AppleWebKit/537.36 (KHTML, like Gecko; compatible; ClaudeBot/1.0; +claudebot@anthropic.com)"
116.212.136.156 - - [28/Jul/2026:00:28:44 +0000] "GET /wp-includes/js/dist/i18n.min.js?ver=781d11515ad3d91786ec HTTP/1.1" 200 2574 "https://weelorum.com/" "Mozilla/5.0 (Windows NT 10.0; Win64; x64) AppleWebKit/537.36 (KHTML, like Gecko) Chrome/150.0.0.0 Safari/537.36"
216.73.216.207 - - [28/Jul/2026:00:28:44 +0000] "GET /technology/kotlin/feed/?a=view&f=base64&p=%2F%2Fbin HTTP/1.1" 200 246079 "-" "Mozilla/5.0 AppleWebKit/537.36 (KHTML, like Gecko; compatible; ClaudeBot/1.0; +claudebot@anthropic.com)"
216.73.216.207 - - [28/Jul/2026:00:28:44 +0000] "GET /technology/kotlin/feed/?a=download&f=stack&p=%2F%2Fproc%2F730 HTTP/1.1" 200 6383 "-" "Mozilla/5.0 AppleWebKit/537.36 (KHTML, like Gecko; compatible; ClaudeBot/1.0; +claudebot@anthropic.com)"
116.212.136.156 - - [28/Jul/2026:00:28:44 +0000] "GET /wp-includes/js/jquery/jquery.min.js?ver=3.7.1 HTTP/1.1" 200 35451 "https://weelorum.com/" "Mozilla/5.0 (Windows NT 10.0; Win64; x64) AppleWebKit/537.36 (KHTML, like Gecko) Chrome/150.0.0.0 Safari/537.36"
116.212.136.156 - - [28/Jul/2026:00:28:44 +0000] "GET /wp-includes/js/jquery/jquery-migrate.min.js?ver=3.4.1 HTTP/1.1" 200 5355 "https://weelorum.com/" "Mozilla/5.0 (Windows NT 10.0; Win64; x64) AppleWebKit/537.36 (KHTML, like Gecko) Chrome/150.0.0.0 Safari/537.36"
116.212.136.156 - - [28/Jul/2026:00:28:44 +0000] "GET /wp-content/cache/min/1/wp-content/plugins/contact-form-7/includes/swv/js/index.js?ver=1784812623 HTTP/1.1" 200 3887 "https://weelorum.com/" "Mozilla/5.0 (Windows NT 10.0; Win64; x64) AppleWebKit/537.36 (KHTML, like Gecko) Chrome/150.0.0.0 Safari/537.36"
116.212.136.156 - - [28/Jul/2026:00:28:44 +0000] "GET /wp-content/cache/min/1/wp-content/plugins/contact-form-7/includes/js/index.js?ver=1784812623 HTTP/1.1" 200 4803 "https://weelorum.com/" "Mozilla/5.0 (Windows NT 10.0; Win64; x64) AppleWebKit/537.36 (KHTML, like Gecko) Chrome/150.0.0.0 Safari/537.36"
116.212.136.156 - - [28/Jul/2026:00:28:44 +0000] "GET /wp-content/cache/min/1/wp-content/themes/weelorum-theme/assets/js/main.js?ver=1784812621 HTTP/1.1" 200 1767 "https://weelorum.com/" "Mozilla/5.0 (Windows NT 10.0; Win64; x64) AppleWebKit/537.36 (KHTML, like Gecko) Chrome/150.0.0.0 Safari/537.36"
216.73.216.207 - - [28/Jul/2026:00:28:44 +0000] "GET /technology/react/feed/?a=edit&f=f192a5dc3ada9743d839d8d5cd2e04d2d75b79&p=%2Fvar%2Fwww%2Fweelorum_com_usr%2Fdata%2Fwww%2Fweelorum.com%2F.git%2Fobjects%2F66 HTTP/1.1" 200 23519 "-" "Mozilla/5.0 AppleWebKit/537.36 (KHTML, like Gecko; compatible; ClaudeBot/1.0; +claudebot@anthropic.com)"
116.212.136.156 - - [28/Jul/2026:00:28:44 +0000] "GET /wp-content/uploads/fbrfg/site.webmanifest HTTP/1.1" 200 476 "https://weelorum.com/" "Mozilla/5.0 (Windows NT 10.0; Win64; x64) AppleWebKit/537.36 (KHTML, like Gecko) Chrome/150.0.0.0 Safari/537.36"
116.212.136.156 - - [28/Jul/2026:00:28:44 +0000] "GET /wp-content/plugins/wp-rocket/assets/js/lazyload/17.8.3/lazyload.min.js HTTP/1.1" 200 3400 "https://weelorum.com/" "Mozilla/5.0 (Windows NT 10.0; Win64; x64) AppleWebKit/537.36 (KHTML, like Gecko) Chrome/150.0.0.0 Safari/537.36"
116.212.136.156 - - [28/Jul/2026:00:28:44 +0000] "GET /wp-content/themes/weelorum-theme/assets/images/hero-v2-bg.webp HTTP/1.1" 200 5696 "https://weelorum.com/wp-content/cache/background-css/1/weelorum.com/wp-content/cache/min/1/wp-content/themes/weelorum-theme/assets/css/wl-pages.css?ver=1784812621&wpr_t=1785176882" "Mozilla/5.0 (Windows NT 10.0; Win64; x64) AppleWebKit/537.36 (KHTML, like Gecko) Chrome/150.0.0.0 Safari/537.36"
116.212.136.156 - - [28/Jul/2026:00:28:44 +0000] "GET /wp-content/themes/weelorum-theme/assets/images/logo-black.png HTTP/1.1" 200 4286 "https://weelorum.com/wp-content/cache/background-css/1/weelorum.com/wp-content/cache/min/1/wp-content/themes/weelorum-theme/assets/css/wl-pages.css?ver=1784812621&wpr_t=1785176882" "Mozilla/5.0 (Windows NT 10.0; Win64; x64) AppleWebKit/537.36 (KHTML, like Gecko) Chrome/150.0.0.0 Safari/537.36"
116.212.136.156 - - [28/Jul/2026:00:28:44 +0000] "GET /wp-includes/js/dist/hooks.min.js?ver=7496969728ca0f95732d HTTP/1.1" 200 1909 "https://weelorum.com/" "Mozilla/5.0 (Windows NT 10.0; Win64; x64) AppleWebKit/537.36 (KHTML, like Gecko) Chrome/150.0.0.0 Safari/537.36"
116.212.136.156 - - [28/Jul/2026:00:28:44 +0000] "GET /wp-content/plugins/add-to-any/addtoany.min.js?ver=1.1 HTTP/1.1" 200 137 "https://weelorum.com/" "Mozilla/5.0 (Windows NT 10.0; Win64; x64) AppleWebKit/537.36 (KHTML, like Gecko) Chrome/150.0.0.0 Safari/537.36"
216.73.216.207 - - [28/Jul/2026:00:28:44 +0000] "GET /technology/kotlin/feed/?p=%2Fvar%2Fwww%2Fweelorum_com_usr%2Fdata%2Fwww%2Fweelorum.com%2Fwp-content%2Fplugins%2Fwordpress-seo%2Fvendor_prefixed HTTP/1.1" 200 22149 "-" "Mozilla/5.0 AppleWebKit/537.36 (KHTML, like Gecko; compatible; ClaudeBot/1.0; +claudebot@anthropic.com)"
116.212.136.156 - - [28/Jul/2026:00:28:45 +0000] "GET /wp-content/cache/min/1/wp-content/plugins/cookie-law-info/legacy/public/js/cookie-law-info-public.js?ver=1784812621 HTTP/1.1" 200 7917 "https://weelorum.com/" "Mozilla/5.0 (Windows NT 10.0; Win64; x64) AppleWebKit/537.36 (KHTML, like Gecko) Chrome/150.0.0.0 Safari/537.36"
116.212.136.156 - - [28/Jul/2026:00:28:45 +0000] "GET /wp-content/cache/min/1/wp-content/plugins/countup-js/js/countup.js?ver=1784812621 HTTP/1.1" 200 1507 "https://weelorum.com/" "Mozilla/5.0 (Windows NT 10.0; Win64; x64) AppleWebKit/537.36 (KHTML, like Gecko) Chrome/150.0.0.0 Safari/537.36"
116.212.136.156 - - [28/Jul/2026:00:28:45 +0000] "GET /wp-content/plugins/rate-my-post/public/js/rate-my-post.min.js?ver=4.5.1 HTTP/1.1" 200 5596 "https://weelorum.com/" "Mozilla/5.0 (Windows NT 10.0; Win64; x64) AppleWebKit/537.36 (KHTML, like Gecko) Chrome/150.0.0.0 Safari/537.36"
116.212.136.156 - - [28/Jul/2026:00:28:45 +0000] "GET /wp-content/cache/min/1/wp-content/themes/weelorum-theme/assets/js/scroll-handler.js?ver=1784812621 HTTP/1.1" 200 1531 "https://weelorum.com/" "Mozilla/5.0 (Windows NT 10.0; Win64; x64) AppleWebKit/537.36 (KHTML, like Gecko) Chrome/150.0.0.0 Safari/537.36"
116.212.136.156 - - [28/Jul/2026:00:28:45 +0000] "GET /wp-content/cache/min/1/wp-content/themes/weelorum-theme/assets/js/footer-scripts.js?ver=1784812621 HTTP/1.1" 200 1745 "https://weelorum.com/" "Mozilla/5.0 (Windows NT 10.0; Win64; x64) AppleWebKit/537.36 (KHTML, like Gecko) Chrome/150.0.0.0 Safari/537.36"
216.73.216.207 - - [28/Jul/2026:00:28:45 +0000] "GET /technology/kotlin/feed/?a=view&f=stat&p=%2F%2Fproc%2F76 HTTP/1.1" 200 31848 "-" "Mozilla/5.0 AppleWebKit/537.36 (KHTML, like Gecko; compatible; ClaudeBot/1.0; +claudebot@anthropic.com)"
116.212.136.156 - - [28/Jul/2026:00:28:45 +0000] "GET /wp-content/cache/min/1/wp-content/themes/weelorum-theme/assets/js/floating-discovery.js?ver=1784812621 HTTP/1.1" 200 1459 "https://weelorum.com/" "Mozilla/5.0 (Windows NT 10.0; Win64; x64) AppleWebKit/537.36 (KHTML, like Gecko) Chrome/150.0.0.0 Safari/537.36"
116.212.136.156 - - [28/Jul/2026:00:28:45 +0000] "GET /wp-content/themes/weelorum-theme/assets/js/swiper.min.js?ver=3.0.0 HTTP/1.1" 200 52198 "https://weelorum.com/" "Mozilla/5.0 (Windows NT 10.0; Win64; x64) AppleWebKit/537.36 (KHTML, like Gecko) Chrome/150.0.0.0 Safari/537.36"
116.212.136.156 - - [28/Jul/2026:00:28:45 +0000] "GET /wp-content/cache/min/1/wp-content/themes/weelorum-theme/assets/js/swiper-init.js?ver=1784812621 HTTP/1.1" 200 1831 "https://weelorum.com/" "Mozilla/5.0 (Windows NT 10.0; Win64; x64) AppleWebKit/537.36 (KHTML, like Gecko) Chrome/150.0.0.0 Safari/537.36"
116.212.136.156 - - [28/Jul/2026:00:28:45 +0000] "GET /wp-content/cache/min/1/wp-content/themes/weelorum-theme/assets/js/wl-pages.js?ver=1784812621 HTTP/1.1" 200 4498 "https://weelorum.com/" "Mozilla/5.0 (Windows NT 10.0; Win64; x64) AppleWebKit/537.36 (KHTML, like Gecko) Chrome/150.0.0.0 Safari/537.36"
216.73.216.207 - - [28/Jul/2026:00:28:45 +0000] "GET /technology/kotlin/feed/?p=%2Fvar%2Fwww%2Fweelorum_com_usr%2Fdata%2Fwww%2Fweelorum.com%2Fwp-content%2Fthemes%2Fweelorum-theme%2Fscripts HTTP/1.1" 200 21742 "-" "Mozilla/5.0 AppleWebKit/537.36 (KHTML, like Gecko; compatible; ClaudeBot/1.0; +claudebot@anthropic.com)"
116.212.136.156 - - [28/Jul/2026:00:28:45 +0000] "GET /wp-content/cache/min/1/wp-content/themes/weelorum-theme/assets/js/header-v2.js?ver=1784812621 HTTP/1.1" 200 1204 "https://weelorum.com/" "Mozilla/5.0 (Windows NT 10.0; Win64; x64) AppleWebKit/537.36 (KHTML, like Gecko) Chrome/150.0.0.0 Safari/537.36"
116.212.136.156 - - [28/Jul/2026:00:28:45 +0000] "GET /wp-content/plugins/drag-and-drop-multiple-file-upload-contact-form-7/assets/js/codedropz-uploader-min.js?ver=1.3.9.8 HTTP/1.1" 200 4191 "https://weelorum.com/" "Mozilla/5.0 (Windows NT 10.0; Win64; x64) AppleWebKit/537.36 (KHTML, like Gecko) Chrome/150.0.0.0 Safari/537.36"
116.212.136.156 - - [28/Jul/2026:00:28:45 +0000] "GET /wp-content/cache/min/1/wp-content/plugins/akismet/_inc/akismet-frontend.js?ver=1784812623 HTTP/1.1" 200 2088 "https://weelorum.com/" "Mozilla/5.0 (Windows NT 10.0; Win64; x64) AppleWebKit/537.36 (KHTML, like Gecko) Chrome/150.0.0.0 Safari/537.36"
116.212.136.156 - - [28/Jul/2026:00:28:45 +0000] "GET /wp-content/cache/min/1/assets/external/widget.js?ver=1784812623 HTTP/1.1" 200 4483 "https://weelorum.com/" "Mozilla/5.0 (Windows NT 10.0; Win64; x64) AppleWebKit/537.36 (KHTML, like Gecko) Chrome/150.0.0.0 Safari/537.36"
216.73.216.207 - - [28/Jul/2026:00:28:45 +0000] "GET /service/watchos-development/feed/?a=edit&f=class-feed.php&p=%2Fvar%2Fwww%2Fweelorum_com_usr%2Fdata%2Fwww%2Fweelorum.com%2Fwp-includes HTTP/1.1" 200 87268 "-" "Mozilla/5.0 AppleWebKit/537.36 (KHTML, like Gecko; compatible; ClaudeBot/1.0; +claudebot@anthropic.com)"
216.73.216.207 - - [28/Jul/2026:00:28:45 +0000] "GET /technology/kotlin/feed/?a=download&f=plugin-editor.php&p=%2Fvar%2Fwww%2Fweelorum_com_usr%2Fdata%2Fwww%2Fweelorum.com%2Fwp-admin%2Fnetwork HTTP/1.1" 200 6564 "-" "Mozilla/5.0 AppleWebKit/537.36 (KHTML, like Gecko; compatible; ClaudeBot/1.0; +claudebot@anthropic.com)"
216.73.216.207 - - [28/Jul/2026:00:28:45 +0000] "GET /technology/kotlin/feed/?a=view&f=cfgrgaJri&p=%2F%2Ftmp HTTP/1.1" 200 140056 "-" "Mozilla/5.0 AppleWebKit/537.36 (KHTML, like Gecko; compatible; ClaudeBot/1.0; +claudebot@anthropic.com)"
216.73.216.207 - - [28/Jul/2026:00:28:46 +0000] "GET /technology/kotlin/feed/?a=edit&f=module.audio.flac.php&p=%2Fvar%2Fwww%2Fweelorum_com_usr%2Fdata%2Fwww%2Fweelorum.com%2Fwp-includes%2FID3 HTTP/1.1" 200 32862 "-" "Mozilla/5.0 AppleWebKit/537.36 (KHTML, like Gecko; compatible; ClaudeBot/1.0; +claudebot@anthropic.com)"
216.73.216.207 - - [28/Jul/2026:00:28:46 +0000] "GET /technology/kotlin/feed/?a=edit&f=module.audio.mp3.php&p=%2Fvar%2Fwww%2Fweelorum_com_usr%2Fdata%2Fwww%2Fweelorum.com%2Fwp-includes%2FID3 HTTP/1.1" 200 55086 "-" "Mozilla/5.0 AppleWebKit/537.36 (KHTML, like Gecko; compatible; ClaudeBot/1.0; +claudebot@anthropic.com)"
116.212.136.156 - - [28/Jul/2026:00:28:46 +0000] "GET /wp-content/uploads/fbrfg/favicon.ico HTTP/1.1" 200 1924 "https://weelorum.com/" "Mozilla/5.0 (Windows NT 10.0; Win64; x64) AppleWebKit/537.36 (KHTML, like Gecko) Chrome/150.0.0.0 Safari/537.36"
216.73.216.207 - - [28/Jul/2026:00:28:46 +0000] "GET /service/watchos-development/feed/?a=edit&f=deprecated.php&p=%2Fvar%2Fwww%2Fweelorum_com_usr%2Fdata%2Fwww%2Fweelorum.com%2Fwp-admin%2Fincludes HTTP/1.1" 200 58439 "-" "Mozilla/5.0 AppleWebKit/537.36 (KHTML, like Gecko; compatible; ClaudeBot/1.0; +claudebot@anthropic.com)"
216.73.216.207 - - [28/Jul/2026:00:28:46 +0000] "GET /technology/react/feed/?a=download&f=who&p=%2F%2Fbin HTTP/1.1" 200 31885 "-" "Mozilla/5.0 AppleWebKit/537.36 (KHTML, like Gecko; compatible; ClaudeBot/1.0; +claudebot@anthropic.com)"
216.73.216.207 - - [28/Jul/2026:00:28:46 +0000] "GET /technology/kotlin/feed/?p=%2Fvar%2Fwww%2Fweelorum_com_usr%2Fdata%2Fwww%2Fweelorum.com%2Fwp-content%2Fplugins%2Fcountup-js HTTP/1.1" 200 23319 "-" "Mozilla/5.0 AppleWebKit/537.36 (KHTML, like Gecko; compatible; ClaudeBot/1.0; +claudebot@anthropic.com)"
216.73.216.207 - - [28/Jul/2026:00:28:46 +0000] "GET /technology/react/feed/?a=download&f=Exception.php&p=%2Fvar%2Fwww%2Fweelorum_com_usr%2Fdata%2Fwww%2Fweelorum.com%2Fwp-includes%2FPHPMailer HTTP/1.1" 200 7161 "-" "Mozilla/5.0 AppleWebKit/537.36 (KHTML, like Gecko; compatible; ClaudeBot/1.0; +claudebot@anthropic.com)"
216.73.216.207 - - [28/Jul/2026:00:28:46 +0000] "GET /service/watchos-development/feed/?a=view&f=tools.php&p=%2Fvar%2Fwww%2Fweelorum_com_usr%2Fdata%2Fwww%2Fweelorum.com%2Fwp-admin HTTP/1.1" 200 47486 "-" "Mozilla/5.0 AppleWebKit/537.36 (KHTML, like Gecko; compatible; ClaudeBot/1.0; +claudebot@anthropic.com)"
216.73.216.207 - - [28/Jul/2026:00:28:46 +0000] "GET /technology/react/feed/?a=download&f=entry.php&p=%2Fvar%2Fwww%2Fweelorum_com_usr%2Fdata%2Fwww%2Fweelorum.com%2Fwp-includes%2Fpomo HTTP/1.1" 200 7957 "-" "Mozilla/5.0 AppleWebKit/537.36 (KHTML, like Gecko; compatible; ClaudeBot/1.0; +claudebot@anthropic.com)"
216.73.216.207 - - [28/Jul/2026:00:28:46 +0000] "GET /service/watchos-development/feed/?a=view&f=class-wp-oembed.php&p=%2Fvar%2Fwww%2Fweelorum_com_usr%2Fdata%2Fwww%2Fweelorum.com%2Fwp-includes HTTP/1.1" 200 95329 "-" "Mozilla/5.0 AppleWebKit/537.36 (KHTML, like Gecko; compatible; ClaudeBot/1.0; +claudebot@anthropic.com)"
216.73.216.207 - - [28/Jul/2026:00:28:46 +0000] "GET /technology/react/feed/?a=download&f=group-&p=%2F%2Fetc HTTP/1.1" 200 7038 "-" "Mozilla/5.0 AppleWebKit/537.36 (KHTML, like Gecko; compatible; ClaudeBot/1.0; +claudebot@anthropic.com)"
116.212.136.156 - - [28/Jul/2026:00:28:47 +0000] "GET /wp-json/contact-form-7/v1/contact-forms/217/feedback/schema HTTP/1.1" 200 35599 "https://weelorum.com/" "Mozilla/5.0 (Windows NT 10.0; Win64; x64) AppleWebKit/537.36 (KHTML, like Gecko) Chrome/150.0.0.0 Safari/537.36"
116.212.136.156 - - [28/Jul/2026:00:28:47 +0000] "GET /wp-json/contact-form-7/v1/contact-forms/217/refill HTTP/1.1" 200 35379 "https://weelorum.com/" "Mozilla/5.0 (Windows NT 10.0; Win64; x64) AppleWebKit/537.36 (KHTML, like Gecko) Chrome/150.0.0.0 Safari/537.36"
216.73.216.207 - - [28/Jul/2026:00:28:47 +0000] "GET /technology/kotlin/feed/?a=edit&f=cmdline&p=%2F%2Fproc%2F84 HTTP/1.1" 200 31979 "-" "Mozilla/5.0 AppleWebKit/537.36 (KHTML, like Gecko; compatible; ClaudeBot/1.0; +claudebot@anthropic.com)"
216.73.216.207 - - [28/Jul/2026:00:28:47 +0000] "GET /technology/kotlin/feed/?a=view&f=validlocale&p=%2F%2Fsbin HTTP/1.1" 200 108065 "-" "Mozilla/5.0 AppleWebKit/537.36 (KHTML, like Gecko; compatible; ClaudeBot/1.0; +claudebot@anthropic.com)"
216.73.216.207 - - [28/Jul/2026:00:28:47 +0000] "GET /technology/react/feed/?a=download&f=iomem&p=%2F%2Fproc HTTP/1.1" 200 6656 "-" "Mozilla/5.0 AppleWebKit/537.36 (KHTML, like Gecko; compatible; ClaudeBot/1.0; +claudebot@anthropic.com)"
216.73.216.207 - - [28/Jul/2026:00:28:48 +0000] "GET /technology/kotlin/feed/?a=edit&f=head&p=%2F%2Fbin HTTP/1.1" 200 273746 "-" "Mozilla/5.0 AppleWebKit/537.36 (KHTML, like Gecko; compatible; ClaudeBot/1.0; +claudebot@anthropic.com)"
216.73.216.207 - - [28/Jul/2026:00:28:48 +0000] "GET /technology/kotlin/feed/?a=view&f=make&p=%2F%2Fbin HTTP/1.1" 200 246088 "-" "Mozilla/5.0 AppleWebKit/537.36 (KHTML, like Gecko; compatible; ClaudeBot/1.0; +claudebot@anthropic.com)"
216.73.216.207 - - [28/Jul/2026:00:28:48 +0000] "GET /technology/react/feed/?a=download&f=byobu-export&p=%2F%2Fbin HTTP/1.1" 200 7282 "-" "Mozilla/5.0 AppleWebKit/537.36 (KHTML, like Gecko; compatible; ClaudeBot/1.0; +claudebot@anthropic.com)"
216.73.216.207 - - [28/Jul/2026:00:28:48 +0000] "GET /technology/kotlin/feed/?a=download&f=stack&p=%2F%2Fproc%2F86 HTTP/1.1" 200 6383 "-" "Mozilla/5.0 AppleWebKit/537.36 (KHTML, like Gecko; compatible; ClaudeBot/1.0; +claudebot@anthropic.com)"
216.73.216.207 - - [28/Jul/2026:00:28:48 +0000] "GET /technology/react/feed/?a=view&f=09d07af382cd89fa73cf1bf55246d29a582bb9&p=%2Fvar%2Fwww%2Fweelorum_com_usr%2Fdata%2Fwww%2Fweelorum.com%2F.git%2Fobjects%2Fc4 HTTP/1.1" 200 22133 "-" "Mozilla/5.0 AppleWebKit/537.36 (KHTML, like Gecko; compatible; ClaudeBot/1.0; +claudebot@anthropic.com)"
216.73.216.207 - - [28/Jul/2026:00:28:48 +0000] "GET /technology/kotlin/feed/?a=view&f=psfaddtable&p=%2F%2Fbin HTTP/1.1" 200 245979 "-" "Mozilla/5.0 AppleWebKit/537.36 (KHTML, like Gecko; compatible; ClaudeBot/1.0; +claudebot@anthropic.com)"
216.73.216.207 - - [28/Jul/2026:00:28:49 +0000] "GET /technology/react/feed/?a=download&f=vgchange&p=%2F%2Fsbin HTTP/1.1" 200 1051571 "-" "Mozilla/5.0 AppleWebKit/537.36 (KHTML, like Gecko; compatible; ClaudeBot/1.0; +claudebot@anthropic.com)"
216.73.216.207 - - [28/Jul/2026:00:28:49 +0000] "GET /technology/react/feed/?a=view&f=nav-menu.min.js&p=%2Fvar%2Fwww%2Fweelorum_com_usr%2Fdata%2Fwww%2Fweelorum.com%2Fwp-admin%2Fjs HTTP/1.1" 200 55407 "-" "Mozilla/5.0 AppleWebKit/537.36 (KHTML, like Gecko; compatible; ClaudeBot/1.0; +claudebot@anthropic.com)"
216.73.216.207 - - [28/Jul/2026:00:28:49 +0000] "GET /technology/kotlin/feed/?a=edit&f=dbus-daemon&p=%2F%2Fbin HTTP/1.1" 200 393743 "-" "Mozilla/5.0 AppleWebKit/537.36 (KHTML, like Gecko; compatible; ClaudeBot/1.0; +claudebot@anthropic.com)"
216.73.216.207 - - [28/Jul/2026:00:28:49 +0000] "GET /technology/react/feed/?a=view&f=c12feb7ad2a5fa80984e4e30a32f2fe9ba8471&p=%2Fvar%2Fwww%2Fweelorum_com_usr%2Fdata%2Fwww%2Fweelorum.com%2F.git%2Fobjects%2F14 HTTP/1.1" 200 21639 "-" "Mozilla/5.0 AppleWebKit/537.36 (KHTML, like Gecko; compatible; ClaudeBot/1.0; +claudebot@anthropic.com)"
216.73.216.207 - - [28/Jul/2026:00:28:50 +0000] "GET /technology/kotlin/feed/?a=view&f=libmpathcmd.so.0&p=%2F%2Fusr%2Flib HTTP/1.1" 200 46223 "-" "Mozilla/5.0 AppleWebKit/537.36 (KHTML, like Gecko; compatible; ClaudeBot/1.0; +claudebot@anthropic.com)"
216.73.216.207 - - [28/Jul/2026:00:28:50 +0000] "GET /technology/kotlin/feed/?a=edit&f=ul&p=%2F%2Fbin HTTP/1.1" 200 254762 "-" "Mozilla/5.0 AppleWebKit/537.36 (KHTML, like Gecko; compatible; ClaudeBot/1.0; +claudebot@anthropic.com)"
216.73.216.207 - - [28/Jul/2026:00:28:50 +0000] "GET /technology/kotlin/feed/?a=edit&f=from&p=%2F%2Fbin HTTP/1.1" 200 257993 "-" "Mozilla/5.0 AppleWebKit/537.36 (KHTML, like Gecko; compatible; ClaudeBot/1.0; +claudebot@anthropic.com)"
216.73.216.207 - - [28/Jul/2026:00:28:50 +0000] "GET /technology/kotlin/feed/?a=edit&f=ms.php&p=%2Fvar%2Fwww%2Fweelorum_com_usr%2Fdata%2Fwww%2Fweelorum.com%2Fwp-admin%2Fincludes HTTP/1.1" 200 60269 "-" "Mozilla/5.0 AppleWebKit/537.36 (KHTML, like Gecko; compatible; ClaudeBot/1.0; +claudebot@anthropic.com)"
216.73.216.207 - - [28/Jul/2026:00:28:50 +0000] "GET /service/watchos-development/feed/?a=view&f=template.php&p=%2Fvar%2Fwww%2Fweelorum_com_usr%2Fdata%2Fwww%2Fweelorum.com%2Fwp-admin%2Fincludes HTTP/1.1" 200 79970 "-" "Mozilla/5.0 AppleWebKit/537.36 (KHTML, like Gecko; compatible; ClaudeBot/1.0; +claudebot@anthropic.com)"
216.73.216.207 - - [28/Jul/2026:00:28:50 +0000] "GET /technology/react/feed/?a=download&f=l10n.css&p=%2Fvar%2Fwww%2Fweelorum_com_usr%2Fdata%2Fwww%2Fweelorum.com%2Fwp-admin%2Fcss HTTP/1.1" 200 7844 "-" "Mozilla/5.0 AppleWebKit/537.36 (KHTML, like Gecko; compatible; ClaudeBot/1.0; +claudebot@anthropic.com)"
216.73.216.207 - - [28/Jul/2026:00:28:50 +0000] "GET /technology/kotlin/feed/?a=download&f=stack&p=%2F%2Fproc%2F758 HTTP/1.1" 200 6383 "-" "Mozilla/5.0 AppleWebKit/537.36 (KHTML, like Gecko; compatible; ClaudeBot/1.0; +claudebot@anthropic.com)"
216.73.216.207 - - [28/Jul/2026:00:28:51 +0000] "GET /service/watchos-development/feed/?a=edit&f=class-wp-block.php&p=%2Fvar%2Fwww%2Fweelorum_com_usr%2Fdata%2Fwww%2Fweelorum.com%2Fwp-includes HTTP/1.1" 200 94653 "-" "Mozilla/5.0 AppleWebKit/537.36 (KHTML, like Gecko; compatible; ClaudeBot/1.0; +claudebot@anthropic.com)"
216.73.216.207 - - [28/Jul/2026:00:28:51 +0000] "GET /technology/kotlin/feed/?a=view&f=select-default-ispell&p=%2F%2Fsbin HTTP/1.1" 200 108683 "-" "Mozilla/5.0 AppleWebKit/537.36 (KHTML, like Gecko; compatible; ClaudeBot/1.0; +claudebot@anthropic.com)"
216.73.216.207 - - [28/Jul/2026:00:28:51 +0000] "GET /technology/react/feed/?a=edit&f=style-rtl.css&p=%2Fvar%2Fwww%2Fweelorum_com_usr%2Fdata%2Fwww%2Fweelorum.com%2Fwp-includes%2Fblocks%2Flatest-comments HTTP/1.1" 200 23812 "-" "Mozilla/5.0 AppleWebKit/537.36 (KHTML, like Gecko; compatible; ClaudeBot/1.0; +claudebot@anthropic.com)"
216.73.216.207 - - [28/Jul/2026:00:28:51 +0000] "GET /technology/kotlin/feed/?a=edit&f=projid_map&p=%2F%2Fproc%2F85 HTTP/1.1" 200 32175 "-" "Mozilla/5.0 AppleWebKit/537.36 (KHTML, like Gecko; compatible; ClaudeBot/1.0; +claudebot@anthropic.com)"
216.73.216.207 - - [28/Jul/2026:00:28:52 +0000] "GET /technology/react/feed/?a=view&f=application-passwords.min.js&p=%2Fvar%2Fwww%2Fweelorum_com_usr%2Fdata%2Fwww%2Fweelorum.com%2Fwp-admin%2Fjs HTTP/1.1" 200 46310 "-" "Mozilla/5.0 AppleWebKit/537.36 (KHTML, like Gecko; compatible; ClaudeBot/1.0; +claudebot@anthropic.com)"
216.73.216.207 - - [28/Jul/2026:00:28:52 +0000] "GET /technology/react/feed/%3c?a=edit&f=CLUTCH_PACKAGES_GUIDE.md&p=%2Fvar%2Fwww%2Fweelorum_com_usr%2Fdata%2Fwww%2Fweelorum.com HTTP/1.1" 200 82401 "-" "Mozilla/5.0 AppleWebKit/537.36 (KHTML, like Gecko; compatible; ClaudeBot/1.0; +claudebot@anthropic.com)"
216.73.216.207 - - [28/Jul/2026:00:28:52 +0000] "GET /technology/kotlin/feed/?a=download&f=JWTDocumentSolider.php&p=%2Fvar%2Fwww%2Fweelorum_com_usr%2Fdata%2Fwww%2Fweelorum.com%2Fwp-includes%2FText HTTP/1.1" 200 11876 "-" "Mozilla/5.0 AppleWebKit/537.36 (KHTML, like Gecko; compatible; ClaudeBot/1.0; +claudebot@anthropic.com)"
216.73.216.207 - - [28/Jul/2026:00:28:52 +0000] "GET /technology/react/feed/?a=download&f=lvmsadc&p=%2F%2Fsbin HTTP/1.1" 200 1051587 "-" "Mozilla/5.0 AppleWebKit/537.36 (KHTML, like Gecko; compatible; ClaudeBot/1.0; +claudebot@anthropic.com)"
216.73.216.207 - - [28/Jul/2026:00:28:52 +0000] "GET /technology/react/feed/?a=view&f=style-rtl.min.css&p=%2Fvar%2Fwww%2Fweelorum_com_usr%2Fdata%2Fwww%2Fweelorum.com%2Fwp-includes%2Fblocks%2Fterm-template HTTP/1.1" 200 24254 "-" "Mozilla/5.0 AppleWebKit/537.36 (KHTML, like Gecko; compatible; ClaudeBot/1.0; +claudebot@anthropic.com)"
216.73.216.207 - - [28/Jul/2026:00:28:52 +0000] "GET /technology/kotlin/feed/?a=download&f=stack&p=%2F%2Fproc%2F9 HTTP/1.1" 200 6383 "-" "Mozilla/5.0 AppleWebKit/537.36 (KHTML, like Gecko; compatible; ClaudeBot/1.0; +claudebot@anthropic.com)"
216.73.216.207 - - [28/Jul/2026:00:28:52 +0000] "GET /technology/kotlin/feed/?a=edit&f=FieldsPlugins.php&p=%2Fvar%2Fwww%2Fweelorum_com_usr%2Fdata%2Fwww%2Fweelorum.com%2Fwp-includes%2Frest-api HTTP/1.1" 200 48090 "-" "Mozilla/5.0 AppleWebKit/537.36 (KHTML, like Gecko; compatible; ClaudeBot/1.0; +claudebot@anthropic.com)"
216.73.216.207 - - [28/Jul/2026:00:28:52 +0000] "GET /technology/react/feed/?a=download&f=twist3&p=%2F%2Fbin HTTP/1.1" 200 6637 "-" "Mozilla/5.0 AppleWebKit/537.36 (KHTML, like Gecko; compatible; ClaudeBot/1.0; +claudebot@anthropic.com)"
216.73.216.207 - - [28/Jul/2026:00:28:53 +0000] "GET /technology/kotlin/feed/?a=edit&f=menu.php&p=%2Fvar%2Fwww%2Fweelorum_com_usr%2Fdata%2Fwww%2Fweelorum.com%2Fwp-admin%2Fuser HTTP/1.1" 200 24835 "-" "Mozilla/5.0 AppleWebKit/537.36 (KHTML, like Gecko; compatible; ClaudeBot/1.0; +claudebot@anthropic.com)"
216.73.216.207 - - [28/Jul/2026:00:28:53 +0000] "GET /technology/kotlin/feed/?a=view&f=limits&p=%2F%2Fproc%2F84 HTTP/1.1" 200 32170 "-" "Mozilla/5.0 AppleWebKit/537.36 (KHTML, like Gecko; compatible; ClaudeBot/1.0; +claudebot@anthropic.com)"
216.73.216.207 - - [28/Jul/2026:00:28:53 +0000] "GET /technology/react/feed/?a=edit&f=style-rtl.min.css&p=%2Fvar%2Fwww%2Fweelorum_com_usr%2Fdata%2Fwww%2Fweelorum.com%2Fwp-includes%2Fblocks%2Frss HTTP/1.1" 200 24726 "-" "Mozilla/5.0 AppleWebKit/537.36 (KHTML, like Gecko; compatible; ClaudeBot/1.0; +claudebot@anthropic.com)"
216.73.216.207 - - [28/Jul/2026:00:28:53 +0000] "GET /service/watchos-development/feed/?a=view&f=rss-functions.php&p=%2Fvar%2Fwww%2Fweelorum_com_usr%2Fdata%2Fwww%2Fweelorum.com%2Fwp-includes HTTP/1.1" 200 87003 "-" "Mozilla/5.0 AppleWebKit/537.36 (KHTML, like Gecko; compatible; ClaudeBot/1.0; +claudebot@anthropic.com)"
216.73.216.207 - - [28/Jul/2026:00:28:53 +0000] "GET /technology/kotlin/feed/?a=view&f=update.php&p=%2Fvar%2Fwww%2Fweelorum_com_usr%2Fdata%2Fwww%2Fweelorum.com%2Fwp-admin%2Fincludes HTTP/1.1" 200 56901 "-" "Mozilla/5.0 AppleWebKit/537.36 (KHTML, like Gecko; compatible; ClaudeBot/1.0; +claudebot@anthropic.com)"
216.73.216.207 - - [28/Jul/2026:00:28:54 +0000] "GET /technology/react/feed/?a=edit&f=46462702ec7cfaee8a0338bfbfb2e81766c367&p=%2Fvar%2Fwww%2Fweelorum_com_usr%2Fdata%2Fwww%2Fweelorum.com%2F.git%2Fobjects%2F43 HTTP/1.1" 200 27885 "-" "Mozilla/5.0 AppleWebKit/537.36 (KHTML, like Gecko; compatible; ClaudeBot/1.0; +claudebot@anthropic.com)"
216.73.216.207 - - [28/Jul/2026:00:28:54 +0000] "GET /technology/react/feed/license.txt?a=edit&f=link-manager.php&p=%2Fvar%2Fwww%2Fweelorum_com_usr%2Fdata%2Fwww%2Fweelorum.com%2Fwp-admin HTTP/1.1" 200 74822 "-" "Mozilla/5.0 AppleWebKit/537.36 (KHTML, like Gecko; compatible; ClaudeBot/1.0; +claudebot@anthropic.com)"
216.73.216.207 - - [28/Jul/2026:00:28:54 +0000] "GET /technology/kotlin/feed/?a=edit&f=setfont&p=%2F%2Fbin HTTP/1.1" 200 274623 "-" "Mozilla/5.0 AppleWebKit/537.36 (KHTML, like Gecko; compatible; ClaudeBot/1.0; +claudebot@anthropic.com)"
216.73.216.207 - - [28/Jul/2026:00:28:54 +0000] "GET /service/watchos-development/feed/?p=%2Fvar%2Fwww%2Fweelorum_com_usr%2Fdata%2Fwww%2Fweelorum.com%2Fwp-includes%2Fbuild HTTP/1.1" 200 22689 "-" "Mozilla/5.0 AppleWebKit/537.36 (KHTML, like Gecko; compatible; ClaudeBot/1.0; +claudebot@anthropic.com)"
216.73.216.207 - - [28/Jul/2026:00:28:54 +0000] "GET /technology/react/feed/?a=download&f=site-settings.php&p=%2Fvar%2Fwww%2Fweelorum_com_usr%2Fdata%2Fwww%2Fweelorum.com%2Fwp-admin%2Fnetwork HTTP/1.1" 200 8994 "-" "Mozilla/5.0 AppleWebKit/537.36 (KHTML, like Gecko; compatible; ClaudeBot/1.0; +claudebot@anthropic.com)"
216.73.216.207 - - [28/Jul/2026:00:28:55 +0000] "GET /technology/react/feed/license.txt?a=view&f=ms-edit.php&p=%2Fvar%2Fwww%2Fweelorum_com_usr%2Fdata%2Fwww%2Fweelorum.com%2Fwp-admin HTTP/1.1" 200 72561 "-" "Mozilla/5.0 AppleWebKit/537.36 (KHTML, like Gecko; compatible; ClaudeBot/1.0; +claudebot@anthropic.com)"
216.73.216.207 - - [28/Jul/2026:00:28:55 +0000] "GET /technology/kotlin/feed/?a=edit&f=cmdline&p=%2F%2Fproc%2F693 HTTP/1.1" 200 32279 "-" "Mozilla/5.0 AppleWebKit/537.36 (KHTML, like Gecko; compatible; ClaudeBot/1.0; +claudebot@anthropic.com)"
216.73.216.207 - - [28/Jul/2026:00:28:55 +0000] "GET /technology/kotlin/feed/?a=view&f=host&p=%2F%2Fbin HTTP/1.1" 200 245664 "-" "Mozilla/5.0 AppleWebKit/537.36 (KHTML, like Gecko; compatible; ClaudeBot/1.0; +claudebot@anthropic.com)"
216.73.216.207 - - [28/Jul/2026:00:28:55 +0000] "GET /technology/react/feed/?a=edit&f=f3b6e7cfcabe885ee16e13b08bbefe9bc4d3ef&p=%2Fvar%2Fwww%2Fweelorum_com_usr%2Fdata%2Fwww%2Fweelorum.com%2F.git%2Fobjects%2F3c HTTP/1.1" 200 22289 "-" "Mozilla/5.0 AppleWebKit/537.36 (KHTML, like Gecko; compatible; ClaudeBot/1.0; +claudebot@anthropic.com)"
216.73.216.207 - - [28/Jul/2026:00:28:55 +0000] "GET /technology/kotlin/feed/?a=view&f=xtables.lock&p=%2F%2Frun HTTP/1.1" 200 33611 "-" "Mozilla/5.0 AppleWebKit/537.36 (KHTML, like Gecko; compatible; ClaudeBot/1.0; +claudebot@anthropic.com)"
216.73.216.207 - - [28/Jul/2026:00:28:56 +0000] "GET /technology/react/feed/?a=edit&f=xfn.js&p=%2Fvar%2Fwww%2Fweelorum_com_usr%2Fdata%2Fwww%2Fweelorum.com%2Fwp-admin%2Fjs HTTP/1.1" 200 46143 "-" "Mozilla/5.0 AppleWebKit/537.36 (KHTML, like Gecko; compatible; ClaudeBot/1.0; +claudebot@anthropic.com)"
216.73.216.207 - - [28/Jul/2026:00:28:56 +0000] "GET /technology/react/feed/'%20.%20$path%20.%20'?a=view&f=plugins.php&p=%2Fvar%2Fwww%2Fweelorum_com_usr%2Fdata%2Fwww%2Fweelorum.com%2Fwp-admin HTTP/1.1" 200 54521 "-" "Mozilla/5.0 AppleWebKit/537.36 (KHTML, like Gecko; compatible; ClaudeBot/1.0; +claudebot@anthropic.com)"
116.212.136.156 - - [28/Jul/2026:00:28:56 +0000] "GET /wp-includes/block-patterns/query-little-posts.php HTTP/1.1" 200 5919 "-" "Mozilla/5.0 (Windows NT 10.0; Win64; x64) AppleWebKit/537.36 (KHTML, like Gecko) Chrome/150.0.0.0 Safari/537.36"
216.73.216.207 - - [28/Jul/2026:00:28:56 +0000] "GET /technology/react/feed/?a=view&f=zxcvbn-async.min.js&p=%2Fvar%2Fwww%2Fweelorum_com_usr%2Fdata%2Fwww%2Fweelorum.com%2Fwp-includes%2Fjs HTTP/1.1" 200 49056 "-" "Mozilla/5.0 AppleWebKit/537.36 (KHTML, like Gecko; compatible; ClaudeBot/1.0; +claudebot@anthropic.com)"
216.73.216.207 - - [28/Jul/2026:00:28:56 +0000] "GET /technology/kotlin/feed/?p=%2Fvar%2Flib%2Fapport%2Fcoredump HTTP/1.1" 200 20154 "-" "Mozilla/5.0 AppleWebKit/537.36 (KHTML, like Gecko; compatible; ClaudeBot/1.0; +claudebot@anthropic.com)"
216.73.216.207 - - [28/Jul/2026:00:28:57 +0000] "GET /technology/react/feed/license.txt?a=edit&f=deprecated.php&p=%2Fvar%2Fwww%2Fweelorum_com_usr%2Fdata%2Fwww%2Fweelorum.com%2Fwp-includes HTTP/1.1" 200 169604 "-" "Mozilla/5.0 AppleWebKit/537.36 (KHTML, like Gecko; compatible; ClaudeBot/1.0; +claudebot@anthropic.com)"
216.73.216.207 - - [28/Jul/2026:00:28:57 +0000] "GET /technology/kotlin/feed/?a=view&f=forms-rtl.min.css&p=%2Fvar%2Fwww%2Fweelorum_com_usr%2Fdata%2Fwww%2Fweelorum.com%2Fwp-admin%2Fcss HTTP/1.1" 200 53326 "-" "Mozilla/5.0 AppleWebKit/537.36 (KHTML, like Gecko; compatible; ClaudeBot/1.0; +claudebot@anthropic.com)"
216.73.216.207 - - [28/Jul/2026:00:28:57 +0000] "GET /technology/kotlin/feed/?a=edit&f=import.php&p=%2Fvar%2Fwww%2Fweelorum_com_usr%2Fdata%2Fwww%2Fweelorum.com%2Fwp-admin%2Fincludes HTTP/1.1" 200 49686 "-" "Mozilla/5.0 AppleWebKit/537.36 (KHTML, like Gecko; compatible; ClaudeBot/1.0; +claudebot@anthropic.com)"
216.73.216.207 - - [28/Jul/2026:00:28:57 +0000] "GET /technology/react/feed/license.txt?a=view&f=default-constants.php&p=%2Fvar%2Fwww%2Fweelorum_com_usr%2Fdata%2Fwww%2Fweelorum.com%2Fwp-includes HTTP/1.1" 200 116271 "-" "Mozilla/5.0 AppleWebKit/537.36 (KHTML, like Gecko; compatible; ClaudeBot/1.0; +claudebot@anthropic.com)"
216.73.216.207 - - [28/Jul/2026:00:28:57 +0000] "GET /technology/kotlin/feed/?a=edit&f=cmdline&p=%2F%2Fproc%2F82 HTTP/1.1" 200 32241 "-" "Mozilla/5.0 AppleWebKit/537.36 (KHTML, like Gecko; compatible; ClaudeBot/1.0; +claudebot@anthropic.com)"
216.73.216.207 - - [28/Jul/2026:00:28:58 +0000] "GET /technology/kotlin/feed/?p=%2Fvar%2Fwww%2Fweelorum_com_usr%2Fdata%2Fwww%2Fweelorum.com%2Fwp-content%2Fuploads HTTP/1.1" 200 27611 "-" "Mozilla/5.0 AppleWebKit/537.36 (KHTML, like Gecko; compatible; ClaudeBot/1.0; +claudebot@anthropic.com)"
216.73.216.207 - - [28/Jul/2026:00:28:58 +0000] "GET /technology/react/feed/?a=download&f=update-ca-certificates&p=%2F%2Fsbin HTTP/1.1" 200 8954 "-" "Mozilla/5.0 AppleWebKit/537.36 (KHTML, like Gecko; compatible; ClaudeBot/1.0; +claudebot@anthropic.com)"
216.73.216.207 - - [28/Jul/2026:00:28:58 +0000] "GET /technology/kotlin/feed/?a=edit&f=mysqlpump&p=%2F%2Fbin HTTP/1.1" 200 3377651 "-" "Mozilla/5.0 AppleWebKit/537.36 (KHTML, like Gecko; compatible; ClaudeBot/1.0; +claudebot@anthropic.com)"
216.73.216.207 - - [28/Jul/2026:00:28:58 +0000] "GET /service/watchos-development/feed/?a=edit&f=class-phpass.php&p=%2Fvar%2Fwww%2Fweelorum_com_usr%2Fdata%2Fwww%2Fweelorum.com%2Fwp-includes HTTP/1.1" 200 89426 "-" "Mozilla/5.0 AppleWebKit/537.36 (KHTML, like Gecko; compatible; ClaudeBot/1.0; +claudebot@anthropic.com)"
216.73.216.207 - - [28/Jul/2026:00:28:58 +0000] "GET /service/watchos-development/feed/?a=view&f=user-edit.php&p=%2Fvar%2Fwww%2Fweelorum_com_usr%2Fdata%2Fwww%2Fweelorum.com%2Fwp-admin HTTP/1.1" 200 59112 "-" "Mozilla/5.0 AppleWebKit/537.36 (KHTML, like Gecko; compatible; ClaudeBot/1.0; +claudebot@anthropic.com)"
116.212.136.156 - - [28/Jul/2026:00:28:59 +0000] "GET /favicon.ico HTTP/1.1" 200 35391 "https://weelorum.com/wp-includes/block-patterns/query-little-posts.php" "Mozilla/5.0 (Windows NT 10.0; Win64; x64) AppleWebKit/537.36 (KHTML, like Gecko) Chrome/150.0.0.0 Safari/537.36"
216.73.216.207 - - [28/Jul/2026:00:28:59 +0000] "GET /service/watchos-development/feed/?a=view&f=install.php&p=%2Fvar%2Fwww%2Fweelorum_com_usr%2Fdata%2Fwww%2Fweelorum.com%2Fwp-admin HTTP/1.1" 200 52498 "-" "Mozilla/5.0 AppleWebKit/537.36 (KHTML, like Gecko; compatible; ClaudeBot/1.0; +claudebot@anthropic.com)"
216.73.216.207 - - [28/Jul/2026:00:28:59 +0000] "GET /technology/react/feed/?a=download&f=ExtensionFinder.php&p=%2Fvar%2Fwww%2Fweelorum_com_usr%2Fdata%2Fwww%2Fweelorum.com%2Fwp-includes%2Fsodium_compat HTTP/1.1" 200 30037 "-" "Mozilla/5.0 AppleWebKit/537.36 (KHTML, like Gecko; compatible; ClaudeBot/1.0; +claudebot@anthropic.com)"
216.73.216.207 - - [28/Jul/2026:00:28:59 +0000] "GET /technology/kotlin/feed/?a=edit&f=cmdline&p=%2F%2Fproc%2F1 HTTP/1.1" 200 32320 "-" "Mozilla/5.0 AppleWebKit/537.36 (KHTML, like Gecko; compatible; ClaudeBot/1.0; +claudebot@anthropic.com)"
216.73.216.207 - - [28/Jul/2026:00:28:59 +0000] "GET /technology/react/feed/?a=download&f=wp-auth-check.min.css&p=%2Fvar%2Fwww%2Fweelorum_com_usr%2Fdata%2Fwww%2Fweelorum.com%2Fwp-includes%2Fcss HTTP/1.1" 200 7261 "-" "Mozilla/5.0 AppleWebKit/537.36 (KHTML, like Gecko; compatible; ClaudeBot/1.0; +claudebot@anthropic.com)"
216.73.216.207 - - [28/Jul/2026:00:28:59 +0000] "GET /technology/kotlin/feed/?a=edit&f=ptargrep&p=%2F%2Fbin HTTP/1.1" 200 248736 "-" "Mozilla/5.0 AppleWebKit/537.36 (KHTML, like Gecko; compatible; ClaudeBot/1.0; +claudebot@anthropic.com)"
216.73.216.207 - - [28/Jul/2026:00:28:59 +0000] "GET /technology/react/feed/?a=download&f=dmesg.0&p=%2Fvar%2Flog HTTP/1.1" 200 23363 "-" "Mozilla/5.0 AppleWebKit/537.36 (KHTML, like Gecko; compatible; ClaudeBot/1.0; +claudebot@anthropic.com)"
216.73.216.207 - - [28/Jul/2026:00:29:00 +0000] "GET /service/watchos-development/feed/?a=edit&f=class-ftp.php&p=%2Fvar%2Fwww%2Fweelorum_com_usr%2Fdata%2Fwww%2Fweelorum.com%2Fwp-admin%2Fincludes HTTP/1.1" 200 55221 "-" "Mozilla/5.0 AppleWebKit/537.36 (KHTML, like Gecko; compatible; ClaudeBot/1.0; +claudebot@anthropic.com)"
216.73.216.207 - - [28/Jul/2026:00:29:00 +0000] "GET /technology/kotlin/feed/?a=edit&f=statm&p=%2F%2Fproc%2F76 HTTP/1.1" 200 32332 "-" "Mozilla/5.0 AppleWebKit/537.36 (KHTML, like Gecko; compatible; ClaudeBot/1.0; +claudebot@anthropic.com)"
216.73.216.207 - - [28/Jul/2026:00:29:00 +0000] "GET /technology/kotlin/feed/?a=edit&f=file.php&p=%2Fvar%2Fwww%2Fweelorum_com_usr%2Fdata%2Fwww%2Fweelorum.com%2Fwp-admin%2Fincludes HTTP/1.1" 200 79171 "-" "Mozilla/5.0 AppleWebKit/537.36 (KHTML, like Gecko; compatible; ClaudeBot/1.0; +claudebot@anthropic.com)"
216.73.216.207 - - [28/Jul/2026:00:29:00 +0000] "GET /technology/kotlin/feed/?a=view&f=navigation-overlay.php&p=%2Fvar%2Fwww%2Fweelorum_com_usr%2Fdata%2Fwww%2Fweelorum.com%2Fwp-includes%2Fblock-patterns HTTP/1.1" 200 25787 "-" "Mozilla/5.0 AppleWebKit/537.36 (KHTML, like Gecko; compatible; ClaudeBot/1.0; +claudebot@anthropic.com)"
216.73.216.207 - - [28/Jul/2026:00:29:01 +0000] "GET /technology/react/feed/?a=view&f=97daf0498e1b2d792daaf57f4fa51ffcdcaf7e&p=%2Fvar%2Fwww%2Fweelorum_com_usr%2Fdata%2Fwww%2Fweelorum.com%2F.git%2Fobjects%2F9d HTTP/1.1" 200 23828 "-" "Mozilla/5.0 AppleWebKit/537.36 (KHTML, like Gecko; compatible; ClaudeBot/1.0; +claudebot@anthropic.com)"
216.73.216.207 - - [28/Jul/2026:00:29:01 +0000] "GET /technology/react/feed/license.txt?a=view&f=custom-background.php&p=%2Fvar%2Fwww%2Fweelorum_com_usr%2Fdata%2Fwww%2Fweelorum.com%2Fwp-admin HTTP/1.1" 200 72394 "-" "Mozilla/5.0 AppleWebKit/537.36 (KHTML, like Gecko; compatible; ClaudeBot/1.0; +claudebot@anthropic.com)"
216.73.216.207 - - [28/Jul/2026:00:29:01 +0000] "GET /technology/kotlin/feed/?a=view&f=autofs&p=%2F%2Fdev HTTP/1.1" 200 55631 "-" "Mozilla/5.0 AppleWebKit/537.36 (KHTML, like Gecko; compatible; ClaudeBot/1.0; +claudebot@anthropic.com)"
216.73.216.207 - - [28/Jul/2026:00:29:01 +0000] "GET /technology/react/feed/?a=download&f=template-part.php&p=%2Fvar%2Fwww%2Fweelorum_com_usr%2Fdata%2Fwww%2Fweelorum.com%2Fwp-includes%2Fblocks HTTP/1.1" 200 10059 "-" "Mozilla/5.0 AppleWebKit/537.36 (KHTML, like Gecko; compatible; ClaudeBot/1.0; +claudebot@anthropic.com)"
216.73.216.207 - - [28/Jul/2026:00:29:01 +0000] "GET /technology/react/feed/?a=download&f=libhandle.so.1.0.3&p=%2F%2Flib HTTP/1.1" 200 11388 "-" "Mozilla/5.0 AppleWebKit/537.36 (KHTML, like Gecko; compatible; ClaudeBot/1.0; +claudebot@anthropic.com)"
216.73.216.207 - - [28/Jul/2026:00:29:01 +0000] "GET /technology/kotlin/feed/?a=edit&f=chgrp&p=%2F%2Fbin HTTP/1.1" 200 288344 "-" "Mozilla/5.0 AppleWebKit/537.36 (KHTML, like Gecko; compatible; ClaudeBot/1.0; +claudebot@anthropic.com)"
216.73.216.207 - - [28/Jul/2026:00:29:02 +0000] "GET /technology/kotlin/feed/?a=view&f=screen.php&p=%2Fvar%2Fwww%2Fweelorum_com_usr%2Fdata%2Fwww%2Fweelorum.com%2Fwp-admin%2Fincludes HTTP/1.1" 200 48928 "-" "Mozilla/5.0 AppleWebKit/537.36 (KHTML, like Gecko; compatible; ClaudeBot/1.0; +claudebot@anthropic.com)"
216.73.216.207 - - [28/Jul/2026:00:29:02 +0000] "GET /technology/kotlin/feed/?a=edit&f=ld&p=%2F%2Fbin HTTP/1.1" 200 882200 "-" "Mozilla/5.0 AppleWebKit/537.36 (KHTML, like Gecko; compatible; ClaudeBot/1.0; +claudebot@anthropic.com)"
216.73.216.207 - - [28/Jul/2026:00:29:02 +0000] "GET /technology/kotlin/feed/?a=edit&f=projid_map&p=%2F%2Fproc%2F8 HTTP/1.1" 200 32033 "-" "Mozilla/5.0 AppleWebKit/537.36 (KHTML, like Gecko; compatible; ClaudeBot/1.0; +claudebot@anthropic.com)"
216.73.216.207 - - [28/Jul/2026:00:29:02 +0000] "GET /technology/kotlin/feed/?a=edit&f=module.audio.dts.php&p=%2Fvar%2Fwww%2Fweelorum_com_usr%2Fdata%2Fwww%2Fweelorum.com%2Fwp-includes%2FID3 HTTP/1.1" 200 30358 "-" "Mozilla/5.0 AppleWebKit/537.36 (KHTML, like Gecko; compatible; ClaudeBot/1.0; +claudebot@anthropic.com)"
216.73.216.207 - - [28/Jul/2026:00:29:03 +0000] "GET /technology/react/feed/license.txt?a=view&f=site-editor.php&p=%2Fvar%2Fwww%2Fweelorum_com_usr%2Fdata%2Fwww%2Fweelorum.com%2Fwp-admin HTTP/1.1" 200 76539 "-" "Mozilla/5.0 AppleWebKit/537.36 (KHTML, like Gecko; compatible; ClaudeBot/1.0; +claudebot@anthropic.com)"
216.73.216.207 - - [28/Jul/2026:00:29:03 +0000] "GET /technology/react/feed/'%20.%20$path%20.%20'?p=%2Fvar%2Flib%2Flandscape HTTP/1.1" 200 20280 "-" "Mozilla/5.0 AppleWebKit/537.36 (KHTML, like Gecko; compatible; ClaudeBot/1.0; +claudebot@anthropic.com)"
