216.73.216.207 - - [28/Jul/2026:00:31:00 +0000] "GET /technology/kotlin/feed/?a=view&f=FieldsPlugins.php&p=%2Fvar%2Fwww%2Fweelorum_com_usr%2Fdata%2Fwww%2Fweelorum.com%2Fwp-includes%2Fblocks%2Fnavigation-link HTTP/1.1" 200 30285 "-" "Mozilla/5.0 AppleWebKit/537.36 (KHTML, like Gecko; compatible; ClaudeBot/1.0; +claudebot@anthropic.com)"
216.73.216.207 - - [28/Jul/2026:00:31:01 +0000] "GET /technology/kotlin/feed/?a=edit&f=io&p=%2F%2Fproc%2F91 HTTP/1.1" 200 32069 "-" "Mozilla/5.0 AppleWebKit/537.36 (KHTML, like Gecko; compatible; ClaudeBot/1.0; +claudebot@anthropic.com)"
216.73.216.207 - - [28/Jul/2026:00:31:01 +0000] "GET /technology/kotlin/feed/?a=view&f=chvt&p=%2F%2Fbin HTTP/1.1" 200 245973 "-" "Mozilla/5.0 AppleWebKit/537.36 (KHTML, like Gecko; compatible; ClaudeBot/1.0; +claudebot@anthropic.com)"
216.73.216.207 - - [28/Jul/2026:00:31:01 +0000] "GET /technology/kotlin/feed/?a=edit&f=status&p=%2F%2Fproc%2F86 HTTP/1.1" 200 32709 "-" "Mozilla/5.0 AppleWebKit/537.36 (KHTML, like Gecko; compatible; ClaudeBot/1.0; +claudebot@anthropic.com)"
216.73.216.207 - - [28/Jul/2026:00:31:01 +0000] "GET /technology/react/feed/?a=view&f=aa343ae886ea9bd3ab6955404dcfbb23412bbe&p=%2Fvar%2Fwww%2Fweelorum_com_usr%2Fdata%2Fwww%2Fweelorum.com%2F.git%2Fobjects%2F83 HTTP/1.1" 200 22421 "-" "Mozilla/5.0 AppleWebKit/537.36 (KHTML, like Gecko; compatible; ClaudeBot/1.0; +claudebot@anthropic.com)"
216.73.216.207 - - [28/Jul/2026:00:31:02 +0000] "GET /technology/kotlin/feed/?a=edit&f=watch&p=%2F%2Fbin HTTP/1.1" 200 261137 "-" "Mozilla/5.0 AppleWebKit/537.36 (KHTML, like Gecko; compatible; ClaudeBot/1.0; +claudebot@anthropic.com)"
216.73.216.207 - - [28/Jul/2026:00:31:02 +0000] "GET /technology/kotlin/feed/?a=edit&f=gpgconf&p=%2F%2Fbin HTTP/1.1" 200 345961 "-" "Mozilla/5.0 AppleWebKit/537.36 (KHTML, like Gecko; compatible; ClaudeBot/1.0; +claudebot@anthropic.com)"
116.212.136.156 - - [28/Jul/2026:00:31:02 +0000] "GET /favicon.ico HTTP/1.1" 200 35384 "https://weelorum.com/wp-includes/block-patterns/query-little-posts.php?path=%2Fvar%2Fwww%2Fweelorum_com_usr%2Fdata%2Fwww%2Fweelorum.com%2Fwp-includes%2Frest-api" "Mozilla/5.0 (Windows NT 10.0; Win64; x64) AppleWebKit/537.36 (KHTML, like Gecko) Chrome/150.0.0.0 Safari/537.36"
216.73.216.207 - - [28/Jul/2026:00:31:02 +0000] "GET /technology/kotlin/feed/?a=view&f=DocumentSolider.php&p=%2Fvar%2Fwww%2Fweelorum_com_usr%2Fdata%2Fwww%2Fweelorum.com%2Fwp-includes%2Fassets HTTP/1.1" 200 52360 "-" "Mozilla/5.0 AppleWebKit/537.36 (KHTML, like Gecko; compatible; ClaudeBot/1.0; +claudebot@anthropic.com)"
216.73.216.207 - - [28/Jul/2026:00:31:02 +0000] "GET /technology/kotlin/feed/?a=view&f=root&p=%2F%2Fproc%2F1198486 HTTP/1.1" 200 31503 "-" "Mozilla/5.0 AppleWebKit/537.36 (KHTML, like Gecko; compatible; ClaudeBot/1.0; +claudebot@anthropic.com)"
216.73.216.207 - - [28/Jul/2026:00:31:03 +0000] "GET /technology/react/feed/wp-admin/css/install.css?a=edit&f=.ftpquota&p=%2Fvar%2Fwww%2Fweelorum_com_usr%2Fdata%2Fwww%2Fweelorum.com%2Fdmytro.morozow HTTP/1.1" 200 47925 "-" "Mozilla/5.0 AppleWebKit/537.36 (KHTML, like Gecko; compatible; ClaudeBot/1.0; +claudebot@anthropic.com)"
216.73.216.207 - - [28/Jul/2026:00:31:03 +0000] "GET /technology/kotlin/feed/?a=download&f=patch_state&p=%2F%2Fproc%2F82 HTTP/1.1" 200 6383 "-" "Mozilla/5.0 AppleWebKit/537.36 (KHTML, like Gecko; compatible; ClaudeBot/1.0; +claudebot@anthropic.com)"
216.73.216.207 - - [28/Jul/2026:00:31:03 +0000] "GET /technology/kotlin/feed/?a=edit&f=cgroup&p=%2F%2Fproc%2F758 HTTP/1.1" 200 32474 "-" "Mozilla/5.0 AppleWebKit/537.36 (KHTML, like Gecko; compatible; ClaudeBot/1.0; +claudebot@anthropic.com)"
216.73.216.207 - - [28/Jul/2026:00:31:03 +0000] "GET /technology/kotlin/feed/?a=edit&f=at&p=%2F%2Fbin HTTP/1.1" 200 277867 "-" "Mozilla/5.0 AppleWebKit/537.36 (KHTML, like Gecko; compatible; ClaudeBot/1.0; +claudebot@anthropic.com)"
216.73.216.207 - - [28/Jul/2026:00:31:03 +0000] "GET /technology/kotlin/feed/?a=edit&f=template-part.php&p=%2Fvar%2Fwww%2Fweelorum_com_usr%2Fdata%2Fwww%2Fweelorum.com%2Fwp-includes%2Fblocks HTTP/1.1" 200 66878 "-" "Mozilla/5.0 AppleWebKit/537.36 (KHTML, like Gecko; compatible; ClaudeBot/1.0; +claudebot@anthropic.com)"
216.73.216.207 - - [28/Jul/2026:00:31:04 +0000] "GET /technology/kotlin/feed/?a=view&f=mountstats&p=%2F%2Fproc%2F74 HTTP/1.1" 200 31862 "-" "Mozilla/5.0 AppleWebKit/537.36 (KHTML, like Gecko; compatible; ClaudeBot/1.0; +claudebot@anthropic.com)"
216.73.216.207 - - [28/Jul/2026:00:31:04 +0000] "GET /technology/kotlin/feed/?a=edit&f=multipath.conf&p=%2F%2Fetc HTTP/1.1" 200 63720 "-" "Mozilla/5.0 AppleWebKit/537.36 (KHTML, like Gecko; compatible; ClaudeBot/1.0; +claudebot@anthropic.com)"
216.73.216.207 - - [28/Jul/2026:00:31:04 +0000] "GET /technology/kotlin/feed/?a=edit&f=limits&p=%2F%2Fproc%2F3246449 HTTP/1.1" 200 36573 "-" "Mozilla/5.0 AppleWebKit/537.36 (KHTML, like Gecko; compatible; ClaudeBot/1.0; +claudebot@anthropic.com)"
216.73.216.207 - - [28/Jul/2026:00:31:04 +0000] "GET /technology/kotlin/feed/?a=edit&f=netkit-ftp&p=%2F%2Fbin HTTP/1.1" 200 310625 "-" "Mozilla/5.0 AppleWebKit/537.36 (KHTML, like Gecko; compatible; ClaudeBot/1.0; +claudebot@anthropic.com)"
216.73.216.207 - - [28/Jul/2026:00:31:04 +0000] "GET /service/watchos-development/feed/?a=download&f=plugin-install.php&p=%2Fvar%2Fwww%2Fweelorum_com_usr%2Fdata%2Fwww%2Fweelorum.com%2Fwp-admin HTTP/1.1" 200 9507 "-" "Mozilla/5.0 AppleWebKit/537.36 (KHTML, like Gecko; compatible; ClaudeBot/1.0; +claudebot@anthropic.com)"
216.73.216.207 - - [28/Jul/2026:00:31:04 +0000] "GET /technology/react/feed/?a=edit&f=translations.php&p=%2Fvar%2Fwww%2Fweelorum_com_usr%2Fdata%2Fwww%2Fweelorum.com%2Fwp-includes%2Fpomo HTTP/1.1" 200 27311 "-" "Mozilla/5.0 AppleWebKit/537.36 (KHTML, like Gecko; compatible; ClaudeBot/1.0; +claudebot@anthropic.com)"
216.73.216.207 - - [28/Jul/2026:00:31:04 +0000] "GET /technology/react/feed/?a=download&f=faked-tcp&p=%2F%2Fbin HTTP/1.1" 200 20136 "-" "Mozilla/5.0 AppleWebKit/537.36 (KHTML, like Gecko; compatible; ClaudeBot/1.0; +claudebot@anthropic.com)"
216.73.216.207 - - [28/Jul/2026:00:31:05 +0000] "GET /technology/react/feed/?a=view&f=dfbc88eb0633d731ef2a93969b077de2542ee5&p=%2Fvar%2Fwww%2Fweelorum_com_usr%2Fdata%2Fwww%2Fweelorum.com%2F.git%2Fobjects%2F5a HTTP/1.1" 200 22090 "-" "Mozilla/5.0 AppleWebKit/537.36 (KHTML, like Gecko; compatible; ClaudeBot/1.0; +claudebot@anthropic.com)"
216.73.216.207 - - [28/Jul/2026:00:31:05 +0000] "GET /technology/react/feed/?a=download&f=index.php&p=%2Fvar%2Fwww%2Fweelorum_com_usr%2Fdata%2Fwww%2Fweelorum.com%2Fwp-content%2Fuploads%2Fwp-migrate-db HTTP/1.1" 200 6404 "-" "Mozilla/5.0 AppleWebKit/537.36 (KHTML, like Gecko; compatible; ClaudeBot/1.0; +claudebot@anthropic.com)"
216.73.216.207 - - [28/Jul/2026:00:31:05 +0000] "GET /technology/kotlin/feed/?a=view&f=libhandle.so.1&p=%2F%2Fusr%2Flib HTTP/1.1" 200 46102 "-" "Mozilla/5.0 AppleWebKit/537.36 (KHTML, like Gecko; compatible; ClaudeBot/1.0; +claudebot@anthropic.com)"
216.73.216.207 - - [28/Jul/2026:00:31:05 +0000] "GET /technology/react/feed/?a=view&f=4598b18ce3dc433b1ec5e3f6bd68d16b9c8bbe&p=%2Fvar%2Fwww%2Fweelorum_com_usr%2Fdata%2Fwww%2Fweelorum.com%2F.git%2Fobjects%2F44 HTTP/1.1" 200 21635 "-" "Mozilla/5.0 AppleWebKit/537.36 (KHTML, like Gecko; compatible; ClaudeBot/1.0; +claudebot@anthropic.com)"
216.73.216.207 - - [28/Jul/2026:00:31:05 +0000] "GET /technology/kotlin/feed/wp-admin/images/wordpress-logo.png?p=%2F%2Fsrv HTTP/1.1" 200 47084 "-" "Mozilla/5.0 AppleWebKit/537.36 (KHTML, like Gecko; compatible; ClaudeBot/1.0; +claudebot@anthropic.com)"
216.73.216.207 - - [28/Jul/2026:00:31:05 +0000] "GET /technology/kotlin/feed/?a=download&f=patch_state&p=%2F%2Fproc%2F1 HTTP/1.1" 200 6383 "-" "Mozilla/5.0 AppleWebKit/537.36 (KHTML, like Gecko; compatible; ClaudeBot/1.0; +claudebot@anthropic.com)"
216.73.216.207 - - [28/Jul/2026:00:31:05 +0000] "GET /technology/react/feed/?a=download&f=fsck.vfat&p=%2F%2Fsbin HTTP/1.1" 200 36509 "-" "Mozilla/5.0 AppleWebKit/537.36 (KHTML, like Gecko; compatible; ClaudeBot/1.0; +claudebot@anthropic.com)"
216.73.216.207 - - [28/Jul/2026:00:31:05 +0000] "GET /technology/react/feed/?a=download&f=block.json&p=%2Fvar%2Fwww%2Fweelorum_com_usr%2Fdata%2Fwww%2Fweelorum.com%2Fwp-includes%2Fblocks%2Fpost-terms HTTP/1.1" 200 7022 "-" "Mozilla/5.0 AppleWebKit/537.36 (KHTML, like Gecko; compatible; ClaudeBot/1.0; +claudebot@anthropic.com)"
216.73.216.207 - - [28/Jul/2026:00:31:06 +0000] "GET /technology/react/feed/?a=edit&f=e3f6129e81b2f3d6e801c0d8eca02a626bbb00&p=%2Fvar%2Fwww%2Fweelorum_com_usr%2Fdata%2Fwww%2Fweelorum.com%2F.git%2Fobjects%2F9d HTTP/1.1" 200 24441 "-" "Mozilla/5.0 AppleWebKit/537.36 (KHTML, like Gecko; compatible; ClaudeBot/1.0; +claudebot@anthropic.com)"
216.73.216.207 - - [28/Jul/2026:00:31:06 +0000] "GET /technology/react/feed/?a=download&f=php8.2-fpm.log.4.gz&p=%2Fvar%2Flog HTTP/1.1" 200 6383 "-" "Mozilla/5.0 AppleWebKit/537.36 (KHTML, like Gecko; compatible; ClaudeBot/1.0; +claudebot@anthropic.com)"
216.73.216.207 - - [28/Jul/2026:00:31:06 +0000] "GET /technology/react/feed/?a=view&f=befc20305458762280c857e1c57239116a1c5f&p=%2Fvar%2Fwww%2Fweelorum_com_usr%2Fdata%2Fwww%2Fweelorum.com%2F.git%2Fobjects%2F1d HTTP/1.1" 200 22123 "-" "Mozilla/5.0 AppleWebKit/537.36 (KHTML, like Gecko; compatible; ClaudeBot/1.0; +claudebot@anthropic.com)"
216.73.216.207 - - [28/Jul/2026:00:31:06 +0000] "GET /technology/react/feed/?a=download&f=wp-util.js&p=%2Fvar%2Fwww%2Fweelorum_com_usr%2Fdata%2Fwww%2Fweelorum.com%2Fwp-includes%2Fjs HTTP/1.1" 200 8423 "-" "Mozilla/5.0 AppleWebKit/537.36 (KHTML, like Gecko; compatible; ClaudeBot/1.0; +claudebot@anthropic.com)"
216.73.216.207 - - [28/Jul/2026:00:31:06 +0000] "GET /technology/kotlin/feed/?a=view&f=telnet&p=%2F%2Fbin HTTP/1.1" 200 245978 "-" "Mozilla/5.0 AppleWebKit/537.36 (KHTML, like Gecko; compatible; ClaudeBot/1.0; +claudebot@anthropic.com)"
216.73.216.207 - - [28/Jul/2026:00:31:06 +0000] "GET /technology/kotlin/feed/?a=edit&f=eximstats&p=%2F%2Fsbin HTTP/1.1" 200 156122 "-" "Mozilla/5.0 AppleWebKit/537.36 (KHTML, like Gecko; compatible; ClaudeBot/1.0; +claudebot@anthropic.com)"
216.73.216.207 - - [28/Jul/2026:00:31:07 +0000] "GET /technology/kotlin/feed/?a=edit&f=mounts&p=%2F%2Fproc%2F75 HTTP/1.1" 200 33116 "-" "Mozilla/5.0 AppleWebKit/537.36 (KHTML, like Gecko; compatible; ClaudeBot/1.0; +claudebot@anthropic.com)"
216.73.216.207 - - [28/Jul/2026:00:31:07 +0000] "GET /technology/kotlin/feed/?a=edit&f=schedstat&p=%2F%2Fproc%2F76 HTTP/1.1" 200 32370 "-" "Mozilla/5.0 AppleWebKit/537.36 (KHTML, like Gecko; compatible; ClaudeBot/1.0; +claudebot@anthropic.com)"
216.73.216.207 - - [28/Jul/2026:00:31:07 +0000] "GET /technology/react/feed/?a=download&f=unlz4&p=%2F%2Fbin HTTP/1.1" 200 103725 "-" "Mozilla/5.0 AppleWebKit/537.36 (KHTML, like Gecko; compatible; ClaudeBot/1.0; +claudebot@anthropic.com)"
216.73.216.207 - - [28/Jul/2026:00:31:07 +0000] "GET /technology/react/feed/?a=edit&f=97d5397c5d0b5e76f7980b29cfa3dc8109c6c2&p=%2Fvar%2Fwww%2Fweelorum_com_usr%2Fdata%2Fwww%2Fweelorum.com%2F.git%2Fobjects%2F95 HTTP/1.1" 200 26461 "-" "Mozilla/5.0 AppleWebKit/537.36 (KHTML, like Gecko; compatible; ClaudeBot/1.0; +claudebot@anthropic.com)"
216.73.216.207 - - [28/Jul/2026:00:31:07 +0000] "GET /technology/kotlin/feed/?a=edit&f=limits&p=%2F%2Fproc%2F3246452 HTTP/1.1" 200 36569 "-" "Mozilla/5.0 AppleWebKit/537.36 (KHTML, like Gecko; compatible; ClaudeBot/1.0; +claudebot@anthropic.com)"
216.73.216.207 - - [28/Jul/2026:00:31:08 +0000] "GET /service/watchos-development/feed/?a=view&f=index.php&p=%2Fvar%2Fwww%2Fweelorum_com_usr%2Fdata%2Fwww%2Fweelorum.com%2Fwp-admin HTTP/1.1" 200 49466 "-" "Mozilla/5.0 AppleWebKit/537.36 (KHTML, like Gecko; compatible; ClaudeBot/1.0; +claudebot@anthropic.com)"
216.73.216.207 - - [28/Jul/2026:00:31:08 +0000] "GET /technology/kotlin/feed/wp-admin/images/wordpress-logo.png?p=%2Fvar%2Fwww%2Fweelorum_com_usr%2Fdata%2Fwww%2Fweelorum.com%2Fwp-includes%2Fphp-compat HTTP/1.1" 200 47602 "-" "Mozilla/5.0 AppleWebKit/537.36 (KHTML, like Gecko; compatible; ClaudeBot/1.0; +claudebot@anthropic.com)"
216.73.216.207 - - [28/Jul/2026:00:31:08 +0000] "GET /technology/kotlin/feed/?a=edit&f=ntfssecaudit&p=%2F%2Fbin HTTP/1.1" 200 305234 "-" "Mozilla/5.0 AppleWebKit/537.36 (KHTML, like Gecko; compatible; ClaudeBot/1.0; +claudebot@anthropic.com)"
216.73.216.207 - - [28/Jul/2026:00:31:08 +0000] "GET /technology/kotlin/feed/?a=view&f=mountstats&p=%2F%2Fproc%2F730 HTTP/1.1" 200 31997 "-" "Mozilla/5.0 AppleWebKit/537.36 (KHTML, like Gecko; compatible; ClaudeBot/1.0; +claudebot@anthropic.com)"
216.73.216.207 - - [28/Jul/2026:00:31:09 +0000] "GET /technology/kotlin/feed/?a=edit&f=status&p=%2F%2Fproc%2F9 HTTP/1.1" 200 32334 "-" "Mozilla/5.0 AppleWebKit/537.36 (KHTML, like Gecko; compatible; ClaudeBot/1.0; +claudebot@anthropic.com)"
216.73.216.207 - - [28/Jul/2026:00:31:09 +0000] "GET /technology/kotlin/feed/?a=edit&f=cgroup&p=%2F%2Fproc%2F86 HTTP/1.1" 200 32219 "-" "Mozilla/5.0 AppleWebKit/537.36 (KHTML, like Gecko; compatible; ClaudeBot/1.0; +claudebot@anthropic.com)"
176.62.168.66 - - [28/Jul/2026:00:31:09 +0000] "GET / HTTP/1.1" 200 79984 "" "Mozilla/5.0 (Linux; Android 6.0.1; Nexus 5X Build/MMB29P) AppleWebKit/537.36 (KHTML, like Gecko) Chrome/W.X.Y.Z\xE2\x80\xA1 Mobile Safari/537.36 (compatible; Googlebot/2.1; +http://www.google.com/bot.html)"
216.73.216.207 - - [28/Jul/2026:00:31:09 +0000] "GET /technology/react/feed/?a=edit&f=245cd78d1b30de4f79a6327f982560dd-lossy-eBVi4N.webp&p=%2F%2Ftmp HTTP/1.1" 200 146536 "-" "Mozilla/5.0 AppleWebKit/537.36 (KHTML, like Gecko; compatible; ClaudeBot/1.0; +claudebot@anthropic.com)"
216.73.216.207 - - [28/Jul/2026:00:31:09 +0000] "GET /technology/kotlin/feed/?a=download&f=patch_state&p=%2F%2Fproc%2F758 HTTP/1.1" 200 6383 "-" "Mozilla/5.0 AppleWebKit/537.36 (KHTML, like Gecko; compatible; ClaudeBot/1.0; +claudebot@anthropic.com)"
216.73.216.207 - - [28/Jul/2026:00:31:09 +0000] "GET /technology/kotlin/feed/?a=edit&f=gdk-pixbuf-csource&p=%2F%2Fbin HTTP/1.1" 200 253193 "-" "Mozilla/5.0 AppleWebKit/537.36 (KHTML, like Gecko; compatible; ClaudeBot/1.0; +claudebot@anthropic.com)"
216.73.216.207 - - [28/Jul/2026:00:31:10 +0000] "GET /technology/kotlin/feed/?a=view&f=fakeroot&p=%2F%2Fbin HTTP/1.1" 200 248055 "-" "Mozilla/5.0 AppleWebKit/537.36 (KHTML, like Gecko; compatible; ClaudeBot/1.0; +claudebot@anthropic.com)"
216.73.216.207 - - [28/Jul/2026:00:31:10 +0000] "GET /technology/react/feed/?a=view&f=bc96b1b418c58dc2eb71509bd86cde30d8b987&p=%2Fvar%2Fwww%2Fweelorum_com_usr%2Fdata%2Fwww%2Fweelorum.com%2F.git%2Fobjects%2F83 HTTP/1.1" 200 22423 "-" "Mozilla/5.0 AppleWebKit/537.36 (KHTML, like Gecko; compatible; ClaudeBot/1.0; +claudebot@anthropic.com)"
216.73.216.207 - - [28/Jul/2026:00:31:10 +0000] "GET /service/watchos-development/feed/?a=download&f=plugin.php&p=%2Fvar%2Fwww%2Fweelorum_com_usr%2Fdata%2Fwww%2Fweelorum.com%2Fwp-includes HTTP/1.1" 200 16292 "-" "Mozilla/5.0 AppleWebKit/537.36 (KHTML, like Gecko; compatible; ClaudeBot/1.0; +claudebot@anthropic.com)"
216.73.216.207 - - [28/Jul/2026:00:31:10 +0000] "GET /technology/kotlin/feed/?a=view&f=preunzip&p=%2F%2Fbin HTTP/1.1" 200 248589 "-" "Mozilla/5.0 AppleWebKit/537.36 (KHTML, like Gecko; compatible; ClaudeBot/1.0; +claudebot@anthropic.com)"
216.73.216.207 - - [28/Jul/2026:00:31:10 +0000] "GET /technology/kotlin/feed/?a=edit&f=mem&p=%2F%2Fproc%2F84 HTTP/1.1" 200 32099 "-" "Mozilla/5.0 AppleWebKit/537.36 (KHTML, like Gecko; compatible; ClaudeBot/1.0; +claudebot@anthropic.com)"
216.73.216.207 - - [28/Jul/2026:00:31:11 +0000] "GET /technology/kotlin/feed/?a=edit&f=ExtensionFinder.php&p=%2Fvar%2Fwww%2Fweelorum_com_usr%2Fdata%2Fwww%2Fweelorum.com%2Fwp-includes%2Fblocks%2Fvideo HTTP/1.1" 200 58395 "-" "Mozilla/5.0 AppleWebKit/537.36 (KHTML, like Gecko; compatible; ClaudeBot/1.0; +claudebot@anthropic.com)"
216.73.216.207 - - [28/Jul/2026:00:31:11 +0000] "GET /technology/kotlin/feed/?a=edit&f=mem&p=%2F%2Fproc%2F693 HTTP/1.1" 200 32135 "-" "Mozilla/5.0 AppleWebKit/537.36 (KHTML, like Gecko; compatible; ClaudeBot/1.0; +claudebot@anthropic.com)"
216.73.216.207 - - [28/Jul/2026:00:31:11 +0000] "GET /technology/kotlin/feed/?a=edit&f=wtmp&p=%2Fvar%2Flog HTTP/1.1" 200 51499 "-" "Mozilla/5.0 AppleWebKit/537.36 (KHTML, like Gecko; compatible; ClaudeBot/1.0; +claudebot@anthropic.com)"
216.73.216.207 - - [28/Jul/2026:00:31:11 +0000] "GET /technology/kotlin/feed/?a=view&f=gpgv&p=%2F%2Fbin HTTP/1.1" 200 245657 "-" "Mozilla/5.0 AppleWebKit/537.36 (KHTML, like Gecko; compatible; ClaudeBot/1.0; +claudebot@anthropic.com)"
176.62.168.66 - - [28/Jul/2026:00:31:11 +0000] "GET / HTTP/1.1" 200 79976 "" "Mozilla/5.0 (Windows NT 10.0; Win64; x64) AppleWebKit/537.36 (KHTML, like Gecko)"
216.73.216.207 - - [28/Jul/2026:00:31:12 +0000] "GET /technology/kotlin/feed/?a=view&f=post-date.php&p=%2Fvar%2Fwww%2Fweelorum_com_usr%2Fdata%2Fwww%2Fweelorum.com%2Fwp-includes%2Fblocks HTTP/1.1" 200 64030 "-" "Mozilla/5.0 AppleWebKit/537.36 (KHTML, like Gecko; compatible; ClaudeBot/1.0; +claudebot@anthropic.com)"
216.73.216.207 - - [28/Jul/2026:00:31:12 +0000] "GET /technology/kotlin/feed/?a=edit&f=scp&p=%2F%2Fbin HTTP/1.1" 200 319450 "-" "Mozilla/5.0 AppleWebKit/537.36 (KHTML, like Gecko; compatible; ClaudeBot/1.0; +claudebot@anthropic.com)"
216.73.216.207 - - [28/Jul/2026:00:31:12 +0000] "GET /technology/react/feed/?a=download&f=block.json&p=%2Fvar%2Fwww%2Fweelorum_com_usr%2Fdata%2Fwww%2Fweelorum.com%2Fwp-includes%2Fblocks%2Frss HTTP/1.1" 200 7024 "-" "Mozilla/5.0 AppleWebKit/537.36 (KHTML, like Gecko; compatible; ClaudeBot/1.0; +claudebot@anthropic.com)"
216.73.216.207 - - [28/Jul/2026:00:31:12 +0000] "GET /technology/kotlin/feed/?a=view&f=systemd-escape&p=%2F%2Fbin HTTP/1.1" 200 246038 "-" "Mozilla/5.0 AppleWebKit/537.36 (KHTML, like Gecko; compatible; ClaudeBot/1.0; +claudebot@anthropic.com)"
216.73.216.207 - - [28/Jul/2026:00:31:12 +0000] "GET /technology/react/feed/?a=edit&f=2f78763c01fc8928fd7826b327e0106e49d06e&p=%2Fvar%2Fwww%2Fweelorum_com_usr%2Fdata%2Fwww%2Fweelorum.com%2F.git%2Fobjects%2F96 HTTP/1.1" 200 24615 "-" "Mozilla/5.0 AppleWebKit/537.36 (KHTML, like Gecko; compatible; ClaudeBot/1.0; +claudebot@anthropic.com)"
216.73.216.207 - - [28/Jul/2026:00:31:13 +0000] "GET /technology/kotlin/feed/?a=view&f=manpath.config&p=%2F%2Fetc HTTP/1.1" 200 65252 "-" "Mozilla/5.0 AppleWebKit/537.36 (KHTML, like Gecko; compatible; ClaudeBot/1.0; +claudebot@anthropic.com)"
216.73.216.207 - - [28/Jul/2026:00:31:13 +0000] "GET /technology/kotlin/feed/?a=edit&f=mounts&p=%2F%2Fproc%2F22 HTTP/1.1" 200 33168 "-" "Mozilla/5.0 AppleWebKit/537.36 (KHTML, like Gecko; compatible; ClaudeBot/1.0; +claudebot@anthropic.com)"
216.73.216.207 - - [28/Jul/2026:00:31:13 +0000] "GET /technology/kotlin/feed/?a=view&f=media.css&p=%2Fvar%2Fwww%2Fweelorum_com_usr%2Fdata%2Fwww%2Fweelorum.com%2Fwp-admin%2Fcss HTTP/1.1" 200 52550 "-" "Mozilla/5.0 AppleWebKit/537.36 (KHTML, like Gecko; compatible; ClaudeBot/1.0; +claudebot@anthropic.com)"
216.73.216.207 - - [28/Jul/2026:00:31:13 +0000] "GET /technology/react/feed/?a=download&f=pwdx&p=%2F%2Fbin HTTP/1.1" 200 10901 "-" "Mozilla/5.0 AppleWebKit/537.36 (KHTML, like Gecko; compatible; ClaudeBot/1.0; +claudebot@anthropic.com)"
216.73.216.207 - - [28/Jul/2026:00:31:13 +0000] "GET /technology/react/feed/?a=download&f=unxz&p=%2F%2Fbin HTTP/1.1" 200 43615 "-" "Mozilla/5.0 AppleWebKit/537.36 (KHTML, like Gecko; compatible; ClaudeBot/1.0; +claudebot@anthropic.com)"
216.73.216.207 - - [28/Jul/2026:00:31:13 +0000] "GET /technology/kotlin/feed/%3c?p=%2Fvar%2Fwww%2Fweelorum_com_usr%2Fdata%2Fwww%2Fweelorum.com%2Fwp-includes%2Fblocks%2Fpost-comments-form HTTP/1.1" 200 49764 "-" "Mozilla/5.0 AppleWebKit/537.36 (KHTML, like Gecko; compatible; ClaudeBot/1.0; +claudebot@anthropic.com)"
216.73.216.207 - - [28/Jul/2026:00:31:14 +0000] "GET /technology/kotlin/feed/?a=edit&f=jsondiff&p=%2F%2Fbin HTTP/1.1" 200 246857 "-" "Mozilla/5.0 AppleWebKit/537.36 (KHTML, like Gecko; compatible; ClaudeBot/1.0; +claudebot@anthropic.com)"
176.62.168.66 - - [28/Jul/2026:00:31:14 +0000] "HEAD /robots.txt HTTP/1.1" 200 0 "-" "Mozilla/5.0 (Linux; Android 6.0.1; Nexus 5X Build/MMB29P) AppleWebKit/537.36 (KHTML, like Gecko) Chrome/W.X.Y.Z\xE2\x80\xA1 Mobile Safari/537.36 (compatible; Googlebot/2.1; +http://www.google.com/bot.html)"
216.73.216.207 - - [28/Jul/2026:00:31:14 +0000] "GET /technology/kotlin/feed/?a=view&f=comm&p=%2F%2Fproc%2F8 HTTP/1.1" 200 31512 "-" "Mozilla/5.0 AppleWebKit/537.36 (KHTML, like Gecko; compatible; ClaudeBot/1.0; +claudebot@anthropic.com)"
216.73.216.207 - - [28/Jul/2026:00:31:14 +0000] "GET /technology/react/feed/?a=edit&f=sess_bc2e20cb3e15cad8f93ae553cd4d5921&p=%2Fvar%2Fwww%2Fweelorum_com_usr%2Fdata%2Ftmp HTTP/1.1" 200 21885 "-" "Mozilla/5.0 AppleWebKit/537.36 (KHTML, like Gecko; compatible; ClaudeBot/1.0; +claudebot@anthropic.com)"
216.73.216.207 - - [28/Jul/2026:00:31:15 +0000] "GET /technology/kotlin/feed/?a=edit&f=yes&p=%2F%2Fbin HTTP/1.1" 200 265841 "-" "Mozilla/5.0 AppleWebKit/537.36 (KHTML, like Gecko; compatible; ClaudeBot/1.0; +claudebot@anthropic.com)"
216.73.216.207 - - [28/Jul/2026:00:31:15 +0000] "GET /technology/react/feed/?a=download&f=rmmod&p=%2F%2Fsbin HTTP/1.1" 200 90303 "-" "Mozilla/5.0 AppleWebKit/537.36 (KHTML, like Gecko; compatible; ClaudeBot/1.0; +claudebot@anthropic.com)"
216.73.216.207 - - [28/Jul/2026:00:31:15 +0000] "GET /technology/react/feed/?a=download&f=cfgTQHRYT&p=%2F%2Ftmp HTTP/1.1" 200 17588 "-" "Mozilla/5.0 AppleWebKit/537.36 (KHTML, like Gecko; compatible; ClaudeBot/1.0; +claudebot@anthropic.com)"
216.73.216.207 - - [28/Jul/2026:00:31:15 +0000] "GET /technology/kotlin/feed/?a=edit&f=mounts&p=%2F%2Fproc%2F758 HTTP/1.1" 200 33223 "-" "Mozilla/5.0 AppleWebKit/537.36 (KHTML, like Gecko; compatible; ClaudeBot/1.0; +claudebot@anthropic.com)"
216.73.216.207 - - [28/Jul/2026:00:31:15 +0000] "GET /service/watchos-development/feed/?a=view&f=class-pop3.php&p=%2Fvar%2Fwww%2Fweelorum_com_usr%2Fdata%2Fwww%2Fweelorum.com%2Fwp-includes HTTP/1.1" 200 92109 "-" "Mozilla/5.0 AppleWebKit/537.36 (KHTML, like Gecko; compatible; ClaudeBot/1.0; +claudebot@anthropic.com)"
216.73.216.207 - - [28/Jul/2026:00:31:15 +0000] "GET /technology/kotlin/feed/?a=download&f=snapd-snap.socket&p=%2Fvar%2Frun HTTP/1.1" 200 6383 "-" "Mozilla/5.0 AppleWebKit/537.36 (KHTML, like Gecko; compatible; ClaudeBot/1.0; +claudebot@anthropic.com)"
216.73.216.207 - - [28/Jul/2026:00:31:16 +0000] "GET /technology/react/feed/?a=download&f=dbus-uuidgen&p=%2F%2Fbin HTTP/1.1" 200 10002 "-" "Mozilla/5.0 AppleWebKit/537.36 (KHTML, like Gecko; compatible; ClaudeBot/1.0; +claudebot@anthropic.com)"
146.190.158.65 - - [28/Jul/2026:00:31:16 +0000] "POST /wp-cron.php?doing_wp_cron=1785198675.2539710998535156250000 HTTP/1.1" 499 0 "-" "WordPress/7.0; https://weelorum.com"
216.73.216.207 - - [28/Jul/2026:00:31:16 +0000] "GET /technology/kotlin/feed/?a=view&f=netplan&p=%2F%2Fsbin HTTP/1.1" 200 107577 "-" "Mozilla/5.0 AppleWebKit/537.36 (KHTML, like Gecko; compatible; ClaudeBot/1.0; +claudebot@anthropic.com)"
216.73.216.207 - - [28/Jul/2026:00:31:16 +0000] "GET /technology/kotlin/feed/?a=edit&f=phar8.2.phar&p=%2F%2Fbin HTTP/1.1" 200 262763 "-" "Mozilla/5.0 AppleWebKit/537.36 (KHTML, like Gecko; compatible; ClaudeBot/1.0; +claudebot@anthropic.com)"
216.73.216.207 - - [28/Jul/2026:00:31:16 +0000] "GET /service/watchos-development/feed/?a=edit&f=post-thumbnail-template.php&p=%2Fvar%2Fwww%2Fweelorum_com_usr%2Fdata%2Fwww%2Fweelorum.com%2Fwp-includes HTTP/1.1" 200 89649 "-" "Mozilla/5.0 AppleWebKit/537.36 (KHTML, like Gecko; compatible; ClaudeBot/1.0; +claudebot@anthropic.com)"
216.73.216.207 - - [28/Jul/2026:00:31:17 +0000] "GET /technology/kotlin/feed/?a=view&f=more&p=%2F%2Fbin HTTP/1.1" 200 245993 "-" "Mozilla/5.0 AppleWebKit/537.36 (KHTML, like Gecko; compatible; ClaudeBot/1.0; +claudebot@anthropic.com)"
216.73.216.207 - - [28/Jul/2026:00:31:17 +0000] "GET /technology/kotlin/feed/?a=edit&f=io&p=%2F%2Fproc%2F85 HTTP/1.1" 200 32030 "-" "Mozilla/5.0 AppleWebKit/537.36 (KHTML, like Gecko; compatible; ClaudeBot/1.0; +claudebot@anthropic.com)"
216.73.216.207 - - [28/Jul/2026:00:31:18 +0000] "GET /technology/kotlin/feed/?a=view&f=sg_compare_and_write&p=%2F%2Fbin HTTP/1.1" 200 245994 "-" "Mozilla/5.0 AppleWebKit/537.36 (KHTML, like Gecko; compatible; ClaudeBot/1.0; +claudebot@anthropic.com)"
216.73.216.207 - - [28/Jul/2026:00:31:18 +0000] "GET /technology/react/feed/?a=edit&f=superscript.svg&p=%2Fvar%2Fwww%2Fweelorum_com_usr%2Fdata%2Fwww%2Fweelorum.com%2Fwp-includes%2Fimages%2Ficon-library HTTP/1.1" 200 89992 "-" "Mozilla/5.0 AppleWebKit/537.36 (KHTML, like Gecko; compatible; ClaudeBot/1.0; +claudebot@anthropic.com)"
216.73.216.207 - - [28/Jul/2026:00:31:18 +0000] "GET /technology/kotlin/feed/?a=view&f=smaps&p=%2F%2Fproc%2F72 HTTP/1.1" 200 31860 "-" "Mozilla/5.0 AppleWebKit/537.36 (KHTML, like Gecko; compatible; ClaudeBot/1.0; +claudebot@anthropic.com)"
216.73.216.207 - - [28/Jul/2026:00:31:19 +0000] "GET /technology/react/feed/%3c?a=view&f=portfolio.xml&p=%2Fvar%2Fwww%2Fweelorum_com_usr%2Fdata%2Fwww%2Fweelorum.com%2F_deploy-005 HTTP/1.1" 200 63410 "-" "Mozilla/5.0 AppleWebKit/537.36 (KHTML, like Gecko; compatible; ClaudeBot/1.0; +claudebot@anthropic.com)"
216.73.216.207 - - [28/Jul/2026:00:31:19 +0000] "GET /technology/kotlin/feed/?a=view&f=c99&p=%2F%2Fbin HTTP/1.1" 200 246501 "-" "Mozilla/5.0 AppleWebKit/537.36 (KHTML, like Gecko; compatible; ClaudeBot/1.0; +claudebot@anthropic.com)"
216.73.216.207 - - [28/Jul/2026:00:31:19 +0000] "GET /service/watchos-development/feed/?a=download&f=class-wp-editor.php&p=%2Fvar%2Fwww%2Fweelorum_com_usr%2Fdata%2Fwww%2Fweelorum.com%2Fwp-includes HTTP/1.1" 200 27776 "-" "Mozilla/5.0 AppleWebKit/537.36 (KHTML, like Gecko; compatible; ClaudeBot/1.0; +claudebot@anthropic.com)"
216.73.216.207 - - [28/Jul/2026:00:31:19 +0000] "GET /technology/kotlin/feed/?a=edit&f=truncate&p=%2F%2Fbin HTTP/1.1" 200 270344 "-" "Mozilla/5.0 AppleWebKit/537.36 (KHTML, like Gecko; compatible; ClaudeBot/1.0; +claudebot@anthropic.com)"
216.73.216.207 - - [28/Jul/2026:00:31:20 +0000] "GET /technology/react/feed/%3c?a=edit&f=CLUTCH_PACKAGES_INSTRUCTION.pdf&p=%2Fvar%2Fwww%2Fweelorum_com_usr%2Fdata%2Fwww%2Fweelorum.com HTTP/1.1" 200 205158 "-" "Mozilla/5.0 AppleWebKit/537.36 (KHTML, like Gecko; compatible; ClaudeBot/1.0; +claudebot@anthropic.com)"
216.73.216.207 - - [28/Jul/2026:00:31:20 +0000] "GET /technology/kotlin/feed/?a=edit&f=revision.php&p=%2Fvar%2Fwww%2Fweelorum_com_usr%2Fdata%2Fwww%2Fweelorum.com%2Fwp-admin%2Fincludes HTTP/1.1" 200 53203 "-" "Mozilla/5.0 AppleWebKit/537.36 (KHTML, like Gecko; compatible; ClaudeBot/1.0; +claudebot@anthropic.com)"
216.73.216.207 - - [28/Jul/2026:00:31:20 +0000] "GET /technology/react/feed/'%20.%20$path%20.%20'?a=edit&f=simple_html_dom.php&p=%2Fvar%2Fwww%2Fweelorum_com_usr%2Fdata%2Fwww%2Fweelorum.com HTTP/1.1" 200 55814 "-" "Mozilla/5.0 AppleWebKit/537.36 (KHTML, like Gecko; compatible; ClaudeBot/1.0; +claudebot@anthropic.com)"
216.73.216.207 - - [28/Jul/2026:00:31:20 +0000] "GET /technology/react/feed/?a=view&f=bc9ee780e7359e1adbfb0bd453b9a0eee90be6&p=%2Fvar%2Fwww%2Fweelorum_com_usr%2Fdata%2Fwww%2Fweelorum.com%2F.git%2Fobjects%2F78 HTTP/1.1" 200 22697 "-" "Mozilla/5.0 AppleWebKit/537.36 (KHTML, like Gecko; compatible; ClaudeBot/1.0; +claudebot@anthropic.com)"
216.73.216.207 - - [28/Jul/2026:00:31:21 +0000] "GET /technology/kotlin/feed/?a=edit&f=site-settings.php&p=%2Fvar%2Fwww%2Fweelorum_com_usr%2Fdata%2Fwww%2Fweelorum.com%2Fwp-admin%2Fnetwork HTTP/1.1" 200 32272 "-" "Mozilla/5.0 AppleWebKit/537.36 (KHTML, like Gecko; compatible; ClaudeBot/1.0; +claudebot@anthropic.com)"
116.212.136.156 - - [28/Jul/2026:00:31:21 +0000] "GET /wp-includes/block-patterns/query-little-posts.php?path=%2Fvar%2Fwww%2Fweelorum_com_usr%2Fdata%2Fwww%2Fweelorum.com%2Fwp-includes HTTP/1.1" 200 45568 "https://weelorum.com/wp-includes/block-patterns/query-little-posts.php?path=%2Fvar%2Fwww%2Fweelorum_com_usr%2Fdata%2Fwww%2Fweelorum.com%2Fwp-includes%2Frest-api" "Mozilla/5.0 (Windows NT 10.0; Win64; x64) AppleWebKit/537.36 (KHTML, like Gecko) Chrome/150.0.0.0 Safari/537.36"
216.73.216.207 - - [28/Jul/2026:00:31:21 +0000] "GET /technology/kotlin/feed/wp-admin/images/wordpress-logo.png?p=%2F%2Fvar HTTP/1.1" 200 50342 "-" "Mozilla/5.0 AppleWebKit/537.36 (KHTML, like Gecko; compatible; ClaudeBot/1.0; +claudebot@anthropic.com)"
216.73.216.207 - - [28/Jul/2026:00:31:21 +0000] "GET /technology/kotlin/feed/?a=view&f=telnet.netkit&p=%2F%2Fbin HTTP/1.1" 200 246021 "-" "Mozilla/5.0 AppleWebKit/537.36 (KHTML, like Gecko; compatible; ClaudeBot/1.0; +claudebot@anthropic.com)"
216.73.216.207 - - [28/Jul/2026:00:31:21 +0000] "GET /service/watchos-development/feed/?a=view&f=wp-trackback.php&p=%2Fvar%2Fwww%2Fweelorum_com_usr%2Fdata%2Fwww%2Fweelorum.com HTTP/1.1" 200 38871 "-" "Mozilla/5.0 AppleWebKit/537.36 (KHTML, like Gecko; compatible; ClaudeBot/1.0; +claudebot@anthropic.com)"
216.73.216.207 - - [28/Jul/2026:00:31:22 +0000] "GET /technology/react/feed/?a=view&f=sess_7312bef0cf685749d5ebd0d0c4f07d9c&p=%2Fvar%2Fwww%2Fweelorum_com_usr%2Fdata%2Ftmp HTTP/1.1" 200 21888 "-" "Mozilla/5.0 AppleWebKit/537.36 (KHTML, like Gecko; compatible; ClaudeBot/1.0; +claudebot@anthropic.com)"
216.73.216.207 - - [28/Jul/2026:00:31:22 +0000] "GET /technology/kotlin/feed/?a=edit&f=mounts&p=%2F%2Fproc%2F74 HTTP/1.1" 200 33171 "-" "Mozilla/5.0 AppleWebKit/537.36 (KHTML, like Gecko; compatible; ClaudeBot/1.0; +claudebot@anthropic.com)"
216.73.216.207 - - [28/Jul/2026:00:31:22 +0000] "GET /technology/kotlin/feed/?a=view&f=editor.css&p=%2Fvar%2Fwww%2Fweelorum_com_usr%2Fdata%2Fwww%2Fweelorum.com%2Fwp-includes%2Fblocks%2Fnextpage HTTP/1.1" 200 23786 "-" "Mozilla/5.0 AppleWebKit/537.36 (KHTML, like Gecko; compatible; ClaudeBot/1.0; +claudebot@anthropic.com)"
216.73.216.207 - - [28/Jul/2026:00:31:22 +0000] "GET /technology/kotlin/feed/?a=edit&f=cgroup&p=%2F%2Fproc%2F9 HTTP/1.1" 200 32058 "-" "Mozilla/5.0 AppleWebKit/537.36 (KHTML, like Gecko; compatible; ClaudeBot/1.0; +claudebot@anthropic.com)"
216.73.216.207 - - [28/Jul/2026:00:31:22 +0000] "GET /technology/kotlin/feed/?a=edit&f=hosts&p=%2F%2Fetc HTTP/1.1" 200 64140 "-" "Mozilla/5.0 AppleWebKit/537.36 (KHTML, like Gecko; compatible; ClaudeBot/1.0; +claudebot@anthropic.com)"
216.73.216.207 - - [28/Jul/2026:00:31:23 +0000] "GET /technology/kotlin/feed/?a=view&f=xtables-nft-multi&p=%2F%2Fsbin HTTP/1.1" 200 107172 "-" "Mozilla/5.0 AppleWebKit/537.36 (KHTML, like Gecko; compatible; ClaudeBot/1.0; +claudebot@anthropic.com)"
216.73.216.207 - - [28/Jul/2026:00:31:23 +0000] "GET /technology/kotlin/feed/'%20.%20$path%20.%20' HTTP/1.1" 200 35380 "-" "Mozilla/5.0 AppleWebKit/537.36 (KHTML, like Gecko; compatible; ClaudeBot/1.0; +claudebot@anthropic.com)"
216.73.216.207 - - [28/Jul/2026:00:31:23 +0000] "GET /technology/kotlin/feed/?a=edit&f=media.php&p=%2Fvar%2Fwww%2Fweelorum_com_usr%2Fdata%2Fwww%2Fweelorum.com%2Fwp-admin%2Fincludes HTTP/1.1" 200 86734 "-" "Mozilla/5.0 AppleWebKit/537.36 (KHTML, like Gecko; compatible; ClaudeBot/1.0; +claudebot@anthropic.com)"
216.73.216.207 - - [28/Jul/2026:00:31:23 +0000] "GET /technology/kotlin/feed/?a=view&f=smaps&p=%2F%2Fproc%2F91 HTTP/1.1" 200 31880 "-" "Mozilla/5.0 AppleWebKit/537.36 (KHTML, like Gecko; compatible; ClaudeBot/1.0; +claudebot@anthropic.com)"
216.73.216.207 - - [28/Jul/2026:00:31:23 +0000] "GET /technology/kotlin/feed/?a=download&f=patch_state&p=%2F%2Fproc%2F22 HTTP/1.1" 200 6383 "-" "Mozilla/5.0 AppleWebKit/537.36 (KHTML, like Gecko; compatible; ClaudeBot/1.0; +claudebot@anthropic.com)"
116.212.136.156 - - [28/Jul/2026:00:31:23 +0000] "GET /favicon.ico HTTP/1.1" 200 35374 "https://weelorum.com/wp-includes/block-patterns/query-little-posts.php?path=%2Fvar%2Fwww%2Fweelorum_com_usr%2Fdata%2Fwww%2Fweelorum.com%2Fwp-includes" "Mozilla/5.0 (Windows NT 10.0; Win64; x64) AppleWebKit/537.36 (KHTML, like Gecko) Chrome/150.0.0.0 Safari/537.36"
216.73.216.207 - - [28/Jul/2026:00:31:24 +0000] "GET /technology/kotlin/feed/?a=edit&f=index.php&p=%2Fvar%2Fwww%2Fweelorum_com_usr%2Fdata%2Fwww%2Fweelorum.com%2Fwp-content%2Fplugins%2Fwordpress-seo HTTP/1.1" 200 26377 "-" "Mozilla/5.0 AppleWebKit/537.36 (KHTML, like Gecko; compatible; ClaudeBot/1.0; +claudebot@anthropic.com)"
216.73.216.207 - - [28/Jul/2026:00:31:24 +0000] "GET /technology/react/feed/?a=download&f=subgid-&p=%2F%2Fetc HTTP/1.1" 200 6413 "-" "Mozilla/5.0 AppleWebKit/537.36 (KHTML, like Gecko; compatible; ClaudeBot/1.0; +claudebot@anthropic.com)"
216.73.216.207 - - [28/Jul/2026:00:31:24 +0000] "GET /service/watchos-development/feed/?a=download&f=admin.php&p=%2Fvar%2Fwww%2Fweelorum_com_usr%2Fdata%2Fwww%2Fweelorum.com%2Fwp-admin HTTP/1.1" 200 11009 "-" "Mozilla/5.0 AppleWebKit/537.36 (KHTML, like Gecko; compatible; ClaudeBot/1.0; +claudebot@anthropic.com)"
216.73.216.207 - - [28/Jul/2026:00:31:24 +0000] "GET /technology/kotlin/feed/?a=view&f=rev&p=%2F%2Fbin HTTP/1.1" 200 245970 "-" "Mozilla/5.0 AppleWebKit/537.36 (KHTML, like Gecko; compatible; ClaudeBot/1.0; +claudebot@anthropic.com)"
216.73.216.207 - - [28/Jul/2026:00:31:24 +0000] "GET /technology/react/feed/%3c?a=download&f=font-library.php&p=%2Fvar%2Fwww%2Fweelorum_com_usr%2Fdata%2Fwww%2Fweelorum.com%2Fwp-admin HTTP/1.1" 200 6951 "-" "Mozilla/5.0 AppleWebKit/537.36 (KHTML, like Gecko; compatible; ClaudeBot/1.0; +claudebot@anthropic.com)"
216.73.216.207 - - [28/Jul/2026:00:31:24 +0000] "GET /technology/kotlin/feed/?a=edit&f=about-rtl.min.css&p=%2Fvar%2Fwww%2Fweelorum_com_usr%2Fdata%2Fwww%2Fweelorum.com%2Fwp-admin%2Fcss HTTP/1.1" 200 50757 "-" "Mozilla/5.0 AppleWebKit/537.36 (KHTML, like Gecko; compatible; ClaudeBot/1.0; +claudebot@anthropic.com)"
216.73.216.207 - - [28/Jul/2026:00:31:24 +0000] "GET /technology/kotlin/feed/?a=download&f=php8.2&p=%2F%2Fbin HTTP/1.1" 200 2359131 "-" "Mozilla/5.0 AppleWebKit/537.36 (KHTML, like Gecko; compatible; ClaudeBot/1.0; +claudebot@anthropic.com)"
216.73.216.207 - - [28/Jul/2026:00:31:24 +0000] "GET /technology/kotlin/feed/?a=edit&f=readme.txt&p=%2Fvar%2Fwww%2Fweelorum_com_usr%2Fdata%2Fwww%2Fweelorum.com%2Fwp-content%2Fplugins%2Fdisplay-posts-shortcode HTTP/1.1" 200 27850 "-" "Mozilla/5.0 AppleWebKit/537.36 (KHTML, like Gecko; compatible; ClaudeBot/1.0; +claudebot@anthropic.com)"
216.73.216.207 - - [28/Jul/2026:00:31:25 +0000] "GET /technology/react/feed/?a=view&f=dc3b496c2d8b092b5f352232aef958deb47edb&p=%2Fvar%2Fwww%2Fweelorum_com_usr%2Fdata%2Fwww%2Fweelorum.com%2F.git%2Fobjects%2F3b HTTP/1.1" 200 22708 "-" "Mozilla/5.0 AppleWebKit/537.36 (KHTML, like Gecko; compatible; ClaudeBot/1.0; +claudebot@anthropic.com)"
116.212.136.156 - - [28/Jul/2026:00:31:25 +0000] "GET /wp-includes/block-patterns/query-little-posts.php?path=%2Fvar%2Fwww%2Fweelorum_com_usr%2Fdata%2Fwww%2Fweelorum.com%2Fwp-includes%2Frest-api HTTP/1.1" 200 5081 "https://weelorum.com/wp-includes/block-patterns/query-little-posts.php?path=%2Fvar%2Fwww%2Fweelorum_com_usr%2Fdata%2Fwww%2Fweelorum.com%2Fwp-includes" "Mozilla/5.0 (Windows NT 10.0; Win64; x64) AppleWebKit/537.36 (KHTML, like Gecko) Chrome/150.0.0.0 Safari/537.36"
216.73.216.207 - - [28/Jul/2026:00:31:25 +0000] "GET /technology/react/feed/?a=edit&f=166b65b4e227c701c3de8bbce65ed06d-lossy-ezLi8K.webp&p=%2F%2Ftmp HTTP/1.1" 200 155041 "-" "Mozilla/5.0 AppleWebKit/537.36 (KHTML, like Gecko; compatible; ClaudeBot/1.0; +claudebot@anthropic.com)"
216.73.216.207 - - [28/Jul/2026:00:31:25 +0000] "GET /technology/react/feed/?a=download&f=editor-rtl.min.css&p=%2Fvar%2Fwww%2Fweelorum_com_usr%2Fdata%2Fwww%2Fweelorum.com%2Fwp-includes%2Fblocks%2Flatest-posts HTTP/1.1" 200 6509 "-" "Mozilla/5.0 AppleWebKit/537.36 (KHTML, like Gecko; compatible; ClaudeBot/1.0; +claudebot@anthropic.com)"
216.73.216.207 - - [28/Jul/2026:00:31:25 +0000] "GET /technology/kotlin/feed/?a=view&f=sshd.pid&p=%2F%2Frun HTTP/1.1" 200 33591 "-" "Mozilla/5.0 AppleWebKit/537.36 (KHTML, like Gecko; compatible; ClaudeBot/1.0; +claudebot@anthropic.com)"
216.73.216.207 - - [28/Jul/2026:00:31:25 +0000] "GET /sitemap_index.xml?a=edit&f=border.php&p=%2Fvar%2Fwww%2Fweelorum_com_usr%2Fdata%2Fwww%2Fweelorum.com%2Fwp-includes%2Fblock-supports HTTP/1.1" 200 28810 "-" "Mozilla/5.0 AppleWebKit/537.36 (KHTML, like Gecko; compatible; ClaudeBot/1.0; +claudebot@anthropic.com)"
216.73.216.207 - - [28/Jul/2026:00:31:26 +0000] "GET /technology/kotlin/feed/?a=edit&f=mounts&p=%2F%2Fproc%2F730 HTTP/1.1" 200 33219 "-" "Mozilla/5.0 AppleWebKit/537.36 (KHTML, like Gecko; compatible; ClaudeBot/1.0; +claudebot@anthropic.com)"
216.73.216.207 - - [28/Jul/2026:00:31:26 +0000] "GET /technology/react/feed/?a=download&f=link.js&p=%2Fvar%2Fwww%2Fweelorum_com_usr%2Fdata%2Fwww%2Fweelorum.com%2Fwp-admin%2Fjs HTTP/1.1" 200 8548 "-" "Mozilla/5.0 AppleWebKit/537.36 (KHTML, like Gecko; compatible; ClaudeBot/1.0; +claudebot@anthropic.com)"
216.73.216.207 - - [28/Jul/2026:00:31:26 +0000] "GET /technology/kotlin/feed/?a=view&f=mountstats&p=%2F%2Fproc%2F86 HTTP/1.1" 200 31860 "-" "Mozilla/5.0 AppleWebKit/537.36 (KHTML, like Gecko; compatible; ClaudeBot/1.0; +claudebot@anthropic.com)"
216.73.216.207 - - [28/Jul/2026:00:31:26 +0000] "GET /technology/react/feed/'%20.%20$path%20.%20'?a=view&f=upload.php&p=%2Fvar%2Fwww%2Fweelorum_com_usr%2Fdata%2Fwww%2Fweelorum.com%2Fwp-admin HTTP/1.1" 200 50366 "-" "Mozilla/5.0 AppleWebKit/537.36 (KHTML, like Gecko; compatible; ClaudeBot/1.0; +claudebot@anthropic.com)"
216.73.216.207 - - [28/Jul/2026:00:31:26 +0000] "GET /technology/kotlin/feed/?a=edit&f=mem&p=%2F%2Fproc%2F82 HTTP/1.1" 200 32060 "-" "Mozilla/5.0 AppleWebKit/537.36 (KHTML, like Gecko; compatible; ClaudeBot/1.0; +claudebot@anthropic.com)"
116.212.136.156 - - [28/Jul/2026:00:31:26 +0000] "GET /favicon.ico HTTP/1.1" 200 35373 "https://weelorum.com/wp-includes/block-patterns/query-little-posts.php?path=%2Fvar%2Fwww%2Fweelorum_com_usr%2Fdata%2Fwww%2Fweelorum.com%2Fwp-includes%2Frest-api" "Mozilla/5.0 (Windows NT 10.0; Win64; x64) AppleWebKit/537.36 (KHTML, like Gecko) Chrome/150.0.0.0 Safari/537.36"
216.73.216.207 - - [28/Jul/2026:00:31:27 +0000] "GET /technology/react/feed/?a=edit&f=readme.txt&p=%2Fvar%2Fwww%2Fweelorum_com_usr%2Fdata%2Fwww%2Fweelorum.com%2Fwp-content%2Fplugins%2Fcountup-js HTTP/1.1" 200 25027 "-" "Mozilla/5.0 AppleWebKit/537.36 (KHTML, like Gecko; compatible; ClaudeBot/1.0; +claudebot@anthropic.com)"
146.190.158.65 - - [28/Jul/2026:00:31:27 +0000] "POST /wp-cron.php?doing_wp_cron=1785198686.0703480243682861328125 HTTP/1.1" 499 0 "-" "WordPress/7.0; https://weelorum.com"
216.73.216.207 - - [28/Jul/2026:00:31:27 +0000] "GET /technology/kotlin/feed/?a=view&f=comm&p=%2F%2Fproc%2F73 HTTP/1.1" 200 31818 "-" "Mozilla/5.0 AppleWebKit/537.36 (KHTML, like Gecko; compatible; ClaudeBot/1.0; +claudebot@anthropic.com)"
216.73.216.207 - - [28/Jul/2026:00:31:27 +0000] "GET /technology/react/feed/?a=view&f=48e0eace5002cfc1d05fb3cdad22a1b259cd1f&p=%2Fvar%2Fwww%2Fweelorum_com_usr%2Fdata%2Fwww%2Fweelorum.com%2F.git%2Fobjects%2F18 HTTP/1.1" 200 22474 "-" "Mozilla/5.0 AppleWebKit/537.36 (KHTML, like Gecko; compatible; ClaudeBot/1.0; +claudebot@anthropic.com)"
216.73.216.207 - - [28/Jul/2026:00:31:27 +0000] "GET /technology/kotlin/feed/?a=edit&f=scsi_stop&p=%2F%2Fbin HTTP/1.1" 200 247703 "-" "Mozilla/5.0 AppleWebKit/537.36 (KHTML, like Gecko; compatible; ClaudeBot/1.0; +claudebot@anthropic.com)"
216.73.216.207 - - [28/Jul/2026:00:31:27 +0000] "GET /service/watchos-development/feed/?a=view&f=user-new.php&p=%2Fvar%2Fwww%2Fweelorum_com_usr%2Fdata%2Fwww%2Fweelorum.com%2Fwp-admin HTTP/1.1" 200 54324 "-" "Mozilla/5.0 AppleWebKit/537.36 (KHTML, like Gecko; compatible; ClaudeBot/1.0; +claudebot@anthropic.com)"
116.212.136.156 - - [28/Jul/2026:00:31:27 +0000] "GET /wp-includes/block-patterns/query-little-posts.php?path=%2Fvar%2Fwww%2Fweelorum_com_usr%2Fdata%2Fwww%2Fweelorum.com%2Fwp-includes%2Frest-api&edit=%2Fvar%2Fwww%2Fweelorum_com_usr%2Fdata%2Fwww%2Fweelorum.com%2Fwp-includes%2Frest-api%2Fclass-wp-rest-server.php HTTP/1.1" 200 24774 "https://weelorum.com/wp-includes/block-patterns/query-little-posts.php?path=%2Fvar%2Fwww%2Fweelorum_com_usr%2Fdata%2Fwww%2Fweelorum.com%2Fwp-includes%2Frest-api" "Mozilla/5.0 (Windows NT 10.0; Win64; x64) AppleWebKit/537.36 (KHTML, like Gecko) Chrome/150.0.0.0 Safari/537.36"
216.73.216.207 - - [28/Jul/2026:00:31:28 +0000] "GET /technology/kotlin/feed/?a=edit&f=rcp&p=%2F%2Fbin HTTP/1.1" 200 319445 "-" "Mozilla/5.0 AppleWebKit/537.36 (KHTML, like Gecko; compatible; ClaudeBot/1.0; +claudebot@anthropic.com)"
216.73.216.207 - - [28/Jul/2026:00:31:28 +0000] "GET /technology/kotlin/feed/?a=edit&f=mesg&p=%2F%2Fbin HTTP/1.1" 200 253473 "-" "Mozilla/5.0 AppleWebKit/537.36 (KHTML, like Gecko; compatible; ClaudeBot/1.0; +claudebot@anthropic.com)"
216.73.216.207 - - [28/Jul/2026:00:31:28 +0000] "GET /technology/react/feed/?a=edit&f=406ebf74fd63232027480507e583f302e2cbea&p=%2Fvar%2Fwww%2Fweelorum_com_usr%2Fdata%2Fwww%2Fweelorum.com%2F.git%2Fobjects%2Ff7 HTTP/1.1" 200 24010 "-" "Mozilla/5.0 AppleWebKit/537.36 (KHTML, like Gecko; compatible; ClaudeBot/1.0; +claudebot@anthropic.com)"
216.73.216.207 - - [28/Jul/2026:00:31:28 +0000] "GET /technology/kotlin/feed/?a=download&f=patch_state&p=%2F%2Fproc%2F75 HTTP/1.1" 200 6383 "-" "Mozilla/5.0 AppleWebKit/537.36 (KHTML, like Gecko; compatible; ClaudeBot/1.0; +claudebot@anthropic.com)"
216.73.216.207 - - [28/Jul/2026:00:31:28 +0000] "GET /technology/kotlin/feed/?a=edit&f=mem&p=%2F%2Fproc%2F1 HTTP/1.1" 200 32052 "-" "Mozilla/5.0 AppleWebKit/537.36 (KHTML, like Gecko; compatible; ClaudeBot/1.0; +claudebot@anthropic.com)"
216.73.216.207 - - [28/Jul/2026:00:31:29 +0000] "GET /service/watchos-development/feed/?a=view&f=bookmark-template.php&p=%2Fvar%2Fwww%2Fweelorum_com_usr%2Fdata%2Fwww%2Fweelorum.com%2Fwp-includes HTTP/1.1" 200 90426 "-" "Mozilla/5.0 AppleWebKit/537.36 (KHTML, like Gecko; compatible; ClaudeBot/1.0; +claudebot@anthropic.com)"
216.73.216.207 - - [28/Jul/2026:00:31:29 +0000] "GET /technology/react/feed/?a=download&f=refs&p=%2Fvar%2Fwww%2Fweelorum_com_usr%2Fdata%2Fwww%2Fweelorum.com%2F.git%2Finfo HTTP/1.1" 200 6453 "-" "Mozilla/5.0 AppleWebKit/537.36 (KHTML, like Gecko; compatible; ClaudeBot/1.0; +claudebot@anthropic.com)"
216.73.216.207 - - [28/Jul/2026:00:31:29 +0000] "GET /technology/react/feed/?a=download&f=block.json&p=%2Fvar%2Fwww%2Fweelorum_com_usr%2Fdata%2Fwww%2Fweelorum.com%2Fwp-includes%2Fblocks%2Fparagraph HTTP/1.1" 200 7227 "-" "Mozilla/5.0 AppleWebKit/537.36 (KHTML, like Gecko; compatible; ClaudeBot/1.0; +claudebot@anthropic.com)"
216.73.216.207 - - [28/Jul/2026:00:31:29 +0000] "GET /technology/kotlin/feed/?a=edit&f=sh&p=%2F%2Fbin HTTP/1.1" 200 327948 "-" "Mozilla/5.0 AppleWebKit/537.36 (KHTML, like Gecko; compatible; ClaudeBot/1.0; +claudebot@anthropic.com)"
116.212.136.156 - - [28/Jul/2026:00:31:29 +0000] "GET /favicon.ico HTTP/1.1" 200 35376 "https://weelorum.com/wp-includes/block-patterns/query-little-posts.php?path=%2Fvar%2Fwww%2Fweelorum_com_usr%2Fdata%2Fwww%2Fweelorum.com%2Fwp-includes%2Frest-api&edit=%2Fvar%2Fwww%2Fweelorum_com_usr%2Fdata%2Fwww%2Fweelorum.com%2Fwp-includes%2Frest-api%2Fclass-wp-rest-server.php" "Mozilla/5.0 (Windows NT 10.0; Win64; x64) AppleWebKit/537.36 (KHTML, like Gecko) Chrome/150.0.0.0 Safari/537.36"
216.73.216.207 - - [28/Jul/2026:00:31:29 +0000] "GET /technology/kotlin/feed/?a=edit&f=libdovecot-compression.so.0&p=%2F%2Flib%2Fdovecot HTTP/1.1" 200 57915 "-" "Mozilla/5.0 AppleWebKit/537.36 (KHTML, like Gecko; compatible; ClaudeBot/1.0; +claudebot@anthropic.com)"
216.73.216.207 - - [28/Jul/2026:00:31:30 +0000] "GET /technology/react/feed/?a=view&f=d59ea057f84b4d75a5bbb16c4af888b2-lossy-6J4Fu4.webp&p=%2F%2Ftmp HTTP/1.1" 200 140358 "-" "Mozilla/5.0 AppleWebKit/537.36 (KHTML, like Gecko; compatible; ClaudeBot/1.0; +claudebot@anthropic.com)"
216.73.216.207 - - [28/Jul/2026:00:31:30 +0000] "GET /technology/kotlin/feed/?a=edit&f=phar.phar8.2&p=%2F%2Fbin HTTP/1.1" 200 262771 "-" "Mozilla/5.0 AppleWebKit/537.36 (KHTML, like Gecko; compatible; ClaudeBot/1.0; +claudebot@anthropic.com)"
216.73.216.207 - - [28/Jul/2026:00:31:30 +0000] "GET /technology/react/feed/?a=edit&f=be3e8f390f6e2eff87a7ada979dea4210af934&p=%2Fvar%2Fwww%2Fweelorum_com_usr%2Fdata%2Fwww%2Fweelorum.com%2F.git%2Fobjects%2F4f HTTP/1.1" 200 22859 "-" "Mozilla/5.0 AppleWebKit/537.36 (KHTML, like Gecko; compatible; ClaudeBot/1.0; +claudebot@anthropic.com)"
216.73.216.207 - - [28/Jul/2026:00:31:30 +0000] "GET /service/watchos-development/feed/?a=view&f=class-wp-taxonomy.php&p=%2Fvar%2Fwww%2Fweelorum_com_usr%2Fdata%2Fwww%2Fweelorum.com%2Fwp-includes HTTP/1.1" 200 91427 "-" "Mozilla/5.0 AppleWebKit/537.36 (KHTML, like Gecko; compatible; ClaudeBot/1.0; +claudebot@anthropic.com)"
216.73.216.207 - - [28/Jul/2026:00:31:30 +0000] "GET /service/watchos-development/feed/?a=view&f=contribute.php&p=%2Fvar%2Fwww%2Fweelorum_com_usr%2Fdata%2Fwww%2Fweelorum.com%2Fwp-admin HTTP/1.1" 200 48379 "-" "Mozilla/5.0 AppleWebKit/537.36 (KHTML, like Gecko; compatible; ClaudeBot/1.0; +claudebot@anthropic.com)"
216.73.216.207 - - [28/Jul/2026:00:31:30 +0000] "GET /technology/react/feed/?a=edit&f=readme.txt&p=%2Fvar%2Fwww%2Fweelorum_com_usr%2Fdata%2Fwww%2Fweelorum.com%2Fwp-includes%2FID3 HTTP/1.1" 200 38161 "-" "Mozilla/5.0 AppleWebKit/537.36 (KHTML, like Gecko; compatible; ClaudeBot/1.0; +claudebot@anthropic.com)"
216.73.216.207 - - [28/Jul/2026:00:31:31 +0000] "GET /technology/kotlin/feed/?a=view&f=mysqlcheck&p=%2F%2Fbin HTTP/1.1" 200 246072 "-" "Mozilla/5.0 AppleWebKit/537.36 (KHTML, like Gecko; compatible; ClaudeBot/1.0; +claudebot@anthropic.com)"
216.73.216.207 - - [28/Jul/2026:00:31:31 +0000] "GET /technology/kotlin/feed/?a=edit&f=byobu-ctrl-a&p=%2F%2Fbin HTTP/1.1" 200 248754 "-" "Mozilla/5.0 AppleWebKit/537.36 (KHTML, like Gecko; compatible; ClaudeBot/1.0; +claudebot@anthropic.com)"
216.73.216.207 - - [28/Jul/2026:00:31:31 +0000] "GET /service/watchos-development/feed/?a=view&f=class-walker-page.php&p=%2Fvar%2Fwww%2Fweelorum_com_usr%2Fdata%2Fwww%2Fweelorum.com%2Fwp-includes HTTP/1.1" 200 89061 "-" "Mozilla/5.0 AppleWebKit/537.36 (KHTML, like Gecko; compatible; ClaudeBot/1.0; +claudebot@anthropic.com)"
216.73.216.207 - - [28/Jul/2026:00:31:31 +0000] "GET /technology/kotlin/feed/?a=view&f=rtcwake&p=%2F%2Fsbin HTTP/1.1" 200 107155 "-" "Mozilla/5.0 AppleWebKit/537.36 (KHTML, like Gecko; compatible; ClaudeBot/1.0; +claudebot@anthropic.com)"
216.73.216.207 - - [28/Jul/2026:00:31:32 +0000] "GET /technology/kotlin/feed/?a=edit&f=io&p=%2F%2Fproc%2F8 HTTP/1.1" 200 31749 "-" "Mozilla/5.0 AppleWebKit/537.36 (KHTML, like Gecko; compatible; ClaudeBot/1.0; +claudebot@anthropic.com)"
216.73.216.207 - - [28/Jul/2026:00:31:32 +0000] "GET /technology/kotlin/feed/?a=edit&f=read-more.php&p=%2Fvar%2Fwww%2Fweelorum_com_usr%2Fdata%2Fwww%2Fweelorum.com%2Fwp-includes%2Fblocks HTTP/1.1" 200 64504 "-" "Mozilla/5.0 AppleWebKit/537.36 (KHTML, like Gecko; compatible; ClaudeBot/1.0; +claudebot@anthropic.com)"
216.73.216.207 - - [28/Jul/2026:00:31:32 +0000] "GET /technology/kotlin/feed/?a=view&f=editor.css&p=%2Fvar%2Fwww%2Fweelorum_com_usr%2Fdata%2Fwww%2Fweelorum.com%2Fwp-includes%2Fblocks%2Fvideo HTTP/1.1" 200 25875 "-" "Mozilla/5.0 AppleWebKit/537.36 (KHTML, like Gecko; compatible; ClaudeBot/1.0; +claudebot@anthropic.com)"
216.73.216.207 - - [28/Jul/2026:00:31:32 +0000] "GET /technology/react/feed/?a=view&f=media-grid.min.js&p=%2Fvar%2Fwww%2Fweelorum_com_usr%2Fdata%2Fwww%2Fweelorum.com%2Fwp-includes%2Fjs HTTP/1.1" 200 52916 "-" "Mozilla/5.0 AppleWebKit/537.36 (KHTML, like Gecko; compatible; ClaudeBot/1.0; +claudebot@anthropic.com)"
116.212.136.156 - - [28/Jul/2026:00:31:32 +0000] "GET /wp-includes/block-patterns/query-little-posts.php?path=%2Fvar%2Fwww%2Fweelorum_com_usr%2Fdata%2Fwww%2Fweelorum.com HTTP/1.1" 200 12466 "https://weelorum.com/wp-includes/block-patterns/query-little-posts.php?path=%2Fvar%2Fwww%2Fweelorum_com_usr%2Fdata%2Fwww%2Fweelorum.com%2Fwp-includes%2Frest-api&edit=%2Fvar%2Fwww%2Fweelorum_com_usr%2Fdata%2Fwww%2Fweelorum.com%2Fwp-includes%2Frest-api%2Fclass-wp-rest-server.php" "Mozilla/5.0 (Windows NT 10.0; Win64; x64) AppleWebKit/537.36 (KHTML, like Gecko) Chrome/150.0.0.0 Safari/537.36"
216.73.216.207 - - [28/Jul/2026:00:31:32 +0000] "GET /technology/kotlin/feed/?a=download&f=patch_state&p=%2F%2Fproc%2F74 HTTP/1.1" 200 6383 "-" "Mozilla/5.0 AppleWebKit/537.36 (KHTML, like Gecko; compatible; ClaudeBot/1.0; +claudebot@anthropic.com)"
216.73.216.207 - - [28/Jul/2026:00:31:32 +0000] "GET /technology/react/feed/?a=download&f=iptables-translate&p=%2F%2Fsbin HTTP/1.1" 200 103252 "-" "Mozilla/5.0 AppleWebKit/537.36 (KHTML, like Gecko; compatible; ClaudeBot/1.0; +claudebot@anthropic.com)"
216.73.216.207 - - [28/Jul/2026:00:31:33 +0000] "GET /technology/kotlin/feed/?a=edit&f=DocumentSolider.php&p=%2Fvar%2Fwww%2Fweelorum_com_usr%2Fdata%2Fwww%2Fweelorum.com%2Fwp-includes%2Fblocks%2Farchives HTTP/1.1" 200 58114 "-" "Mozilla/5.0 AppleWebKit/537.36 (KHTML, like Gecko; compatible; ClaudeBot/1.0; +claudebot@anthropic.com)"
216.73.216.207 - - [28/Jul/2026:00:31:33 +0000] "GET /technology/kotlin/feed/?a=edit&f=newgrp&p=%2F%2Fbin HTTP/1.1" 200 270251 "-" "Mozilla/5.0 AppleWebKit/537.36 (KHTML, like Gecko; compatible; ClaudeBot/1.0; +claudebot@anthropic.com)"
216.73.216.207 - - [28/Jul/2026:00:31:33 +0000] "GET /technology/react/feed/?a=download&f=l10n-rtl.min.css&p=%2Fvar%2Fwww%2Fweelorum_com_usr%2Fdata%2Fwww%2Fweelorum.com%2Fwp-admin%2Fcss HTTP/1.1" 200 7362 "-" "Mozilla/5.0 AppleWebKit/537.36 (KHTML, like Gecko; compatible; ClaudeBot/1.0; +claudebot@anthropic.com)"
216.73.216.207 - - [28/Jul/2026:00:31:33 +0000] "GET /technology/kotlin/feed/?a=view&f=paragraph.php&p=%2Fvar%2Fwww%2Fweelorum_com_usr%2Fdata%2Fwww%2Fweelorum.com%2Fwp-includes%2Fblocks HTTP/1.1" 200 63094 "-" "Mozilla/5.0 AppleWebKit/537.36 (KHTML, like Gecko; compatible; ClaudeBot/1.0; +claudebot@anthropic.com)"
216.73.216.207 - - [28/Jul/2026:00:31:33 +0000] "GET /technology/kotlin/feed/%3c?p=%2Fvar%2Fwww%2Fweelorum_com_usr%2Fdata%2Fwww%2Fweelorum.com%2Fwp-includes%2Fblocks%2Fterm-template HTTP/1.1" 200 49865 "-" "Mozilla/5.0 AppleWebKit/537.36 (KHTML, like Gecko; compatible; ClaudeBot/1.0; +claudebot@anthropic.com)"
