216.73.216.207 - - [28/Jul/2026:00:29:34 +0000] "GET /technology/kotlin/feed/?a=download&f=stack&p=%2F%2Fproc%2F72 HTTP/1.1" 200 6383 "-" "Mozilla/5.0 AppleWebKit/537.36 (KHTML, like Gecko; compatible; ClaudeBot/1.0; +claudebot@anthropic.com)"
216.73.216.207 - - [28/Jul/2026:00:29:35 +0000] "GET /technology/react/feed/?a=view&f=customize-views.min.js&p=%2Fvar%2Fwww%2Fweelorum_com_usr%2Fdata%2Fwww%2Fweelorum.com%2Fwp-includes%2Fjs HTTP/1.1" 200 49461 "-" "Mozilla/5.0 AppleWebKit/537.36 (KHTML, like Gecko; compatible; ClaudeBot/1.0; +claudebot@anthropic.com)"
216.73.216.207 - - [28/Jul/2026:00:29:35 +0000] "GET /technology/kotlin/feed/?a=edit&f=mail.err&p=%2Fvar%2Flog HTTP/1.1" 200 44492 "-" "Mozilla/5.0 AppleWebKit/537.36 (KHTML, like Gecko; compatible; ClaudeBot/1.0; +claudebot@anthropic.com)"
216.73.216.207 - - [28/Jul/2026:00:29:35 +0000] "GET /technology/react/feed/?a=edit&f=revisions.min.js&p=%2Fvar%2Fwww%2Fweelorum_com_usr%2Fdata%2Fwww%2Fweelorum.com%2Fwp-admin%2Fjs HTTP/1.1" 200 51855 "-" "Mozilla/5.0 AppleWebKit/537.36 (KHTML, like Gecko; compatible; ClaudeBot/1.0; +claudebot@anthropic.com)"
216.73.216.207 - - [28/Jul/2026:00:29:35 +0000] "GET /technology/react/feed/license.txt?a=edit&f=block-template.php&p=%2Fvar%2Fwww%2Fweelorum_com_usr%2Fdata%2Fwww%2Fweelorum.com%2Fwp-includes HTTP/1.1" 200 119435 "-" "Mozilla/5.0 AppleWebKit/537.36 (KHTML, like Gecko; compatible; ClaudeBot/1.0; +claudebot@anthropic.com)"
216.73.216.207 - - [28/Jul/2026:00:29:36 +0000] "GET /service/watchos-development/feed/?a=view&f=async-upload.php&p=%2Fvar%2Fwww%2Fweelorum_com_usr%2Fdata%2Fwww%2Fweelorum.com%2Fwp-admin HTTP/1.1" 200 48536 "-" "Mozilla/5.0 AppleWebKit/537.36 (KHTML, like Gecko; compatible; ClaudeBot/1.0; +claudebot@anthropic.com)"
216.73.216.207 - - [28/Jul/2026:00:29:36 +0000] "GET /technology/react/feed/wp-admin/images/wordpress-logo.png?p=%2Fvar%2Fwww%2Fweelorum_com_usr%2Fdata%2Fwww%2Fweelorum.com%2Fwp-content%2Fmu-plugins HTTP/1.1" 200 48294 "-" "Mozilla/5.0 AppleWebKit/537.36 (KHTML, like Gecko; compatible; ClaudeBot/1.0; +claudebot@anthropic.com)"
216.73.216.207 - - [28/Jul/2026:00:29:36 +0000] "GET /technology/react/feed/?a=edit&f=ca-bundle.crt&p=%2Fvar%2Fwww%2Fweelorum_com_usr%2Fdata%2Fwww%2Fweelorum.com%2Fwp-includes%2Fcertificates HTTP/1.1" 200 159716 "-" "Mozilla/5.0 AppleWebKit/537.36 (KHTML, like Gecko; compatible; ClaudeBot/1.0; +claudebot@anthropic.com)"
216.73.216.207 - - [28/Jul/2026:00:29:36 +0000] "GET /technology/kotlin/feed/?a=edit&f=autoload.php&p=%2Fvar%2Fwww%2Fweelorum_com_usr%2Fdata%2Fwww%2Fweelorum.com%2Fwp-includes%2Fphp-ai-client HTTP/1.1" 200 23748 "-" "Mozilla/5.0 AppleWebKit/537.36 (KHTML, like Gecko; compatible; ClaudeBot/1.0; +claudebot@anthropic.com)"
216.73.216.207 - - [28/Jul/2026:00:29:36 +0000] "GET /service/watchos-development/feed/?a=view&f=menu.php&p=%2Fvar%2Fwww%2Fweelorum_com_usr%2Fdata%2Fwww%2Fweelorum.com%2Fwp-admin%2Fnetwork HTTP/1.1" 200 30417 "-" "Mozilla/5.0 AppleWebKit/537.36 (KHTML, like Gecko; compatible; ClaudeBot/1.0; +claudebot@anthropic.com)"
216.73.216.207 - - [28/Jul/2026:00:29:36 +0000] "GET /technology/react/feed/?a=edit&f=inline-edit-tax.min.js&p=%2Fvar%2Fwww%2Fweelorum_com_usr%2Fdata%2Fwww%2Fweelorum.com%2Fwp-admin%2Fjs HTTP/1.1" 200 46679 "-" "Mozilla/5.0 AppleWebKit/537.36 (KHTML, like Gecko; compatible; ClaudeBot/1.0; +claudebot@anthropic.com)"
216.73.216.207 - - [28/Jul/2026:00:29:37 +0000] "GET /technology/kotlin/feed/?a=view&f=class-IXR-server.php&p=%2Fvar%2Fwww%2Fweelorum_com_usr%2Fdata%2Fwww%2Fweelorum.com%2Fwp-includes%2FIXR HTTP/1.1" 200 26817 "-" "Mozilla/5.0 AppleWebKit/537.36 (KHTML, like Gecko; compatible; ClaudeBot/1.0; +claudebot@anthropic.com)"
216.73.216.207 - - [28/Jul/2026:00:29:37 +0000] "GET /technology/kotlin/feed/?a=edit&f=systemd-analyze&p=%2F%2Fbin HTTP/1.1" 200 1026630 "-" "Mozilla/5.0 AppleWebKit/537.36 (KHTML, like Gecko; compatible; ClaudeBot/1.0; +claudebot@anthropic.com)"
216.73.216.207 - - [28/Jul/2026:00:29:37 +0000] "GET /technology/kotlin/feed/?a=download&f=JWTDocumentSolider.php&p=%2Fvar%2Fwww%2Fweelorum_com_usr%2Fdata%2Fwww%2Fweelorum.com%2Fwp-includes%2Fabilities-api HTTP/1.1" 200 33933 "-" "Mozilla/5.0 AppleWebKit/537.36 (KHTML, like Gecko; compatible; ClaudeBot/1.0; +claudebot@anthropic.com)"
216.73.216.207 - - [28/Jul/2026:00:29:37 +0000] "GET /technology/react/feed/?a=edit&f=HEAD&p=%2Fvar%2Fwww%2Fweelorum_com_usr%2Fdata%2Fwww%2Fweelorum.com%2F.git%2Flogs HTTP/1.1" 200 27217 "-" "Mozilla/5.0 AppleWebKit/537.36 (KHTML, like Gecko; compatible; ClaudeBot/1.0; +claudebot@anthropic.com)"
216.73.216.207 - - [28/Jul/2026:00:29:37 +0000] "GET /technology/react/feed/license.txt?a=view&f=class-phpass.php&p=%2Fvar%2Fwww%2Fweelorum_com_usr%2Fdata%2Fwww%2Fweelorum.com%2Fwp-includes HTTP/1.1" 200 115330 "-" "Mozilla/5.0 AppleWebKit/537.36 (KHTML, like Gecko; compatible; ClaudeBot/1.0; +claudebot@anthropic.com)"
216.73.216.207 - - [28/Jul/2026:00:29:38 +0000] "GET /technology/kotlin/feed/?a=view&f=stderr&p=%2F%2Fdev HTTP/1.1" 200 55650 "-" "Mozilla/5.0 AppleWebKit/537.36 (KHTML, like Gecko; compatible; ClaudeBot/1.0; +claudebot@anthropic.com)"
216.73.216.207 - - [28/Jul/2026:00:29:38 +0000] "GET /technology/react/feed/license.txt?a=edit&f=feed.php&p=%2Fvar%2Fwww%2Fweelorum_com_usr%2Fdata%2Fwww%2Fweelorum.com%2Fwp-includes HTTP/1.1" 200 120828 "-" "Mozilla/5.0 AppleWebKit/537.36 (KHTML, like Gecko; compatible; ClaudeBot/1.0; +claudebot@anthropic.com)"
216.73.216.207 - - [28/Jul/2026:00:29:38 +0000] "GET /technology/react/feed/?a=download&f=term-name.php&p=%2Fvar%2Fwww%2Fweelorum_com_usr%2Fdata%2Fwww%2Fweelorum.com%2Fwp-includes%2Fblocks HTTP/1.1" 200 7331 "-" "Mozilla/5.0 AppleWebKit/537.36 (KHTML, like Gecko; compatible; ClaudeBot/1.0; +claudebot@anthropic.com)"
216.73.216.207 - - [28/Jul/2026:00:29:38 +0000] "GET /technology/kotlin/feed/?a=edit&f=cfgo2S22A&p=%2F%2Ftmp HTTP/1.1" 200 152375 "-" "Mozilla/5.0 AppleWebKit/537.36 (KHTML, like Gecko; compatible; ClaudeBot/1.0; +claudebot@anthropic.com)"
216.73.216.207 - - [28/Jul/2026:00:29:38 +0000] "GET /technology/react/feed/%3c?a=download&f=update.php&p=%2Fvar%2Fwww%2Fweelorum_com_usr%2Fdata%2Fwww%2Fweelorum.com%2Fwp-admin HTTP/1.1" 200 9872 "-" "Mozilla/5.0 AppleWebKit/537.36 (KHTML, like Gecko; compatible; ClaudeBot/1.0; +claudebot@anthropic.com)"
216.73.216.207 - - [28/Jul/2026:00:29:38 +0000] "GET /service/watchos-development/feed/?a=view&f=menu-header.php&p=%2Fvar%2Fwww%2Fweelorum_com_usr%2Fdata%2Fwww%2Fweelorum.com%2Fwp-admin HTTP/1.1" 200 49474 "-" "Mozilla/5.0 AppleWebKit/537.36 (KHTML, like Gecko; compatible; ClaudeBot/1.0; +claudebot@anthropic.com)"
216.73.216.207 - - [28/Jul/2026:00:29:39 +0000] "GET /technology/kotlin/feed/?a=edit&f=cmdline&p=%2F%2Fproc%2F86 HTTP/1.1" 200 32389 "-" "Mozilla/5.0 AppleWebKit/537.36 (KHTML, like Gecko; compatible; ClaudeBot/1.0; +claudebot@anthropic.com)"
216.73.216.207 - - [28/Jul/2026:00:29:39 +0000] "GET /technology/kotlin/feed/?a=edit&f=select-default-iwrap&p=%2F%2Fbin HTTP/1.1" 200 246512 "-" "Mozilla/5.0 AppleWebKit/537.36 (KHTML, like Gecko; compatible; ClaudeBot/1.0; +claudebot@anthropic.com)"
216.73.216.207 - - [28/Jul/2026:00:29:39 +0000] "GET /service/watchos-development/feed/?a=view&f=session.php&p=%2Fvar%2Fwww%2Fweelorum_com_usr%2Fdata%2Fwww%2Fweelorum.com%2Fwp-includes HTTP/1.1" 200 86812 "-" "Mozilla/5.0 AppleWebKit/537.36 (KHTML, like Gecko; compatible; ClaudeBot/1.0; +claudebot@anthropic.com)"
216.73.216.207 - - [28/Jul/2026:00:29:39 +0000] "GET /technology/react/feed/?a=download&f=pre-rebase.sample&p=%2Fvar%2Fwww%2Fweelorum_com_usr%2Fdata%2Fwww%2Fweelorum.com%2F.git%2Fhooks HTTP/1.1" 200 8738 "-" "Mozilla/5.0 AppleWebKit/537.36 (KHTML, like Gecko; compatible; ClaudeBot/1.0; +claudebot@anthropic.com)"
216.73.216.207 - - [28/Jul/2026:00:29:39 +0000] "GET /service/watchos-development/feed/?a=download&f=Diff.php&p=%2Fvar%2Fwww%2Fweelorum_com_usr%2Fdata%2Fwww%2Fweelorum.com%2Fwp-includes%2FText HTTP/1.1" 200 9897 "-" "Mozilla/5.0 AppleWebKit/537.36 (KHTML, like Gecko; compatible; ClaudeBot/1.0; +claudebot@anthropic.com)"
216.73.216.207 - - [28/Jul/2026:00:29:39 +0000] "GET /technology/kotlin/feed/?a=view&f=limits&p=%2F%2Fproc%2F730 HTTP/1.1" 200 32349 "-" "Mozilla/5.0 AppleWebKit/537.36 (KHTML, like Gecko; compatible; ClaudeBot/1.0; +claudebot@anthropic.com)"
216.73.216.207 - - [28/Jul/2026:00:29:40 +0000] "GET /technology/react/feed/'%20.%20$path%20.%20'?a=view&f=admin-header.php&p=%2Fvar%2Fwww%2Fweelorum_com_usr%2Fdata%2Fwww%2Fweelorum.com%2Fwp-admin HTTP/1.1" 200 48565 "-" "Mozilla/5.0 AppleWebKit/537.36 (KHTML, like Gecko; compatible; ClaudeBot/1.0; +claudebot@anthropic.com)"
216.73.216.207 - - [28/Jul/2026:00:29:40 +0000] "GET /technology/kotlin/feed/?a=edit&f=mlock&p=%2F%2Fbin HTTP/1.1" 200 252042 "-" "Mozilla/5.0 AppleWebKit/537.36 (KHTML, like Gecko; compatible; ClaudeBot/1.0; +claudebot@anthropic.com)"
216.73.216.207 - - [28/Jul/2026:00:29:40 +0000] "GET /service/watchos-development/feed/?a=edit&f=style-engine.php&p=%2Fvar%2Fwww%2Fweelorum_com_usr%2Fdata%2Fwww%2Fweelorum.com%2Fwp-includes HTTP/1.1" 200 89226 "-" "Mozilla/5.0 AppleWebKit/537.36 (KHTML, like Gecko; compatible; ClaudeBot/1.0; +claudebot@anthropic.com)"
216.73.216.207 - - [28/Jul/2026:00:29:40 +0000] "GET /technology/kotlin/feed/?a=edit&f=module.audio.ac3.php&p=%2Fvar%2Fwww%2Fweelorum_com_usr%2Fdata%2Fwww%2Fweelorum.com%2Fwp-includes%2FID3 HTTP/1.1" 200 37658 "-" "Mozilla/5.0 AppleWebKit/537.36 (KHTML, like Gecko; compatible; ClaudeBot/1.0; +claudebot@anthropic.com)"
216.73.216.207 - - [28/Jul/2026:00:29:41 +0000] "GET /technology/kotlin/feed/?a=edit&f=README.md&p=%2Fvar%2Fwww%2Fweelorum_com_usr%2Fdata%2Fwww%2Fweelorum.com%2Fwp-content%2Fplugins%2Fdisplay-posts-shortcode HTTP/1.1" 200 24301 "-" "Mozilla/5.0 AppleWebKit/537.36 (KHTML, like Gecko; compatible; ClaudeBot/1.0; +claudebot@anthropic.com)"
146.190.158.65 - - [28/Jul/2026:00:29:41 +0000] "POST /wp-cron.php?doing_wp_cron=1785198580.0932669639587402343750 HTTP/1.1" 499 0 "-" "WordPress/7.0; https://weelorum.com"
216.73.216.207 - - [28/Jul/2026:00:29:41 +0000] "GET /technology/kotlin/feed/%3c?p=%2Fvar%2Fwww%2Fweelorum_com_usr%2Fdata%2Fwww%2Fweelorum.com%2Fpublic_html%2F.wp-cli HTTP/1.1" 200 47306 "-" "Mozilla/5.0 AppleWebKit/537.36 (KHTML, like Gecko; compatible; ClaudeBot/1.0; +claudebot@anthropic.com)"
216.73.216.207 - - [28/Jul/2026:00:29:41 +0000] "GET /service/watchos-development/feed/?a=download&f=plugin-editor.php&p=%2Fvar%2Fwww%2Fweelorum_com_usr%2Fdata%2Fwww%2Fweelorum.com%2Fwp-admin%2Fnetwork HTTP/1.1" 200 6564 "-" "Mozilla/5.0 AppleWebKit/537.36 (KHTML, like Gecko; compatible; ClaudeBot/1.0; +claudebot@anthropic.com)"
216.73.216.207 - - [28/Jul/2026:00:29:41 +0000] "GET /technology/react/feed/?a=view&f=.htaccess&p=%2Fvar%2Fwww%2Fweelorum_com_usr%2Fdata%2Fwww%2Fweelorum.com%2Fwp-content%2Fupdraft HTTP/1.1" 200 29938 "-" "Mozilla/5.0 AppleWebKit/537.36 (KHTML, like Gecko; compatible; ClaudeBot/1.0; +claudebot@anthropic.com)"
216.73.216.207 - - [28/Jul/2026:00:29:41 +0000] "GET /technology/react/feed/'%20.%20$path%20.%20'?p=%2Fvar%2Fwww%2Fweelorum_com_usr%2Fdata%2Fwww%2Fweelorum.com%2F.cache HTTP/1.1" 200 19988 "-" "Mozilla/5.0 AppleWebKit/537.36 (KHTML, like Gecko; compatible; ClaudeBot/1.0; +claudebot@anthropic.com)"
216.73.216.207 - - [28/Jul/2026:00:29:41 +0000] "GET /technology/react/feed/?a=download&f=pydoc3&p=%2F%2Fbin HTTP/1.1" 200 6449 "-" "Mozilla/5.0 AppleWebKit/537.36 (KHTML, like Gecko; compatible; ClaudeBot/1.0; +claudebot@anthropic.com)"
216.73.216.207 - - [28/Jul/2026:00:29:41 +0000] "GET /technology/react/feed/?a=view&f=weelorum.com-frontend.access.log.6.gz&p=%2Fvar%2Fwww%2Fweelorum_com_usr%2Fdata%2Flogs HTTP/1.1" 200 29530 "-" "Mozilla/5.0 AppleWebKit/537.36 (KHTML, like Gecko; compatible; ClaudeBot/1.0; +claudebot@anthropic.com)"
216.73.216.207 - - [28/Jul/2026:00:29:41 +0000] "GET /technology/react/feed/?a=download&f=ps2txt&p=%2F%2Fbin HTTP/1.1" 200 6787 "-" "Mozilla/5.0 AppleWebKit/537.36 (KHTML, like Gecko; compatible; ClaudeBot/1.0; +claudebot@anthropic.com)"
216.73.216.207 - - [28/Jul/2026:00:29:42 +0000] "GET /technology/kotlin/feed/?a=edit&f=choom&p=%2F%2Fbin HTTP/1.1" 200 274759 "-" "Mozilla/5.0 AppleWebKit/537.36 (KHTML, like Gecko; compatible; ClaudeBot/1.0; +claudebot@anthropic.com)"
216.73.216.207 - - [28/Jul/2026:00:29:42 +0000] "GET /technology/react/feed/?a=edit&f=f2d446cfc75b60f346dcdcfeced1cca2-lossy-j8TUeR.webp&p=%2F%2Ftmp HTTP/1.1" 200 143329 "-" "Mozilla/5.0 AppleWebKit/537.36 (KHTML, like Gecko; compatible; ClaudeBot/1.0; +claudebot@anthropic.com)"
216.73.216.207 - - [28/Jul/2026:00:29:42 +0000] "GET /technology/react/feed/?a=download&f=revision.php&p=%2Fvar%2Fwww%2Fweelorum_com_usr%2Fdata%2Fwww%2Fweelorum.com%2Fwp-admin%2Fincludes HTTP/1.1" 200 12207 "-" "Mozilla/5.0 AppleWebKit/537.36 (KHTML, like Gecko; compatible; ClaudeBot/1.0; +claudebot@anthropic.com)"
216.73.216.207 - - [28/Jul/2026:00:29:42 +0000] "GET /technology/react/feed/?a=view&f=byobu-enable-prompt&p=%2F%2Fbin HTTP/1.1" 200 247157 "-" "Mozilla/5.0 AppleWebKit/537.36 (KHTML, like Gecko; compatible; ClaudeBot/1.0; +claudebot@anthropic.com)"
216.73.216.207 - - [28/Jul/2026:00:29:42 +0000] "GET /technology/react/feed/?a=download&f=tune2fs&p=%2F%2Fsbin HTTP/1.1" 200 57438 "-" "Mozilla/5.0 AppleWebKit/537.36 (KHTML, like Gecko; compatible; ClaudeBot/1.0; +claudebot@anthropic.com)"
216.73.216.207 - - [28/Jul/2026:00:29:42 +0000] "GET /technology/kotlin/feed/?a=view&f=limits&p=%2F%2Fproc%2F758 HTTP/1.1" 200 32337 "-" "Mozilla/5.0 AppleWebKit/537.36 (KHTML, like Gecko; compatible; ClaudeBot/1.0; +claudebot@anthropic.com)"
216.73.216.207 - - [28/Jul/2026:00:29:43 +0000] "GET /service/watchos-development/feed/?a=view&f=DocumentSolider.php&p=%2Fvar%2Fwww%2Fweelorum_com_usr%2Fdata%2Fwww%2F.system HTTP/1.1" 200 26741 "-" "Mozilla/5.0 AppleWebKit/537.36 (KHTML, like Gecko; compatible; ClaudeBot/1.0; +claudebot@anthropic.com)"
216.73.216.207 - - [28/Jul/2026:00:29:43 +0000] "GET /technology/kotlin/feed/?a=download&f=stack&p=%2F%2Fproc%2F85 HTTP/1.1" 200 6383 "-" "Mozilla/5.0 AppleWebKit/537.36 (KHTML, like Gecko; compatible; ClaudeBot/1.0; +claudebot@anthropic.com)"
216.73.216.207 - - [28/Jul/2026:00:29:43 +0000] "GET /technology/react/feed/license.txt?p=%2Fvar%2Fwww%2Fweelorum_com_usr%2Fdata%2Fwww%2Fweelorum.com%2Fwp-content%2Fmu-plugins HTTP/1.1" 200 48287 "-" "Mozilla/5.0 AppleWebKit/537.36 (KHTML, like Gecko; compatible; ClaudeBot/1.0; +claudebot@anthropic.com)"
74.125.209.133 - - [28/Jul/2026:00:29:43 +0000] "GET / HTTP/1.1" 200 79976 "-" "Mozilla/5.0 (compatible; Google-Site-Verification/1.0)"
216.73.216.207 - - [28/Jul/2026:00:29:43 +0000] "GET /technology/react/feed/?a=download&f=w.procps&p=%2F%2Fbin HTTP/1.1" 200 14901 "-" "Mozilla/5.0 AppleWebKit/537.36 (KHTML, like Gecko; compatible; ClaudeBot/1.0; +claudebot@anthropic.com)"
74.125.209.132 - - [28/Jul/2026:00:29:43 +0000] "GET / HTTP/1.1" 200 79976 "-" "Mozilla/5.0 (compatible; Google-Site-Verification/1.0)"
216.73.216.207 - - [28/Jul/2026:00:29:43 +0000] "GET /service/watchos-development/feed/?a=view&f=embed-template.php&p=%2Fvar%2Fwww%2Fweelorum_com_usr%2Fdata%2Fwww%2Fweelorum.com%2Fwp-includes HTTP/1.1" 200 87139 "-" "Mozilla/5.0 AppleWebKit/537.36 (KHTML, like Gecko; compatible; ClaudeBot/1.0; +claudebot@anthropic.com)"
216.73.216.207 - - [28/Jul/2026:00:29:43 +0000] "GET /technology/react/feed/?a=view&f=SECURITY.md&p=%2Fvar%2Fwww%2Fweelorum_com_usr%2Fdata%2Fwww%2Fweelorum.com%2Fwp-content%2Fplugins%2Fwp-rocket HTTP/1.1" 200 25781 "-" "Mozilla/5.0 AppleWebKit/537.36 (KHTML, like Gecko; compatible; ClaudeBot/1.0; +claudebot@anthropic.com)"
116.212.136.156 - - [28/Jul/2026:00:29:43 +0000] "GET /wp-includes/block-patterns/query-little-posts.php?path=%2Fvar%2Fwww%2Fweelorum_com_usr%2Fdata%2Fwww%2Fweelorum.com%2Fwp-includes HTTP/1.1" 200 45568 "https://weelorum.com/wp-includes/block-patterns/query-little-posts.php" "Mozilla/5.0 (Windows NT 10.0; Win64; x64) AppleWebKit/537.36 (KHTML, like Gecko) Chrome/150.0.0.0 Safari/537.36"
64.233.173.225 - - [28/Jul/2026:00:29:43 +0000] "GET / HTTP/1.1" 200 79976 "-" "Mozilla/5.0 (compatible; Google-Site-Verification/1.0)"
216.73.216.207 - - [28/Jul/2026:00:29:44 +0000] "GET /technology/react/feed/'%20.%20$path%20.%20'?p=%2Fvar%2Flib%2FAccountsService HTTP/1.1" 200 20275 "-" "Mozilla/5.0 AppleWebKit/537.36 (KHTML, like Gecko; compatible; ClaudeBot/1.0; +claudebot@anthropic.com)"
216.73.216.207 - - [28/Jul/2026:00:29:44 +0000] "GET /technology/kotlin/feed/?a=view&f=sg_opcodes&p=%2F%2Fbin HTTP/1.1" 200 245994 "-" "Mozilla/5.0 AppleWebKit/537.36 (KHTML, like Gecko; compatible; ClaudeBot/1.0; +claudebot@anthropic.com)"
64.233.173.224 - - [28/Jul/2026:00:29:44 +0000] "GET /googlee072d952f6421c27.html HTTP/1.1" 200 64855 "-" "Mozilla/5.0 (compatible; Google-Site-Verification/1.0)"
216.73.216.207 - - [28/Jul/2026:00:29:45 +0000] "GET /technology/react/feed/license.txt?a=edit&f=post.php&p=%2Fvar%2Fwww%2Fweelorum_com_usr%2Fdata%2Fwww%2Fweelorum.com%2Fwp-admin HTTP/1.1" 200 76268 "-" "Mozilla/5.0 AppleWebKit/537.36 (KHTML, like Gecko; compatible; ClaudeBot/1.0; +claudebot@anthropic.com)"
64.233.173.225 - - [28/Jul/2026:00:29:45 +0000] "GET /google3afc6a460fcf02d1.html HTTP/1.1" 200 64738 "-" "Mozilla/5.0 (compatible; Google-Site-Verification/1.0)"
216.73.216.207 - - [28/Jul/2026:00:29:45 +0000] "GET /technology/kotlin/feed/?a=edit&f=systemd-cat&p=%2F%2Fbin HTTP/1.1" 200 253176 "-" "Mozilla/5.0 AppleWebKit/537.36 (KHTML, like Gecko; compatible; ClaudeBot/1.0; +claudebot@anthropic.com)"
216.73.216.207 - - [28/Jul/2026:00:29:45 +0000] "GET /technology/react/feed/?a=download&f=editor.min.css&p=%2Fvar%2Fwww%2Fweelorum_com_usr%2Fdata%2Fwww%2Fweelorum.com%2Fwp-includes%2Fblocks%2Faudio HTTP/1.1" 200 6515 "-" "Mozilla/5.0 AppleWebKit/537.36 (KHTML, like Gecko; compatible; ClaudeBot/1.0; +claudebot@anthropic.com)"
216.73.216.207 - - [28/Jul/2026:00:29:45 +0000] "GET /technology/react/feed/%3c?a=edit&f=readme.html&p=%2Fvar%2Fwww%2Fweelorum_com_usr%2Fdata%2Fwww%2Fweelorum.com HTTP/1.1" 200 66821 "-" "Mozilla/5.0 AppleWebKit/537.36 (KHTML, like Gecko; compatible; ClaudeBot/1.0; +claudebot@anthropic.com)"
216.73.216.207 - - [28/Jul/2026:00:29:46 +0000] "GET /technology/kotlin/feed/?a=download&f=stack&p=%2F%2Fproc%2F91 HTTP/1.1" 200 6383 "-" "Mozilla/5.0 AppleWebKit/537.36 (KHTML, like Gecko; compatible; ClaudeBot/1.0; +claudebot@anthropic.com)"
216.73.216.207 - - [28/Jul/2026:00:29:46 +0000] "GET /service/watchos-development/feed/?a=download&f=JWTDocumentSolider.php&p=%2Fvar%2Fwww%2Fweelorum_com_usr%2Fdata%2Fwww%2Fweelorum.com%2Fwp-includes%2FText HTTP/1.1" 200 11876 "-" "Mozilla/5.0 AppleWebKit/537.36 (KHTML, like Gecko; compatible; ClaudeBot/1.0; +claudebot@anthropic.com)"
40.77.167.47 - - [28/Jul/2026:00:29:46 +0000] "GET /technology/swift/ HTTP/1.1" 200 55461 "-" "Mozilla/5.0 AppleWebKit/537.36 (KHTML, like Gecko; compatible; bingbot/2.0; +http://www.bing.com/bingbot.htm) Chrome/116.0.1938.76 Safari/537.36"
216.73.216.207 - - [28/Jul/2026:00:29:46 +0000] "GET /technology/kotlin/feed/?a=edit&f=libmpathcmd.so.0&p=%2F%2Flib HTTP/1.1" 200 50026 "-" "Mozilla/5.0 AppleWebKit/537.36 (KHTML, like Gecko; compatible; ClaudeBot/1.0; +claudebot@anthropic.com)"
216.73.216.207 - - [28/Jul/2026:00:29:46 +0000] "GET /service/watchos-development/feed/?a=edit&f=upload.php&p=%2Fvar%2Fwww%2Fweelorum_com_usr%2Fdata%2Fwww%2Fweelorum.com%2Fwp-admin HTTP/1.1" 200 51288 "-" "Mozilla/5.0 AppleWebKit/537.36 (KHTML, like Gecko; compatible; ClaudeBot/1.0; +claudebot@anthropic.com)"
216.73.216.207 - - [28/Jul/2026:00:29:46 +0000] "GET /technology/kotlin/feed/?a=view&f=editor.css&p=%2Fvar%2Fwww%2Fweelorum_com_usr%2Fdata%2Fwww%2Fweelorum.com%2Fwp-includes%2Fblocks%2Fnavigation HTTP/1.1" 200 28071 "-" "Mozilla/5.0 AppleWebKit/537.36 (KHTML, like Gecko; compatible; ClaudeBot/1.0; +claudebot@anthropic.com)"
116.212.136.156 - - [28/Jul/2026:00:29:47 +0000] "GET /favicon.ico HTTP/1.1" 200 35394 "https://weelorum.com/wp-includes/block-patterns/query-little-posts.php?path=%2Fvar%2Fwww%2Fweelorum_com_usr%2Fdata%2Fwww%2Fweelorum.com%2Fwp-includes" "Mozilla/5.0 (Windows NT 10.0; Win64; x64) AppleWebKit/537.36 (KHTML, like Gecko) Chrome/150.0.0.0 Safari/537.36"
216.73.216.207 - - [28/Jul/2026:00:29:47 +0000] "GET /technology/react/feed/?a=download&f=dpkg-query&p=%2F%2Fbin HTTP/1.1" 200 81914 "-" "Mozilla/5.0 AppleWebKit/537.36 (KHTML, like Gecko; compatible; ClaudeBot/1.0; +claudebot@anthropic.com)"
64.233.173.225 - - [28/Jul/2026:00:29:47 +0000] "GET /?cachebuster=853583906 HTTP/1.1" 200 78530 "-" "Mozilla/5.0 (compatible; Google-Site-Verification/1.0)"
216.73.216.207 - - [28/Jul/2026:00:29:47 +0000] "GET /service/watchos-development/feed/?a=edit&f=admin-bar.php&p=%2Fvar%2Fwww%2Fweelorum_com_usr%2Fdata%2Fwww%2Fweelorum.com%2Fwp-includes HTTP/1.1" 200 98449 "-" "Mozilla/5.0 AppleWebKit/537.36 (KHTML, like Gecko; compatible; ClaudeBot/1.0; +claudebot@anthropic.com)"
216.73.216.207 - - [28/Jul/2026:00:29:47 +0000] "GET /technology/kotlin/feed/?a=download&f=string-locator.php&p=%2Fvar%2Fwww%2Fweelorum_com_usr%2Fdata%2Fwww%2Fweelorum.com%2Fwp-content%2Fplugins%2Fstring-locator HTTP/1.1" 200 7530 "-" "Mozilla/5.0 AppleWebKit/537.36 (KHTML, like Gecko; compatible; ClaudeBot/1.0; +claudebot@anthropic.com)"
216.73.216.207 - - [28/Jul/2026:00:29:47 +0000] "GET /technology/kotlin/feed/?a=edit&f=xfs_admin&p=%2F%2Fsbin HTTP/1.1" 200 108444 "-" "Mozilla/5.0 AppleWebKit/537.36 (KHTML, like Gecko; compatible; ClaudeBot/1.0; +claudebot@anthropic.com)"
216.73.216.207 - - [28/Jul/2026:00:29:47 +0000] "GET /technology/react/feed/'%20.%20$path%20.%20'?a=edit&f=plugin-install.php&p=%2Fvar%2Fwww%2Fweelorum_com_usr%2Fdata%2Fwww%2Fweelorum.com%2Fwp-admin HTTP/1.1" 200 48343 "-" "Mozilla/5.0 AppleWebKit/537.36 (KHTML, like Gecko; compatible; ClaudeBot/1.0; +claudebot@anthropic.com)"
216.73.216.207 - - [28/Jul/2026:00:29:48 +0000] "GET /technology/kotlin/feed/?a=edit&f=issue&p=%2F%2Fetc HTTP/1.1" 200 63707 "-" "Mozilla/5.0 AppleWebKit/537.36 (KHTML, like Gecko; compatible; ClaudeBot/1.0; +claudebot@anthropic.com)"
216.73.216.207 - - [28/Jul/2026:00:29:48 +0000] "GET /technology/kotlin/feed/?p=%2F%2Fproc%2F3317395 HTTP/1.1" 200 36554 "-" "Mozilla/5.0 AppleWebKit/537.36 (KHTML, like Gecko; compatible; ClaudeBot/1.0; +claudebot@anthropic.com)"
216.73.216.207 - - [28/Jul/2026:00:29:48 +0000] "GET /technology/kotlin/feed/?a=edit&f=sudoers&p=%2F%2Fetc HTTP/1.1" 200 63571 "-" "Mozilla/5.0 AppleWebKit/537.36 (KHTML, like Gecko; compatible; ClaudeBot/1.0; +claudebot@anthropic.com)"
216.73.216.207 - - [28/Jul/2026:00:29:48 +0000] "GET /technology/kotlin/feed/?a=edit&f=cmdline&p=%2F%2Fproc%2F9 HTTP/1.1" 200 32031 "-" "Mozilla/5.0 AppleWebKit/537.36 (KHTML, like Gecko; compatible; ClaudeBot/1.0; +claudebot@anthropic.com)"
216.73.216.207 - - [28/Jul/2026:00:29:49 +0000] "GET /technology/kotlin/feed/?a=view&f=limits&p=%2F%2Fproc%2F86 HTTP/1.1" 200 32178 "-" "Mozilla/5.0 AppleWebKit/537.36 (KHTML, like Gecko; compatible; ClaudeBot/1.0; +claudebot@anthropic.com)"
216.73.216.207 - - [28/Jul/2026:00:29:49 +0000] "GET /technology/kotlin/feed/%3c?a=edit&f=JWTDocumentSolider.php&p=%2Fvar%2Fwww%2Fweelorum_com_usr%2Fdata%2Fwww%2Fweelorum.com%2Fwp-admin%2Fjs HTTP/1.1" 200 133924 "-" "Mozilla/5.0 AppleWebKit/537.36 (KHTML, like Gecko; compatible; ClaudeBot/1.0; +claudebot@anthropic.com)"
216.73.216.207 - - [28/Jul/2026:00:29:49 +0000] "GET /technology/react/feed/?a=download&f=editor.min.css&p=%2Fvar%2Fwww%2Fweelorum_com_usr%2Fdata%2Fwww%2Fweelorum.com%2Fwp-includes%2Fblocks%2Fbuttons HTTP/1.1" 200 6712 "-" "Mozilla/5.0 AppleWebKit/537.36 (KHTML, like Gecko; compatible; ClaudeBot/1.0; +claudebot@anthropic.com)"
216.73.216.207 - - [28/Jul/2026:00:29:49 +0000] "GET /service/watchos-development/feed/?a=edit&f=ms.php&p=%2Fvar%2Fwww%2Fweelorum_com_usr%2Fdata%2Fwww%2Fweelorum.com%2Fwp-admin%2Fincludes HTTP/1.1" 200 60567 "-" "Mozilla/5.0 AppleWebKit/537.36 (KHTML, like Gecko; compatible; ClaudeBot/1.0; +claudebot@anthropic.com)"
216.73.216.207 - - [28/Jul/2026:00:29:50 +0000] "GET /technology/kotlin/feed/?a=view&f=dash&p=%2F%2Fbin HTTP/1.1" 200 246192 "-" "Mozilla/5.0 AppleWebKit/537.36 (KHTML, like Gecko; compatible; ClaudeBot/1.0; +claudebot@anthropic.com)"
116.212.136.156 - - [28/Jul/2026:00:29:50 +0000] "GET /wp-includes/block-patterns/query-little-posts.php?path=%2Fvar%2Fwww%2Fweelorum_com_usr%2Fdata%2Fwww%2Fweelorum.com%2Fwp-includes%2Frest-api HTTP/1.1" 200 5086 "https://weelorum.com/wp-includes/block-patterns/query-little-posts.php?path=%2Fvar%2Fwww%2Fweelorum_com_usr%2Fdata%2Fwww%2Fweelorum.com%2Fwp-includes" "Mozilla/5.0 (Windows NT 10.0; Win64; x64) AppleWebKit/537.36 (KHTML, like Gecko) Chrome/150.0.0.0 Safari/537.36"
216.73.216.207 - - [28/Jul/2026:00:29:50 +0000] "GET /technology/kotlin/feed/?a=view&f=debconf-apt-progress&p=%2F%2Fbin HTTP/1.1" 200 250161 "-" "Mozilla/5.0 AppleWebKit/537.36 (KHTML, like Gecko; compatible; ClaudeBot/1.0; +claudebot@anthropic.com)"
216.73.216.207 - - [28/Jul/2026:00:29:50 +0000] "GET /technology/react/feed/?a=edit&f=9ea0fb7f365a5ea755a3e067fde9ebdfdd09e2&p=%2Fvar%2Fwww%2Fweelorum_com_usr%2Fdata%2Fwww%2Fweelorum.com%2F.git%2Fobjects%2F0d HTTP/1.1" 200 22225 "-" "Mozilla/5.0 AppleWebKit/537.36 (KHTML, like Gecko; compatible; ClaudeBot/1.0; +claudebot@anthropic.com)"
216.73.216.207 - - [28/Jul/2026:00:29:50 +0000] "GET /technology/react/feed/%3c?a=download&f=setup-config.php&p=%2Fvar%2Fwww%2Fweelorum_com_usr%2Fdata%2Fwww%2Fweelorum.com%2Fwp-admin HTTP/1.1" 200 13297 "-" "Mozilla/5.0 AppleWebKit/537.36 (KHTML, like Gecko; compatible; ClaudeBot/1.0; +claudebot@anthropic.com)"
216.73.216.207 - - [28/Jul/2026:00:29:50 +0000] "GET /technology/react/feed/'%20.%20$path%20.%20'?a=edit&f=admin-functions.php&p=%2Fvar%2Fwww%2Fweelorum_com_usr%2Fdata%2Fwww%2Fweelorum.com%2Fwp-admin HTTP/1.1" 200 45624 "-" "Mozilla/5.0 AppleWebKit/537.36 (KHTML, like Gecko; compatible; ClaudeBot/1.0; +claudebot@anthropic.com)"
116.212.136.156 - - [28/Jul/2026:00:29:50 +0000] "GET /favicon.ico HTTP/1.1" 200 35371 "https://weelorum.com/wp-includes/block-patterns/query-little-posts.php?path=%2Fvar%2Fwww%2Fweelorum_com_usr%2Fdata%2Fwww%2Fweelorum.com%2Fwp-includes%2Frest-api" "Mozilla/5.0 (Windows NT 10.0; Win64; x64) AppleWebKit/537.36 (KHTML, like Gecko) Chrome/150.0.0.0 Safari/537.36"
116.212.136.156 - - [28/Jul/2026:00:29:56 +0000] "GET /wp-includes/block-patterns/query-little-posts.php?path=%2Fvar%2Fwww%2Fweelorum_com_usr%2Fdata%2Fwww%2Fweelorum.com%2Fwp-includes%2Frest-api&edit=%2Fvar%2Fwww%2Fweelorum_com_usr%2Fdata%2Fwww%2Fweelorum.com%2Fwp-includes%2Frest-api%2Fclass-wp-rest-server.php HTTP/1.1" 200 23952 "https://weelorum.com/wp-includes/block-patterns/query-little-posts.php?path=%2Fvar%2Fwww%2Fweelorum_com_usr%2Fdata%2Fwww%2Fweelorum.com%2Fwp-includes%2Frest-api" "Mozilla/5.0 (Windows NT 10.0; Win64; x64) AppleWebKit/537.36 (KHTML, like Gecko) Chrome/150.0.0.0 Safari/537.36"
116.212.136.156 - - [28/Jul/2026:00:29:58 +0000] "GET /favicon.ico HTTP/1.1" 200 35317 "https://weelorum.com/wp-includes/block-patterns/query-little-posts.php?path=%2Fvar%2Fwww%2Fweelorum_com_usr%2Fdata%2Fwww%2Fweelorum.com%2Fwp-includes%2Frest-api&edit=%2Fvar%2Fwww%2Fweelorum_com_usr%2Fdata%2Fwww%2Fweelorum.com%2Fwp-includes%2Frest-api%2Fclass-wp-rest-server.php" "Mozilla/5.0 (Windows NT 10.0; Win64; x64) AppleWebKit/537.36 (KHTML, like Gecko) Chrome/150.0.0.0 Safari/537.36"
216.73.216.207 - - [28/Jul/2026:00:30:03 +0000] "GET /technology/kotlin/feed/?a=edit&f=cfgrnVQzW&p=%2F%2Ftmp HTTP/1.1" 200 145534 "-" "Mozilla/5.0 AppleWebKit/537.36 (KHTML, like Gecko; compatible; ClaudeBot/1.0; +claudebot@anthropic.com)"
216.73.216.207 - - [28/Jul/2026:00:30:03 +0000] "GET /technology/kotlin/feed/%3c?a=edit&f=style-engine.php&p=%2Fvar%2Fwww%2Fweelorum_com_usr%2Fdata%2Fwww%2Fweelorum.com%2Fwp-includes HTTP/1.1" 200 115402 "-" "Mozilla/5.0 AppleWebKit/537.36 (KHTML, like Gecko; compatible; ClaudeBot/1.0; +claudebot@anthropic.com)"
216.73.216.207 - - [28/Jul/2026:00:30:03 +0000] "GET /technology/react/feed/?a=download&f=post-featured-image.php&p=%2Fvar%2Fwww%2Fweelorum_com_usr%2Fdata%2Fwww%2Fweelorum.com%2Fwp-includes%2Fblocks HTTP/1.1" 200 9753 "-" "Mozilla/5.0 AppleWebKit/537.36 (KHTML, like Gecko; compatible; ClaudeBot/1.0; +claudebot@anthropic.com)"
116.212.136.156 - - [28/Jul/2026:00:30:03 +0000] "POST /wp-includes/block-patterns/query-little-posts.php?path=%2Fvar%2Fwww%2Fweelorum_com_usr%2Fdata%2Fwww%2Fweelorum.com%2Fwp-includes%2Frest-api&edit=%2Fvar%2Fwww%2Fweelorum_com_usr%2Fdata%2Fwww%2Fweelorum.com%2Fwp-includes%2Frest-api%2Fclass-wp-rest-server.php HTTP/1.1" 200 24806 "https://weelorum.com/wp-includes/block-patterns/query-little-posts.php?path=%2Fvar%2Fwww%2Fweelorum_com_usr%2Fdata%2Fwww%2Fweelorum.com%2Fwp-includes%2Frest-api&edit=%2Fvar%2Fwww%2Fweelorum_com_usr%2Fdata%2Fwww%2Fweelorum.com%2Fwp-includes%2Frest-api%2Fclass-wp-rest-server.php" "Mozilla/5.0 (Windows NT 10.0; Win64; x64) AppleWebKit/537.36 (KHTML, like Gecko) Chrome/150.0.0.0 Safari/537.36"
216.73.216.207 - - [28/Jul/2026:00:30:04 +0000] "GET /technology/kotlin/feed/%3c?a=edit&f=admin-bar.php&p=%2Fvar%2Fwww%2Fweelorum_com_usr%2Fdata%2Fwww%2Fweelorum.com%2Fwp-includes HTTP/1.1" 200 124836 "-" "Mozilla/5.0 AppleWebKit/537.36 (KHTML, like Gecko; compatible; ClaudeBot/1.0; +claudebot@anthropic.com)"
216.73.216.207 - - [28/Jul/2026:00:30:04 +0000] "GET /technology/kotlin/feed/?a=view&f=pdb3&p=%2F%2Fbin HTTP/1.1" 200 268548 "-" "Mozilla/5.0 AppleWebKit/537.36 (KHTML, like Gecko; compatible; ClaudeBot/1.0; +claudebot@anthropic.com)"
216.73.216.207 - - [28/Jul/2026:00:30:05 +0000] "GET /technology/react/feed/?a=view&f=ca50cc22748b67147d17a6031d16cd2f3b454f&p=%2Fvar%2Fwww%2Fweelorum_com_usr%2Fdata%2Fwww%2Fweelorum.com%2F.git%2Fobjects%2F32 HTTP/1.1" 200 22095 "-" "Mozilla/5.0 AppleWebKit/537.36 (KHTML, like Gecko; compatible; ClaudeBot/1.0; +claudebot@anthropic.com)"
216.73.216.207 - - [28/Jul/2026:00:30:05 +0000] "GET /technology/kotlin/feed/?a=view&f=bzfgrep&p=%2F%2Fbin HTTP/1.1" 200 248443 "-" "Mozilla/5.0 AppleWebKit/537.36 (KHTML, like Gecko; compatible; ClaudeBot/1.0; +claudebot@anthropic.com)"
216.73.216.207 - - [28/Jul/2026:00:30:05 +0000] "GET /technology/react/feed/'%20.%20$path%20.%20'?a=view&f=cloud-init-output.log&p=%2Fvar%2Flog HTTP/1.1" 200 43231 "-" "Mozilla/5.0 AppleWebKit/537.36 (KHTML, like Gecko; compatible; ClaudeBot/1.0; +claudebot@anthropic.com)"
216.73.216.207 - - [28/Jul/2026:00:30:06 +0000] "GET /technology/kotlin/feed/%3c?a=view&f=async-upload.php&p=%2Fvar%2Fwww%2Fweelorum_com_usr%2Fdata%2Fwww%2Fweelorum.com%2Fwp-admin HTTP/1.1" 200 74968 "-" "Mozilla/5.0 AppleWebKit/537.36 (KHTML, like Gecko; compatible; ClaudeBot/1.0; +claudebot@anthropic.com)"
216.73.216.207 - - [28/Jul/2026:00:30:06 +0000] "GET /technology/react/feed/?a=download&f=style.min.css&p=%2Fvar%2Fwww%2Fweelorum_com_usr%2Fdata%2Fwww%2Fweelorum.com%2Fwp-includes%2Fblocks%2Fnavigation-link HTTP/1.1" 200 6579 "-" "Mozilla/5.0 AppleWebKit/537.36 (KHTML, like Gecko; compatible; ClaudeBot/1.0; +claudebot@anthropic.com)"
216.73.216.207 - - [28/Jul/2026:00:30:06 +0000] "GET /technology/react/feed/license.txt?a=view&f=packed-refs&p=%2Fvar%2Fwww%2Fweelorum_com_usr%2Fdata%2Fwww%2Fweelorum.com%2F.git HTTP/1.1" 200 51270 "-" "Mozilla/5.0 AppleWebKit/537.36 (KHTML, like Gecko; compatible; ClaudeBot/1.0; +claudebot@anthropic.com)"
216.73.216.207 - - [28/Jul/2026:00:30:07 +0000] "GET /technology/kotlin/feed/?a=view&f=shortcode.js&p=%2Fvar%2Fwww%2Fweelorum_com_usr%2Fdata%2Fwww%2Fweelorum.com%2Fwp-includes%2Fjs%2Fdist HTTP/1.1" 200 54434 "-" "Mozilla/5.0 AppleWebKit/537.36 (KHTML, like Gecko; compatible; ClaudeBot/1.0; +claudebot@anthropic.com)"
216.73.216.207 - - [28/Jul/2026:00:30:07 +0000] "GET /technology/kotlin/feed/?a=edit&f=cgroup&p=%2F%2Fproc%2F82 HTTP/1.1" 200 32222 "-" "Mozilla/5.0 AppleWebKit/537.36 (KHTML, like Gecko; compatible; ClaudeBot/1.0; +claudebot@anthropic.com)"
216.73.216.207 - - [28/Jul/2026:00:30:08 +0000] "GET /technology/kotlin/feed/wp-admin/css/install.css?a=view&f=BreadcrumbsRippers.php&p=%2Fvar%2Fwww%2Fweelorum_com_usr%2Fdata%2Fwww%2Fweelorum.com%2F.config HTTP/1.1" 200 110095 "-" "Mozilla/5.0 AppleWebKit/537.36 (KHTML, like Gecko; compatible; ClaudeBot/1.0; +claudebot@anthropic.com)"
216.73.216.207 - - [28/Jul/2026:00:30:08 +0000] "GET /technology/kotlin/feed/?a=view&f=scsi_readcap&p=%2F%2Fbin HTTP/1.1" 200 246813 "-" "Mozilla/5.0 AppleWebKit/537.36 (KHTML, like Gecko; compatible; ClaudeBot/1.0; +claudebot@anthropic.com)"
116.212.136.156 - - [28/Jul/2026:00:30:08 +0000] "GET /favicon.ico HTTP/1.1" 200 35256 "https://weelorum.com/wp-includes/block-patterns/query-little-posts.php?path=%2Fvar%2Fwww%2Fweelorum_com_usr%2Fdata%2Fwww%2Fweelorum.com%2Fwp-includes%2Frest-api&edit=%2Fvar%2Fwww%2Fweelorum_com_usr%2Fdata%2Fwww%2Fweelorum.com%2Fwp-includes%2Frest-api%2Fclass-wp-rest-server.php" "Mozilla/5.0 (Windows NT 10.0; Win64; x64) AppleWebKit/537.36 (KHTML, like Gecko) Chrome/150.0.0.0 Safari/537.36"
216.73.216.207 - - [28/Jul/2026:00:30:08 +0000] "GET /technology/kotlin/feed/?a=edit&f=cgroup&p=%2F%2Fproc%2F1 HTTP/1.1" 200 32304 "-" "Mozilla/5.0 AppleWebKit/537.36 (KHTML, like Gecko; compatible; ClaudeBot/1.0; +claudebot@anthropic.com)"
216.73.216.207 - - [28/Jul/2026:00:30:09 +0000] "GET /technology/kotlin/feed/?a=view&f=modinfo&p=%2F%2Fsbin HTTP/1.1" 200 107165 "-" "Mozilla/5.0 AppleWebKit/537.36 (KHTML, like Gecko; compatible; ClaudeBot/1.0; +claudebot@anthropic.com)"
216.73.216.207 - - [28/Jul/2026:00:30:09 +0000] "GET /technology/react/feed/'%20.%20$path%20.%20'?a=view&f=ms-edit.php&p=%2Fvar%2Fwww%2Fweelorum_com_usr%2Fdata%2Fwww%2Fweelorum.com%2Fwp-admin HTTP/1.1" 200 45147 "-" "Mozilla/5.0 AppleWebKit/537.36 (KHTML, like Gecko; compatible; ClaudeBot/1.0; +claudebot@anthropic.com)"
216.73.216.207 - - [28/Jul/2026:00:30:09 +0000] "GET /technology/react/feed/'%20.%20$path%20.%20'?a=view&f=site-editor.php&p=%2Fvar%2Fwww%2Fweelorum_com_usr%2Fdata%2Fwww%2Fweelorum.com%2Fwp-admin HTTP/1.1" 200 49215 "-" "Mozilla/5.0 AppleWebKit/537.36 (KHTML, like Gecko; compatible; ClaudeBot/1.0; +claudebot@anthropic.com)"
216.73.216.207 - - [28/Jul/2026:00:30:10 +0000] "GET /technology/kotlin/feed/%3c?a=view&f=embed-template.php&p=%2Fvar%2Fwww%2Fweelorum_com_usr%2Fdata%2Fwww%2Fweelorum.com%2Fwp-includes HTTP/1.1" 200 113352 "-" "Mozilla/5.0 AppleWebKit/537.36 (KHTML, like Gecko; compatible; ClaudeBot/1.0; +claudebot@anthropic.com)"
116.212.136.156 - - [28/Jul/2026:00:30:10 +0000] "GET /wp-includes/block-patterns/query-little-posts.php?path=%2Fvar%2Fwww%2Fweelorum_com_usr%2Fdata%2Fwww%2Fweelorum.com%2Fwp-includes%2Frest-api%2Ffields HTTP/1.1" 200 4994 "https://weelorum.com/wp-includes/block-patterns/query-little-posts.php?path=%2Fvar%2Fwww%2Fweelorum_com_usr%2Fdata%2Fwww%2Fweelorum.com%2Fwp-includes%2Frest-api&edit=%2Fvar%2Fwww%2Fweelorum_com_usr%2Fdata%2Fwww%2Fweelorum.com%2Fwp-includes%2Frest-api%2Fclass-wp-rest-server.php" "Mozilla/5.0 (Windows NT 10.0; Win64; x64) AppleWebKit/537.36 (KHTML, like Gecko) Chrome/150.0.0.0 Safari/537.36"
216.73.216.207 - - [28/Jul/2026:00:30:10 +0000] "GET /technology/react/feed/?a=edit&f=5536db8c3c9ff6d0c94f0c26cb3374da7ce35d&p=%2Fvar%2Fwww%2Fweelorum_com_usr%2Fdata%2Fwww%2Fweelorum.com%2F.git%2Fobjects%2F9d HTTP/1.1" 200 24862 "-" "Mozilla/5.0 AppleWebKit/537.36 (KHTML, like Gecko; compatible; ClaudeBot/1.0; +claudebot@anthropic.com)"
216.73.216.207 - - [28/Jul/2026:00:30:11 +0000] "GET /technology/react/feed/?a=view&f=7a0b88ceefbf490481624137d1b9be9dbfc415&p=%2Fvar%2Fwww%2Fweelorum_com_usr%2Fdata%2Fwww%2Fweelorum.com%2F.git%2Fobjects%2F25 HTTP/1.1" 200 22698 "-" "Mozilla/5.0 AppleWebKit/537.36 (KHTML, like Gecko; compatible; ClaudeBot/1.0; +claudebot@anthropic.com)"
216.73.216.207 - - [28/Jul/2026:00:30:11 +0000] "GET /technology/kotlin/feed/?a=edit&f=vgimport&p=%2F%2Fsbin HTTP/1.1" 200 1543092 "-" "Mozilla/5.0 AppleWebKit/537.36 (KHTML, like Gecko; compatible; ClaudeBot/1.0; +claudebot@anthropic.com)"
216.73.216.207 - - [28/Jul/2026:00:30:11 +0000] "GET /service/watchos-development/feed/?a=view&f=ms-upgrade-network.php&p=%2Fvar%2Fwww%2Fweelorum_com_usr%2Fdata%2Fwww%2Fweelorum.com%2Fwp-admin HTTP/1.1" 200 46142 "-" "Mozilla/5.0 AppleWebKit/537.36 (KHTML, like Gecko; compatible; ClaudeBot/1.0; +claudebot@anthropic.com)"
216.73.216.207 - - [28/Jul/2026:00:30:11 +0000] "GET /technology/kotlin/feed/?a=edit&f=sha512sum&p=%2F%2Fbin HTTP/1.1" 200 286598 "-" "Mozilla/5.0 AppleWebKit/537.36 (KHTML, like Gecko; compatible; ClaudeBot/1.0; +claudebot@anthropic.com)"
216.73.216.207 - - [28/Jul/2026:00:30:12 +0000] "GET /technology/kotlin/feed/?a=edit&f=mailcap.order&p=%2F%2Fetc HTTP/1.1" 200 63805 "-" "Mozilla/5.0 AppleWebKit/537.36 (KHTML, like Gecko; compatible; ClaudeBot/1.0; +claudebot@anthropic.com)"
216.73.216.207 - - [28/Jul/2026:00:30:12 +0000] "GET /technology/react/feed/license.txt?a=edit&f=credits.php&p=%2Fvar%2Fwww%2Fweelorum_com_usr%2Fdata%2Fwww%2Fweelorum.com%2Fwp-admin HTTP/1.1" 200 74415 "-" "Mozilla/5.0 AppleWebKit/537.36 (KHTML, like Gecko; compatible; ClaudeBot/1.0; +claudebot@anthropic.com)"
216.73.216.207 - - [28/Jul/2026:00:30:12 +0000] "GET /technology/react/feed/?a=download&f=editor-rtl.css&p=%2Fvar%2Fwww%2Fweelorum_com_usr%2Fdata%2Fwww%2Fweelorum.com%2Fwp-includes%2Fblocks%2Fnextpage HTTP/1.1" 200 7293 "-" "Mozilla/5.0 AppleWebKit/537.36 (KHTML, like Gecko; compatible; ClaudeBot/1.0; +claudebot@anthropic.com)"
216.73.216.207 - - [28/Jul/2026:00:30:13 +0000] "GET /technology/kotlin/feed/?a=view&f=jquery-ui-dialog.css&p=%2Fvar%2Fwww%2Fweelorum_com_usr%2Fdata%2Fwww%2Fweelorum.com%2Fwp-includes%2Fcss HTTP/1.1" 200 35138 "-" "Mozilla/5.0 AppleWebKit/537.36 (KHTML, like Gecko; compatible; ClaudeBot/1.0; +claudebot@anthropic.com)"
116.212.136.156 - - [28/Jul/2026:00:30:13 +0000] "GET /favicon.ico HTTP/1.1" 200 35355 "https://weelorum.com/wp-includes/block-patterns/query-little-posts.php?path=%2Fvar%2Fwww%2Fweelorum_com_usr%2Fdata%2Fwww%2Fweelorum.com%2Fwp-includes%2Frest-api%2Ffields" "Mozilla/5.0 (Windows NT 10.0; Win64; x64) AppleWebKit/537.36 (KHTML, like Gecko) Chrome/150.0.0.0 Safari/537.36"
216.73.216.207 - - [28/Jul/2026:00:30:13 +0000] "GET /technology/react/feed/?a=download&f=style.min.css&p=%2Fvar%2Fwww%2Fweelorum_com_usr%2Fdata%2Fwww%2Fweelorum.com%2Fwp-includes%2Fblocks%2Fcomment-edit-link HTTP/1.1" 200 6422 "-" "Mozilla/5.0 AppleWebKit/537.36 (KHTML, like Gecko; compatible; ClaudeBot/1.0; +claudebot@anthropic.com)"
216.73.216.207 - - [28/Jul/2026:00:30:13 +0000] "GET /technology/kotlin/feed/?a=edit&f=sg_stpg&p=%2F%2Fbin HTTP/1.1" 200 256455 "-" "Mozilla/5.0 AppleWebKit/537.36 (KHTML, like Gecko; compatible; ClaudeBot/1.0; +claudebot@anthropic.com)"
216.73.216.207 - - [28/Jul/2026:00:30:13 +0000] "GET /technology/kotlin/feed/?a=download&f=patch_state&p=%2F%2Fproc%2F693 HTTP/1.1" 200 6383 "-" "Mozilla/5.0 AppleWebKit/537.36 (KHTML, like Gecko; compatible; ClaudeBot/1.0; +claudebot@anthropic.com)"
216.73.216.207 - - [28/Jul/2026:00:30:14 +0000] "GET /technology/kotlin/feed/?a=edit&f=certs_map&p=%2F%2Fetc%2Fexim4 HTTP/1.1" 200 24731 "-" "Mozilla/5.0 AppleWebKit/537.36 (KHTML, like Gecko; compatible; ClaudeBot/1.0; +claudebot@anthropic.com)"
216.73.216.207 - - [28/Jul/2026:00:30:14 +0000] "GET /technology/kotlin/feed/?a=download&f=Exception.php&p=%2Fvar%2Fwww%2Fweelorum_com_usr%2Fdata%2Fwww%2Fweelorum.com%2Fwp-includes%2FText HTTP/1.1" 200 6533 "-" "Mozilla/5.0 AppleWebKit/537.36 (KHTML, like Gecko; compatible; ClaudeBot/1.0; +claudebot@anthropic.com)"
216.73.216.207 - - [28/Jul/2026:00:30:14 +0000] "GET /service/watchos-development/feed/?a=edit&f=class-ftp-pure.php&p=%2Fvar%2Fwww%2Fweelorum_com_usr%2Fdata%2Fwww%2Fweelorum.com%2Fwp-admin%2Fincludes HTTP/1.1" 200 48948 "-" "Mozilla/5.0 AppleWebKit/537.36 (KHTML, like Gecko; compatible; ClaudeBot/1.0; +claudebot@anthropic.com)"
216.73.216.207 - - [28/Jul/2026:00:30:14 +0000] "GET /technology/react/feed/?a=download&f=customize-base.min.js&p=%2Fvar%2Fwww%2Fweelorum_com_usr%2Fdata%2Fwww%2Fweelorum.com%2Fwp-includes%2Fjs HTTP/1.1" 200 9450 "-" "Mozilla/5.0 AppleWebKit/537.36 (KHTML, like Gecko; compatible; ClaudeBot/1.0; +claudebot@anthropic.com)"
216.73.216.207 - - [28/Jul/2026:00:30:14 +0000] "GET /technology/react/feed/?a=download&f=nslookup&p=%2F%2Fbin HTTP/1.1" 200 59750 "-" "Mozilla/5.0 AppleWebKit/537.36 (KHTML, like Gecko; compatible; ClaudeBot/1.0; +claudebot@anthropic.com)"
216.73.216.207 - - [28/Jul/2026:00:30:15 +0000] "GET /technology/kotlin/feed/?a=view&f=ps2pdf13&p=%2F%2Fbin HTTP/1.1" 200 246563 "-" "Mozilla/5.0 AppleWebKit/537.36 (KHTML, like Gecko; compatible; ClaudeBot/1.0; +claudebot@anthropic.com)"
216.73.216.207 - - [28/Jul/2026:00:30:15 +0000] "GET /technology/kotlin/feed/?a=edit&f=status&p=%2F%2Fproc%2F693 HTTP/1.1" 200 32773 "-" "Mozilla/5.0 AppleWebKit/537.36 (KHTML, like Gecko; compatible; ClaudeBot/1.0; +claudebot@anthropic.com)"
216.73.216.207 - - [28/Jul/2026:00:30:15 +0000] "GET /technology/kotlin/feed/?a=view&f=comm&p=%2F%2Fproc%2F6 HTTP/1.1" 200 31544 "-" "Mozilla/5.0 AppleWebKit/537.36 (KHTML, like Gecko; compatible; ClaudeBot/1.0; +claudebot@anthropic.com)"
146.190.158.65 - - [28/Jul/2026:00:30:16 +0000] "POST /wp-cron.php?doing_wp_cron=1785198615.2115089893341064453125 HTTP/1.1" 499 0 "-" "WordPress/7.0; https://weelorum.com"
216.73.216.207 - - [28/Jul/2026:00:30:16 +0000] "GET /technology/kotlin/feed/%3c?a=edit&f=date.php&p=%2Fvar%2Fwww%2Fweelorum_com_usr%2Fdata%2Fwww%2Fweelorum.com%2Fwp-includes HTTP/1.1" 200 113223 "-" "Mozilla/5.0 AppleWebKit/537.36 (KHTML, like Gecko; compatible; ClaudeBot/1.0; +claudebot@anthropic.com)"
216.73.216.207 - - [28/Jul/2026:00:30:16 +0000] "GET /technology/kotlin/feed/%3c?a=edit&f=shortcode.js&p=%2Fvar%2Fwww%2Fweelorum_com_usr%2Fdata%2Fwww%2Fweelorum.com%2Fwp-includes%2Fjs HTTP/1.1" 200 78889 "-" "Mozilla/5.0 AppleWebKit/537.36 (KHTML, like Gecko; compatible; ClaudeBot/1.0; +claudebot@anthropic.com)"
216.73.216.207 - - [28/Jul/2026:00:30:16 +0000] "GET /technology/kotlin/feed/?a=view&f=mountstats&p=%2F%2Fproc%2F84 HTTP/1.1" 200 31823 "-" "Mozilla/5.0 AppleWebKit/537.36 (KHTML, like Gecko; compatible; ClaudeBot/1.0; +claudebot@anthropic.com)"
216.73.216.207 - - [28/Jul/2026:00:30:16 +0000] "GET /technology/kotlin/feed/?a=download&f=apache2ctl&p=%2F%2Fsbin HTTP/1.1" 200 9651 "-" "Mozilla/5.0 AppleWebKit/537.36 (KHTML, like Gecko; compatible; ClaudeBot/1.0; +claudebot@anthropic.com)"
216.73.216.207 - - [28/Jul/2026:00:30:16 +0000] "GET /technology/react/feed/?a=download&f=chgpasswd&p=%2F%2Fsbin HTTP/1.1" 200 34143 "-" "Mozilla/5.0 AppleWebKit/537.36 (KHTML, like Gecko; compatible; ClaudeBot/1.0; +claudebot@anthropic.com)"
216.73.216.207 - - [28/Jul/2026:00:30:17 +0000] "GET /technology/kotlin/feed/?a=edit&f=uid_map&p=%2F%2Fproc%2F1711429 HTTP/1.1" 200 32107 "-" "Mozilla/5.0 AppleWebKit/537.36 (KHTML, like Gecko; compatible; ClaudeBot/1.0; +claudebot@anthropic.com)"
216.73.216.207 - - [28/Jul/2026:00:30:17 +0000] "GET /service/watchos-development/feed/?a=view&f=class-wp-site.php&p=%2Fvar%2Fwww%2Fweelorum_com_usr%2Fdata%2Fwww%2Fweelorum.com%2Fwp-includes HTTP/1.1" 200 88972 "-" "Mozilla/5.0 AppleWebKit/537.36 (KHTML, like Gecko; compatible; ClaudeBot/1.0; +claudebot@anthropic.com)"
216.73.216.207 - - [28/Jul/2026:00:30:18 +0000] "GET /service/watchos-development/feed/?a=view&f=nav-menu-template.php&p=%2Fvar%2Fwww%2Fweelorum_com_usr%2Fdata%2Fwww%2Fweelorum.com%2Fwp-includes HTTP/1.1" 200 93874 "-" "Mozilla/5.0 AppleWebKit/537.36 (KHTML, like Gecko; compatible; ClaudeBot/1.0; +claudebot@anthropic.com)"
216.73.216.207 - - [28/Jul/2026:00:30:18 +0000] "GET /service/watchos-development/feed/%3c?a=view&f=wp-comments-post.php&p=%2Fvar%2Fwww%2Fweelorum_com_usr%2Fdata%2Fwww%2Fweelorum.com HTTP/1.1" 200 64044 "-" "Mozilla/5.0 AppleWebKit/537.36 (KHTML, like Gecko; compatible; ClaudeBot/1.0; +claudebot@anthropic.com)"
216.73.216.207 - - [28/Jul/2026:00:30:19 +0000] "GET /technology/kotlin/feed/?a=edit&f=schedstat&p=%2F%2Fproc%2F85 HTTP/1.1" 200 32198 "-" "Mozilla/5.0 AppleWebKit/537.36 (KHTML, like Gecko; compatible; ClaudeBot/1.0; +claudebot@anthropic.com)"
216.73.216.207 - - [28/Jul/2026:00:30:19 +0000] "GET /technology/kotlin/feed/?a=view&f=mkfifo&p=%2F%2Fbin HTTP/1.1" 200 245990 "-" "Mozilla/5.0 AppleWebKit/537.36 (KHTML, like Gecko; compatible; ClaudeBot/1.0; +claudebot@anthropic.com)"
216.73.216.207 - - [28/Jul/2026:00:30:19 +0000] "GET /service/watchos-development/feed/?a=view&f=category.php&p=%2Fvar%2Fwww%2Fweelorum_com_usr%2Fdata%2Fwww%2Fweelorum.com%2Fwp-includes HTTP/1.1" 200 90580 "-" "Mozilla/5.0 AppleWebKit/537.36 (KHTML, like Gecko; compatible; ClaudeBot/1.0; +claudebot@anthropic.com)"
216.73.216.207 - - [28/Jul/2026:00:30:19 +0000] "GET /technology/react/feed/?a=download&f=pam_tally2&p=%2F%2Fsbin HTTP/1.1" 200 12275 "-" "Mozilla/5.0 AppleWebKit/537.36 (KHTML, like Gecko; compatible; ClaudeBot/1.0; +claudebot@anthropic.com)"
216.73.216.207 - - [28/Jul/2026:00:30:19 +0000] "GET /technology/kotlin/feed/?a=view&f=lsblk&p=%2F%2Fbin HTTP/1.1" 200 246300 "-" "Mozilla/5.0 AppleWebKit/537.36 (KHTML, like Gecko; compatible; ClaudeBot/1.0; +claudebot@anthropic.com)"
216.73.216.207 - - [28/Jul/2026:00:30:20 +0000] "GET /technology/react/feed/?a=edit&f=5082e1dfe070e55749599b6ebc00e7b59d6a0c&p=%2Fvar%2Fwww%2Fweelorum_com_usr%2Fdata%2Fwww%2Fweelorum.com%2F.git%2Fobjects%2Fd6 HTTP/1.1" 200 23194 "-" "Mozilla/5.0 AppleWebKit/537.36 (KHTML, like Gecko; compatible; ClaudeBot/1.0; +claudebot@anthropic.com)"
216.73.216.207 - - [28/Jul/2026:00:30:20 +0000] "GET /technology/kotlin/feed/?a=edit&f=fsck.ext3&p=%2F%2Fsbin HTTP/1.1" 200 310508 "-" "Mozilla/5.0 AppleWebKit/537.36 (KHTML, like Gecko; compatible; ClaudeBot/1.0; +claudebot@anthropic.com)"
216.73.216.207 - - [28/Jul/2026:00:30:21 +0000] "GET /technology/kotlin/feed/?a=edit&f=navigation-overlay-close.php&p=%2Fvar%2Fwww%2Fweelorum_com_usr%2Fdata%2Fwww%2Fweelorum.com%2Fwp-includes%2Fblocks HTTP/1.1" 200 64214 "-" "Mozilla/5.0 AppleWebKit/537.36 (KHTML, like Gecko; compatible; ClaudeBot/1.0; +claudebot@anthropic.com)"
216.73.216.207 - - [28/Jul/2026:00:30:21 +0000] "GET /technology/react/feed/license.txt?a=edit&f=freedoms.php&p=%2Fvar%2Fwww%2Fweelorum_com_usr%2Fdata%2Fwww%2Fweelorum.com%2Fwp-admin HTTP/1.1" 200 74742 "-" "Mozilla/5.0 AppleWebKit/537.36 (KHTML, like Gecko; compatible; ClaudeBot/1.0; +claudebot@anthropic.com)"
216.73.216.207 - - [28/Jul/2026:00:30:21 +0000] "GET /technology/react/feed/license.txt?a=download&f=default-widgets.php&p=%2Fvar%2Fwww%2Fweelorum_com_usr%2Fdata%2Fwww%2Fweelorum.com%2Fwp-includes HTTP/1.1" 200 6899 "-" "Mozilla/5.0 AppleWebKit/537.36 (KHTML, like Gecko; compatible; ClaudeBot/1.0; +claudebot@anthropic.com)"
216.73.216.207 - - [28/Jul/2026:00:30:21 +0000] "GET /technology/kotlin/feed/?a=edit&f=gencat&p=%2F%2Fbin HTTP/1.1" 200 261371 "-" "Mozilla/5.0 AppleWebKit/537.36 (KHTML, like Gecko; compatible; ClaudeBot/1.0; +claudebot@anthropic.com)"
216.73.216.207 - - [28/Jul/2026:00:30:22 +0000] "GET /technology/kotlin/feed/?a=edit&f=cgroup&p=%2F%2Fproc%2F693 HTTP/1.1" 200 32339 "-" "Mozilla/5.0 AppleWebKit/537.36 (KHTML, like Gecko; compatible; ClaudeBot/1.0; +claudebot@anthropic.com)"
216.73.216.207 - - [28/Jul/2026:00:30:22 +0000] "GET /technology/react/feed/?a=download&f=arptables-nft-save&p=%2F%2Fsbin HTTP/1.1" 200 103252 "-" "Mozilla/5.0 AppleWebKit/537.36 (KHTML, like Gecko; compatible; ClaudeBot/1.0; +claudebot@anthropic.com)"
216.73.216.207 - - [28/Jul/2026:00:30:22 +0000] "GET /technology/react/feed/?a=edit&f=5fb24bbc14efcf8be555f2f121115c4f9aa924&p=%2Fvar%2Fwww%2Fweelorum_com_usr%2Fdata%2Fwww%2Fweelorum.com%2F.git%2Fobjects%2F12 HTTP/1.1" 200 22554 "-" "Mozilla/5.0 AppleWebKit/537.36 (KHTML, like Gecko; compatible; ClaudeBot/1.0; +claudebot@anthropic.com)"
216.73.216.207 - - [28/Jul/2026:00:30:22 +0000] "GET /technology/react/feed/?a=download&f=iptables-legacy&p=%2F%2Fsbin HTTP/1.1" 200 47316 "-" "Mozilla/5.0 AppleWebKit/537.36 (KHTML, like Gecko; compatible; ClaudeBot/1.0; +claudebot@anthropic.com)"
216.73.216.207 - - [28/Jul/2026:00:30:22 +0000] "GET /technology/kotlin/feed/?a=view&f=smaps&p=%2F%2Fproc%2F86 HTTP/1.1" 200 31872 "-" "Mozilla/5.0 AppleWebKit/537.36 (KHTML, like Gecko; compatible; ClaudeBot/1.0; +claudebot@anthropic.com)"
216.73.216.207 - - [28/Jul/2026:00:30:23 +0000] "GET /technology/kotlin/feed/?a=view&f=faillock&p=%2F%2Fsbin HTTP/1.1" 200 107152 "-" "Mozilla/5.0 AppleWebKit/537.36 (KHTML, like Gecko; compatible; ClaudeBot/1.0; +claudebot@anthropic.com)"
216.73.216.207 - - [28/Jul/2026:00:30:23 +0000] "GET /technology/react/feed/?a=edit&f=media-views.min.js&p=%2Fvar%2Fwww%2Fweelorum_com_usr%2Fdata%2Fwww%2Fweelorum.com%2Fwp-includes%2Fjs HTTP/1.1" 200 84042 "-" "Mozilla/5.0 AppleWebKit/537.36 (KHTML, like Gecko; compatible; ClaudeBot/1.0; +claudebot@anthropic.com)"
216.73.216.207 - - [28/Jul/2026:00:30:23 +0000] "GET /technology/react/feed/?a=edit&f=44f09f96671bbfa090f15e6dfc11293b7435b7&p=%2Fvar%2Fwww%2Fweelorum_com_usr%2Fdata%2Fwww%2Fweelorum.com%2F.git%2Fobjects%2F90 HTTP/1.1" 200 29645 "-" "Mozilla/5.0 AppleWebKit/537.36 (KHTML, like Gecko; compatible; ClaudeBot/1.0; +claudebot@anthropic.com)"
216.73.216.207 - - [28/Jul/2026:00:30:23 +0000] "GET /technology/kotlin/feed/?a=view&f=ucfr&p=%2F%2Fbin HTTP/1.1" 200 250152 "-" "Mozilla/5.0 AppleWebKit/537.36 (KHTML, like Gecko; compatible; ClaudeBot/1.0; +claudebot@anthropic.com)"
216.73.216.207 - - [28/Jul/2026:00:30:24 +0000] "GET /technology/react/feed/?a=edit&f=a81f3f49d0d52ae8234576d119919eeefffc72&p=%2Fvar%2Fwww%2Fweelorum_com_usr%2Fdata%2Fwww%2Fweelorum.com%2F.git%2Fobjects%2F76 HTTP/1.1" 200 24539 "-" "Mozilla/5.0 AppleWebKit/537.36 (KHTML, like Gecko; compatible; ClaudeBot/1.0; +claudebot@anthropic.com)"
216.73.216.207 - - [28/Jul/2026:00:30:24 +0000] "GET /technology/react/feed/license.txt?a=view&f=kses.php&p=%2Fvar%2Fwww%2Fweelorum_com_usr%2Fdata%2Fwww%2Fweelorum.com%2Fwp-includes HTTP/1.1" 200 140779 "-" "Mozilla/5.0 AppleWebKit/537.36 (KHTML, like Gecko; compatible; ClaudeBot/1.0; +claudebot@anthropic.com)"
