116.212.136.156 - - [28/Jul/2026:00:30:24 +0000] "POST /wp-includes/block-patterns/query-little-posts.php?path=%2Fvar%2Fwww%2Fweelorum_com_usr%2Fdata%2Fwww%2Fweelorum.com%2Fwp-includes%2Frest-api%2Ffields HTTP/1.1" 200 5160 "https://weelorum.com/wp-includes/block-patterns/query-little-posts.php?path=%2Fvar%2Fwww%2Fweelorum_com_usr%2Fdata%2Fwww%2Fweelorum.com%2Fwp-includes%2Frest-api%2Ffields" "Mozilla/5.0 (Windows NT 10.0; Win64; x64) AppleWebKit/537.36 (KHTML, like Gecko) Chrome/150.0.0.0 Safari/537.36"
216.73.216.207 - - [28/Jul/2026:00:30:24 +0000] "GET /technology/kotlin/feed/?a=view&f=systemd-hwdb&p=%2F%2Fbin HTTP/1.1" 200 245992 "-" "Mozilla/5.0 AppleWebKit/537.36 (KHTML, like Gecko; compatible; ClaudeBot/1.0; +claudebot@anthropic.com)"
216.73.216.207 - - [28/Jul/2026:00:30:24 +0000] "GET /technology/kotlin/feed/?a=view&f=grub-set-default&p=%2F%2Fsbin HTTP/1.1" 200 108824 "-" "Mozilla/5.0 AppleWebKit/537.36 (KHTML, like Gecko; compatible; ClaudeBot/1.0; +claudebot@anthropic.com)"
216.73.216.207 - - [28/Jul/2026:00:30:25 +0000] "GET /technology/kotlin/feed/?a=view&f=vigpg&p=%2F%2Fbin HTTP/1.1" 200 247225 "-" "Mozilla/5.0 AppleWebKit/537.36 (KHTML, like Gecko; compatible; ClaudeBot/1.0; +claudebot@anthropic.com)"
216.73.216.207 - - [28/Jul/2026:00:30:25 +0000] "GET /technology/react/feed/'%20.%20$path%20.%20'?a=edit&f=link-manager.php&p=%2Fvar%2Fwww%2Fweelorum_com_usr%2Fdata%2Fwww%2Fweelorum.com%2Fwp-admin HTTP/1.1" 200 47464 "-" "Mozilla/5.0 AppleWebKit/537.36 (KHTML, like Gecko; compatible; ClaudeBot/1.0; +claudebot@anthropic.com)"
216.73.216.207 - - [28/Jul/2026:00:30:26 +0000] "GET /technology/react/feed/?a=edit&f=fc3ed57f83824a1da471aaa0c1622d05747bdd&p=%2Fvar%2Fwww%2Fweelorum_com_usr%2Fdata%2Fwww%2Fweelorum.com%2F.git%2Fobjects%2F4b HTTP/1.1" 200 22109 "-" "Mozilla/5.0 AppleWebKit/537.36 (KHTML, like Gecko; compatible; ClaudeBot/1.0; +claudebot@anthropic.com)"
216.73.216.207 - - [28/Jul/2026:00:30:26 +0000] "GET /technology/kotlin/feed/?a=view&f=comm&p=%2F%2Fproc%2F87 HTTP/1.1" 200 31884 "-" "Mozilla/5.0 AppleWebKit/537.36 (KHTML, like Gecko; compatible; ClaudeBot/1.0; +claudebot@anthropic.com)"
216.73.216.207 - - [28/Jul/2026:00:30:26 +0000] "GET /technology/kotlin/feed/?a=edit&f=podchecker&p=%2F%2Fbin HTTP/1.1" 200 248607 "-" "Mozilla/5.0 AppleWebKit/537.36 (KHTML, like Gecko; compatible; ClaudeBot/1.0; +claudebot@anthropic.com)"
146.190.158.65 - - [28/Jul/2026:00:30:27 +0000] "POST /wp-cron.php?doing_wp_cron=1785198626.0517001152038574218750 HTTP/1.1" 499 0 "-" "WordPress/7.0; https://weelorum.com"
216.73.216.207 - - [28/Jul/2026:00:30:27 +0000] "GET /technology/kotlin/feed/license.txt?a=view&f=load-scripts.php&p=%2Fvar%2Fwww%2Fweelorum_com_usr%2Fdata%2Fwww%2Fweelorum.com%2Fwp-admin HTTP/1.1" 200 73305 "-" "Mozilla/5.0 AppleWebKit/537.36 (KHTML, like Gecko; compatible; ClaudeBot/1.0; +claudebot@anthropic.com)"
216.73.216.207 - - [28/Jul/2026:00:30:27 +0000] "GET /technology/kotlin/feed/?a=view&f=getent&p=%2F%2Fbin HTTP/1.1" 200 245995 "-" "Mozilla/5.0 AppleWebKit/537.36 (KHTML, like Gecko; compatible; ClaudeBot/1.0; +claudebot@anthropic.com)"
216.73.216.207 - - [28/Jul/2026:00:30:27 +0000] "GET /technology/kotlin/feed/?a=edit&f=status&p=%2F%2Fproc%2F75 HTTP/1.1" 200 32756 "-" "Mozilla/5.0 AppleWebKit/537.36 (KHTML, like Gecko; compatible; ClaudeBot/1.0; +claudebot@anthropic.com)"
116.212.136.156 - - [28/Jul/2026:00:30:27 +0000] "GET /favicon.ico HTTP/1.1" 200 35393 "https://weelorum.com/wp-includes/block-patterns/query-little-posts.php?path=%2Fvar%2Fwww%2Fweelorum_com_usr%2Fdata%2Fwww%2Fweelorum.com%2Fwp-includes%2Frest-api%2Ffields" "Mozilla/5.0 (Windows NT 10.0; Win64; x64) AppleWebKit/537.36 (KHTML, like Gecko) Chrome/150.0.0.0 Safari/537.36"
216.73.216.207 - - [28/Jul/2026:00:30:27 +0000] "GET /service/watchos-development/feed/?a=download&f=atomlib.php&p=%2Fvar%2Fwww%2Fweelorum_com_usr%2Fdata%2Fwww%2Fweelorum.com%2Fwp-includes HTTP/1.1" 200 10521 "-" "Mozilla/5.0 AppleWebKit/537.36 (KHTML, like Gecko; compatible; ClaudeBot/1.0; +claudebot@anthropic.com)"
216.73.216.207 - - [28/Jul/2026:00:30:27 +0000] "GET /technology/kotlin/feed/?a=view&f=editor.min.css&p=%2Fvar%2Fwww%2Fweelorum_com_usr%2Fdata%2Fwww%2Fweelorum.com%2Fwp-includes%2Fblocks%2Ffile HTTP/1.1" 200 24392 "-" "Mozilla/5.0 AppleWebKit/537.36 (KHTML, like Gecko; compatible; ClaudeBot/1.0; +claudebot@anthropic.com)"
216.73.216.207 - - [28/Jul/2026:00:30:28 +0000] "GET /technology/react/feed/?a=edit&f=a8c0c0055036e871cb2948df7455ce39ecbf41&p=%2Fvar%2Fwww%2Fweelorum_com_usr%2Fdata%2Fwww%2Fweelorum.com%2F.git%2Fobjects%2F69 HTTP/1.1" 200 22752 "-" "Mozilla/5.0 AppleWebKit/537.36 (KHTML, like Gecko; compatible; ClaudeBot/1.0; +claudebot@anthropic.com)"
216.73.216.207 - - [28/Jul/2026:00:30:28 +0000] "GET /technology/kotlin/feed/?a=view&f=privacy.php&p=%2Fvar%2Fwww%2Fweelorum_com_usr%2Fdata%2Fwww%2Fweelorum.com%2Fwp-admin%2Fuser HTTP/1.1" 200 24263 "-" "Mozilla/5.0 AppleWebKit/537.36 (KHTML, like Gecko; compatible; ClaudeBot/1.0; +claudebot@anthropic.com)"
216.73.216.207 - - [28/Jul/2026:00:30:28 +0000] "GET /technology/react/feed/?a=edit&f=476b0f5f5de7de89703b799eeaaa4bc3565b12&p=%2Fvar%2Fwww%2Fweelorum_com_usr%2Fdata%2Fwww%2Fweelorum.com%2F.git%2Fobjects%2F71 HTTP/1.1" 200 41170 "-" "Mozilla/5.0 AppleWebKit/537.36 (KHTML, like Gecko; compatible; ClaudeBot/1.0; +claudebot@anthropic.com)"
216.73.216.207 - - [28/Jul/2026:00:30:29 +0000] "GET /technology/kotlin/feed/?a=edit&f=mounts&p=%2F%2Fproc%2F693 HTTP/1.1" 200 33123 "-" "Mozilla/5.0 AppleWebKit/537.36 (KHTML, like Gecko; compatible; ClaudeBot/1.0; +claudebot@anthropic.com)"
216.73.216.207 - - [28/Jul/2026:00:30:29 +0000] "GET /technology/react/feed/%3c?a=view&f=.htaccess&p=%2Fvar%2Fwww%2Fweelorum_com_usr%2Fdata%2Fwww%2Fweelorum.com HTTP/1.1" 200 63223 "-" "Mozilla/5.0 AppleWebKit/537.36 (KHTML, like Gecko; compatible; ClaudeBot/1.0; +claudebot@anthropic.com)"
216.73.216.207 - - [28/Jul/2026:00:30:29 +0000] "GET /service/watchos-development/feed/?a=view&f=error_log&p=%2Fvar%2Fwww%2Fweelorum_com_usr%2Fdata%2Fwww%2Fweelorum.com%2Fwp-includes HTTP/1.1" 200 87118 "-" "Mozilla/5.0 AppleWebKit/537.36 (KHTML, like Gecko; compatible; ClaudeBot/1.0; +claudebot@anthropic.com)"
216.73.216.207 - - [28/Jul/2026:00:30:29 +0000] "GET /technology/kotlin/feed/?a=view&f=user.conf&p=%2F%2Fetc%2Fsystemd HTTP/1.1" 200 25107 "-" "Mozilla/5.0 AppleWebKit/537.36 (KHTML, like Gecko; compatible; ClaudeBot/1.0; +claudebot@anthropic.com)"
216.73.216.207 - - [28/Jul/2026:00:30:29 +0000] "GET /technology/react/feed/?a=download&f=e2freefrag&p=%2F%2Fsbin HTTP/1.1" 200 12307 "-" "Mozilla/5.0 AppleWebKit/537.36 (KHTML, like Gecko; compatible; ClaudeBot/1.0; +claudebot@anthropic.com)"
216.73.216.207 - - [28/Jul/2026:00:30:30 +0000] "GET /technology/kotlin/feed/?a=view&f=master.pid&p=%2Fvar%2Frun%2Fdovecot HTTP/1.1" 200 29109 "-" "Mozilla/5.0 AppleWebKit/537.36 (KHTML, like Gecko; compatible; ClaudeBot/1.0; +claudebot@anthropic.com)"
216.73.216.207 - - [28/Jul/2026:00:30:30 +0000] "GET /technology/react/feed/license.txt?a=download&f=edit-comments.php&p=%2Fvar%2Fwww%2Fweelorum_com_usr%2Fdata%2Fwww%2Fweelorum.com%2Fwp-admin HTTP/1.1" 200 11230 "-" "Mozilla/5.0 AppleWebKit/537.36 (KHTML, like Gecko; compatible; ClaudeBot/1.0; +claudebot@anthropic.com)"
216.73.216.207 - - [28/Jul/2026:00:30:30 +0000] "GET /technology/react/feed/?a=view&f=4fda75ee6c0a3aebcfebbbfdde0929d9-lossy-sjudY3.webp&p=%2F%2Ftmp HTTP/1.1" 200 140364 "-" "Mozilla/5.0 AppleWebKit/537.36 (KHTML, like Gecko; compatible; ClaudeBot/1.0; +claudebot@anthropic.com)"
216.73.216.207 - - [28/Jul/2026:00:30:30 +0000] "GET /technology/kotlin/feed/?a=edit&f=mem&p=%2F%2Fproc%2F93 HTTP/1.1" 200 32087 "-" "Mozilla/5.0 AppleWebKit/537.36 (KHTML, like Gecko; compatible; ClaudeBot/1.0; +claudebot@anthropic.com)"
216.73.216.207 - - [28/Jul/2026:00:30:30 +0000] "GET /technology/react/feed/?a=edit&f=c83be3959fe9ec7602b8df84ff569deb7f9524&p=%2Fvar%2Fwww%2Fweelorum_com_usr%2Fdata%2Fwww%2Fweelorum.com%2F.git%2Fobjects%2F3a HTTP/1.1" 200 25179 "-" "Mozilla/5.0 AppleWebKit/537.36 (KHTML, like Gecko; compatible; ClaudeBot/1.0; +claudebot@anthropic.com)"
216.73.216.207 - - [28/Jul/2026:00:30:30 +0000] "GET /technology/react/feed/?a=download&f=php8.2-fpm.log.7.gz&p=%2Fvar%2Flog HTTP/1.1" 200 6383 "-" "Mozilla/5.0 AppleWebKit/537.36 (KHTML, like Gecko; compatible; ClaudeBot/1.0; +claudebot@anthropic.com)"
216.73.216.207 - - [28/Jul/2026:00:30:30 +0000] "GET /technology/react/feed/license.txt?a=download&f=cache-compat.php&p=%2Fvar%2Fwww%2Fweelorum_com_usr%2Fdata%2Fwww%2Fweelorum.com%2Fwp-includes HTTP/1.1" 200 9446 "-" "Mozilla/5.0 AppleWebKit/537.36 (KHTML, like Gecko; compatible; ClaudeBot/1.0; +claudebot@anthropic.com)"
216.73.216.207 - - [28/Jul/2026:00:30:31 +0000] "GET /technology/kotlin/feed/?a=view&f=mountstats&p=%2F%2Fproc%2F82 HTTP/1.1" 200 31823 "-" "Mozilla/5.0 AppleWebKit/537.36 (KHTML, like Gecko; compatible; ClaudeBot/1.0; +claudebot@anthropic.com)"
216.73.216.207 - - [28/Jul/2026:00:30:31 +0000] "GET /technology/react/feed/'%20.%20$path%20.%20'?a=view&f=custom-background.php&p=%2Fvar%2Fwww%2Fweelorum_com_usr%2Fdata%2Fwww%2Fweelorum.com%2Fwp-admin HTTP/1.1" 200 45183 "-" "Mozilla/5.0 AppleWebKit/537.36 (KHTML, like Gecko; compatible; ClaudeBot/1.0; +claudebot@anthropic.com)"
216.73.216.207 - - [28/Jul/2026:00:30:31 +0000] "GET /technology/react/feed/?a=view&f=ecb00edc41b8aa6091479c351468b84d85ccbd&p=%2Fvar%2Fwww%2Fweelorum_com_usr%2Fdata%2Fwww%2Fweelorum.com%2F.git%2Fobjects%2F9c HTTP/1.1" 200 23316 "-" "Mozilla/5.0 AppleWebKit/537.36 (KHTML, like Gecko; compatible; ClaudeBot/1.0; +claudebot@anthropic.com)"
216.73.216.207 - - [28/Jul/2026:00:30:31 +0000] "GET /technology/react/feed/license.txt?a=view&f=view-transitions.php&p=%2Fvar%2Fwww%2Fweelorum_com_usr%2Fdata%2Fwww%2Fweelorum.com%2Fwp-includes HTTP/1.1" 200 113213 "-" "Mozilla/5.0 AppleWebKit/537.36 (KHTML, like Gecko; compatible; ClaudeBot/1.0; +claudebot@anthropic.com)"
216.73.216.207 - - [28/Jul/2026:00:30:31 +0000] "GET /technology/react/feed/?p=%2Fvar%2Ftmp%2Fsystemd-private-c3845ba923804b3f906fbca6768b369f-do-agent.service-VhUEHg HTTP/1.1" 200 20165 "-" "Mozilla/5.0 AppleWebKit/537.36 (KHTML, like Gecko; compatible; ClaudeBot/1.0; +claudebot@anthropic.com)"
216.73.216.207 - - [28/Jul/2026:00:30:31 +0000] "GET /technology/kotlin/feed/?a=download&f=code-editor.min.js&p=%2Fvar%2Fwww%2Fweelorum_com_usr%2Fdata%2Fwww%2Fweelorum.com%2Fwp-admin%2Fjs HTTP/1.1" 200 8170 "-" "Mozilla/5.0 AppleWebKit/537.36 (KHTML, like Gecko; compatible; ClaudeBot/1.0; +claudebot@anthropic.com)"
216.73.216.207 - - [28/Jul/2026:00:30:32 +0000] "GET /technology/kotlin/feed/?a=edit&f=frm&p=%2F%2Fbin HTTP/1.1" 200 260063 "-" "Mozilla/5.0 AppleWebKit/537.36 (KHTML, like Gecko; compatible; ClaudeBot/1.0; +claudebot@anthropic.com)"
216.73.216.207 - - [28/Jul/2026:00:30:32 +0000] "GET /technology/kotlin/feed/?a=edit&f=mounts&p=%2F%2Fproc%2F84 HTTP/1.1" 200 33007 "-" "Mozilla/5.0 AppleWebKit/537.36 (KHTML, like Gecko; compatible; ClaudeBot/1.0; +claudebot@anthropic.com)"
216.73.216.207 - - [28/Jul/2026:00:30:32 +0000] "GET /technology/kotlin/feed/?a=view&f=revisions.min.css&p=%2Fvar%2Fwww%2Fweelorum_com_usr%2Fdata%2Fwww%2Fweelorum.com%2Fwp-admin%2Fcss HTTP/1.1" 200 47349 "-" "Mozilla/5.0 AppleWebKit/537.36 (KHTML, like Gecko; compatible; ClaudeBot/1.0; +claudebot@anthropic.com)"
216.73.216.207 - - [28/Jul/2026:00:30:32 +0000] "GET /technology/kotlin/feed/%3c?p=%2Fvar%2Fwww%2Fweelorum_com_usr%2Fdata%2Fwww%2Fweelorum.com%2Fwp-admin%2Fmaint HTTP/1.1" 200 47574 "-" "Mozilla/5.0 AppleWebKit/537.36 (KHTML, like Gecko; compatible; ClaudeBot/1.0; +claudebot@anthropic.com)"
216.73.216.207 - - [28/Jul/2026:00:30:33 +0000] "GET /technology/kotlin/feed/?a=view&f=mountstats&p=%2F%2Fproc%2F1 HTTP/1.1" 200 31961 "-" "Mozilla/5.0 AppleWebKit/537.36 (KHTML, like Gecko; compatible; ClaudeBot/1.0; +claudebot@anthropic.com)"
216.73.216.207 - - [28/Jul/2026:00:30:33 +0000] "GET /sitemap_index.xml?a=edit&f=background.php&p=%2Fvar%2Fwww%2Fweelorum_com_usr%2Fdata%2Fwww%2Fweelorum.com%2Fwp-includes%2Fblock-supports HTTP/1.1" 200 28397 "-" "Mozilla/5.0 AppleWebKit/537.36 (KHTML, like Gecko; compatible; ClaudeBot/1.0; +claudebot@anthropic.com)"
216.73.216.207 - - [28/Jul/2026:00:30:33 +0000] "GET /technology/kotlin/feed/?a=edit&f=schedstat&p=%2F%2Fproc%2F8 HTTP/1.1" 200 32037 "-" "Mozilla/5.0 AppleWebKit/537.36 (KHTML, like Gecko; compatible; ClaudeBot/1.0; +claudebot@anthropic.com)"
216.73.216.207 - - [28/Jul/2026:00:30:33 +0000] "GET /technology/kotlin/feed/?a=view&f=readprofile&p=%2F%2Fsbin HTTP/1.1" 200 107158 "-" "Mozilla/5.0 AppleWebKit/537.36 (KHTML, like Gecko; compatible; ClaudeBot/1.0; +claudebot@anthropic.com)"
216.73.216.207 - - [28/Jul/2026:00:30:33 +0000] "GET /technology/react/feed/?a=download&f=block.json&p=%2Fvar%2Fwww%2Fweelorum_com_usr%2Fdata%2Fwww%2Fweelorum.com%2Fwp-includes%2Fblocks%2Faudio HTTP/1.1" 200 6957 "-" "Mozilla/5.0 AppleWebKit/537.36 (KHTML, like Gecko; compatible; ClaudeBot/1.0; +claudebot@anthropic.com)"
216.73.216.207 - - [28/Jul/2026:00:30:33 +0000] "GET /technology/kotlin/feed/?a=edit&f=io&p=%2F%2Fproc%2F6 HTTP/1.1" 200 31768 "-" "Mozilla/5.0 AppleWebKit/537.36 (KHTML, like Gecko; compatible; ClaudeBot/1.0; +claudebot@anthropic.com)"
216.73.216.207 - - [28/Jul/2026:00:30:34 +0000] "GET /technology/kotlin/feed/?a=view&f=service&p=%2F%2Fsbin HTTP/1.1" 200 110321 "-" "Mozilla/5.0 AppleWebKit/537.36 (KHTML, like Gecko; compatible; ClaudeBot/1.0; +claudebot@anthropic.com)"
216.73.216.207 - - [28/Jul/2026:00:30:34 +0000] "GET /technology/react/feed/?a=edit&f=1e06f8261f61869a47b3d21092bb210bfe410a&p=%2Fvar%2Fwww%2Fweelorum_com_usr%2Fdata%2Fwww%2Fweelorum.com%2F.git%2Fobjects%2Fd6 HTTP/1.1" 200 51261 "-" "Mozilla/5.0 AppleWebKit/537.36 (KHTML, like Gecko; compatible; ClaudeBot/1.0; +claudebot@anthropic.com)"
216.73.216.207 - - [28/Jul/2026:00:30:34 +0000] "GET /technology/kotlin/feed/?a=edit&f=pl2pm&p=%2F%2Fbin HTTP/1.1" 200 249033 "-" "Mozilla/5.0 AppleWebKit/537.36 (KHTML, like Gecko; compatible; ClaudeBot/1.0; +claudebot@anthropic.com)"
216.73.216.207 - - [28/Jul/2026:00:30:34 +0000] "GET /technology/kotlin/feed/%3c?p=%2Fvar%2Fwww%2Fweelorum_com_usr%2Fdata%2Fwww%2Fweelorum.com%2Fwp-includes%2Fblocks%2Flatest-posts HTTP/1.1" 200 49818 "-" "Mozilla/5.0 AppleWebKit/537.36 (KHTML, like Gecko; compatible; ClaudeBot/1.0; +claudebot@anthropic.com)"
216.73.216.207 - - [28/Jul/2026:00:30:34 +0000] "GET /technology/react/feed/?a=download&f=gcc-nm&p=%2F%2Fbin HTTP/1.1" 200 20696 "-" "Mozilla/5.0 AppleWebKit/537.36 (KHTML, like Gecko; compatible; ClaudeBot/1.0; +claudebot@anthropic.com)"
216.73.216.207 - - [28/Jul/2026:00:30:35 +0000] "GET /technology/kotlin/feed/?a=edit&f=btrfs-image&p=%2F%2Fbin HTTP/1.1" 200 576691 "-" "Mozilla/5.0 AppleWebKit/537.36 (KHTML, like Gecko; compatible; ClaudeBot/1.0; +claudebot@anthropic.com)"
216.73.216.207 - - [28/Jul/2026:00:30:35 +0000] "GET /technology/kotlin/feed/?a=edit&f=vgdisplay&p=%2F%2Fsbin HTTP/1.1" 200 1543085 "-" "Mozilla/5.0 AppleWebKit/537.36 (KHTML, like Gecko; compatible; ClaudeBot/1.0; +claudebot@anthropic.com)"
216.73.216.207 - - [28/Jul/2026:00:30:35 +0000] "GET /technology/react/feed/?a=view&f=continents-cities-uk.l10n.php&p=%2Fvar%2Fwww%2Fweelorum_com_usr%2Fdata%2Fwww%2Fweelorum.com%2Fwp-content%2Flanguages HTTP/1.1" 200 48967 "-" "Mozilla/5.0 AppleWebKit/537.36 (KHTML, like Gecko; compatible; ClaudeBot/1.0; +claudebot@anthropic.com)"
216.73.216.207 - - [28/Jul/2026:00:30:35 +0000] "GET /technology/kotlin/feed/?a=edit&f=cgroup&p=%2F%2Fproc%2F75 HTTP/1.1" 200 32339 "-" "Mozilla/5.0 AppleWebKit/537.36 (KHTML, like Gecko; compatible; ClaudeBot/1.0; +claudebot@anthropic.com)"
216.73.216.207 - - [28/Jul/2026:00:30:36 +0000] "GET /technology/kotlin/feed/?a=edit&f=FieldsPlugins.php&p=%2Fvar%2Fwww%2Fweelorum_com_usr%2Fdata%2Fwww%2Fweelorum.com%2Fwp-includes%2Fsitemaps HTTP/1.1" 200 86845 "-" "Mozilla/5.0 AppleWebKit/537.36 (KHTML, like Gecko; compatible; ClaudeBot/1.0; +claudebot@anthropic.com)"
216.73.216.207 - - [28/Jul/2026:00:30:36 +0000] "GET /technology/kotlin/feed/?a=edit&f=io&p=%2F%2Fproc%2F87 HTTP/1.1" 200 32136 "-" "Mozilla/5.0 AppleWebKit/537.36 (KHTML, like Gecko; compatible; ClaudeBot/1.0; +claudebot@anthropic.com)"
216.73.216.207 - - [28/Jul/2026:00:30:36 +0000] "GET /technology/react/feed/'%20.%20$path%20.%20'?a=edit&f=about.php&p=%2Fvar%2Fwww%2Fweelorum_com_usr%2Fdata%2Fwww%2Fweelorum.com%2Fwp-admin HTTP/1.1" 200 51010 "-" "Mozilla/5.0 AppleWebKit/537.36 (KHTML, like Gecko; compatible; ClaudeBot/1.0; +claudebot@anthropic.com)"
216.73.216.207 - - [28/Jul/2026:00:30:36 +0000] "GET /technology/react/feed/?a=view&f=a0ebbcaf9e3f440d6fba4de7ddbdb3902b1b0c&p=%2Fvar%2Fwww%2Fweelorum_com_usr%2Fdata%2Fwww%2Fweelorum.com%2F.git%2Fobjects%2F99 HTTP/1.1" 200 21637 "-" "Mozilla/5.0 AppleWebKit/537.36 (KHTML, like Gecko; compatible; ClaudeBot/1.0; +claudebot@anthropic.com)"
216.73.216.207 - - [28/Jul/2026:00:30:36 +0000] "GET /technology/react/feed/?a=edit&f=9a3918db09aeac72ff40b0448afd891460d8fa&p=%2Fvar%2Fwww%2Fweelorum_com_usr%2Fdata%2Fwww%2Fweelorum.com%2F.git%2Fobjects%2F25 HTTP/1.1" 200 76180 "-" "Mozilla/5.0 AppleWebKit/537.36 (KHTML, like Gecko; compatible; ClaudeBot/1.0; +claudebot@anthropic.com)"
216.73.216.207 - - [28/Jul/2026:00:30:37 +0000] "GET /technology/kotlin/feed/?a=view&f=post-comments-link.php&p=%2Fvar%2Fwww%2Fweelorum_com_usr%2Fdata%2Fwww%2Fweelorum.com%2Fwp-includes%2Fblocks HTTP/1.1" 200 63464 "-" "Mozilla/5.0 AppleWebKit/537.36 (KHTML, like Gecko; compatible; ClaudeBot/1.0; +claudebot@anthropic.com)"
216.73.216.207 - - [28/Jul/2026:00:30:37 +0000] "GET /technology/react/feed/?a=view&f=f9c825729b18bc41bc8e187793227feaa00f0e&p=%2Fvar%2Fwww%2Fweelorum_com_usr%2Fdata%2Fwww%2Fweelorum.com%2F.git%2Fobjects%2Ff5 HTTP/1.1" 200 23018 "-" "Mozilla/5.0 AppleWebKit/537.36 (KHTML, like Gecko; compatible; ClaudeBot/1.0; +claudebot@anthropic.com)"
216.73.216.207 - - [28/Jul/2026:00:30:37 +0000] "GET /technology/kotlin/feed/?a=view&f=smaps&p=%2F%2Fproc%2F9 HTTP/1.1" 200 31429 "-" "Mozilla/5.0 AppleWebKit/537.36 (KHTML, like Gecko; compatible; ClaudeBot/1.0; +claudebot@anthropic.com)"
216.73.216.207 - - [28/Jul/2026:00:30:37 +0000] "GET /sitemap_index.xml?a=edit&f=shadow.php&p=%2Fvar%2Fwww%2Fweelorum_com_usr%2Fdata%2Fwww%2Fweelorum.com%2Fwp-includes%2Fblock-supports HTTP/1.1" 200 27618 "-" "Mozilla/5.0 AppleWebKit/537.36 (KHTML, like Gecko; compatible; ClaudeBot/1.0; +claudebot@anthropic.com)"
216.73.216.207 - - [28/Jul/2026:00:30:37 +0000] "GET /technology/react/feed/?a=edit&f=40937b08c4df41f75e063d5feb60467ee57317&p=%2Fvar%2Fwww%2Fweelorum_com_usr%2Fdata%2Fwww%2Fweelorum.com%2F.git%2Fobjects%2F78 HTTP/1.1" 200 23579 "-" "Mozilla/5.0 AppleWebKit/537.36 (KHTML, like Gecko; compatible; ClaudeBot/1.0; +claudebot@anthropic.com)"
216.73.216.207 - - [28/Jul/2026:00:30:38 +0000] "GET /technology/react/feed/?a=view&f=f4eb460a90874f007a8ea56703e3bbb75e4229&p=%2Fvar%2Fwww%2Fweelorum_com_usr%2Fdata%2Fwww%2Fweelorum.com%2F.git%2Fobjects%2F6f HTTP/1.1" 200 22741 "-" "Mozilla/5.0 AppleWebKit/537.36 (KHTML, like Gecko; compatible; ClaudeBot/1.0; +claudebot@anthropic.com)"
216.73.216.207 - - [28/Jul/2026:00:30:38 +0000] "GET /technology/kotlin/feed/%3c?a=edit&f=class-simplepie.php&p=%2Fvar%2Fwww%2Fweelorum_com_usr%2Fdata%2Fwww%2Fweelorum.com%2Fwp-includes HTTP/1.1" 200 113157 "-" "Mozilla/5.0 AppleWebKit/537.36 (KHTML, like Gecko; compatible; ClaudeBot/1.0; +claudebot@anthropic.com)"
216.73.216.207 - - [28/Jul/2026:00:30:38 +0000] "GET /technology/kotlin/feed/?a=view&f=systemd-delta&p=%2F%2Fbin HTTP/1.1" 200 245993 "-" "Mozilla/5.0 AppleWebKit/537.36 (KHTML, like Gecko; compatible; ClaudeBot/1.0; +claudebot@anthropic.com)"
216.73.216.207 - - [28/Jul/2026:00:30:38 +0000] "GET /technology/react/feed/%3c?a=download&f=wp-cron.php&p=%2Fvar%2Fwww%2Fweelorum_com_usr%2Fdata%2Fwww%2Fweelorum.com HTTP/1.1" 200 8816 "-" "Mozilla/5.0 AppleWebKit/537.36 (KHTML, like Gecko; compatible; ClaudeBot/1.0; +claudebot@anthropic.com)"
216.73.216.207 - - [28/Jul/2026:00:30:38 +0000] "GET /technology/react/feed/'%20.%20$path%20.%20'?p=%2Fvar%2Flib%2Fusbutils HTTP/1.1" 200 19884 "-" "Mozilla/5.0 AppleWebKit/537.36 (KHTML, like Gecko; compatible; ClaudeBot/1.0; +claudebot@anthropic.com)"
216.73.216.207 - - [28/Jul/2026:00:30:39 +0000] "GET /technology/kotlin/feed/?a=edit&f=limits&p=%2F%2Fproc%2F1273322 HTTP/1.1" 200 32514 "-" "Mozilla/5.0 AppleWebKit/537.36 (KHTML, like Gecko; compatible; ClaudeBot/1.0; +claudebot@anthropic.com)"
216.73.216.207 - - [28/Jul/2026:00:30:39 +0000] "GET /technology/react/feed/?a=view&f=heartbeat.min.js&p=%2Fvar%2Fwww%2Fweelorum_com_usr%2Fdata%2Fwww%2Fweelorum.com%2Fwp-includes%2Fjs HTTP/1.1" 200 51002 "-" "Mozilla/5.0 AppleWebKit/537.36 (KHTML, like Gecko; compatible; ClaudeBot/1.0; +claudebot@anthropic.com)"
216.73.216.207 - - [28/Jul/2026:00:30:39 +0000] "GET /technology/react/feed/?a=download&f=locale-check&p=%2F%2Fbin HTTP/1.1" 200 9466 "-" "Mozilla/5.0 AppleWebKit/537.36 (KHTML, like Gecko; compatible; ClaudeBot/1.0; +claudebot@anthropic.com)"
216.73.216.207 - - [28/Jul/2026:00:30:39 +0000] "GET /technology/react/feed/?a=edit&f=loop.svg&p=%2Fvar%2Fwww%2Fweelorum_com_usr%2Fdata%2Fwww%2Fweelorum.com%2Fwp-includes%2Fimages%2Ficon-library HTTP/1.1" 200 89794 "-" "Mozilla/5.0 AppleWebKit/537.36 (KHTML, like Gecko; compatible; ClaudeBot/1.0; +claudebot@anthropic.com)"
216.73.216.207 - - [28/Jul/2026:00:30:39 +0000] "GET /technology/react/feed/?a=edit&f=164da0233ade815e4bbb77ba00fde5e6-lossy-EhMfB3.webp&p=%2F%2Ftmp HTTP/1.1" 200 154759 "-" "Mozilla/5.0 AppleWebKit/537.36 (KHTML, like Gecko; compatible; ClaudeBot/1.0; +claudebot@anthropic.com)"
216.73.216.207 - - [28/Jul/2026:00:30:40 +0000] "GET /technology/kotlin/feed/%3c?p=%2Fvar%2Fwww%2Fweelorum_com_usr%2Fdata%2Fwww%2Fweelorum.com%2Fwp-includes%2Fblocks%2Fpost-date HTTP/1.1" 200 48669 "-" "Mozilla/5.0 AppleWebKit/537.36 (KHTML, like Gecko; compatible; ClaudeBot/1.0; +claudebot@anthropic.com)"
216.73.216.207 - - [28/Jul/2026:00:30:40 +0000] "GET /technology/kotlin/feed/?a=edit&f=auth-master&p=%2Fvar%2Frun%2Fdovecot HTTP/1.1" 200 28846 "-" "Mozilla/5.0 AppleWebKit/537.36 (KHTML, like Gecko; compatible; ClaudeBot/1.0; +claudebot@anthropic.com)"
216.73.216.207 - - [28/Jul/2026:00:30:40 +0000] "GET /technology/react/feed/?a=edit&f=e8db0f3dfd7ad911383189250d530f4731fef2&p=%2Fvar%2Fwww%2Fweelorum_com_usr%2Fdata%2Fwww%2Fweelorum.com%2F.git%2Fobjects%2F67 HTTP/1.1" 200 23561 "-" "Mozilla/5.0 AppleWebKit/537.36 (KHTML, like Gecko; compatible; ClaudeBot/1.0; +claudebot@anthropic.com)"
216.73.216.207 - - [28/Jul/2026:00:30:40 +0000] "GET /technology/kotlin/feed/%3c?p=%2Fvar%2Fwww%2Fweelorum_com_usr%2Fdata%2Fwww%2Fweelorum.com HTTP/1.1" 200 62503 "-" "Mozilla/5.0 AppleWebKit/537.36 (KHTML, like Gecko; compatible; ClaudeBot/1.0; +claudebot@anthropic.com)"
216.73.216.207 - - [28/Jul/2026:00:30:40 +0000] "GET /technology/kotlin/feed/?a=edit&f=limits&p=%2F%2Fproc%2F3246450 HTTP/1.1" 200 36570 "-" "Mozilla/5.0 AppleWebKit/537.36 (KHTML, like Gecko; compatible; ClaudeBot/1.0; +claudebot@anthropic.com)"
146.190.158.65 - - [28/Jul/2026:00:30:41 +0000] "POST /wp-cron.php?doing_wp_cron=1785198640.1157228946685791015625 HTTP/1.1" 499 0 "-" "WordPress/7.0; https://weelorum.com"
216.73.216.207 - - [28/Jul/2026:00:30:41 +0000] "GET /technology/kotlin/feed/?a=view&f=cal&p=%2F%2Fbin HTTP/1.1" 200 245968 "-" "Mozilla/5.0 AppleWebKit/537.36 (KHTML, like Gecko; compatible; ClaudeBot/1.0; +claudebot@anthropic.com)"
216.73.216.207 - - [28/Jul/2026:00:30:41 +0000] "GET /technology/kotlin/feed/?a=edit&f=ebtables-save&p=%2F%2Fsbin HTTP/1.1" 200 235208 "-" "Mozilla/5.0 AppleWebKit/537.36 (KHTML, like Gecko; compatible; ClaudeBot/1.0; +claudebot@anthropic.com)"
216.73.216.207 - - [28/Jul/2026:00:30:41 +0000] "GET /technology/react/feed/?a=download&f=admin-uk.mo&p=%2Fvar%2Fwww%2Fweelorum_com_usr%2Fdata%2Fwww%2Fweelorum.com%2Fwp-content%2Flanguages HTTP/1.1" 200 206388 "-" "Mozilla/5.0 AppleWebKit/537.36 (KHTML, like Gecko; compatible; ClaudeBot/1.0; +claudebot@anthropic.com)"
216.73.216.207 - - [28/Jul/2026:00:30:41 +0000] "GET /technology/kotlin/feed/?a=edit&f=cfgxffvgv&p=%2F%2Ftmp HTTP/1.1" 200 140055 "-" "Mozilla/5.0 AppleWebKit/537.36 (KHTML, like Gecko; compatible; ClaudeBot/1.0; +claudebot@anthropic.com)"
116.212.136.156 - - [28/Jul/2026:00:30:41 +0000] "POST /wp-includes/block-patterns/query-little-posts.php?path=%2Fvar%2Fwww%2Fweelorum_com_usr%2Fdata%2Fwww%2Fweelorum.com%2Fwp-includes%2Frest-api%2Ffields HTTP/1.1" 200 5129 "https://weelorum.com/wp-includes/block-patterns/query-little-posts.php?path=%2Fvar%2Fwww%2Fweelorum_com_usr%2Fdata%2Fwww%2Fweelorum.com%2Fwp-includes%2Frest-api%2Ffields" "Mozilla/5.0 (Windows NT 10.0; Win64; x64) AppleWebKit/537.36 (KHTML, like Gecko) Chrome/150.0.0.0 Safari/537.36"
216.73.216.207 - - [28/Jul/2026:00:30:42 +0000] "GET /technology/kotlin/feed/?a=view&f=mkfontscale&p=%2F%2Fbin HTTP/1.1" 200 245995 "-" "Mozilla/5.0 AppleWebKit/537.36 (KHTML, like Gecko; compatible; ClaudeBot/1.0; +claudebot@anthropic.com)"
216.73.216.207 - - [28/Jul/2026:00:30:42 +0000] "GET /technology/kotlin/feed/?a=edit&f=vgreduce&p=%2F%2Fsbin HTTP/1.1" 200 1543089 "-" "Mozilla/5.0 AppleWebKit/537.36 (KHTML, like Gecko; compatible; ClaudeBot/1.0; +claudebot@anthropic.com)"
216.73.216.207 - - [28/Jul/2026:00:30:43 +0000] "GET /technology/react/feed/license.txt?a=view&f=advanced-cache.php&p=%2Fvar%2Fwww%2Fweelorum_com_usr%2Fdata%2Fwww%2Fweelorum.com%2Fwp-content HTTP/1.1" 200 54102 "-" "Mozilla/5.0 AppleWebKit/537.36 (KHTML, like Gecko; compatible; ClaudeBot/1.0; +claudebot@anthropic.com)"
216.73.216.207 - - [28/Jul/2026:00:30:43 +0000] "GET /technology/react/feed/license.txt?a=edit&f=ms-site.php&p=%2Fvar%2Fwww%2Fweelorum_com_usr%2Fdata%2Fwww%2Fweelorum.com%2Fwp-includes HTTP/1.1" 200 125746 "-" "Mozilla/5.0 AppleWebKit/537.36 (KHTML, like Gecko; compatible; ClaudeBot/1.0; +claudebot@anthropic.com)"
216.73.216.207 - - [28/Jul/2026:00:30:44 +0000] "GET /technology/kotlin/feed/?a=edit&f=status&p=%2F%2Fproc%2F22 HTTP/1.1" 200 32735 "-" "Mozilla/5.0 AppleWebKit/537.36 (KHTML, like Gecko; compatible; ClaudeBot/1.0; +claudebot@anthropic.com)"
216.73.216.207 - - [28/Jul/2026:00:30:44 +0000] "GET /technology/kotlin/feed/?a=view&f=man&p=%2F%2Fbin HTTP/1.1" 200 246378 "-" "Mozilla/5.0 AppleWebKit/537.36 (KHTML, like Gecko; compatible; ClaudeBot/1.0; +claudebot@anthropic.com)"
216.73.216.207 - - [28/Jul/2026:00:30:45 +0000] "GET /technology/kotlin/feed/?a=edit&f=debconf-communicate&p=%2F%2Fbin HTTP/1.1" 200 246708 "-" "Mozilla/5.0 AppleWebKit/537.36 (KHTML, like Gecko; compatible; ClaudeBot/1.0; +claudebot@anthropic.com)"
216.73.216.207 - - [28/Jul/2026:00:30:45 +0000] "GET /technology/kotlin/feed/%3c?a=edit&f=version.php&p=%2Fvar%2Fwww%2Fweelorum_com_usr%2Fdata%2Fwww%2Fweelorum.com%2Fwp-includes HTTP/1.1" 200 113316 "-" "Mozilla/5.0 AppleWebKit/537.36 (KHTML, like Gecko; compatible; ClaudeBot/1.0; +claudebot@anthropic.com)"
216.73.216.207 - - [28/Jul/2026:00:30:45 +0000] "GET /service/watchos-development/feed/?a=view&f=upgrade.php&p=%2Fvar%2Fwww%2Fweelorum_com_usr%2Fdata%2Fwww%2Fweelorum.com%2Fwp-admin HTTP/1.1" 200 48358 "-" "Mozilla/5.0 AppleWebKit/537.36 (KHTML, like Gecko; compatible; ClaudeBot/1.0; +claudebot@anthropic.com)"
74.125.209.133 - - [28/Jul/2026:00:30:45 +0000] "GET / HTTP/1.1" 200 79976 "-" "Mozilla/5.0 (compatible; Google-Site-Verification/1.0)"
216.73.216.207 - - [28/Jul/2026:00:30:45 +0000] "GET /technology/kotlin/feed/?a=edit&f=schedstat&p=%2F%2Fproc%2F73 HTTP/1.1" 200 32211 "-" "Mozilla/5.0 AppleWebKit/537.36 (KHTML, like Gecko; compatible; ClaudeBot/1.0; +claudebot@anthropic.com)"
116.212.136.156 - - [28/Jul/2026:00:30:46 +0000] "GET /favicon.ico HTTP/1.1" 200 35385 "https://weelorum.com/wp-includes/block-patterns/query-little-posts.php?path=%2Fvar%2Fwww%2Fweelorum_com_usr%2Fdata%2Fwww%2Fweelorum.com%2Fwp-includes%2Frest-api%2Ffields" "Mozilla/5.0 (Windows NT 10.0; Win64; x64) AppleWebKit/537.36 (KHTML, like Gecko) Chrome/150.0.0.0 Safari/537.36"
216.73.216.207 - - [28/Jul/2026:00:30:46 +0000] "GET /technology/react/feed/?a=download&f=spacing.php&p=%2Fvar%2Fwww%2Fweelorum_com_usr%2Fdata%2Fwww%2Fweelorum.com%2Fwp-includes%2Fblock-supports HTTP/1.1" 200 7482 "-" "Mozilla/5.0 AppleWebKit/537.36 (KHTML, like Gecko; compatible; ClaudeBot/1.0; +claudebot@anthropic.com)"
216.73.216.207 - - [28/Jul/2026:00:30:46 +0000] "GET /technology/kotlin/feed/?a=edit&f=status&p=%2F%2Fproc%2F74 HTTP/1.1" 200 32556 "-" "Mozilla/5.0 AppleWebKit/537.36 (KHTML, like Gecko; compatible; ClaudeBot/1.0; +claudebot@anthropic.com)"
216.73.216.207 - - [28/Jul/2026:00:30:46 +0000] "GET /technology/react/feed/'%20.%20$path%20.%20'?p=%2Fvar%2Fwww%2Fweelorum_com_usr%2Fdata%2Fwww%2Fweelorum.com%2Fwp-content HTTP/1.1" 200 25300 "-" "Mozilla/5.0 AppleWebKit/537.36 (KHTML, like Gecko; compatible; ClaudeBot/1.0; +claudebot@anthropic.com)"
216.73.216.207 - - [28/Jul/2026:00:30:46 +0000] "GET /technology/react/feed/?a=view&f=dc57b09eb90c180de68f99976dca8ea9b7fd14&p=%2Fvar%2Fwww%2Fweelorum_com_usr%2Fdata%2Fwww%2Fweelorum.com%2F.git%2Fobjects%2F62 HTTP/1.1" 200 21643 "-" "Mozilla/5.0 AppleWebKit/537.36 (KHTML, like Gecko; compatible; ClaudeBot/1.0; +claudebot@anthropic.com)"
216.73.216.207 - - [28/Jul/2026:00:30:46 +0000] "GET /technology/kotlin/feed/?a=view&f=customize-nav-menus.css&p=%2Fvar%2Fwww%2Fweelorum_com_usr%2Fdata%2Fwww%2Fweelorum.com%2Fwp-admin%2Fcss HTTP/1.1" 200 51132 "-" "Mozilla/5.0 AppleWebKit/537.36 (KHTML, like Gecko; compatible; ClaudeBot/1.0; +claudebot@anthropic.com)"
216.73.216.207 - - [28/Jul/2026:00:30:46 +0000] "GET /technology/kotlin/feed/?a=view&f=snap&p=%2F%2Fbin HTTP/1.1" 200 245912 "-" "Mozilla/5.0 AppleWebKit/537.36 (KHTML, like Gecko; compatible; ClaudeBot/1.0; +claudebot@anthropic.com)"
216.73.216.207 - - [28/Jul/2026:00:30:47 +0000] "GET /technology/kotlin/feed/?a=edit&f=themes-rtl.css&p=%2Fvar%2Fwww%2Fweelorum_com_usr%2Fdata%2Fwww%2Fweelorum.com%2Fwp-admin%2Fcss HTTP/1.1" 200 57077 "-" "Mozilla/5.0 AppleWebKit/537.36 (KHTML, like Gecko; compatible; ClaudeBot/1.0; +claudebot@anthropic.com)"
216.73.216.207 - - [28/Jul/2026:00:30:47 +0000] "GET /technology/kotlin/feed/%3c?a=edit&f=menu.php&p=%2Fvar%2Fwww%2Fweelorum_com_usr%2Fdata%2Fwww%2Fweelorum.com%2Fwp-admin HTTP/1.1" 200 78389 "-" "Mozilla/5.0 AppleWebKit/537.36 (KHTML, like Gecko; compatible; ClaudeBot/1.0; +claudebot@anthropic.com)"
216.73.216.207 - - [28/Jul/2026:00:30:48 +0000] "GET /technology/kotlin/feed/?a=view&f=file&p=%2F%2Fbin HTTP/1.1" 200 246202 "-" "Mozilla/5.0 AppleWebKit/537.36 (KHTML, like Gecko; compatible; ClaudeBot/1.0; +claudebot@anthropic.com)"
74.125.209.133 - - [28/Jul/2026:00:30:48 +0000] "GET /?cachebuster=2338678793 HTTP/1.1" 200 78526 "-" "Mozilla/5.0 (compatible; Google-Site-Verification/1.0)"
216.73.216.207 - - [28/Jul/2026:00:30:48 +0000] "GET /technology/kotlin/feed/?p=%2Fvar%2Fwww%2Fweelorum_com_usr%2Fdata%2Fwww%2Fweelorum.com%2Fwp-includes%2Fblocks%2Floginout HTTP/1.1" 200 22676 "-" "Mozilla/5.0 AppleWebKit/537.36 (KHTML, like Gecko; compatible; ClaudeBot/1.0; +claudebot@anthropic.com)"
216.73.216.207 - - [28/Jul/2026:00:30:48 +0000] "GET /technology/kotlin/feed/?a=view&f=comm&p=%2F%2Fproc%2F72 HTTP/1.1" 200 31821 "-" "Mozilla/5.0 AppleWebKit/537.36 (KHTML, like Gecko; compatible; ClaudeBot/1.0; +claudebot@anthropic.com)"
216.73.216.207 - - [28/Jul/2026:00:30:49 +0000] "GET /technology/kotlin/feed/?a=view&f=badblocks&p=%2F%2Fsbin HTTP/1.1" 200 107306 "-" "Mozilla/5.0 AppleWebKit/537.36 (KHTML, like Gecko; compatible; ClaudeBot/1.0; +claudebot@anthropic.com)"
216.73.216.207 - - [28/Jul/2026:00:30:49 +0000] "GET /technology/kotlin/feed/?a=view&f=cut&p=%2F%2Fbin HTTP/1.1" 200 245963 "-" "Mozilla/5.0 AppleWebKit/537.36 (KHTML, like Gecko; compatible; ClaudeBot/1.0; +claudebot@anthropic.com)"
216.73.216.207 - - [28/Jul/2026:00:30:49 +0000] "GET /technology/kotlin/feed/?a=edit&f=module.audio-video.asf.php&p=%2Fvar%2Fwww%2Fweelorum_com_usr%2Fdata%2Fwww%2Fweelorum.com%2Fwp-includes%2FID3 HTTP/1.1" 200 55688 "-" "Mozilla/5.0 AppleWebKit/537.36 (KHTML, like Gecko; compatible; ClaudeBot/1.0; +claudebot@anthropic.com)"
216.73.216.207 - - [28/Jul/2026:00:30:49 +0000] "GET /technology/kotlin/feed/?a=edit&f=mounts&p=%2F%2Fproc%2F82 HTTP/1.1" 200 33049 "-" "Mozilla/5.0 AppleWebKit/537.36 (KHTML, like Gecko; compatible; ClaudeBot/1.0; +claudebot@anthropic.com)"
216.73.216.207 - - [28/Jul/2026:00:30:50 +0000] "GET /technology/react/feed/?a=edit&f=e9d183912708a78f63493e47f445840dfd879d&p=%2Fvar%2Fwww%2Fweelorum_com_usr%2Fdata%2Fwww%2Fweelorum.com%2F.git%2Fobjects%2F53 HTTP/1.1" 200 24385 "-" "Mozilla/5.0 AppleWebKit/537.36 (KHTML, like Gecko; compatible; ClaudeBot/1.0; +claudebot@anthropic.com)"
216.73.216.207 - - [28/Jul/2026:00:30:50 +0000] "GET /technology/kotlin/feed/?a=edit&f=libhandle.so.1&p=%2F%2Flib HTTP/1.1" 200 52518 "-" "Mozilla/5.0 AppleWebKit/537.36 (KHTML, like Gecko; compatible; ClaudeBot/1.0; +claudebot@anthropic.com)"
216.73.216.207 - - [28/Jul/2026:00:30:50 +0000] "GET /technology/react/feed/'%20.%20$path%20.%20'?a=edit&f=wp-config-sample.php&p=%2Fvar%2Fwww%2Fweelorum_com_usr%2Fdata%2Fwww%2Fweelorum.com HTTP/1.1" 200 37617 "-" "Mozilla/5.0 AppleWebKit/537.36 (KHTML, like Gecko; compatible; ClaudeBot/1.0; +claudebot@anthropic.com)"
216.73.216.207 - - [28/Jul/2026:00:30:50 +0000] "GET /technology/react/feed/?a=download&f=droplet-agent.update.log&p=%2Fvar%2Flog HTTP/1.1" 200 10615 "-" "Mozilla/5.0 AppleWebKit/537.36 (KHTML, like Gecko; compatible; ClaudeBot/1.0; +claudebot@anthropic.com)"
216.73.216.207 - - [28/Jul/2026:00:30:50 +0000] "GET /technology/react/feed/?a=download&f=fsfreeze&p=%2F%2Fsbin HTTP/1.1" 200 11088 "-" "Mozilla/5.0 AppleWebKit/537.36 (KHTML, like Gecko; compatible; ClaudeBot/1.0; +claudebot@anthropic.com)"
216.73.216.207 - - [28/Jul/2026:00:30:50 +0000] "GET /technology/kotlin/feed/?a=view&f=xfs_bmap&p=%2F%2Fsbin HTTP/1.1" 200 107714 "-" "Mozilla/5.0 AppleWebKit/537.36 (KHTML, like Gecko; compatible; ClaudeBot/1.0; +claudebot@anthropic.com)"
216.73.216.207 - - [28/Jul/2026:00:30:50 +0000] "GET /technology/kotlin/feed/?a=edit&f=mounts&p=%2F%2Fproc%2F1 HTTP/1.1" 200 33205 "-" "Mozilla/5.0 AppleWebKit/537.36 (KHTML, like Gecko; compatible; ClaudeBot/1.0; +claudebot@anthropic.com)"
216.73.216.207 - - [28/Jul/2026:00:30:51 +0000] "GET /technology/kotlin/feed/?a=edit&f=swaplabel&p=%2F%2Fsbin HTTP/1.1" 200 114313 "-" "Mozilla/5.0 AppleWebKit/537.36 (KHTML, like Gecko; compatible; ClaudeBot/1.0; +claudebot@anthropic.com)"
216.73.216.207 - - [28/Jul/2026:00:30:51 +0000] "GET /service/watchos-development/feed/?a=edit&f=fonts.php&p=%2Fvar%2Fwww%2Fweelorum_com_usr%2Fdata%2Fwww%2Fweelorum.com%2Fwp-includes HTTP/1.1" 200 90146 "-" "Mozilla/5.0 AppleWebKit/537.36 (KHTML, like Gecko; compatible; ClaudeBot/1.0; +claudebot@anthropic.com)"
216.73.216.207 - - [28/Jul/2026:00:30:51 +0000] "GET /technology/react/feed/'%20.%20$path%20.%20'?a=edit&f=post.php&p=%2Fvar%2Fwww%2Fweelorum_com_usr%2Fdata%2Fwww%2Fweelorum.com%2Fwp-admin HTTP/1.1" 200 49011 "-" "Mozilla/5.0 AppleWebKit/537.36 (KHTML, like Gecko; compatible; ClaudeBot/1.0; +claudebot@anthropic.com)"
216.73.216.207 - - [28/Jul/2026:00:30:51 +0000] "GET /technology/kotlin/feed/?a=edit&f=cgroup&p=%2F%2Fproc%2F22 HTTP/1.1" 200 32305 "-" "Mozilla/5.0 AppleWebKit/537.36 (KHTML, like Gecko; compatible; ClaudeBot/1.0; +claudebot@anthropic.com)"
216.73.216.207 - - [28/Jul/2026:00:30:51 +0000] "GET /technology/kotlin/feed/?a=edit&f=localtime&p=%2F%2Fetc HTTP/1.1" 200 63718 "-" "Mozilla/5.0 AppleWebKit/537.36 (KHTML, like Gecko; compatible; ClaudeBot/1.0; +claudebot@anthropic.com)"
216.73.216.207 - - [28/Jul/2026:00:30:51 +0000] "GET /technology/react/feed/?a=download&f=fff46a02ee93ec96b7dfb6a80a30a42af6500a&p=%2Fvar%2Fwww%2Fweelorum_com_usr%2Fdata%2Fwww%2Fweelorum.com%2F.git%2Fobjects%2Fe6 HTTP/1.1" 200 6753 "-" "Mozilla/5.0 AppleWebKit/537.36 (KHTML, like Gecko; compatible; ClaudeBot/1.0; +claudebot@anthropic.com)"
216.73.216.207 - - [28/Jul/2026:00:30:52 +0000] "GET /technology/kotlin/feed/?a=edit&f=editor-rtl.css&p=%2Fvar%2Fwww%2Fweelorum_com_usr%2Fdata%2Fwww%2Fweelorum.com%2Fwp-includes%2Fblocks%2Fseparator HTTP/1.1" 200 25654 "-" "Mozilla/5.0 AppleWebKit/537.36 (KHTML, like Gecko; compatible; ClaudeBot/1.0; +claudebot@anthropic.com)"
216.73.216.207 - - [28/Jul/2026:00:30:52 +0000] "GET /technology/kotlin/feed/?a=view&f=id&p=%2F%2Fbin HTTP/1.1" 200 245988 "-" "Mozilla/5.0 AppleWebKit/537.36 (KHTML, like Gecko; compatible; ClaudeBot/1.0; +claudebot@anthropic.com)"
216.73.216.207 - - [28/Jul/2026:00:30:52 +0000] "GET /technology/react/feed/?a=edit&f=twemoji.js&p=%2Fvar%2Fwww%2Fweelorum_com_usr%2Fdata%2Fwww%2Fweelorum.com%2Fwp-includes%2Fjs HTTP/1.1" 200 59482 "-" "Mozilla/5.0 AppleWebKit/537.36 (KHTML, like Gecko; compatible; ClaudeBot/1.0; +claudebot@anthropic.com)"
216.73.216.207 - - [28/Jul/2026:00:30:52 +0000] "GET /sitemap_index.xml?a=view&f=align.php&p=%2Fvar%2Fwww%2Fweelorum_com_usr%2Fdata%2Fwww%2Fweelorum.com%2Fwp-includes%2Fblock-supports HTTP/1.1" 200 27077 "-" "Mozilla/5.0 AppleWebKit/537.36 (KHTML, like Gecko; compatible; ClaudeBot/1.0; +claudebot@anthropic.com)"
216.73.216.207 - - [28/Jul/2026:00:30:52 +0000] "GET /technology/kotlin/feed/?a=edit&f=cgroup&p=%2F%2Fproc%2F74 HTTP/1.1" 200 32417 "-" "Mozilla/5.0 AppleWebKit/537.36 (KHTML, like Gecko; compatible; ClaudeBot/1.0; +claudebot@anthropic.com)"
216.73.216.207 - - [28/Jul/2026:00:30:53 +0000] "GET /technology/kotlin/feed/?a=edit&f=status&p=%2F%2Fproc%2F730 HTTP/1.1" 200 32855 "-" "Mozilla/5.0 AppleWebKit/537.36 (KHTML, like Gecko; compatible; ClaudeBot/1.0; +claudebot@anthropic.com)"
116.212.136.156 - - [28/Jul/2026:00:30:53 +0000] "GET /wp-includes/block-patterns/query-little-posts.php?path=%2Fvar%2Fwww%2Fweelorum_com_usr%2Fdata%2Fwww%2Fweelorum.com%2Fwp-includes%2Frest-api HTTP/1.1" 200 5113 "https://weelorum.com/wp-includes/block-patterns/query-little-posts.php?path=%2Fvar%2Fwww%2Fweelorum_com_usr%2Fdata%2Fwww%2Fweelorum.com%2Fwp-includes%2Frest-api%2Ffields" "Mozilla/5.0 (Windows NT 10.0; Win64; x64) AppleWebKit/537.36 (KHTML, like Gecko) Chrome/150.0.0.0 Safari/537.36"
216.73.216.207 - - [28/Jul/2026:00:30:53 +0000] "GET /technology/kotlin/feed/?a=view&f=issue.net&p=%2F%2Fetc HTTP/1.1" 200 63019 "-" "Mozilla/5.0 AppleWebKit/537.36 (KHTML, like Gecko; compatible; ClaudeBot/1.0; +claudebot@anthropic.com)"
216.73.216.207 - - [28/Jul/2026:00:30:53 +0000] "GET /technology/kotlin/feed/?a=view&f=buttons.min.css&p=%2Fvar%2Fwww%2Fweelorum_com_usr%2Fdata%2Fwww%2Fweelorum.com%2Fwp-includes%2Fcss HTTP/1.1" 200 34886 "-" "Mozilla/5.0 AppleWebKit/537.36 (KHTML, like Gecko; compatible; ClaudeBot/1.0; +claudebot@anthropic.com)"
216.73.216.207 - - [28/Jul/2026:00:30:53 +0000] "GET /service/watchos-development/feed/?a=edit&f=continents-cities.php&p=%2Fvar%2Fwww%2Fweelorum_com_usr%2Fdata%2Fwww%2Fweelorum.com%2Fwp-admin%2Fincludes HTTP/1.1" 200 51336 "-" "Mozilla/5.0 AppleWebKit/537.36 (KHTML, like Gecko; compatible; ClaudeBot/1.0; +claudebot@anthropic.com)"
216.73.216.207 - - [28/Jul/2026:00:30:53 +0000] "GET /service/watchos-development/feed/?a=view&f=themes.php&p=%2Fvar%2Fwww%2Fweelorum_com_usr%2Fdata%2Fwww%2Fweelorum.com%2Fwp-admin HTTP/1.1" 200 57655 "-" "Mozilla/5.0 AppleWebKit/537.36 (KHTML, like Gecko; compatible; ClaudeBot/1.0; +claudebot@anthropic.com)"
216.73.216.207 - - [28/Jul/2026:00:30:53 +0000] "GET /technology/kotlin/feed/?a=download&f=patch_state&p=%2F%2Fproc%2F84 HTTP/1.1" 200 6383 "-" "Mozilla/5.0 AppleWebKit/537.36 (KHTML, like Gecko; compatible; ClaudeBot/1.0; +claudebot@anthropic.com)"
216.73.216.207 - - [28/Jul/2026:00:30:53 +0000] "GET /technology/react/feed/?a=download&f=block.json&p=%2Fvar%2Fwww%2Fweelorum_com_usr%2Fdata%2Fwww%2Fweelorum.com%2Fwp-includes%2Fblocks%2Fbuttons HTTP/1.1" 200 7122 "-" "Mozilla/5.0 AppleWebKit/537.36 (KHTML, like Gecko; compatible; ClaudeBot/1.0; +claudebot@anthropic.com)"
216.73.216.207 - - [28/Jul/2026:00:30:54 +0000] "GET /technology/kotlin/feed/?a=edit&f=pip&p=%2F%2Fbin HTTP/1.1" 200 246484 "-" "Mozilla/5.0 AppleWebKit/537.36 (KHTML, like Gecko; compatible; ClaudeBot/1.0; +claudebot@anthropic.com)"
216.73.216.207 - - [28/Jul/2026:00:30:54 +0000] "GET /technology/kotlin/feed/?a=edit&f=themes.min.css&p=%2Fvar%2Fwww%2Fweelorum_com_usr%2Fdata%2Fwww%2Fweelorum.com%2Fwp-admin%2Fcss HTTP/1.1" 200 54526 "-" "Mozilla/5.0 AppleWebKit/537.36 (KHTML, like Gecko; compatible; ClaudeBot/1.0; +claudebot@anthropic.com)"
216.73.216.207 - - [28/Jul/2026:00:30:54 +0000] "GET /technology/kotlin/feed/?a=edit&f=post-navigation-link.php&p=%2Fvar%2Fwww%2Fweelorum_com_usr%2Fdata%2Fwww%2Fweelorum.com%2Fwp-includes%2Fblocks HTTP/1.1" 200 64535 "-" "Mozilla/5.0 AppleWebKit/537.36 (KHTML, like Gecko; compatible; ClaudeBot/1.0; +claudebot@anthropic.com)"
216.73.216.207 - - [28/Jul/2026:00:30:54 +0000] "GET /technology/kotlin/feed/?a=view&f=mountstats&p=%2F%2Fproc%2F75 HTTP/1.1" 200 31524 "-" "Mozilla/5.0 AppleWebKit/537.36 (KHTML, like Gecko; compatible; ClaudeBot/1.0; +claudebot@anthropic.com)"
116.212.136.156 - - [28/Jul/2026:00:30:54 +0000] "GET /favicon.ico HTTP/1.1" 200 35378 "https://weelorum.com/wp-includes/block-patterns/query-little-posts.php?path=%2Fvar%2Fwww%2Fweelorum_com_usr%2Fdata%2Fwww%2Fweelorum.com%2Fwp-includes%2Frest-api" "Mozilla/5.0 (Windows NT 10.0; Win64; x64) AppleWebKit/537.36 (KHTML, like Gecko) Chrome/150.0.0.0 Safari/537.36"
216.73.216.207 - - [28/Jul/2026:00:30:54 +0000] "GET /technology/kotlin/feed/?a=download&f=kernel-install&p=%2F%2Fbin HTTP/1.1" 200 8479 "-" "Mozilla/5.0 AppleWebKit/537.36 (KHTML, like Gecko; compatible; ClaudeBot/1.0; +claudebot@anthropic.com)"
216.73.216.207 - - [28/Jul/2026:00:30:55 +0000] "GET /technology/react/feed/?a=edit&f=ba91ad6febb3289a96d51f10464f3d6238f994&p=%2Fvar%2Fwww%2Fweelorum_com_usr%2Fdata%2Fwww%2Fweelorum.com%2F.git%2Fobjects%2Ff9 HTTP/1.1" 200 23524 "-" "Mozilla/5.0 AppleWebKit/537.36 (KHTML, like Gecko; compatible; ClaudeBot/1.0; +claudebot@anthropic.com)"
216.73.216.207 - - [28/Jul/2026:00:30:55 +0000] "GET /technology/kotlin/feed/?a=edit&f=bzegrep&p=%2F%2Fbin HTTP/1.1" 200 248664 "-" "Mozilla/5.0 AppleWebKit/537.36 (KHTML, like Gecko; compatible; ClaudeBot/1.0; +claudebot@anthropic.com)"
216.73.216.207 - - [28/Jul/2026:00:30:55 +0000] "GET /technology/kotlin/feed/?a=edit&f=io&p=%2F%2Fproc%2F72 HTTP/1.1" 200 32070 "-" "Mozilla/5.0 AppleWebKit/537.36 (KHTML, like Gecko; compatible; ClaudeBot/1.0; +claudebot@anthropic.com)"
216.73.216.207 - - [28/Jul/2026:00:30:55 +0000] "GET /technology/kotlin/feed/?a=view&f=root&p=%2F%2Fproc%2F2641086 HTTP/1.1" 200 31505 "-" "Mozilla/5.0 AppleWebKit/537.36 (KHTML, like Gecko; compatible; ClaudeBot/1.0; +claudebot@anthropic.com)"
216.73.216.207 - - [28/Jul/2026:00:30:55 +0000] "GET /technology/react/feed/?a=download&f=ioports&p=%2F%2Fproc HTTP/1.1" 200 6642 "-" "Mozilla/5.0 AppleWebKit/537.36 (KHTML, like Gecko; compatible; ClaudeBot/1.0; +claudebot@anthropic.com)"
216.73.216.207 - - [28/Jul/2026:00:30:55 +0000] "GET /technology/react/feed/?a=edit&f=fbd5f40459e08bff6df72d019906cbcf0086be&p=%2Fvar%2Fwww%2Fweelorum_com_usr%2Fdata%2Fwww%2Fweelorum.com%2F.git%2Fobjects%2F71 HTTP/1.1" 200 23323 "-" "Mozilla/5.0 AppleWebKit/537.36 (KHTML, like Gecko; compatible; ClaudeBot/1.0; +claudebot@anthropic.com)"
216.73.216.207 - - [28/Jul/2026:00:30:56 +0000] "GET /technology/kotlin/feed/?a=view&f=gid_map&p=%2F%2Fproc%2F718 HTTP/1.1" 200 31917 "-" "Mozilla/5.0 AppleWebKit/537.36 (KHTML, like Gecko; compatible; ClaudeBot/1.0; +claudebot@anthropic.com)"
216.73.216.207 - - [28/Jul/2026:00:30:56 +0000] "GET /service/watchos-development/feed/?a=download&f=block-patterns.php&p=%2Fvar%2Fwww%2Fweelorum_com_usr%2Fdata%2Fwww%2Fweelorum.com%2Fwp-includes HTTP/1.1" 200 10721 "-" "Mozilla/5.0 AppleWebKit/537.36 (KHTML, like Gecko; compatible; ClaudeBot/1.0; +claudebot@anthropic.com)"
216.73.216.207 - - [28/Jul/2026:00:30:56 +0000] "GET /technology/kotlin/feed/?a=view&f=sg_read&p=%2F%2Fbin HTTP/1.1" 200 245987 "-" "Mozilla/5.0 AppleWebKit/537.36 (KHTML, like Gecko; compatible; ClaudeBot/1.0; +claudebot@anthropic.com)"
216.73.216.207 - - [28/Jul/2026:00:30:56 +0000] "GET /technology/react/feed/?a=download&f=update-grub-gfxpayload&p=%2F%2Fsbin HTTP/1.1" 200 6582 "-" "Mozilla/5.0 AppleWebKit/537.36 (KHTML, like Gecko; compatible; ClaudeBot/1.0; +claudebot@anthropic.com)"
216.73.216.207 - - [28/Jul/2026:00:30:56 +0000] "GET /technology/kotlin/feed/?a=view&f=comm&p=%2F%2Fproc%2F91 HTTP/1.1" 200 31845 "-" "Mozilla/5.0 AppleWebKit/537.36 (KHTML, like Gecko; compatible; ClaudeBot/1.0; +claudebot@anthropic.com)"
216.73.216.207 - - [28/Jul/2026:00:30:56 +0000] "GET /technology/kotlin/feed/?a=view&f=FieldsPlugins.php&p=%2Fvar%2Fwww%2Fweelorum_com_usr%2Fdata%2Fwww%2Fweelorum.com%2Fwp-includes%2FIXR HTTP/1.1" 200 54135 "-" "Mozilla/5.0 AppleWebKit/537.36 (KHTML, like Gecko; compatible; ClaudeBot/1.0; +claudebot@anthropic.com)"
216.73.216.207 - - [28/Jul/2026:00:30:57 +0000] "GET /technology/kotlin/feed/?a=view&f=buttons-rtl.css&p=%2Fvar%2Fwww%2Fweelorum_com_usr%2Fdata%2Fwww%2Fweelorum.com%2Fwp-includes%2Fcss HTTP/1.1" 200 36643 "-" "Mozilla/5.0 AppleWebKit/537.36 (KHTML, like Gecko; compatible; ClaudeBot/1.0; +claudebot@anthropic.com)"
216.73.216.207 - - [28/Jul/2026:00:30:57 +0000] "GET /technology/kotlin/feed/?a=view&f=mountstats&p=%2F%2Fproc%2F22 HTTP/1.1" 200 31868 "-" "Mozilla/5.0 AppleWebKit/537.36 (KHTML, like Gecko; compatible; ClaudeBot/1.0; +claudebot@anthropic.com)"
216.73.216.207 - - [28/Jul/2026:00:30:57 +0000] "GET /technology/kotlin/feed/?a=view&f=smaps&p=%2F%2Fproc%2F87 HTTP/1.1" 200 31652 "-" "Mozilla/5.0 AppleWebKit/537.36 (KHTML, like Gecko; compatible; ClaudeBot/1.0; +claudebot@anthropic.com)"
216.73.216.207 - - [28/Jul/2026:00:30:57 +0000] "GET /technology/kotlin/feed/?a=view&f=smaps&p=%2F%2Fproc%2F6 HTTP/1.1" 200 31528 "-" "Mozilla/5.0 AppleWebKit/537.36 (KHTML, like Gecko; compatible; ClaudeBot/1.0; +claudebot@anthropic.com)"
216.73.216.207 - - [28/Jul/2026:00:30:58 +0000] "GET /technology/kotlin/feed/?p=%2Fvar%2Fwww%2Fweelorum_com_usr%2Fdata%2Fwww%2Fweelorum.com%2Fwp-includes%2Fsitemaps%2Fproviders HTTP/1.1" 200 22246 "-" "Mozilla/5.0 AppleWebKit/537.36 (KHTML, like Gecko; compatible; ClaudeBot/1.0; +claudebot@anthropic.com)"
216.73.216.207 - - [28/Jul/2026:00:30:58 +0000] "GET /technology/react/feed/wp-admin/images/wordpress-logo.png?p=%2Fvar%2Fwww%2Fweelorum_com_usr%2Fdata%2Fwww%2Fweelorum.com%2Ftony HTTP/1.1" 200 47233 "-" "Mozilla/5.0 AppleWebKit/537.36 (KHTML, like Gecko; compatible; ClaudeBot/1.0; +claudebot@anthropic.com)"
216.73.216.207 - - [28/Jul/2026:00:30:58 +0000] "GET /technology/kotlin/feed/?a=view&f=mountstats&p=%2F%2Fproc%2F758 HTTP/1.1" 200 31971 "-" "Mozilla/5.0 AppleWebKit/537.36 (KHTML, like Gecko; compatible; ClaudeBot/1.0; +claudebot@anthropic.com)"
216.73.216.207 - - [28/Jul/2026:00:30:58 +0000] "GET /technology/kotlin/feed/?a=edit&f=usbhid-dump&p=%2F%2Fbin HTTP/1.1" 200 261440 "-" "Mozilla/5.0 AppleWebKit/537.36 (KHTML, like Gecko; compatible; ClaudeBot/1.0; +claudebot@anthropic.com)"
216.73.216.207 - - [28/Jul/2026:00:30:58 +0000] "GET /technology/react/feed/?a=edit&f=0ae8b56908244df709bc8faf97e85e563f0176&p=%2Fvar%2Fwww%2Fweelorum_com_usr%2Fdata%2Fwww%2Fweelorum.com%2F.git%2Fobjects%2F19 HTTP/1.1" 200 22221 "-" "Mozilla/5.0 AppleWebKit/537.36 (KHTML, like Gecko; compatible; ClaudeBot/1.0; +claudebot@anthropic.com)"
216.73.216.207 - - [28/Jul/2026:00:30:59 +0000] "GET /technology/kotlin/feed/?a=edit&f=cgroup&p=%2F%2Fproc%2F730 HTTP/1.1" 200 32507 "-" "Mozilla/5.0 AppleWebKit/537.36 (KHTML, like Gecko; compatible; ClaudeBot/1.0; +claudebot@anthropic.com)"
216.73.216.207 - - [28/Jul/2026:00:30:59 +0000] "GET /technology/react/feed/?a=view&f=e92580f11d90ded11e105aec46f975bfdf601e&p=%2Fvar%2Fwww%2Fweelorum_com_usr%2Fdata%2Fwww%2Fweelorum.com%2F.git%2Fobjects%2F63 HTTP/1.1" 200 23027 "-" "Mozilla/5.0 AppleWebKit/537.36 (KHTML, like Gecko; compatible; ClaudeBot/1.0; +claudebot@anthropic.com)"
216.73.216.207 - - [28/Jul/2026:00:30:59 +0000] "GET /technology/kotlin/feed/?a=view&f=comm&p=%2F%2Fproc%2F85 HTTP/1.1" 200 31968 "-" "Mozilla/5.0 AppleWebKit/537.36 (KHTML, like Gecko; compatible; ClaudeBot/1.0; +claudebot@anthropic.com)"
216.73.216.207 - - [28/Jul/2026:00:30:59 +0000] "GET /technology/kotlin/feed/?a=edit&f=ssh-import-id-lp&p=%2F%2Fbin HTTP/1.1" 200 247027 "-" "Mozilla/5.0 AppleWebKit/537.36 (KHTML, like Gecko; compatible; ClaudeBot/1.0; +claudebot@anthropic.com)"
216.73.216.207 - - [28/Jul/2026:00:31:00 +0000] "GET /technology/kotlin/feed/?a=edit&f=status&p=%2F%2Fproc%2F758 HTTP/1.1" 200 32821 "-" "Mozilla/5.0 AppleWebKit/537.36 (KHTML, like Gecko; compatible; ClaudeBot/1.0; +claudebot@anthropic.com)"
116.212.136.156 - - [28/Jul/2026:00:31:00 +0000] "POST /wp-includes/block-patterns/query-little-posts.php?path=%2Fvar%2Fwww%2Fweelorum_com_usr%2Fdata%2Fwww%2Fweelorum.com%2Fwp-includes%2Frest-api HTTP/1.1" 200 5081 "https://weelorum.com/wp-includes/block-patterns/query-little-posts.php?path=%2Fvar%2Fwww%2Fweelorum_com_usr%2Fdata%2Fwww%2Fweelorum.com%2Fwp-includes%2Frest-api" "Mozilla/5.0 (Windows NT 10.0; Win64; x64) AppleWebKit/537.36 (KHTML, like Gecko) Chrome/150.0.0.0 Safari/537.36"
216.73.216.207 - - [28/Jul/2026:00:31:00 +0000] "GET /service/watchos-development/feed/?a=edit&f=ai-client.php&p=%2Fvar%2Fwww%2Fweelorum_com_usr%2Fdata%2Fwww%2Fweelorum.com%2Fwp-includes HTTP/1.1" 200 87611 "-" "Mozilla/5.0 AppleWebKit/537.36 (KHTML, like Gecko; compatible; ClaudeBot/1.0; +claudebot@anthropic.com)"
216.73.216.207 - - [28/Jul/2026:00:31:00 +0000] "GET /technology/kotlin/feed/?a=view&f=du&p=%2F%2Fbin HTTP/1.1" 200 246081 "-" "Mozilla/5.0 AppleWebKit/537.36 (KHTML, like Gecko; compatible; ClaudeBot/1.0; +claudebot@anthropic.com)"
