52.173.161.248 - - [26/Jul/2026:03:44:56 +0000] "GET /404 HTTP/1.1" 404 130476 "-" "-"
52.173.161.248 - - [26/Jul/2026:03:44:57 +0000] "GET /wp-admin/update.php HTTP/1.1" 301 169 "-" "-"
52.173.161.248 - - [26/Jul/2026:03:44:57 +0000] "GET /wp-admin/update.php HTTP/1.1" 302 5 "-" "-"
52.173.161.248 - - [26/Jul/2026:03:44:57 +0000] "GET /404 HTTP/1.1" 404 130476 "-" "-"
52.173.161.248 - - [26/Jul/2026:03:44:57 +0000] "GET /wp-admin/tools.php HTTP/1.1" 301 169 "-" "-"
52.173.161.248 - - [26/Jul/2026:03:44:57 +0000] "GET /wp-admin/tools.php HTTP/1.1" 302 5 "-" "-"
52.173.161.248 - - [26/Jul/2026:03:44:58 +0000] "GET /404 HTTP/1.1" 404 130476 "-" "-"
52.173.161.248 - - [26/Jul/2026:03:44:58 +0000] "GET /wp-admin/admin-ajax.php HTTP/1.1" 301 169 "-" "-"
52.173.161.248 - - [26/Jul/2026:03:44:58 +0000] "GET /wp-admin/admin-ajax.php HTTP/1.1" 400 11 "-" "-"
52.173.161.248 - - [26/Jul/2026:03:44:58 +0000] "GET /wp-admin/wp-cron.php HTTP/1.1" 301 169 "-" "-"
52.173.161.248 - - [26/Jul/2026:03:44:58 +0000] "GET /wp-admin/wp-cron.php HTTP/1.1" 404 27 "-" "-"
52.173.161.248 - - [26/Jul/2026:03:44:58 +0000] "GET /wp-admin/upload.php HTTP/1.1" 301 169 "-" "-"
52.173.161.248 - - [26/Jul/2026:03:44:58 +0000] "GET /wp-admin/upload.php HTTP/1.1" 302 5 "-" "-"
52.173.161.248 - - [26/Jul/2026:03:44:59 +0000] "GET /404 HTTP/1.1" 404 130476 "-" "-"
52.173.161.248 - - [26/Jul/2026:03:44:59 +0000] "GET /wp-admin/site-health.php HTTP/1.1" 301 169 "-" "-"
52.173.161.248 - - [26/Jul/2026:03:44:59 +0000] "GET /wp-admin/site-health.php HTTP/1.1" 302 5 "-" "-"
52.173.161.248 - - [26/Jul/2026:03:44:59 +0000] "GET /404 HTTP/1.1" 404 130476 "-" "-"
52.173.161.248 - - [26/Jul/2026:03:44:59 +0000] "GET /wp-admin/media-upload.php HTTP/1.1" 301 169 "-" "-"
52.173.161.248 - - [26/Jul/2026:03:45:00 +0000] "GET /wp-admin/media-upload.php HTTP/1.1" 302 5 "-" "-"
52.173.161.248 - - [26/Jul/2026:03:45:00 +0000] "GET /404 HTTP/1.1" 404 130476 "-" "-"
52.173.161.248 - - [26/Jul/2026:03:45:00 +0000] "GET /wp-admin/comment.php HTTP/1.1" 301 169 "-" "-"
52.173.161.248 - - [26/Jul/2026:03:45:00 +0000] "GET /wp-admin/comment.php HTTP/1.1" 302 5 "-" "-"
52.173.161.248 - - [26/Jul/2026:03:45:00 +0000] "GET /404 HTTP/1.1" 404 130476 "-" "-"
52.173.161.248 - - [26/Jul/2026:03:45:00 +0000] "GET /wp-admin/async-upload.php HTTP/1.1" 301 169 "-" "-"
52.173.161.248 - - [26/Jul/2026:03:45:01 +0000] "GET /wp-admin/async-upload.php HTTP/1.1" 302 5 "-" "-"
52.173.161.248 - - [26/Jul/2026:03:45:01 +0000] "GET /404 HTTP/1.1" 404 130476 "-" "-"
52.173.161.248 - - [26/Jul/2026:03:45:01 +0000] "GET /wp-admin/update-core.php HTTP/1.1" 301 169 "-" "-"
52.173.161.248 - - [26/Jul/2026:03:45:02 +0000] "GET /wp-admin/update-core.php HTTP/1.1" 302 5 "-" "-"
52.173.161.248 - - [26/Jul/2026:03:45:02 +0000] "GET /404 HTTP/1.1" 404 130476 "-" "-"
52.173.161.248 - - [26/Jul/2026:03:45:02 +0000] "GET /wp-admin/users.php HTTP/1.1" 301 169 "-" "-"
52.173.161.248 - - [26/Jul/2026:03:45:03 +0000] "GET /wp-admin/users.php HTTP/1.1" 302 5 "-" "-"
52.173.161.248 - - [26/Jul/2026:03:45:03 +0000] "GET /404 HTTP/1.1" 404 130476 "-" "-"
52.173.161.248 - - [26/Jul/2026:03:45:03 +0000] "GET /wp-admin/nav-menus.php HTTP/1.1" 301 169 "-" "-"
52.173.161.248 - - [26/Jul/2026:03:45:04 +0000] "GET /wp-admin/nav-menus.php HTTP/1.1" 302 5 "-" "-"
52.173.161.248 - - [26/Jul/2026:03:45:05 +0000] "GET /404 HTTP/1.1" 404 130476 "-" "-"
52.173.161.248 - - [26/Jul/2026:03:45:05 +0000] "GET /wp-admin/themes.php HTTP/1.1" 301 169 "-" "-"
52.173.161.248 - - [26/Jul/2026:03:45:05 +0000] "GET /wp-admin/themes.php HTTP/1.1" 302 5 "-" "-"
52.173.161.248 - - [26/Jul/2026:03:45:06 +0000] "GET /404 HTTP/1.1" 404 130476 "-" "-"
52.173.161.248 - - [26/Jul/2026:03:45:06 +0000] "GET /wp-admin/plugin-editor.php HTTP/1.1" 301 169 "-" "-"
52.173.161.248 - - [26/Jul/2026:03:45:06 +0000] "GET /wp-admin/plugin-editor.php HTTP/1.1" 302 5 "-" "-"
52.173.161.248 - - [26/Jul/2026:03:45:07 +0000] "GET /404 HTTP/1.1" 404 130476 "-" "-"
52.173.161.248 - - [26/Jul/2026:03:45:07 +0000] "GET /wp-admin/widgets-form.php HTTP/1.1" 301 169 "-" "-"
52.173.161.248 - - [26/Jul/2026:03:45:07 +0000] "GET /wp-admin/widgets-form.php HTTP/1.1" 200 12 "-" "-"
52.173.161.248 - - [26/Jul/2026:03:45:07 +0000] "GET /wp-admin/options-head.php HTTP/1.1" 301 169 "-" "-"
52.173.161.248 - - [26/Jul/2026:03:45:07 +0000] "GET /wp-admin/options-head.php HTTP/1.1" 200 12 "-" "-"
52.173.161.248 - - [26/Jul/2026:03:45:07 +0000] "GET /wp-admin/network/site-settings.php HTTP/1.1" 301 169 "-" "-"
52.173.161.248 - - [26/Jul/2026:03:45:07 +0000] "GET /wp-admin/network/site-settings.php HTTP/1.1" 302 5 "-" "-"
52.173.161.248 - - [26/Jul/2026:03:45:08 +0000] "GET /404 HTTP/1.1" 404 130476 "-" "-"
52.173.161.248 - - [26/Jul/2026:03:45:08 +0000] "GET /wp-admin/network/site-info.php HTTP/1.1" 301 169 "-" "-"
52.173.161.248 - - [26/Jul/2026:03:45:08 +0000] "GET /wp-admin/network/site-info.php HTTP/1.1" 302 5 "-" "-"
52.173.161.248 - - [26/Jul/2026:03:45:08 +0000] "GET /404 HTTP/1.1" 404 130476 "-" "-"
52.173.161.248 - - [26/Jul/2026:03:45:08 +0000] "GET /wp-admin/network/user-new.php HTTP/1.1" 301 169 "-" "-"
52.173.161.248 - - [26/Jul/2026:03:45:09 +0000] "GET /wp-admin/network/user-new.php HTTP/1.1" 302 5 "-" "-"
52.173.161.248 - - [26/Jul/2026:03:45:09 +0000] "GET /404 HTTP/1.1" 404 130476 "-" "-"
52.173.161.248 - - [26/Jul/2026:03:45:09 +0000] "GET /wp-admin/network/users.php HTTP/1.1" 301 169 "-" "-"
52.173.161.248 - - [26/Jul/2026:03:45:10 +0000] "GET /wp-admin/network/users.php HTTP/1.1" 302 5 "-" "-"
52.173.161.248 - - [26/Jul/2026:03:45:10 +0000] "GET /404 HTTP/1.1" 404 130476 "-" "-"
52.173.161.248 - - [26/Jul/2026:03:45:10 +0000] "GET /wp-admin/network/themes.php HTTP/1.1" 301 169 "-" "-"
52.173.161.248 - - [26/Jul/2026:03:45:10 +0000] "GET /wp-admin/network/themes.php HTTP/1.1" 302 5 "-" "-"
52.173.161.248 - - [26/Jul/2026:03:45:11 +0000] "GET /404 HTTP/1.1" 404 130476 "-" "-"
52.173.161.248 - - [26/Jul/2026:03:45:11 +0000] "GET /wp-admin/network/site-new.php HTTP/1.1" 301 169 "-" "-"
52.173.161.248 - - [26/Jul/2026:03:45:11 +0000] "GET /wp-admin/network/site-new.php HTTP/1.1" 302 5 "-" "-"
52.173.161.248 - - [26/Jul/2026:03:45:11 +0000] "GET /404 HTTP/1.1" 404 130476 "-" "-"
52.173.161.248 - - [26/Jul/2026:03:45:11 +0000] "GET /wp-admin/network/settings.php HTTP/1.1" 301 169 "-" "-"
52.173.161.248 - - [26/Jul/2026:03:45:12 +0000] "GET /wp-admin/network/settings.php HTTP/1.1" 302 5 "-" "-"
52.173.161.248 - - [26/Jul/2026:03:45:12 +0000] "GET /404 HTTP/1.1" 404 130476 "-" "-"
52.173.161.248 - - [26/Jul/2026:03:45:12 +0000] "GET /wp-admin/network/site-themes.php HTTP/1.1" 301 169 "-" "-"
52.173.161.248 - - [26/Jul/2026:03:45:12 +0000] "GET /wp-admin/network/site-themes.php HTTP/1.1" 302 5 "-" "-"
52.173.161.248 - - [26/Jul/2026:03:45:13 +0000] "GET /404 HTTP/1.1" 404 130476 "-" "-"
52.173.161.248 - - [26/Jul/2026:03:45:13 +0000] "GET /wp-admin/network/sites.php HTTP/1.1" 301 169 "-" "-"
52.173.161.248 - - [26/Jul/2026:03:45:13 +0000] "GET /wp-admin/network/sites.php HTTP/1.1" 302 5 "-" "-"
52.173.161.248 - - [26/Jul/2026:03:45:13 +0000] "GET /404 HTTP/1.1" 404 130476 "-" "-"
52.173.161.248 - - [26/Jul/2026:03:45:14 +0000] "GET /wp-admin/network/site-users.php HTTP/1.1" 301 169 "-" "-"
52.173.161.248 - - [26/Jul/2026:03:45:14 +0000] "GET /wp-admin/network/site-users.php HTTP/1.1" 302 5 "-" "-"
52.173.161.248 - - [26/Jul/2026:03:45:14 +0000] "GET /404 HTTP/1.1" 404 130476 "-" "-"
52.173.161.248 - - [26/Jul/2026:03:45:14 +0000] "GET /wp-admin/install.php HTTP/1.1" 301 169 "-" "-"
52.173.161.248 - - [26/Jul/2026:03:45:14 +0000] "GET /wp-admin/install.php HTTP/1.1" 200 1361 "-" "-"
52.173.161.248 - - [26/Jul/2026:03:45:14 +0000] "GET /wp-admin/link.php HTTP/1.1" 301 169 "-" "-"
52.173.161.248 - - [26/Jul/2026:03:45:15 +0000] "GET /wp-admin/link.php HTTP/1.1" 302 5 "-" "-"
52.173.161.248 - - [26/Jul/2026:03:45:15 +0000] "GET /404 HTTP/1.1" 404 130476 "-" "-"
52.173.161.248 - - [26/Jul/2026:03:45:15 +0000] "GET /wp-admin/includes/class-custom-background.php HTTP/1.1" 301 169 "-" "-"
52.173.161.248 - - [26/Jul/2026:03:45:15 +0000] "GET /wp-admin/includes/class-custom-background.php HTTP/1.1" 200 5 "-" "-"
138.201.137.152 - - [26/Jul/2026:03:47:10 +0000] "GET /technologies/iot-application-development-services/ HTTP/1.1" 200 79383 "-" "SEBot-WA"
138.201.137.152 - - [26/Jul/2026:03:47:11 +0000] "GET /wp-includes/js/jquery/jquery.min.js?ver=3.7.1 HTTP/1.1" 200 35451 "https://weelorum.com/technologies/iot-application-development-services/" "SEBot-WA"
138.201.137.152 - - [26/Jul/2026:03:47:11 +0000] "GET /wp-content/cache/min/1/wp-content/themes/weelorum-theme/css/awards-section.css?ver=1784812621 HTTP/1.1" 200 1392 "https://weelorum.com/technologies/iot-application-development-services/" "SEBot-WA"
138.201.137.152 - - [26/Jul/2026:03:47:11 +0000] "GET /wp-content/cache/background-css/1/weelorum.com/wp-content/cache/min/1/wp-content/themes/weelorum-theme/assets/css/wl-pages.css?ver=1784812621&wpr_t=1784999815 HTTP/1.1" 200 58175 "https://weelorum.com/technologies/iot-application-development-services/" "SEBot-WA"
138.201.137.152 - - [26/Jul/2026:03:47:11 +0000] "GET /wp-includes/js/dist/i18n.min.js?ver=781d11515ad3d91786ec HTTP/1.1" 200 2574 "https://weelorum.com/technologies/iot-application-development-services/" "SEBot-WA"
138.201.137.152 - - [26/Jul/2026:03:47:11 +0000] "GET /wp-includes/js/jquery/jquery-migrate.min.js?ver=3.4.1 HTTP/1.1" 200 5355 "https://weelorum.com/technologies/iot-application-development-services/" "SEBot-WA"
138.201.137.152 - - [26/Jul/2026:03:47:11 +0000] "GET /wp-content/cache/min/1/wp-content/plugins/contact-form-7/includes/swv/js/index.js?ver=1784812623 HTTP/1.1" 200 3887 "https://weelorum.com/technologies/iot-application-development-services/" "SEBot-WA"
138.201.137.152 - - [26/Jul/2026:03:47:11 +0000] "GET /wp-content/cache/min/1/wp-content/themes/weelorum-theme/assets/js/main.js?ver=1784812621 HTTP/1.1" 200 1767 "https://weelorum.com/technologies/iot-application-development-services/" "SEBot-WA"
138.201.137.152 - - [26/Jul/2026:03:47:11 +0000] "GET /wp-content/cache/min/1/wp-content/plugins/contact-form-7/includes/js/index.js?ver=1784812623 HTTP/1.1" 200 4803 "https://weelorum.com/technologies/iot-application-development-services/" "SEBot-WA"
138.201.137.152 - - [26/Jul/2026:03:47:11 +0000] "GET /wp-content/plugins/wp-rocket/assets/js/lazyload/17.8.3/lazyload.min.js HTTP/1.1" 200 3400 "https://weelorum.com/technologies/iot-application-development-services/" "SEBot-WA"
138.201.137.152 - - [26/Jul/2026:03:47:11 +0000] "GET /wp-json/contact-form-7/v1/contact-forms/217/feedback/schema HTTP/1.1" 499 0 "https://weelorum.com/technologies/iot-application-development-services/" "SEBot-WA"
138.201.137.152 - - [26/Jul/2026:03:47:11 +0000] "GET /wp-json/contact-form-7/v1/contact-forms/217/refill HTTP/1.1" 499 0 "https://weelorum.com/technologies/iot-application-development-services/" "SEBot-WA"
146.190.158.65 - - [26/Jul/2026:03:47:13 +0000] "POST /wp-cron.php?doing_wp_cron=1785037632.2892239093780517578125 HTTP/1.1" 499 0 "-" "WordPress/7.0; https://weelorum.com"
146.190.158.65 - - [26/Jul/2026:03:47:13 +0000] "POST /wp-cron.php?doing_wp_cron=1785037632.2925810813903808593750 HTTP/1.1" 499 0 "-" "WordPress/7.0; https://weelorum.com"
146.190.158.65 - - [26/Jul/2026:03:49:59 +0000] "POST /wp-cron.php?doing_wp_cron=1785037799.8660440444946289062500 HTTP/1.1" 200 31 "-" "WordPress/7.0; https://weelorum.com"
54.84.93.8 - - [26/Jul/2026:03:49:59 +0000] "GET /blog/how-to-convert-android-app-to-ios-key-steps-for-correct-porting-code-and-interface HTTP/1.1" 301 5 "-" "Mozilla/5.0 AppleWebKit/537.36 (KHTML, like Gecko; compatible; Amazonbot/0.1; +https://developer.amazon.com/support/amazonbot) Chrome/119.0.6045.214 Safari/537.36"
34.225.24.180 - - [26/Jul/2026:03:50:00 +0000] "GET /blog/how-to-convert-android-app-to-ios-key-steps-for-correct-porting-code-and-interface/ HTTP/1.1" 200 88192 "-" "Mozilla/5.0 AppleWebKit/537.36 (KHTML, like Gecko; compatible; Amazonbot/0.1; +https://developer.amazon.com/support/amazonbot) Chrome/119.0.6045.214 Safari/537.36"
146.190.158.65 - - [26/Jul/2026:03:51:51 +0000] "POST /wp-cron.php?doing_wp_cron=1785037911.5206758975982666015625 HTTP/1.1" 200 31 "-" "WordPress/7.0; https://weelorum.com"
131.255.228.85 - - [26/Jul/2026:03:51:51 +0000] "GET /solutions/fintech-application-development-services/tel:380962170860 HTTP/1.1" 404 29678 "-" "Mozilla/5.0 (Macintosh; Intel Mac OS X 10_9_3) AppleWebKit/537.36 (KHTML, like Gecko) Chrome/35.0.1916.47 Safari/537.36"
174.238.49.63 - - [26/Jul/2026:03:55:04 +0000] "GET /blog/how-do-dating-apps-make-money-12-monetization-methods/ HTTP/1.1" 200 88591 "https://www.google.com/" "Mozilla/5.0 (Linux; Android 10; K) AppleWebKit/537.36 (KHTML, like Gecko) Chrome/150.0.0.0 Mobile Safari/537.36"
174.238.49.63 - - [26/Jul/2026:03:55:04 +0000] "GET /wp-content/themes/weelorum-theme/assets/fonts/montserrat.woff2 HTTP/1.1" 200 30300 "https://weelorum.com/blog/how-do-dating-apps-make-money-12-monetization-methods/" "Mozilla/5.0 (Linux; Android 10; K) AppleWebKit/537.36 (KHTML, like Gecko) Chrome/150.0.0.0 Mobile Safari/537.36"
174.238.49.63 - - [26/Jul/2026:03:55:04 +0000] "GET /wp-content/cache/min/1/wp-content/themes/weelorum-theme/css/awards-section.css?ver=1784812621 HTTP/1.1" 200 1392 "https://weelorum.com/blog/how-do-dating-apps-make-money-12-monetization-methods/" "Mozilla/5.0 (Linux; Android 10; K) AppleWebKit/537.36 (KHTML, like Gecko) Chrome/150.0.0.0 Mobile Safari/537.36"
174.238.49.63 - - [26/Jul/2026:03:55:04 +0000] "GET /wp-content/uploads/2023/05/48.Mob_.375.svg HTTP/1.1" 200 146948 "https://weelorum.com/blog/how-do-dating-apps-make-money-12-monetization-methods/" "Mozilla/5.0 (Linux; Android 10; K) AppleWebKit/537.36 (KHTML, like Gecko) Chrome/150.0.0.0 Mobile Safari/537.36"
174.238.49.63 - - [26/Jul/2026:03:55:04 +0000] "GET /wp-content/uploads/2022/08/cropped-cropped-CEO-1-104x104.jpg HTTP/1.1" 200 2683 "https://weelorum.com/blog/how-do-dating-apps-make-money-12-monetization-methods/" "Mozilla/5.0 (Linux; Android 10; K) AppleWebKit/537.36 (KHTML, like Gecko) Chrome/150.0.0.0 Mobile Safari/537.36"
174.238.49.63 - - [26/Jul/2026:03:55:04 +0000] "GET /wp-content/cache/background-css/1/weelorum.com/wp-content/cache/min/1/wp-content/themes/weelorum-theme/assets/css/wl-pages.css?ver=1784812621&wpr_t=1785000105 HTTP/1.1" 200 58175 "https://weelorum.com/blog/how-do-dating-apps-make-money-12-monetization-methods/" "Mozilla/5.0 (Linux; Android 10; K) AppleWebKit/537.36 (KHTML, like Gecko) Chrome/150.0.0.0 Mobile Safari/537.36"
174.238.49.63 - - [26/Jul/2026:03:55:04 +0000] "GET /wp-includes/js/dist/i18n.min.js?ver=781d11515ad3d91786ec HTTP/1.1" 200 2574 "https://weelorum.com/blog/how-do-dating-apps-make-money-12-monetization-methods/" "Mozilla/5.0 (Linux; Android 10; K) AppleWebKit/537.36 (KHTML, like Gecko) Chrome/150.0.0.0 Mobile Safari/537.36"
174.238.49.63 - - [26/Jul/2026:03:55:04 +0000] "GET /wp-includes/js/jquery/jquery.min.js?ver=3.7.1 HTTP/1.1" 200 35451 "https://weelorum.com/blog/how-do-dating-apps-make-money-12-monetization-methods/" "Mozilla/5.0 (Linux; Android 10; K) AppleWebKit/537.36 (KHTML, like Gecko) Chrome/150.0.0.0 Mobile Safari/537.36"
174.238.49.63 - - [26/Jul/2026:03:55:04 +0000] "GET /wp-includes/js/jquery/jquery-migrate.min.js?ver=3.4.1 HTTP/1.1" 200 5355 "https://weelorum.com/blog/how-do-dating-apps-make-money-12-monetization-methods/" "Mozilla/5.0 (Linux; Android 10; K) AppleWebKit/537.36 (KHTML, like Gecko) Chrome/150.0.0.0 Mobile Safari/537.36"
174.238.49.63 - - [26/Jul/2026:03:55:04 +0000] "GET /wp-content/cache/min/1/wp-content/themes/weelorum-theme/assets/js/main.js?ver=1784812621 HTTP/1.1" 200 1767 "https://weelorum.com/blog/how-do-dating-apps-make-money-12-monetization-methods/" "Mozilla/5.0 (Linux; Android 10; K) AppleWebKit/537.36 (KHTML, like Gecko) Chrome/150.0.0.0 Mobile Safari/537.36"
174.238.49.63 - - [26/Jul/2026:03:55:04 +0000] "GET /wp-content/cache/min/1/wp-content/plugins/contact-form-7/includes/swv/js/index.js?ver=1784812623 HTTP/1.1" 200 3887 "https://weelorum.com/blog/how-do-dating-apps-make-money-12-monetization-methods/" "Mozilla/5.0 (Linux; Android 10; K) AppleWebKit/537.36 (KHTML, like Gecko) Chrome/150.0.0.0 Mobile Safari/537.36"
174.238.49.63 - - [26/Jul/2026:03:55:04 +0000] "GET /wp-content/plugins/wp-rocket/assets/js/lazyload/17.8.3/lazyload.min.js HTTP/1.1" 200 3400 "https://weelorum.com/blog/how-do-dating-apps-make-money-12-monetization-methods/" "Mozilla/5.0 (Linux; Android 10; K) AppleWebKit/537.36 (KHTML, like Gecko) Chrome/150.0.0.0 Mobile Safari/537.36"
174.238.49.63 - - [26/Jul/2026:03:55:04 +0000] "GET /wp-content/cache/min/1/wp-content/plugins/contact-form-7/includes/js/index.js?ver=1784812623 HTTP/1.1" 200 4803 "https://weelorum.com/blog/how-do-dating-apps-make-money-12-monetization-methods/" "Mozilla/5.0 (Linux; Android 10; K) AppleWebKit/537.36 (KHTML, like Gecko) Chrome/150.0.0.0 Mobile Safari/537.36"
174.238.49.63 - - [26/Jul/2026:03:55:06 +0000] "GET /wp-content/themes/weelorum-theme/assets/images/logo.png HTTP/1.1" 200 4112 "https://weelorum.com/wp-content/cache/background-css/1/weelorum.com/wp-content/cache/min/1/wp-content/themes/weelorum-theme/assets/css/wl-pages.css?ver=1784812621&wpr_t=1785000105" "Mozilla/5.0 (Linux; Android 10; K) AppleWebKit/537.36 (KHTML, like Gecko) Chrome/150.0.0.0 Mobile Safari/537.36"
146.190.158.65 - - [26/Jul/2026:03:55:06 +0000] "POST /wp-cron.php?doing_wp_cron=1785038106.3611769676208496093750 HTTP/1.1" 200 31 "-" "WordPress/7.0; https://weelorum.com"
174.238.49.63 - - [26/Jul/2026:03:55:06 +0000] "GET /wp-json/contact-form-7/v1/contact-forms/217/feedback/schema HTTP/1.1" 200 259 "https://weelorum.com/blog/how-do-dating-apps-make-money-12-monetization-methods/" "Mozilla/5.0 (Linux; Android 10; K) AppleWebKit/537.36 (KHTML, like Gecko) Chrome/150.0.0.0 Mobile Safari/537.36"
174.238.49.63 - - [26/Jul/2026:03:55:07 +0000] "GET /wp-includes/js/dist/hooks.min.js?ver=7496969728ca0f95732d HTTP/1.1" 200 1909 "https://weelorum.com/blog/how-do-dating-apps-make-money-12-monetization-methods/" "Mozilla/5.0 (Linux; Android 10; K) AppleWebKit/537.36 (KHTML, like Gecko) Chrome/150.0.0.0 Mobile Safari/537.36"
174.238.49.63 - - [26/Jul/2026:03:55:07 +0000] "GET /wp-content/cache/min/1/wp-content/plugins/cookie-law-info/legacy/public/js/cookie-law-info-public.js?ver=1784812621 HTTP/1.1" 200 7917 "https://weelorum.com/blog/how-do-dating-apps-make-money-12-monetization-methods/" "Mozilla/5.0 (Linux; Android 10; K) AppleWebKit/537.36 (KHTML, like Gecko) Chrome/150.0.0.0 Mobile Safari/537.36"
174.238.49.63 - - [26/Jul/2026:03:55:07 +0000] "GET /wp-content/plugins/add-to-any/addtoany.min.js?ver=1.1 HTTP/1.1" 200 137 "https://weelorum.com/blog/how-do-dating-apps-make-money-12-monetization-methods/" "Mozilla/5.0 (Linux; Android 10; K) AppleWebKit/537.36 (KHTML, like Gecko) Chrome/150.0.0.0 Mobile Safari/537.36"
174.238.49.63 - - [26/Jul/2026:03:55:07 +0000] "GET /wp-content/cache/min/1/wp-content/plugins/countup-js/js/countup.js?ver=1784812621 HTTP/1.1" 200 1507 "https://weelorum.com/blog/how-do-dating-apps-make-money-12-monetization-methods/" "Mozilla/5.0 (Linux; Android 10; K) AppleWebKit/537.36 (KHTML, like Gecko) Chrome/150.0.0.0 Mobile Safari/537.36"
174.238.49.63 - - [26/Jul/2026:03:55:07 +0000] "GET /wp-content/plugins/rate-my-post/public/js/rate-my-post.min.js?ver=4.5.1 HTTP/1.1" 200 5596 "https://weelorum.com/blog/how-do-dating-apps-make-money-12-monetization-methods/" "Mozilla/5.0 (Linux; Android 10; K) AppleWebKit/537.36 (KHTML, like Gecko) Chrome/150.0.0.0 Mobile Safari/537.36"
174.238.49.63 - - [26/Jul/2026:03:55:07 +0000] "GET /wp-content/cache/min/1/wp-content/themes/weelorum-theme/assets/js/scroll-handler.js?ver=1784812621 HTTP/1.1" 200 1531 "https://weelorum.com/blog/how-do-dating-apps-make-money-12-monetization-methods/" "Mozilla/5.0 (Linux; Android 10; K) AppleWebKit/537.36 (KHTML, like Gecko) Chrome/150.0.0.0 Mobile Safari/537.36"
174.238.49.63 - - [26/Jul/2026:03:55:07 +0000] "GET /wp-content/cache/min/1/wp-content/themes/weelorum-theme/assets/js/footer-scripts.js?ver=1784812621 HTTP/1.1" 200 1745 "https://weelorum.com/blog/how-do-dating-apps-make-money-12-monetization-methods/" "Mozilla/5.0 (Linux; Android 10; K) AppleWebKit/537.36 (KHTML, like Gecko) Chrome/150.0.0.0 Mobile Safari/537.36"
174.238.49.63 - - [26/Jul/2026:03:55:08 +0000] "GET /wp-content/cache/min/1/wp-content/themes/weelorum-theme/assets/js/pdf-lead-form.js?ver=1784812868 HTTP/1.1" 200 2452 "https://weelorum.com/blog/how-do-dating-apps-make-money-12-monetization-methods/" "Mozilla/5.0 (Linux; Android 10; K) AppleWebKit/537.36 (KHTML, like Gecko) Chrome/150.0.0.0 Mobile Safari/537.36"
174.238.49.63 - - [26/Jul/2026:03:55:08 +0000] "GET /wp-content/cache/min/1/wp-content/themes/weelorum-theme/assets/js/floating-discovery.js?ver=1784812621 HTTP/1.1" 200 1459 "https://weelorum.com/blog/how-do-dating-apps-make-money-12-monetization-methods/" "Mozilla/5.0 (Linux; Android 10; K) AppleWebKit/537.36 (KHTML, like Gecko) Chrome/150.0.0.0 Mobile Safari/537.36"
174.238.49.63 - - [26/Jul/2026:03:55:08 +0000] "GET /wp-content/themes/weelorum-theme/assets/js/swiper.min.js?ver=3.0.0 HTTP/1.1" 200 52198 "https://weelorum.com/blog/how-do-dating-apps-make-money-12-monetization-methods/" "Mozilla/5.0 (Linux; Android 10; K) AppleWebKit/537.36 (KHTML, like Gecko) Chrome/150.0.0.0 Mobile Safari/537.36"
174.238.49.63 - - [26/Jul/2026:03:55:08 +0000] "GET /wp-content/cache/min/1/wp-content/themes/weelorum-theme/assets/js/swiper-init.js?ver=1784812621 HTTP/1.1" 200 1831 "https://weelorum.com/blog/how-do-dating-apps-make-money-12-monetization-methods/" "Mozilla/5.0 (Linux; Android 10; K) AppleWebKit/537.36 (KHTML, like Gecko) Chrome/150.0.0.0 Mobile Safari/537.36"
174.238.49.63 - - [26/Jul/2026:03:55:08 +0000] "GET /wp-content/cache/min/1/wp-content/themes/weelorum-theme/assets/js/wl-pages.js?ver=1784812621 HTTP/1.1" 200 4498 "https://weelorum.com/blog/how-do-dating-apps-make-money-12-monetization-methods/" "Mozilla/5.0 (Linux; Android 10; K) AppleWebKit/537.36 (KHTML, like Gecko) Chrome/150.0.0.0 Mobile Safari/537.36"
174.238.49.63 - - [26/Jul/2026:03:55:08 +0000] "GET /wp-content/cache/min/1/wp-content/themes/weelorum-theme/assets/js/header-v2.js?ver=1784812621 HTTP/1.1" 200 1204 "https://weelorum.com/blog/how-do-dating-apps-make-money-12-monetization-methods/" "Mozilla/5.0 (Linux; Android 10; K) AppleWebKit/537.36 (KHTML, like Gecko) Chrome/150.0.0.0 Mobile Safari/537.36"
174.238.49.63 - - [26/Jul/2026:03:55:08 +0000] "GET /wp-content/plugins/drag-and-drop-multiple-file-upload-contact-form-7/assets/js/codedropz-uploader-min.js?ver=1.3.9.8 HTTP/1.1" 200 4191 "https://weelorum.com/blog/how-do-dating-apps-make-money-12-monetization-methods/" "Mozilla/5.0 (Linux; Android 10; K) AppleWebKit/537.36 (KHTML, like Gecko) Chrome/150.0.0.0 Mobile Safari/537.36"
174.238.49.63 - - [26/Jul/2026:03:55:08 +0000] "GET /wp-content/cache/min/1/wp-content/plugins/akismet/_inc/akismet-frontend.js?ver=1784812623 HTTP/1.1" 200 2088 "https://weelorum.com/blog/how-do-dating-apps-make-money-12-monetization-methods/" "Mozilla/5.0 (Linux; Android 10; K) AppleWebKit/537.36 (KHTML, like Gecko) Chrome/150.0.0.0 Mobile Safari/537.36"
174.238.49.63 - - [26/Jul/2026:03:55:08 +0000] "GET /wp-content/cache/min/1/assets/external/widget.js?ver=1784812623 HTTP/1.1" 200 4483 "https://weelorum.com/blog/how-do-dating-apps-make-money-12-monetization-methods/" "Mozilla/5.0 (Linux; Android 10; K) AppleWebKit/537.36 (KHTML, like Gecko) Chrome/150.0.0.0 Mobile Safari/537.36"
174.238.49.63 - - [26/Jul/2026:03:55:08 +0000] "GET /wp-includes/js/comment-reply.min.js?ver=7.0 HTTP/1.1" 200 1434 "https://weelorum.com/blog/how-do-dating-apps-make-money-12-monetization-methods/" "Mozilla/5.0 (Linux; Android 10; K) AppleWebKit/537.36 (KHTML, like Gecko) Chrome/150.0.0.0 Mobile Safari/537.36"
174.238.49.63 - - [26/Jul/2026:03:55:08 +0000] "GET /wp-content/uploads/fbrfg/site.webmanifest HTTP/1.1" 200 476 "https://weelorum.com/blog/how-do-dating-apps-make-money-12-monetization-methods/" "Mozilla/5.0 (Linux; Android 10; K) AppleWebKit/537.36 (KHTML, like Gecko) Chrome/150.0.0.0 Mobile Safari/537.36"
174.238.49.63 - - [26/Jul/2026:03:55:12 +0000] "GET /wp-content/uploads/fbrfg/favicon-32x32.png HTTP/1.1" 200 1093 "https://weelorum.com/blog/how-do-dating-apps-make-money-12-monetization-methods/" "Mozilla/5.0 (Linux; Android 10; K) AppleWebKit/537.36 (KHTML, like Gecko) Chrome/150.0.0.0 Mobile Safari/537.36"
174.238.49.63 - - [26/Jul/2026:03:55:12 +0000] "GET /wp-content/uploads/fbrfg/apple-touch-icon.png HTTP/1.1" 200 5628 "https://weelorum.com/blog/how-do-dating-apps-make-money-12-monetization-methods/" "Mozilla/5.0 (Linux; Android 10; K) AppleWebKit/537.36 (KHTML, like Gecko) Chrome/150.0.0.0 Mobile Safari/537.36"
174.238.49.63 - - [26/Jul/2026:03:55:12 +0000] "GET /wp-content/uploads/fbrfg/android-chrome-192x192.png HTTP/1.1" 200 6076 "https://weelorum.com/blog/how-do-dating-apps-make-money-12-monetization-methods/" "Mozilla/5.0 (Linux; Android 10; K) AppleWebKit/537.36 (KHTML, like Gecko) Chrome/150.0.0.0 Mobile Safari/537.36"
174.238.49.63 - - [26/Jul/2026:03:55:12 +0000] "GET /wp-json/contact-form-7/v1/contact-forms/217/refill HTTP/1.1" 200 33 "https://weelorum.com/blog/how-do-dating-apps-make-money-12-monetization-methods/" "Mozilla/5.0 (Linux; Android 10; K) AppleWebKit/537.36 (KHTML, like Gecko) Chrome/150.0.0.0 Mobile Safari/537.36"
146.190.158.65 - - [26/Jul/2026:03:56:01 +0000] "GET / HTTP/1.1" 301 169 "-" "Mozilla/5.0 (X11; Linux x86_64) AppleWebKit/537.36 (KHTML, like Gecko) Chrome/44.0.2403.157 Safari/537.36"
146.190.158.65 - - [26/Jul/2026:03:56:01 +0000] "GET / HTTP/1.1" 200 16118 "http://146.190.158.65" "Mozilla/5.0 (X11; Linux x86_64) AppleWebKit/537.36 (KHTML, like Gecko) Chrome/44.0.2403.157 Safari/537.36"
114.119.130.110 - - [26/Jul/2026:03:56:27 +0000] "GET /portfolio-projects/knock-knock/ HTTP/1.1" 200 70911 "https://weelorum.com/portfolio-projects/" "Mozilla/5.0 (Linux; Android 7.0;) AppleWebKit/537.36 (HTML, like Gecko) Mobile Safari/537.36 (compatible; PetalBot;+https://webmaster.petalsearch.com/site/petalbot)"
45.22.25.25 - - [26/Jul/2026:03:57:47 +0000] "HEAD / HTTP/1.1" 301 0 "-" "Mozilla/5.0 (Macintosh; Intel Mac OS X 10_15_7) AppleWebKit/537.36 (KHTML, like Gecko) Chrome/131.0.0.0 Safari/537.36"
146.190.158.65 - - [26/Jul/2026:03:57:50 +0000] "POST /wp-cron.php?doing_wp_cron=1785038270.3241670131683349609375 HTTP/1.1" 200 31 "-" "WordPress/7.0; https://weelorum.com"
114.119.151.168 - - [26/Jul/2026:03:57:50 +0000] "GET /blog/coping-with-the-greatest-challenges-in-developing-a-music-streaming-app-for-ios HTTP/1.1" 301 5 "https://weelorum.com/blog/page/1" "Mozilla/5.0 (Linux; Android 7.0;) AppleWebKit/537.36 (HTML, like Gecko) Mobile Safari/537.36 (compatible; PetalBot;+https://webmaster.petalsearch.com/site/petalbot)"
114.119.151.168 - - [26/Jul/2026:03:57:51 +0000] "GET /blog/coping-with-the-greatest-challenges-in-developing-a-music-streaming-app-for-ios/ HTTP/1.1" 200 86973 "https://weelorum.com/blog/page/1" "Mozilla/5.0 (Linux; Android 7.0;) AppleWebKit/537.36 (HTML, like Gecko) Mobile Safari/537.36 (compatible; PetalBot;+https://webmaster.petalsearch.com/site/petalbot)"
45.22.25.25 - - [26/Jul/2026:03:58:05 +0000] "HEAD / HTTP/1.1" 301 0 "-" "Mozilla/5.0 (Macintosh; Intel Mac OS X 10_15_7) AppleWebKit/537.36 (KHTML, like Gecko) Chrome/131.0.0.0 Safari/537.36"
45.22.25.25 - - [26/Jul/2026:03:58:10 +0000] "HEAD / HTTP/1.1" 200 0 "-" "Mozilla/5.0 (Macintosh; Intel Mac OS X 10_15_7) AppleWebKit/537.36 (KHTML, like Gecko) Chrome/131.0.0.0 Safari/537.36"
45.22.25.25 - - [26/Jul/2026:03:58:20 +0000] "HEAD / HTTP/1.1" 301 0 "-" "Mozilla/5.0 (X11; Linux x86_64) AppleWebKit/537.36 (KHTML, like Gecko) Chrome/131.0.0.0 Safari/537.36"
45.22.25.25 - - [26/Jul/2026:03:58:20 +0000] "HEAD / HTTP/1.1" 301 0 "-" "Mozilla/5.0 (Macintosh; Intel Mac OS X 10_15_7) AppleWebKit/605.1.15 (KHTML, like Gecko) Version/18.1 Safari/605.1.15"
45.22.25.25 - - [26/Jul/2026:03:58:20 +0000] "HEAD / HTTP/1.1" 200 0 "-" "Mozilla/5.0 (Macintosh; Intel Mac OS X 10.15; rv:133.0) Gecko/20100101 Firefox/133.0"
146.190.158.65 - - [26/Jul/2026:03:58:21 +0000] "POST /wp-cron.php?doing_wp_cron=1785038301.2305119037628173828125 HTTP/1.1" 200 31 "-" "WordPress/7.0; https://weelorum.com"
45.22.25.25 - - [26/Jul/2026:03:58:21 +0000] "HEAD / HTTP/1.1" 301 0 "-" "Mozilla/5.0 (Windows NT 10.0; Win64; x64) AppleWebKit/537.36 (KHTML, like Gecko) Chrome/131.0.0.0 Safari/537.36"
45.22.25.25 - - [26/Jul/2026:03:58:31 +0000] "HEAD / HTTP/1.1" 200 0 "-" "Mozilla/5.0 (X11; Linux x86_64) AppleWebKit/537.36 (KHTML, like Gecko) Chrome/131.0.0.0 Safari/537.36"
146.190.158.65 - - [26/Jul/2026:03:58:31 +0000] "POST /wp-cron.php?doing_wp_cron=1785038311.3756439685821533203125 HTTP/1.1" 200 31 "-" "WordPress/7.0; https://weelorum.com"
45.22.25.25 - - [26/Jul/2026:03:58:31 +0000] "HEAD / HTTP/1.1" 301 0 "-" "Mozilla/5.0 (Macintosh; Intel Mac OS X 10_15_7) AppleWebKit/605.1.15 (KHTML, like Gecko) Version/18.1 Safari/605.1.15"
45.22.25.25 - - [26/Jul/2026:03:58:31 +0000] "HEAD / HTTP/1.1" 200 0 "-" "Mozilla/5.0 (Windows NT 10.0; Win64; x64) AppleWebKit/537.36 (KHTML, like Gecko) Chrome/131.0.0.0 Safari/537.36"
45.22.25.25 - - [26/Jul/2026:03:58:41 +0000] "HEAD / HTTP/1.1" 200 0 "-" "Mozilla/5.0 (Macintosh; Intel Mac OS X 10_15_7) AppleWebKit/605.1.15 (KHTML, like Gecko) Version/18.1 Safari/605.1.15"
45.22.25.25 - - [26/Jul/2026:03:58:52 +0000] "GET / HTTP/1.1" 200 80041 "-" "Mozilla/5.0 (Windows NT 10.0; Win64; x64) AppleWebKit/537.36 (KHTML, like Gecko) Chrome/131.0.0.0 Safari/537.36"
146.190.158.65 - - [26/Jul/2026:04:00:01 +0000] "GET / HTTP/1.1" 301 169 "-" "Mozilla/5.0 (X11; Linux x86_64) AppleWebKit/537.36 (KHTML, like Gecko) Chrome/44.0.2403.157 Safari/537.36"
146.190.158.65 - - [26/Jul/2026:04:00:01 +0000] "GET / HTTP/1.1" 200 48886 "http://146.190.158.65" "Mozilla/5.0 (X11; Linux x86_64) AppleWebKit/537.36 (KHTML, like Gecko) Chrome/44.0.2403.157 Safari/537.36"
40.77.167.47 - - [26/Jul/2026:04:04:37 +0000] "GET /wp-content/uploads/2022/08/6.-Preview-articles.svg HTTP/1.1" 200 115351 "-" "Mozilla/5.0 AppleWebKit/537.36 (KHTML, like Gecko; compatible; bingbot/2.0; +http://www.bing.com/bingbot.htm) Chrome/116.0.1938.76 Safari/537.36"
95.217.9.208 - - [26/Jul/2026:04:04:41 +0000] "GET /wp-content/uploads/2023/07/52.Web_.630-285x162.png HTTP/1.1" 200 3470 "-" "Mozilla/5.0 (X11; Ubuntu; Linux x86_64; rv:72.0) Gecko/20100101 Firefox/72.0"
181.214.32.178 - - [26/Jul/2026:04:05:18 +0000] "GET /wp-content/uploads/2023/05/main-qimg-png-1024x541.png HTTP/1.1" 200 42163 "https://weelorum.com/blog/4-steps-of-digital-wallet-development-and-keeping-it-secure/" "Mozilla/5.0 (Macintosh; Intel Mac OS X 10_15_7) AppleWebKit/537.36 (KHTML, like Gecko) Chrome/124.0.0.0 Safari/537.36"
209.50.185.188 - - [26/Jul/2026:04:07:06 +0000] "GET /.git/config HTTP/1.1" 200 517 "-" "Mozilla/5.0 (Windows NT 10.0; Win64; x64) AppleWebKit/537.36 (KHTML, like Gecko) Chrome/83.0.4103.116 Safari/537.36"
57.141.18.100 - - [26/Jul/2026:04:09:25 +0000] "GET /portfolio-projects/fleettrack/ HTTP/1.1" 200 283820 "-" "Mozilla/5.0 (Windows NT 10.0; Win64; x64) AppleWebKit/537.36 (KHTML, like Gecko) Chrome/145.0.0.0 Safari/537.36 (compatible; meta-externalagent/1.1 (+https://developers.facebook.com/docs/sharing/webmasters/crawler))"
57.141.18.95 - - [26/Jul/2026:04:09:30 +0000] "GET /technology/swiftui/ HTTP/1.1" 200 226721 "-" "Mozilla/5.0 (Windows NT 10.0; Win64; x64) AppleWebKit/537.36 (KHTML, like Gecko) Chrome/145.0.0.0 Safari/537.36 (compatible; meta-externalagent/1.1 (+https://developers.facebook.com/docs/sharing/webmasters/crawler))"
146.190.158.65 - - [26/Jul/2026:04:10:08 +0000] "POST /wp-cron.php?doing_wp_cron=1785039008.8693430423736572265625 HTTP/1.1" 200 31 "-" "WordPress/7.0; https://weelorum.com"
52.200.58.199 - - [26/Jul/2026:04:10:08 +0000] "GET /blog/what HTTP/1.1" 301 5 "-" "Mozilla/5.0 AppleWebKit/537.36 (KHTML, like Gecko; compatible; Amazonbot/0.1; +https://developer.amazon.com/support/amazonbot) Chrome/119.0.6045.214 Safari/537.36"
98.83.10.183 - - [26/Jul/2026:04:10:09 +0000] "GET /blog/what-ai-is-capable-of-gemini-pro-and-chatgpt4s-potential/ HTTP/1.1" 200 95961 "-" "Mozilla/5.0 AppleWebKit/537.36 (KHTML, like Gecko; compatible; Amazonbot/0.1; +https://developer.amazon.com/support/amazonbot) Chrome/119.0.6045.214 Safari/537.36"
18.97.9.99 - - [26/Jul/2026:04:11:37 +0000] "GET /robots.txt HTTP/1.1" 200 150 "-" "Mozilla/5.0 AppleWebKit/537.36 (KHTML, like Gecko; compatible; PerplexityBot/1.0; +https://perplexity.ai/perplexitybot)"
34.202.88.37 - - [26/Jul/2026:04:11:47 +0000] "GET /blog/how-to-make-a-shopping-app-team-of-developers-process-points/ HTTP/1.1" 200 89854 "-" "Mozilla/5.0 AppleWebKit/537.36 (KHTML, like Gecko; compatible; Amazonbot/0.1; +https://developer.amazon.com/support/amazonbot) Chrome/119.0.6045.214 Safari/537.36"
146.190.158.65 - - [26/Jul/2026:04:12:16 +0000] "POST /wp-cron.php?doing_wp_cron=1785039136.8949110507965087890625 HTTP/1.1" 200 31 "-" "WordPress/7.0; https://weelorum.com"
54.166.30.52 - - [26/Jul/2026:04:12:16 +0000] "GET /blog/everything-you-need-to-know-about-mobile-app-prototyping HTTP/1.1" 301 5 "-" "Mozilla/5.0 AppleWebKit/605.1.15 (KHTML, like Gecko) Chrome/139.0.0.0 Safari/605.1.15"
54.205.5.196 - - [26/Jul/2026:04:12:17 +0000] "GET /blog/everything-you-need-to-know-about-mobile-app-prototyping/ HTTP/1.1" 200 88497 "-" "Mozilla/5.0 AppleWebKit/605.1.15 (KHTML, like Gecko) Chrome/139.0.0.0 Safari/605.1.15"
74.7.228.14 - - [26/Jul/2026:04:13:43 +0000] "GET /robots.txt HTTP/1.1" 200 140 "-" "Mozilla/5.0 (Macintosh; Intel Mac OS X 10_15_7) AppleWebKit/537.36 (KHTML, like Gecko) Chrome/131.0.0.0 Safari/537.36; compatible; OAI-SearchBot/1.4; robots.txt; +https://openai.com/searchbot"
74.7.229.170 - - [26/Jul/2026:04:13:43 +0000] "GET /app-audit/ HTTP/1.1" 200 85900 "-" "Mozilla/5.0 (Macintosh; Intel Mac OS X 10_15_7) AppleWebKit/537.36 (KHTML, like Gecko) Chrome/131.0.0.0 Safari/537.36; compatible; OAI-SearchBot/1.4; +https://openai.com/searchbot"
146.190.158.65 - - [26/Jul/2026:04:13:49 +0000] "POST /wp-cron.php?doing_wp_cron=1785039229.3779559135437011718750 HTTP/1.1" 200 31 "-" "WordPress/7.0; https://weelorum.com"
74.7.228.199 - - [26/Jul/2026:04:13:49 +0000] "GET /wp-json/wp/v2/pages/17615 HTTP/1.1" 200 24698 "https://weelorum.com/app-audit/" "Mozilla/5.0 (Macintosh; Intel Mac OS X 10_15_7) AppleWebKit/537.36 (KHTML, like Gecko) Chrome/131.0.0.0 Safari/537.36; compatible; OAI-SearchBot/1.4; +https://openai.com/searchbot"
74.7.229.151 - - [26/Jul/2026:04:13:52 +0000] "GET /wp-json/oembed/1.0/embed?url=https%3A%2F%2Fweelorum.com%2Fapp-audit%2F HTTP/1.1" 200 1200 "https://weelorum.com/app-audit/" "Mozilla/5.0 (Macintosh; Intel Mac OS X 10_15_7) AppleWebKit/537.36 (KHTML, like Gecko) Chrome/131.0.0.0 Safari/537.36; compatible; OAI-SearchBot/1.4; +https://openai.com/searchbot"
74.7.228.199 - - [26/Jul/2026:04:13:54 +0000] "GET /wp-content/uploads/2026/06/NDA-template-2026.docx HTTP/1.1" 200 12610 "https://weelorum.com/app-audit/" "Mozilla/5.0 (Macintosh; Intel Mac OS X 10_15_7) AppleWebKit/537.36 (KHTML, like Gecko) Chrome/131.0.0.0 Safari/537.36; compatible; OAI-SearchBot/1.4; +https://openai.com/searchbot"
74.7.243.60 - - [26/Jul/2026:04:13:56 +0000] "GET /wp-json/oembed/1.0/embed?format=xml&url=https%3A%2F%2Fweelorum.com%2Fapp-audit%2F HTTP/1.1" 200 1248 "https://weelorum.com/app-audit/" "Mozilla/5.0 (Macintosh; Intel Mac OS X 10_15_7) AppleWebKit/537.36 (KHTML, like Gecko) Chrome/131.0.0.0 Safari/537.36; compatible; OAI-SearchBot/1.4; +https://openai.com/searchbot"
146.190.158.65 - - [26/Jul/2026:04:14:02 +0000] "GET / HTTP/1.1" 301 169 "-" "Mozilla/5.0 (X11; Linux x86_64) AppleWebKit/537.36 (KHTML, like Gecko) Chrome/44.0.2403.157 Safari/537.36"
146.190.158.65 - - [26/Jul/2026:04:14:02 +0000] "GET / HTTP/1.1" 200 32502 "http://146.190.158.65" "Mozilla/5.0 (X11; Linux x86_64) AppleWebKit/537.36 (KHTML, like Gecko) Chrome/44.0.2403.157 Safari/537.36"
43.173.132.114 - - [26/Jul/2026:04:14:55 +0000] "GET /robots.txt HTTP/1.1" 200 140 "-" "Mozilla/5.0 (Macintosh; Intel Mac OS X 10_15_7) AppleWebKit/537.36 (KHTML, like Gecko) Chrome/129.0.0.0 Safari/537.36"
43.173.181.136 - - [26/Jul/2026:04:15:58 +0000] "GET / HTTP/1.1" 301 169 "-" "Mozilla/5.0 (Windows NT 10.0; Win64; x64) AppleWebKit/537.36 (KHTML, like Gecko) Chrome/104.0.5112.81 Safari/537.36"
43.173.179.218 - - [26/Jul/2026:04:15:58 +0000] "GET / HTTP/1.1" 200 80041 "-" "Mozilla/5.0 (Windows NT 10.0; Win64; x64) AppleWebKit/537.36 (KHTML, like Gecko) Chrome/104.0.5112.81 Safari/537.36"
43.172.195.122 - - [26/Jul/2026:04:16:00 +0000] "GET /wp-includes/js/dist/i18n.min.js?ver=781d11515ad3d91786ec HTTP/1.1" 200 2574 "https://weelorum.com/" "Mozilla/5.0 (Windows NT 10.0; Win64; x64) AppleWebKit/537.36 (KHTML, like Gecko) Chrome/104.0.5112.81 Safari/537.36"
146.190.158.65 - - [26/Jul/2026:04:16:03 +0000] "POST /wp-cron.php?doing_wp_cron=1785039363.2273230552673339843750 HTTP/1.1" 200 31 "-" "WordPress/7.0; https://weelorum.com"
43.172.198.181 - - [26/Jul/2026:04:16:03 +0000] "GET /wp-json/contact-form-7/v1/contact-forms/217/refill HTTP/1.1" 200 33 "https://weelorum.com/" "Mozilla/5.0 (Windows NT 10.0; Win64; x64) AppleWebKit/537.36 (KHTML, like Gecko) Chrome/104.0.5112.81 Safari/537.36"
43.172.197.115 - - [26/Jul/2026:04:16:03 +0000] "GET /wp-json/contact-form-7/v1/contact-forms/217/feedback/schema HTTP/1.1" 200 259 "https://weelorum.com/" "Mozilla/5.0 (Windows NT 10.0; Win64; x64) AppleWebKit/537.36 (KHTML, like Gecko) Chrome/104.0.5112.81 Safari/537.36"
216.73.217.153 - - [26/Jul/2026:04:16:05 +0000] "GET /robots.txt HTTP/1.1" 200 140 "-" "Mozilla/5.0 AppleWebKit/537.36 (KHTML, like Gecko; compatible; ClaudeBot/1.0; +claudebot@anthropic.com)"
57.141.18.83 - - [26/Jul/2026:04:16:05 +0000] "GET /news_sitemap.xml HTTP/1.1" 404 123734 "-" "Mozilla/5.0 (Windows NT 10.0; Win64; x64) AppleWebKit/537.36 (KHTML, like Gecko) Chrome/145.0.0.0 Safari/537.36 (compatible; meta-externalagent/1.1 (+https://developers.facebook.com/docs/sharing/webmasters/crawler))"
216.73.217.153 - - [26/Jul/2026:04:16:05 +0000] "GET /service/cloud-architecture/ HTTP/1.1" 200 55259 "-" "Mozilla/5.0 AppleWebKit/537.36 (KHTML, like Gecko; compatible; ClaudeBot/1.0; +claudebot@anthropic.com)"
146.190.158.65 - - [26/Jul/2026:04:16:32 +0000] "POST /wp-cron.php?doing_wp_cron=1785039392.0812749862670898437500 HTTP/1.1" 200 31 "-" "WordPress/7.0; https://weelorum.com"
161.123.188.44 - - [26/Jul/2026:04:16:32 +0000] "GET /app-ads.txt HTTP/1.1" 404 29662 "-" "Mozilla/5.0 (Macintosh; Intel Mac OS X 10_15_7) AppleWebKit/537.36 (KHTML, like Gecko) Chrome/124.0.0.0 Safari/537.36"
114.119.146.88 - - [26/Jul/2026:04:17:24 +0000] "GET /portfolio-projects/regent/ HTTP/1.1" 200 70832 "https://weelorum.com/portfolio-projects/" "Mozilla/5.0 (Linux; Android 7.0;) AppleWebKit/537.36 (HTML, like Gecko) Mobile Safari/537.36 (compatible; PetalBot;+https://webmaster.petalsearch.com/site/petalbot)"
146.190.158.65 - - [26/Jul/2026:04:18:22 +0000] "POST /wp-cron.php?doing_wp_cron=1785039502.4176518917083740234375 HTTP/1.1" 200 31 "-" "WordPress/7.0; https://weelorum.com"
216.73.217.153 - - [26/Jul/2026:04:18:22 +0000] "GET /service/cloud-architecture/feed/ HTTP/1.1" 200 2322 "-" "Mozilla/5.0 AppleWebKit/537.36 (KHTML, like Gecko; compatible; ClaudeBot/1.0; +claudebot@anthropic.com)"
146.190.158.65 - - [26/Jul/2026:04:18:32 +0000] "POST /wp-cron.php?doing_wp_cron=1785039512.3560669422149658203125 HTTP/1.1" 200 31 "-" "WordPress/7.0; https://weelorum.com"
220.196.160.147 - - [26/Jul/2026:04:18:32 +0000] "GET /solutions/delivery-app-development-services HTTP/1.1" 301 5 "-" "Mozilla/5.0 (Macintosh; Intel Mac OS X 10_15_7) AppleWebKit/605.1.15 (KHTML, like Gecko) Version/17.3 Safari/605.1.15"
220.196.160.147 - - [26/Jul/2026:04:18:32 +0000] "GET /solutions/delivery-app-development-services/ HTTP/1.1" 200 77769 "-" "Mozilla/5.0 (Macintosh; Intel Mac OS X 10_15_7) AppleWebKit/605.1.15 (KHTML, like Gecko) Version/17.3 Safari/605.1.15"
146.190.158.65 - - [26/Jul/2026:04:19:23 +0000] "POST /wp-cron.php?doing_wp_cron=1785039563.6263689994812011718750 HTTP/1.1" 200 31 "-" "WordPress/7.0; https://weelorum.com"
40.77.167.10 - - [26/Jul/2026:04:19:23 +0000] "GET /sitemap_index.xml HTTP/1.1" 200 439 "-" "Mozilla/5.0 AppleWebKit/537.36 (KHTML, like Gecko; compatible; bingbot/2.0; +http://www.bing.com/bingbot.htm) Chrome/116.0.1938.76 Safari/537.36"
134.199.67.30 - - [26/Jul/2026:04:19:48 +0000] "GET /blog/5-must-have-features-for-a-successful-ai-powered-dating-app/ HTTP/1.1" 200 89603 "-" "Mozilla/5.0 (Macintosh; Intel Mac OS X 10_15_7) AppleWebKit/537.36 (KHTML, like Gecko) Chrome/144.0.0.0 Safari/537.36"
186.179.62.142 - - [26/Jul/2026:04:20:45 +0000] "GET /blog/find-out-how-to-estimate-cost-of-app-development-with-weelorum/ HTTP/1.1" 301 169 "http://weelorum.com/" "Mozilla/5.0 (Windows NT 10.0; Win64; x64) AppleWebKit/537.36 (KHTML, like Gecko) Chrome/145.0.0.0 Safari/537.36 Edg/145.0.0.0"
186.179.62.142 - - [26/Jul/2026:04:20:52 +0000] "GET /blog/find-out-how-to-estimate-cost-of-app-development-with-weelorum/ HTTP/1.1" 200 89334 "http://weelorum.com/blog/find-out-how-to-estimate-cost-of-app-development-with-weelorum/" "Mozilla/5.0 (Windows NT 10.0; Win64; x64) AppleWebKit/537.36 (KHTML, like Gecko) Chrome/145.0.0.0 Safari/537.36 Edg/145.0.0.0"
146.190.158.65 - - [26/Jul/2026:04:20:58 +0000] "POST /wp-cron.php?doing_wp_cron=1785039658.8695249557495117187500 HTTP/1.1" 200 31 "-" "WordPress/7.0; https://weelorum.com"
186.179.62.142 - - [26/Jul/2026:04:20:58 +0000] "GET /wp-login.php?action=register HTTP/1.1" 404 27222 "https://weelorum.com/blog/find-out-how-to-estimate-cost-of-app-development-with-weelorum/" "Mozilla/5.0 (Windows NT 6.3; Win64; x64) AppleWebKit/537.36 (KHTML, like Gecko) Chrome/103.0.0.0 Safari/537.36"
186.179.62.142 - - [26/Jul/2026:04:21:04 +0000] "GET /wp-login.php?action=register HTTP/1.1" 404 27222 "https://weelorum.com/wp-login.php?action=register" "Mozilla/5.0 (Windows NT 6.3; Win64; x64) AppleWebKit/537.36 (KHTML, like Gecko) Chrome/103.0.0.0 Safari/537.36"
3.90.73.206 - - [26/Jul/2026:04:21:09 +0000] "GET /blog/social-media-app-development-key-stages-and-requirements HTTP/1.1" 301 5 "-" "Mozilla/5.0 AppleWebKit/537.36 (KHTML, like Gecko; compatible; Amazonbot/0.1; +https://developer.amazon.com/support/amazonbot) Chrome/119.0.6045.214 Safari/537.36"
35.173.18.61 - - [26/Jul/2026:04:21:10 +0000] "GET /blog/social-media-app-development-key-stages-and-requirements/ HTTP/1.1" 200 91278 "-" "Mozilla/5.0 AppleWebKit/537.36 (KHTML, like Gecko; compatible; Amazonbot/0.1; +https://developer.amazon.com/support/amazonbot) Chrome/119.0.6045.214 Safari/537.36"
172.171.4.183 - - [26/Jul/2026:04:23:41 +0000] "GET /blog/5-must-have-features-for-a-successful-ai-powered-dating-app/ HTTP/1.1" 200 89603 "-" "Mozilla/5.0 AppleWebKit/537.36 (KHTML, like Gecko); compatible; ChatGPT-User/1.0; +https://openai.com/bot"
8.229.97.48 - - [26/Jul/2026:04:24:56 +0000] "GET /technologies/iot-application-development-services/ HTTP/1.1" 200 79415 "-" "Mozilla/5.0 (Linux; Android 12; Pixel 6) AppleWebKit/537.36 (KHTML, like Gecko) Chrome/114.0.0.0 Mobile Safari/537.36"
54.173.131.118 - - [26/Jul/2026:04:27:45 +0000] "GET / HTTP/1.1" 301 169 "-" "Mozilla/5.0 (Windows NT 6.3; Win64; x64) AppleWebKit/537.36 (KHTML, like Gecko) Chrome/100.0.4896.60 Safari/537.36"
3.217.141.132 - - [26/Jul/2026:04:27:45 +0000] "GET / HTTP/1.1" 200 80041 "-" "Mozilla/5.0 (Windows NT 6.3; Win64; x64) AppleWebKit/537.36 (KHTML, like Gecko) Chrome/100.0.4896.60 Safari/537.36"
146.190.158.65 - - [26/Jul/2026:04:28:01 +0000] "GET / HTTP/1.1" 301 169 "-" "Mozilla/5.0 (X11; Linux x86_64) AppleWebKit/537.36 (KHTML, like Gecko) Chrome/44.0.2403.157 Safari/537.36"
146.190.158.65 - - [26/Jul/2026:04:28:01 +0000] "GET / HTTP/1.1" 200 48886 "http://146.190.158.65" "Mozilla/5.0 (X11; Linux x86_64) AppleWebKit/537.36 (KHTML, like Gecko) Chrome/44.0.2403.157 Safari/537.36"
146.190.158.65 - - [26/Jul/2026:04:28:37 +0000] "POST /wp-cron.php?doing_wp_cron=1785040117.6999380588531494140625 HTTP/1.1" 200 31 "-" "WordPress/7.0; https://weelorum.com"
162.220.234.20 - - [26/Jul/2026:04:28:37 +0000] "GET /feed/ HTTP/1.1" 304 0 "-" "Go-http-client/1.1"
191.101.114.254 - - [26/Jul/2026:04:29:02 +0000] "GET /blog/find-out-how-to-estimate-cost-of-app-development-with-weelorum/ HTTP/1.1" 301 169 "http://weelorum.com/" "Mozilla/5.0 (Macintosh; Intel Mac OS X 10_15_7) AppleWebKit/537.36 (KHTML, like Gecko) Chrome/148.0.0.0 Safari/537.36"
191.101.114.254 - - [26/Jul/2026:04:29:05 +0000] "GET /blog/find-out-how-to-estimate-cost-of-app-development-with-weelorum/ HTTP/1.1" 200 89334 "http://weelorum.com/blog/find-out-how-to-estimate-cost-of-app-development-with-weelorum/" "Mozilla/5.0 (Macintosh; Intel Mac OS X 10_15_7) AppleWebKit/537.36 (KHTML, like Gecko) Chrome/148.0.0.0 Safari/537.36"
43.155.125.76 - - [26/Jul/2026:04:31:26 +0000] "GET /solutions/i.href,n.onload=e,n.onerror=t,document.head.appendChild(n)%7D).catch(function()%7B%7D)%7D%7D,%7Bkey:%22_prepareUrl%22,value:function(e)%7Bif(null===e||%22object%22!==(void HTTP/1.1" 301 5 "-" "Mozilla/5.0 (Windows NT 10.0; Win64; x64) AppleWebKit/537.36 (KHTML, like Gecko) Chrome/120.0.0.0 Safari/537.36"
146.190.158.65 - - [26/Jul/2026:04:31:27 +0000] "POST /wp-cron.php?doing_wp_cron=1785040287.1555359363555908203125 HTTP/1.1" 200 31 "-" "WordPress/7.0; https://weelorum.com"
43.155.125.76 - - [26/Jul/2026:04:31:27 +0000] "GET /solutions/i.href,n.onload=e,n.onerror=t,document.head.appendchild(n)%7d).catch(function()%7b%7d)%7d%7d,%7bkey:%22_prepareurl%22,value:function(e)%7bif(null===e||%22object%22!==(void HTTP/1.1" 404 29794 "-" "Mozilla/5.0 (Windows NT 10.0; Win64; x64) AppleWebKit/537.36 (KHTML, like Gecko) Chrome/120.0.0.0 Safari/537.36"
66.249.73.226 - - [26/Jul/2026:04:38:09 +0000] "GET /robots.txt HTTP/1.1" 200 140 "-" "Mozilla/5.0 (compatible; Googlebot/2.1; +http://www.google.com/bot.html)"
146.190.158.65 - - [26/Jul/2026:04:38:10 +0000] "POST /wp-cron.php?doing_wp_cron=1785040690.3375959396362304687500 HTTP/1.1" 200 31 "-" "WordPress/7.0; https://weelorum.com"
66.249.73.226 - - [26/Jul/2026:04:38:10 +0000] "GET /blog/coping-with-the-greatest-challenges-in-developing-a-music-streaming-app-for-ios/feed/ HTTP/1.1" 200 1003 "-" "Mozilla/5.0 (Linux; Android 6.0.1; Nexus 5X Build/MMB29P) AppleWebKit/537.36 (KHTML, like Gecko) Chrome/150.0.7871.128 Mobile Safari/537.36 (compatible; Googlebot/2.1; +http://www.google.com/bot.html)"
114.119.143.75 - - [26/Jul/2026:04:39:35 +0000] "GET /wp-content/uploads/2024/11/1-step-592x475.png HTTP/1.1" 200 56443 "https://weelorum.com/services/discovery-phase/" "Mozilla/5.0 (Linux; Android 7.0;) AppleWebKit/537.36 (HTML, like Gecko) Mobile Safari/537.36 (compatible; PetalBot;+https://webmaster.petalsearch.com/site/petalbot)"
146.190.158.65 - - [26/Jul/2026:04:42:01 +0000] "GET / HTTP/1.1" 301 169 "-" "Mozilla/5.0 (X11; Linux x86_64) AppleWebKit/537.36 (KHTML, like Gecko) Chrome/44.0.2403.157 Safari/537.36"
146.190.158.65 - - [26/Jul/2026:04:42:01 +0000] "GET / HTTP/1.1" 200 16118 "http://146.190.158.65" "Mozilla/5.0 (X11; Linux x86_64) AppleWebKit/537.36 (KHTML, like Gecko) Chrome/44.0.2403.157 Safari/537.36"
185.65.133.72 - - [26/Jul/2026:04:42:29 +0000] "GET / HTTP/1.1" 301 169 "-" "Mozilla/5.0 (Windows NT 6.1; WOW64; Trident/7.0; MAARJS; rv:11.0) like Gecko"
185.65.133.72 - - [26/Jul/2026:04:42:31 +0000] "GET / HTTP/1.1" 200 333029 "http://weelorum.com" "Mozilla/5.0 (Windows NT 6.1; WOW64; Trident/7.0; MAARJS; rv:11.0) like Gecko"
91.84.124.42 - - [26/Jul/2026:04:46:02 +0000] "GET /blog/find-out-how-to-estimate-cost-of-app-development-with-weelorum/ HTTP/1.0" 200 365756 "https://weelorum.com/blog/find-out-how-to-estimate-cost-of-app-development-with-weelorum/" "Mozilla/5.0 (Windows NT 10.0; Win64; x64) AppleWebKit/537.36 (KHTML, like Gecko) Chrome/129.0.0.0 Safari/537.36"
91.84.111.146 - - [26/Jul/2026:04:46:02 +0000] "GET /blog/find-out-how-to-estimate-cost-of-app-development-with-weelorum/ HTTP/1.0" 200 365756 "https://weelorum.com/blog/find-out-how-to-estimate-cost-of-app-development-with-weelorum/" "Mozilla/5.0 (Windows NT 10.0; Win64; x64) AppleWebKit/537.36 (KHTML, like Gecko) Chrome/131.0.0.0 Safari/537.36"
91.84.114.45 - - [26/Jul/2026:04:46:02 +0000] "GET /blog/find-out-how-to-estimate-cost-of-app-development-with-weelorum/ HTTP/1.0" 200 365756 "https://weelorum.com/blog/find-out-how-to-estimate-cost-of-app-development-with-weelorum/" "Mozilla/5.0 (Windows NT 10.0; Win64; x64) AppleWebKit/537.36 (KHTML, like Gecko) Chrome/129.0.0.0 Safari/537.36"
91.84.111.146 - - [26/Jul/2026:04:46:03 +0000] "POST /wp-comments-post.php HTTP/1.0" 302 0 "https://weelorum.com/blog/find-out-how-to-estimate-cost-of-app-development-with-weelorum/" "Mozilla/5.0 (Windows NT 10.0; Win64; x64) AppleWebKit/537.36 (KHTML, like Gecko) Chrome/131.0.0.0 Safari/537.36"
146.190.158.65 - - [26/Jul/2026:04:46:03 +0000] "POST /wp-cron.php?doing_wp_cron=1785041163.3363060951232910156250 HTTP/1.1" 200 31 "-" "WordPress/7.0; https://weelorum.com"
91.84.114.45 - - [26/Jul/2026:04:46:03 +0000] "POST /wp-comments-post.php HTTP/1.0" 302 0 "https://weelorum.com/blog/find-out-how-to-estimate-cost-of-app-development-with-weelorum/" "Mozilla/5.0 (Windows NT 10.0; Win64; x64) AppleWebKit/537.36 (KHTML, like Gecko) Chrome/129.0.0.0 Safari/537.36"
91.84.124.42 - - [26/Jul/2026:04:46:03 +0000] "POST /wp-comments-post.php HTTP/1.0" 302 0 "https://weelorum.com/blog/find-out-how-to-estimate-cost-of-app-development-with-weelorum/" "Mozilla/5.0 (Windows NT 10.0; Win64; x64) AppleWebKit/537.36 (KHTML, like Gecko) Chrome/129.0.0.0 Safari/537.36"
