47.128.116.146 - - [26/Jul/2026:01:29:49 +0000] "GET /wp-content/themes/weelorum-theme/assets/css/blog-single-hero.css?ver=3.0.0 HTTP/1.1" 200 7327 "https://weelorum.com/taxi-booking-app-development-company/" "Mozilla/5.0 (Linux; Android 5.0) AppleWebKit/537.36 (KHTML, like Gecko) Mobile Safari/537.36 (compatible; Bytespider; spider-feedback@bytedance.com)"
47.128.116.146 - - [26/Jul/2026:01:29:49 +0000] "GET /wp-content/themes/weelorum-theme/assets/css/slider-styles.css?ver=3.0.0 HTTP/1.1" 200 3429 "https://weelorum.com/taxi-booking-app-development-company/" "Mozilla/5.0 (Linux; Android 5.0) AppleWebKit/537.36 (KHTML, like Gecko) Mobile Safari/537.36 (compatible; Bytespider; spider-feedback@bytedance.com)"
47.128.116.146 - - [26/Jul/2026:01:29:49 +0000] "GET /wp-content/themes/weelorum-theme/assets/css/floating-discovery.css?ver=3.0.0 HTTP/1.1" 200 3504 "https://weelorum.com/taxi-booking-app-development-company/" "Mozilla/5.0 (Linux; Android 5.0) AppleWebKit/537.36 (KHTML, like Gecko) Mobile Safari/537.36 (compatible; Bytespider; spider-feedback@bytedance.com)"
47.128.116.146 - - [26/Jul/2026:01:29:49 +0000] "GET /wp-includes/js/jquery/jquery-migrate.min.js?ver=3.4.1 HTTP/1.1" 200 5355 "https://weelorum.com/taxi-booking-app-development-company/" "Mozilla/5.0 (Linux; Android 5.0) AppleWebKit/537.36 (KHTML, like Gecko) Mobile Safari/537.36 (compatible; Bytespider; spider-feedback@bytedance.com)"
47.128.116.146 - - [26/Jul/2026:01:29:49 +0000] "GET /wp-content/plugins/cookie-law-info/legacy/public/css/cookie-law-info-table.css?ver=3.5.1 HTTP/1.1" 200 1952 "https://weelorum.com/taxi-booking-app-development-company/" "Mozilla/5.0 (Linux; Android 5.0) AppleWebKit/537.36 (KHTML, like Gecko) Mobile Safari/537.36 (compatible; Bytespider; spider-feedback@bytedance.com)"
47.128.116.146 - - [26/Jul/2026:01:29:49 +0000] "GET /wp-includes/js/jquery/jquery.min.js?ver=3.7.1 HTTP/1.1" 200 35451 "https://weelorum.com/taxi-booking-app-development-company/" "Mozilla/5.0 (Linux; Android 5.0) AppleWebKit/537.36 (KHTML, like Gecko) Mobile Safari/537.36 (compatible; Bytespider; spider-feedback@bytedance.com)"
47.128.116.146 - - [26/Jul/2026:01:29:50 +0000] "GET /wp-content/plugins/countup-js/js/countup.js?ver=7.0 HTTP/1.1" 200 2543 "https://weelorum.com/taxi-booking-app-development-company/" "Mozilla/5.0 (Linux; Android 5.0) AppleWebKit/537.36 (KHTML, like Gecko) Mobile Safari/537.36 (compatible; Bytespider; spider-feedback@bytedance.com)"
47.128.116.146 - - [26/Jul/2026:01:29:50 +0000] "GET /wp-content/plugins/cookie-law-info/legacy/public/js/cookie-law-info-public.js?ver=3.5.1 HTTP/1.1" 200 9316 "https://weelorum.com/taxi-booking-app-development-company/" "Mozilla/5.0 (Linux; Android 5.0) AppleWebKit/537.36 (KHTML, like Gecko) Mobile Safari/537.36 (compatible; Bytespider; spider-feedback@bytedance.com)"
47.128.116.146 - - [26/Jul/2026:01:29:50 +0000] "GET /wp-content/themes/weelorum-theme/assets/images/icon-linkedin.png HTTP/1.1" 206 461 "https://weelorum.com/taxi-booking-app-development-company/" "Mozilla/5.0 (Linux; Android 5.0) AppleWebKit/537.36 (KHTML, like Gecko) Mobile Safari/537.36 (compatible; Bytespider; spider-feedback@bytedance.com)"
47.128.116.146 - - [26/Jul/2026:01:29:50 +0000] "GET /wp-content/uploads/2022/06/404-human-min.png HTTP/1.1" 206 500 "https://weelorum.com/taxi-booking-app-development-company/" "Mozilla/5.0 (Linux; Android 5.0) AppleWebKit/537.36 (KHTML, like Gecko) Mobile Safari/537.36 (compatible; Bytespider; spider-feedback@bytedance.com)"
47.128.116.146 - - [26/Jul/2026:01:29:50 +0000] "GET /wp-content/themes/weelorum-theme/assets/images/icon-facebook.png HTTP/1.1" 206 313 "https://weelorum.com/taxi-booking-app-development-company/" "Mozilla/5.0 (Linux; Android 5.0) AppleWebKit/537.36 (KHTML, like Gecko) Mobile Safari/537.36 (compatible; Bytespider; spider-feedback@bytedance.com)"
47.128.116.146 - - [26/Jul/2026:01:29:50 +0000] "GET /wp-content/themes/weelorum-theme/assets/images/icon-telegram.png HTTP/1.1" 206 500 "https://weelorum.com/taxi-booking-app-development-company/" "Mozilla/5.0 (Linux; Android 5.0) AppleWebKit/537.36 (KHTML, like Gecko) Mobile Safari/537.36 (compatible; Bytespider; spider-feedback@bytedance.com)"
47.128.116.146 - - [26/Jul/2026:01:29:50 +0000] "GET /wp-content/themes/weelorum-theme/assets/images/footer-award-1.png HTTP/1.1" 206 500 "https://weelorum.com/taxi-booking-app-development-company/" "Mozilla/5.0 (Linux; Android 5.0) AppleWebKit/537.36 (KHTML, like Gecko) Mobile Safari/537.36 (compatible; Bytespider; spider-feedback@bytedance.com)"
47.128.116.146 - - [26/Jul/2026:01:29:50 +0000] "GET /wp-content/plugins/rate-my-post/public/js/rate-my-post.min.js?ver=4.5.1 HTTP/1.1" 200 5596 "https://weelorum.com/taxi-booking-app-development-company/" "Mozilla/5.0 (Linux; Android 5.0) AppleWebKit/537.36 (KHTML, like Gecko) Mobile Safari/537.36 (compatible; Bytespider; spider-feedback@bytedance.com)"
47.128.116.146 - - [26/Jul/2026:01:29:50 +0000] "GET /wp-content/themes/weelorum-theme/assets/js/scroll-handler.js?ver=3.0.0 HTTP/1.1" 200 2962 "https://weelorum.com/taxi-booking-app-development-company/" "Mozilla/5.0 (Linux; Android 5.0) AppleWebKit/537.36 (KHTML, like Gecko) Mobile Safari/537.36 (compatible; Bytespider; spider-feedback@bytedance.com)"
47.128.116.146 - - [26/Jul/2026:01:29:50 +0000] "GET /wp-content/themes/weelorum-theme/assets/js/main.js?ver=3.0.0 HTTP/1.1" 200 2448 "https://weelorum.com/taxi-booking-app-development-company/" "Mozilla/5.0 (Linux; Android 5.0) AppleWebKit/537.36 (KHTML, like Gecko) Mobile Safari/537.36 (compatible; Bytespider; spider-feedback@bytedance.com)"
47.128.116.146 - - [26/Jul/2026:01:29:50 +0000] "GET /wp-content/themes/weelorum-theme/assets/js/floating-discovery.js?ver=3.0.0 HTTP/1.1" 200 1977 "https://weelorum.com/taxi-booking-app-development-company/" "Mozilla/5.0 (Linux; Android 5.0) AppleWebKit/537.36 (KHTML, like Gecko) Mobile Safari/537.36 (compatible; Bytespider; spider-feedback@bytedance.com)"
47.128.116.146 - - [26/Jul/2026:01:29:50 +0000] "GET /wp-content/themes/weelorum-theme/assets/js/footer-scripts.js?ver=3.0.0 HTTP/1.1" 200 2546 "https://weelorum.com/taxi-booking-app-development-company/" "Mozilla/5.0 (Linux; Android 5.0) AppleWebKit/537.36 (KHTML, like Gecko) Mobile Safari/537.36 (compatible; Bytespider; spider-feedback@bytedance.com)"
47.128.116.146 - - [26/Jul/2026:01:29:51 +0000] "GET /wp-content/themes/weelorum-theme/assets/js/swiper-init.js?ver=3.0.0 HTTP/1.1" 200 3194 "https://weelorum.com/taxi-booking-app-development-company/" "Mozilla/5.0 (Linux; Android 5.0) AppleWebKit/537.36 (KHTML, like Gecko) Mobile Safari/537.36 (compatible; Bytespider; spider-feedback@bytedance.com)"
47.128.116.146 - - [26/Jul/2026:01:29:51 +0000] "GET /wp-content/themes/weelorum-theme/assets/js/swiper.min.js?ver=3.0.0 HTTP/1.1" 200 52198 "https://weelorum.com/taxi-booking-app-development-company/" "Mozilla/5.0 (Linux; Android 5.0) AppleWebKit/537.36 (KHTML, like Gecko) Mobile Safari/537.36 (compatible; Bytespider; spider-feedback@bytedance.com)"
47.128.116.146 - - [26/Jul/2026:01:29:51 +0000] "GET /wp-content/themes/weelorum-theme/assets/js/header-v2.js?ver=3.0.0 HTTP/1.1" 200 2486 "https://weelorum.com/taxi-booking-app-development-company/" "Mozilla/5.0 (Linux; Android 5.0) AppleWebKit/537.36 (KHTML, like Gecko) Mobile Safari/537.36 (compatible; Bytespider; spider-feedback@bytedance.com)"
47.128.116.146 - - [26/Jul/2026:01:29:51 +0000] "GET /wp-content/themes/weelorum-theme/assets/js/wl-pages.js?ver=3.0.0 HTTP/1.1" 200 7865 "https://weelorum.com/taxi-booking-app-development-company/" "Mozilla/5.0 (Linux; Android 5.0) AppleWebKit/537.36 (KHTML, like Gecko) Mobile Safari/537.36 (compatible; Bytespider; spider-feedback@bytedance.com)"
47.128.116.146 - - [26/Jul/2026:01:29:51 +0000] "GET /wp-content/plugins/add-to-any/addtoany.min.js?ver=1.1 HTTP/1.1" 200 137 "https://weelorum.com/taxi-booking-app-development-company/" "Mozilla/5.0 (Linux; Android 5.0) AppleWebKit/537.36 (KHTML, like Gecko) Mobile Safari/537.36 (compatible; Bytespider; spider-feedback@bytedance.com)"
47.128.116.146 - - [26/Jul/2026:01:29:51 +0000] "GET /wp-content/uploads/2022/05/logo.png HTTP/1.1" 206 500 "https://weelorum.com/taxi-booking-app-development-company/" "Mozilla/5.0 (Linux; Android 5.0) AppleWebKit/537.36 (KHTML, like Gecko) Mobile Safari/537.36 (compatible; Bytespider; spider-feedback@bytedance.com)"
47.128.116.146 - - [26/Jul/2026:01:29:51 +0000] "GET /wp-content/themes/weelorum-theme/assets/images/footer-award-2.svg HTTP/1.1" 206 500 "https://weelorum.com/taxi-booking-app-development-company/" "Mozilla/5.0 (Linux; Android 5.0) AppleWebKit/537.36 (KHTML, like Gecko) Mobile Safari/537.36 (compatible; Bytespider; spider-feedback@bytedance.com)"
47.128.116.146 - - [26/Jul/2026:01:29:51 +0000] "GET /wp-content/plugins/wp-rocket/assets/js/lazyload/17.8.3/lazyload.min.js HTTP/1.1" 200 3400 "https://weelorum.com/taxi-booking-app-development-company/" "Mozilla/5.0 (Linux; Android 5.0) AppleWebKit/537.36 (KHTML, like Gecko) Mobile Safari/537.36 (compatible; Bytespider; spider-feedback@bytedance.com)"
47.128.116.146 - - [26/Jul/2026:01:29:51 +0000] "GET /wp-content/uploads/2022/06/404-bg-min.jpg HTTP/1.1" 206 500 "https://weelorum.com/wp-content/themes/weelorum-theme/assets/css/common.css?ver=3.0.0" "Mozilla/5.0 (Linux; Android 5.0) AppleWebKit/537.36 (KHTML, like Gecko) Mobile Safari/537.36 (compatible; Bytespider; spider-feedback@bytedance.com)"
47.128.116.146 - - [26/Jul/2026:01:29:51 +0000] "GET /wp-content/themes/weelorum-theme/assets/images/logo.png HTTP/1.1" 206 500 "https://weelorum.com/wp-content/themes/weelorum-theme/assets/css/wl-pages.css?ver=3.0.0" "Mozilla/5.0 (Linux; Android 5.0) AppleWebKit/537.36 (KHTML, like Gecko) Mobile Safari/537.36 (compatible; Bytespider; spider-feedback@bytedance.com)"
47.128.116.146 - - [26/Jul/2026:01:29:52 +0000] "GET /wp-content/themes/weelorum-theme/assets/images/footer-award-2.svg HTTP/1.1" 304 0 "https://weelorum.com/taxi-booking-app-development-company/" "Mozilla/5.0 (Linux; Android 5.0) AppleWebKit/537.36 (KHTML, like Gecko) Mobile Safari/537.36 (compatible; Bytespider; spider-feedback@bytedance.com)"
47.128.116.146 - - [26/Jul/2026:01:29:52 +0000] "GET /wp-content/themes/weelorum-theme/assets/images/footer-award-2.svg HTTP/1.1" 200 30445 "https://weelorum.com/taxi-booking-app-development-company/" "Mozilla/5.0 (Linux; Android 5.0) AppleWebKit/537.36 (KHTML, like Gecko) Mobile Safari/537.36 (compatible; Bytespider; spider-feedback@bytedance.com)"
84.233.195.158 - - [26/Jul/2026:01:32:54 +0000] "GET / HTTP/1.1" 200 80041 "-" "Go-http-client/1.1"
84.233.195.153 - - [26/Jul/2026:01:32:54 +0000] "GET / HTTP/1.1" 200 80041 "-" "Go-http-client/1.1"
149.102.230.119 - - [26/Jul/2026:01:32:55 +0000] "GET / HTTP/1.1" 200 80041 "-" "Go-http-client/1.1"
84.233.195.155 - - [26/Jul/2026:01:32:56 +0000] "GET / HTTP/1.1" 200 80041 "-" "Go-http-client/1.1"
149.102.230.118 - - [26/Jul/2026:01:32:57 +0000] "GET / HTTP/1.1" 200 80041 "-" "Go-http-client/1.1"
84.233.195.149 - - [26/Jul/2026:01:32:58 +0000] "GET / HTTP/1.1" 200 80041 "-" "Go-http-client/1.1"
146.190.158.65 - - [26/Jul/2026:01:35:17 +0000] "POST /wp-cron.php?doing_wp_cron=1785029717.8622500896453857421875 HTTP/1.1" 200 31 "-" "WordPress/7.0; https://weelorum.com"
57.141.18.53 - - [26/Jul/2026:01:35:17 +0000] "GET /page-sitemap.xml HTTP/1.1" 200 25774 "-" "Mozilla/5.0 (Macintosh; Intel Mac OS X 10_15_7) AppleWebKit/537.36 (KHTML, like Gecko) Chrome/145.0.0.0 Safari/537.36 (compatible; meta-externalagent/1.1 (+https://developers.facebook.com/docs/sharing/webmasters/crawler))"
146.190.158.65 - - [26/Jul/2026:01:36:34 +0000] "POST /wp-cron.php?doing_wp_cron=1785029794.7142179012298583984375 HTTP/1.1" 200 31 "-" "WordPress/7.0; https://weelorum.com"
41.232.179.207 - - [26/Jul/2026:01:36:34 +0000] "GET /services/mobile-ui-ux-design-services/tel:380962170860 HTTP/1.1" 404 29679 "-" "Mozilla/5.0 (Windows NT 10.0; Win64; x64) AppleWebKit/537.36 (KHTML, like Gecko) Chrome/97.0.4950.0 Iron Safari/537.36"
146.190.158.65 - - [26/Jul/2026:01:37:28 +0000] "POST /wp-cron.php?doing_wp_cron=1785029848.6429710388183593750000 HTTP/1.1" 200 31 "-" "WordPress/7.0; https://weelorum.com"
177.129.223.157 - - [26/Jul/2026:01:37:28 +0000] "GET /tips-and-examples-for-ecommerce-mobile-application-development/tel:380962170860 HTTP/1.1" 404 29707 "-" "Mozilla/5.0 (Macintosh; Intel Mac OS X 10_14_6) AppleWebKit/537.36 (KHTML, like Gecko) Brave Chrome/89.0.4389.72 Safari/537.36"
103.108.97.237 - - [26/Jul/2026:01:39:44 +0000] "GET /wp-content/uploads/2024/11/Microrec-360x522.png HTTP/1.1" 200 48122 "https://weelorum.com/web-development-services/" "Mozilla/5.0 (Macintosh; Intel Mac OS X 10_15_7) AppleWebKit/537.36 (KHTML, like Gecko) Chrome/131.0.0.0 Safari/537.36"
103.108.97.237 - - [26/Jul/2026:01:39:44 +0000] "GET /wp-content/uploads/2025/10/VueJS.svg HTTP/1.1" 200 234 "https://weelorum.com/web-development-services/" "Mozilla/5.0 (Macintosh; Intel Mac OS X 10_15_7) AppleWebKit/537.36 (KHTML, like Gecko) Chrome/131.0.0.0 Safari/537.36"
103.108.97.237 - - [26/Jul/2026:01:39:45 +0000] "GET /wp-content/uploads/2024/11/SwimWise-360x522.png HTTP/1.1" 200 17788 "https://weelorum.com/web-development-services/" "Mozilla/5.0 (Macintosh; Intel Mac OS X 10_15_7) AppleWebKit/537.36 (KHTML, like Gecko) Chrome/131.0.0.0 Safari/537.36"
87.199.194.213 - - [26/Jul/2026:01:39:50 +0000] "GET /blog/find-out-how-to-estimate-cost-of-app-development-with-weelorum/ HTTP/1.0" 200 365756 "https://weelorum.com/blog/find-out-how-to-estimate-cost-of-app-development-with-weelorum/" "Mozilla/5.0 (Windows NT 10.0; Win64; x64) AppleWebKit/537.36 (KHTML, like Gecko) Chrome/130.0.0.0 Safari/537.36 CCleaner/130.0.0.0"
146.190.158.65 - - [26/Jul/2026:01:39:51 +0000] "POST /wp-cron.php?doing_wp_cron=1785029991.4854469299316406250000 HTTP/1.1" 200 31 "-" "WordPress/7.0; https://weelorum.com"
87.199.194.213 - - [26/Jul/2026:01:39:51 +0000] "POST /wp-comments-post.php HTTP/1.0" 302 0 "https://weelorum.com/blog/find-out-how-to-estimate-cost-of-app-development-with-weelorum/" "Mozilla/5.0 (Windows NT 10.0; Win64; x64) AppleWebKit/537.36 (KHTML, like Gecko) Chrome/130.0.0.0 Safari/537.36 CCleaner/130.0.0.0"
87.199.194.213 - - [26/Jul/2026:01:39:52 +0000] "GET /blog/find-out-how-to-estimate-cost-of-app-development-with-weelorum/ HTTP/1.0" 200 130759 "https://weelorum.com/blog/find-out-how-to-estimate-cost-of-app-development-with-weelorum/#comment-40009" "Mozilla/5.0 (Windows NT 10.0; Win64; x64) AppleWebKit/537.36 (KHTML, like Gecko) Chrome/130.0.0.0 Safari/537.36 CCleaner/130.0.0.0"
91.142.73.116 - - [26/Jul/2026:01:40:18 +0000] "GET /blog/find-out-how-to-estimate-cost-of-app-development-with-weelorum/ HTTP/1.0" 200 365756 "https://weelorum.com/blog/find-out-how-to-estimate-cost-of-app-development-with-weelorum/#comment-7135" "Mozilla/5.0 (Windows NT 10.0; Win64; x64) AppleWebKit/537.36 (KHTML, like Gecko) Chrome/131.0.0.0 Safari/537.36"
146.190.158.65 - - [26/Jul/2026:01:40:23 +0000] "POST /wp-cron.php?doing_wp_cron=1785030023.3775570392608642578125 HTTP/1.1" 200 31 "-" "WordPress/7.0; https://weelorum.com"
91.142.73.116 - - [26/Jul/2026:01:40:23 +0000] "POST /wp-comments-post.php HTTP/1.0" 302 0 "https://weelorum.com/blog/find-out-how-to-estimate-cost-of-app-development-with-weelorum/#comment-7135" "Mozilla/5.0 (Windows NT 10.0; Win64; x64) AppleWebKit/537.36 (KHTML, like Gecko) Chrome/131.0.0.0 Safari/537.36"
91.142.73.116 - - [26/Jul/2026:01:40:24 +0000] "GET /blog/find-out-how-to-estimate-cost-of-app-development-with-weelorum/ HTTP/1.0" 200 212801 "https://weelorum.com/blog/find-out-how-to-estimate-cost-of-app-development-with-weelorum/#comment-40010" "Mozilla/5.0 (Windows NT 10.0; Win64; x64) AppleWebKit/537.36 (KHTML, like Gecko) Chrome/131.0.0.0 Safari/537.36"
146.190.158.65 - - [26/Jul/2026:01:41:22 +0000] "POST /wp-cron.php?doing_wp_cron=1785030082.0576610565185546875000 HTTP/1.1" 200 31 "-" "WordPress/7.0; https://weelorum.com"
54.197.178.107 - - [26/Jul/2026:01:41:22 +0000] "GET /blog/everything-you-need-to-know-about-mobile-app-prototyping HTTP/1.1" 301 5 "-" "Mozilla/5.0 AppleWebKit/537.36 (KHTML, like Gecko; compatible; Amazonbot/0.1; +https://developer.amazon.com/support/amazonbot) Chrome/119.0.6045.214 Safari/537.36"
44.214.19.8 - - [26/Jul/2026:01:41:22 +0000] "GET /blog/everything-you-need-to-know-about-mobile-app-prototyping/ HTTP/1.1" 200 88497 "-" "Mozilla/5.0 AppleWebKit/537.36 (KHTML, like Gecko; compatible; Amazonbot/0.1; +https://developer.amazon.com/support/amazonbot) Chrome/119.0.6045.214 Safari/537.36"
146.190.158.65 - - [26/Jul/2026:01:42:01 +0000] "GET / HTTP/1.1" 301 169 "-" "Mozilla/5.0 (X11; Linux x86_64) AppleWebKit/537.36 (KHTML, like Gecko) Chrome/44.0.2403.157 Safari/537.36"
146.190.158.65 - - [26/Jul/2026:01:42:01 +0000] "GET / HTTP/1.1" 200 32502 "http://146.190.158.65" "Mozilla/5.0 (X11; Linux x86_64) AppleWebKit/537.36 (KHTML, like Gecko) Chrome/44.0.2403.157 Safari/537.36"
52.200.58.199 - - [26/Jul/2026:01:42:49 +0000] "GET /wp-json/oembed/1.0/embed?format=xml&url=https://weelorum.com/blog/what-you-need-to-know-for-developing-a-music-streaming-app-for-ios/ HTTP/1.1" 301 5 "-" "Mozilla/5.0 AppleWebKit/537.36 (KHTML, like Gecko; compatible; Amazonbot/0.1; +https://developer.amazon.com/support/amazonbot) Chrome/119.0.6045.214 Safari/537.36"
146.190.158.65 - - [26/Jul/2026:01:42:49 +0000] "POST /wp-cron.php?doing_wp_cron=1785030169.8415551185607910156250 HTTP/1.1" 200 31 "-" "WordPress/7.0; https://weelorum.com"
34.231.156.59 - - [26/Jul/2026:01:42:49 +0000] "GET /wp-json/oembed/1.0/embed?format=xml&url=https:/weelorum.com/blog/what-you-need-to-know-for-developing-a-music-streaming-app-for-ios/ HTTP/1.1" 404 133 "-" "Mozilla/5.0 AppleWebKit/537.36 (KHTML, like Gecko; compatible; Amazonbot/0.1; +https://developer.amazon.com/support/amazonbot) Chrome/119.0.6045.214 Safari/537.36"
46.138.225.250 - - [26/Jul/2026:01:44:11 +0000] "GET /wp-content/themes/weelorum-theme/assets/css/common.css?ver=1.0.5.alfa.095 HTTP/1.1" 200 4134 "-" "Mozilla/5.0 (Macintosh; Intel Mac OS X 12.7; rv:131.0) Gecko/20100101 Firefox/131.0"
146.190.158.65 - - [26/Jul/2026:01:44:19 +0000] "POST /wp-cron.php?doing_wp_cron=1785030259.4519550800323486328125 HTTP/1.1" 200 31 "-" "WordPress/7.0; https://weelorum.com"
40.77.167.30 - - [26/Jul/2026:01:44:19 +0000] "GET /sitemap_index.xml HTTP/1.1" 200 439 "-" "Mozilla/5.0 AppleWebKit/537.36 (KHTML, like Gecko; compatible; bingbot/2.0; +http://www.bing.com/bingbot.htm) Chrome/116.0.1938.76 Safari/537.36"
43.155.125.173 - - [26/Jul/2026:01:44:25 +0000] "GET /technologies/iot-application-development-services HTTP/1.1" 301 5 "-" "Mozilla/5.0 (Windows NT 10.0; Win64; x64; rv:123.0) Gecko/20100101 Firefox/123.0"
43.155.125.173 - - [26/Jul/2026:01:44:26 +0000] "GET /technologies/iot-application-development-services/ HTTP/1.1" 200 79383 "-" "Mozilla/5.0 (Windows NT 10.0; Win64; x64; rv:123.0) Gecko/20100101 Firefox/123.0"
146.190.158.65 - - [26/Jul/2026:01:45:07 +0000] "POST /wp-cron.php?doing_wp_cron=1785030307.8189361095428466796875 HTTP/1.1" 200 31 "-" "WordPress/7.0; https://weelorum.com"
54.84.93.8 - - [26/Jul/2026:01:45:07 +0000] "GET /privacy-policy HTTP/1.1" 301 5 "-" "Mozilla/5.0 AppleWebKit/537.36 (KHTML, like Gecko; compatible; Amazonbot/0.1; +https://developer.amazon.com/support/amazonbot) Chrome/119.0.6045.214 Safari/537.36"
44.215.210.112 - - [26/Jul/2026:01:45:08 +0000] "GET /privacy-policy/ HTTP/1.1" 200 60604 "-" "Mozilla/5.0 AppleWebKit/537.36 (KHTML, like Gecko; compatible; Amazonbot/0.1; +https://developer.amazon.com/support/amazonbot) Chrome/119.0.6045.214 Safari/537.36"
35.198.113.100 - - [26/Jul/2026:01:45:39 +0000] "GET /robots.txt HTTP/1.1" 200 140 "-" "LinkupBot/1.0 (LinkupBot for web indexing; https://linkup.so/bot; bot@linkup.so)"
35.198.113.100 - - [26/Jul/2026:01:45:39 +0000] "GET /services/mobile-app-launch-company/ HTTP/1.1" 200 75572 "-" "LinkupBot/1.0 (LinkupBot for web indexing; https://linkup.so/bot; bot@linkup.so)"
216.73.216.125 - - [26/Jul/2026:01:45:43 +0000] "GET /robots.txt HTTP/1.1" 200 140 "-" "Mozilla/5.0 AppleWebKit/537.36 (KHTML, like Gecko; compatible; ClaudeBot/1.0; +claudebot@anthropic.com)"
146.190.158.65 - - [26/Jul/2026:01:45:43 +0000] "POST /wp-cron.php?doing_wp_cron=1785030343.8346838951110839843750 HTTP/1.1" 200 31 "-" "WordPress/7.0; https://weelorum.com"
216.73.216.125 - - [26/Jul/2026:01:45:43 +0000] "GET /sitemap_index.xml HTTP/1.1" 200 439 "-" "Mozilla/5.0 AppleWebKit/537.36 (KHTML, like Gecko; compatible; ClaudeBot/1.0; +claudebot@anthropic.com)"
146.190.158.65 - - [26/Jul/2026:01:47:08 +0000] "POST /wp-cron.php?doing_wp_cron=1785030428.1224899291992187500000 HTTP/1.1" 200 31 "-" "WordPress/7.0; https://weelorum.com"
157.55.39.60 - - [26/Jul/2026:01:47:08 +0000] "GET /page-sitemap.xml HTTP/1.1" 200 2919 "-" "Mozilla/5.0 AppleWebKit/537.36 (KHTML, like Gecko; compatible; bingbot/2.0; +http://www.bing.com/bingbot.htm) Chrome/116.0.1938.76 Safari/537.36"
40.77.167.123 - - [26/Jul/2026:01:48:15 +0000] "GET /frontpage/ HTTP/1.1" 200 83707 "-" "Mozilla/5.0 AppleWebKit/537.36 (KHTML, like Gecko; compatible; bingbot/2.0; +http://www.bing.com/bingbot.htm) Chrome/116.0.1938.76 Safari/537.36"
212.34.141.234 - - [26/Jul/2026:01:49:35 +0000] "GET /blog/find-out-how-to-estimate-cost-of-app-development-with-weelorum/ HTTP/1.0" 200 365756 "https://weelorum.com/blog/find-out-how-to-estimate-cost-of-app-development-with-weelorum/" "Mozilla/5.0 (Windows NT 10.0; Win64; x64) AppleWebKit/537.36 (KHTML, like Gecko) Chrome/131.0.0.0 Safari/537.36"
146.190.158.65 - - [26/Jul/2026:01:49:36 +0000] "POST /wp-cron.php?doing_wp_cron=1785030576.2638120651245117187500 HTTP/1.1" 200 31 "-" "WordPress/7.0; https://weelorum.com"
212.34.141.234 - - [26/Jul/2026:01:49:36 +0000] "POST /wp-comments-post.php HTTP/1.0" 302 0 "https://weelorum.com/blog/find-out-how-to-estimate-cost-of-app-development-with-weelorum/" "Mozilla/5.0 (Windows NT 10.0; Win64; x64) AppleWebKit/537.36 (KHTML, like Gecko) Chrome/131.0.0.0 Safari/537.36"
212.34.141.234 - - [26/Jul/2026:01:49:37 +0000] "GET /blog/find-out-how-to-estimate-cost-of-app-development-with-weelorum/ HTTP/1.0" 200 212771 "https://weelorum.com/blog/find-out-how-to-estimate-cost-of-app-development-with-weelorum/#comment-40011" "Mozilla/5.0 (Windows NT 10.0; Win64; x64) AppleWebKit/537.36 (KHTML, like Gecko) Chrome/131.0.0.0 Safari/537.36"
144.172.108.107 - - [26/Jul/2026:01:53:23 +0000] "GET / HTTP/1.1" 301 169 "-" "Mozilla/5.0 (Macintosh; Intel Mac OS X 10_15_7) AppleWebKit/537.36 (KHTML, like Gecko) Chrome/118.0.5993.88 Safari/537.36"
144.172.108.107 - - [26/Jul/2026:01:53:44 +0000] "GET / HTTP/1.1" 200 80041 "-" "Mozilla/5.0 (Macintosh; Intel Mac OS X 10_15_7) AppleWebKit/537.36 (KHTML, like Gecko) Chrome/118.0.5993.88 Safari/537.36"
146.190.158.65 - - [26/Jul/2026:01:54:06 +0000] "POST /wp-cron.php?doing_wp_cron=1785030846.9223239421844482421875 HTTP/1.1" 200 31 "-" "WordPress/7.0; https://weelorum.com"
144.172.108.107 - - [26/Jul/2026:01:54:06 +0000] "POST /wp-json/batch/v1 HTTP/1.1" 207 27 "-" "Mozilla/5.0 (Windows NT 10.0; Win64; x64) AppleWebKit/537.36 (KHTML, like Gecko) Chrome/112.0.0.0 Safari/537.36"
146.190.158.65 - - [26/Jul/2026:01:54:29 +0000] "POST /wp-cron.php?doing_wp_cron=1785030869.3300759792327880859375 HTTP/1.1" 200 31 "-" "WordPress/7.0; https://weelorum.com"
144.172.108.107 - - [26/Jul/2026:01:54:29 +0000] "POST /?rest_route=/batch/v1 HTTP/1.1" 207 27 "-" "Mozilla/5.0 (Windows NT 10.0; Win64; x64) AppleWebKit/537.36 (KHTML, like Gecko) Chrome/112.0.0.0 Safari/537.36"
146.190.158.65 - - [26/Jul/2026:01:55:10 +0000] "POST /wp-cron.php?doing_wp_cron=1785030910.8359301090240478515625 HTTP/1.1" 200 31 "-" "WordPress/7.0; https://weelorum.com"
144.172.108.107 - - [26/Jul/2026:01:55:11 +0000] "POST /?rest_route=/batch/v1 HTTP/1.1" 207 937744 "-" "Mozilla/5.0 (Windows NT 10.0; Win64; x64) AppleWebKit/537.36 (KHTML, like Gecko) Chrome/112.0.0.0 Safari/537.36"
146.190.158.65 - - [26/Jul/2026:01:56:01 +0000] "GET / HTTP/1.1" 301 169 "-" "Mozilla/5.0 (X11; Linux x86_64) AppleWebKit/537.36 (KHTML, like Gecko) Chrome/44.0.2403.157 Safari/537.36"
146.190.158.65 - - [26/Jul/2026:01:56:01 +0000] "GET / HTTP/1.1" 200 32502 "http://146.190.158.65" "Mozilla/5.0 (X11; Linux x86_64) AppleWebKit/537.36 (KHTML, like Gecko) Chrome/44.0.2403.157 Safari/537.36"
47.128.115.96 - - [26/Jul/2026:01:57:17 +0000] "GET /blog/how-to-develop-an-app-like-snapchat-everything-you-need-to-know/ HTTP/1.1" 200 91141 "-" "Mozilla/5.0 (Linux; Android 5.0) AppleWebKit/537.36 (KHTML, like Gecko) Mobile Safari/537.36 (compatible; Bytespider; spider-feedback@bytedance.com)"
47.128.115.96 - - [26/Jul/2026:01:57:17 +0000] "GET /wp-content/uploads/2022/11/23.Mob-375_579.svg HTTP/1.1" 206 500 "https://weelorum.com/blog/how-to-develop-an-app-like-snapchat-everything-you-need-to-know/" "Mozilla/5.0 (Linux; Android 5.0) AppleWebKit/537.36 (KHTML, like Gecko) Mobile Safari/537.36 (compatible; Bytespider; spider-feedback@bytedance.com)"
47.128.115.96 - - [26/Jul/2026:01:57:18 +0000] "GET /wp-content/cache/background-css/1/weelorum.com/wp-content/cache/min/1/wp-content/themes/weelorum-theme/assets/css/wl-pages.css?ver=1784812621&wpr_t=1785000115 HTTP/1.1" 200 58175 "https://weelorum.com/blog/how-to-develop-an-app-like-snapchat-everything-you-need-to-know/" "Mozilla/5.0 (Linux; Android 5.0) AppleWebKit/537.36 (KHTML, like Gecko) Mobile Safari/537.36 (compatible; Bytespider; spider-feedback@bytedance.com)"
47.128.115.96 - - [26/Jul/2026:01:57:18 +0000] "GET /wp-content/uploads/2022/11/23.Mob-375_579.svg HTTP/1.1" 304 0 "https://weelorum.com/blog/how-to-develop-an-app-like-snapchat-everything-you-need-to-know/" "Mozilla/5.0 (Linux; Android 5.0) AppleWebKit/537.36 (KHTML, like Gecko) Mobile Safari/537.36 (compatible; Bytespider; spider-feedback@bytedance.com)"
47.128.115.96 - - [26/Jul/2026:01:57:18 +0000] "GET /wp-content/cache/min/1/wp-content/themes/weelorum-theme/css/awards-section.css?ver=1784812621 HTTP/1.1" 200 1392 "https://weelorum.com/blog/how-to-develop-an-app-like-snapchat-everything-you-need-to-know/" "Mozilla/5.0 (Linux; Android 5.0) AppleWebKit/537.36 (KHTML, like Gecko) Mobile Safari/537.36 (compatible; Bytespider; spider-feedback@bytedance.com)"
47.128.115.96 - - [26/Jul/2026:01:57:18 +0000] "GET /wp-includes/js/dist/i18n.min.js?ver=781d11515ad3d91786ec HTTP/1.1" 200 2574 "https://weelorum.com/blog/how-to-develop-an-app-like-snapchat-everything-you-need-to-know/" "Mozilla/5.0 (Linux; Android 5.0) AppleWebKit/537.36 (KHTML, like Gecko) Mobile Safari/537.36 (compatible; Bytespider; spider-feedback@bytedance.com)"
47.128.115.96 - - [26/Jul/2026:01:57:18 +0000] "GET /wp-content/cache/min/1/wp-content/plugins/contact-form-7/includes/swv/js/index.js?ver=1784812623 HTTP/1.1" 200 3887 "https://weelorum.com/blog/how-to-develop-an-app-like-snapchat-everything-you-need-to-know/" "Mozilla/5.0 (Linux; Android 5.0) AppleWebKit/537.36 (KHTML, like Gecko) Mobile Safari/537.36 (compatible; Bytespider; spider-feedback@bytedance.com)"
47.128.115.96 - - [26/Jul/2026:01:57:18 +0000] "GET /wp-content/cache/min/1/wp-content/plugins/contact-form-7/includes/js/index.js?ver=1784812623 HTTP/1.1" 200 4803 "https://weelorum.com/blog/how-to-develop-an-app-like-snapchat-everything-you-need-to-know/" "Mozilla/5.0 (Linux; Android 5.0) AppleWebKit/537.36 (KHTML, like Gecko) Mobile Safari/537.36 (compatible; Bytespider; spider-feedback@bytedance.com)"
47.128.115.96 - - [26/Jul/2026:01:57:18 +0000] "GET /wp-content/cache/min/1/wp-content/themes/weelorum-theme/assets/js/main.js?ver=1784812621 HTTP/1.1" 200 1767 "https://weelorum.com/blog/how-to-develop-an-app-like-snapchat-everything-you-need-to-know/" "Mozilla/5.0 (Linux; Android 5.0) AppleWebKit/537.36 (KHTML, like Gecko) Mobile Safari/537.36 (compatible; Bytespider; spider-feedback@bytedance.com)"
47.128.115.96 - - [26/Jul/2026:01:57:18 +0000] "GET /wp-content/uploads/2022/11/23.Mob-375_579.svg HTTP/1.1" 200 109592 "https://weelorum.com/blog/how-to-develop-an-app-like-snapchat-everything-you-need-to-know/" "Mozilla/5.0 (Linux; Android 5.0) AppleWebKit/537.36 (KHTML, like Gecko) Mobile Safari/537.36 (compatible; Bytespider; spider-feedback@bytedance.com)"
47.128.115.96 - - [26/Jul/2026:01:57:19 +0000] "GET /wp-content/uploads/2022/08/3.-Preview-articles.svg HTTP/1.1" 206 500 "https://weelorum.com/blog/how-to-develop-an-app-like-snapchat-everything-you-need-to-know/" "Mozilla/5.0 (Linux; Android 5.0) AppleWebKit/537.36 (KHTML, like Gecko) Mobile Safari/537.36 (compatible; Bytespider; spider-feedback@bytedance.com)"
47.128.115.96 - - [26/Jul/2026:01:57:19 +0000] "GET /wp-content/uploads/2022/09/14.-Preview-articles.svg HTTP/1.1" 206 500 "https://weelorum.com/blog/how-to-develop-an-app-like-snapchat-everything-you-need-to-know/" "Mozilla/5.0 (Linux; Android 5.0) AppleWebKit/537.36 (KHTML, like Gecko) Mobile Safari/537.36 (compatible; Bytespider; spider-feedback@bytedance.com)"
47.128.115.96 - - [26/Jul/2026:01:57:19 +0000] "GET /wp-content/uploads/2022/11/19.-630_344.svg HTTP/1.1" 206 500 "https://weelorum.com/blog/how-to-develop-an-app-like-snapchat-everything-you-need-to-know/" "Mozilla/5.0 (Linux; Android 5.0) AppleWebKit/537.36 (KHTML, like Gecko) Mobile Safari/537.36 (compatible; Bytespider; spider-feedback@bytedance.com)"
47.128.115.96 - - [26/Jul/2026:01:57:19 +0000] "GET /wp-content/uploads/2022/11/16.-630_344.svg HTTP/1.1" 206 500 "https://weelorum.com/blog/how-to-develop-an-app-like-snapchat-everything-you-need-to-know/" "Mozilla/5.0 (Linux; Android 5.0) AppleWebKit/537.36 (KHTML, like Gecko) Mobile Safari/537.36 (compatible; Bytespider; spider-feedback@bytedance.com)"
47.128.115.96 - - [26/Jul/2026:01:57:19 +0000] "GET /wp-content/uploads/2022/08/3.-Preview-articles.svg HTTP/1.1" 304 0 "https://weelorum.com/blog/how-to-develop-an-app-like-snapchat-everything-you-need-to-know/" "Mozilla/5.0 (Linux; Android 5.0) AppleWebKit/537.36 (KHTML, like Gecko) Mobile Safari/537.36 (compatible; Bytespider; spider-feedback@bytedance.com)"
47.128.115.96 - - [26/Jul/2026:01:57:19 +0000] "GET /wp-content/themes/weelorum-theme/assets/images/footer-award-2.svg HTTP/1.1" 206 500 "https://weelorum.com/blog/how-to-develop-an-app-like-snapchat-everything-you-need-to-know/" "Mozilla/5.0 (Linux; Android 5.0) AppleWebKit/537.36 (KHTML, like Gecko) Mobile Safari/537.36 (compatible; Bytespider; spider-feedback@bytedance.com)"
47.128.115.96 - - [26/Jul/2026:01:57:19 +0000] "GET /wp-content/uploads/2022/09/14.-Preview-articles.svg HTTP/1.1" 304 0 "https://weelorum.com/blog/how-to-develop-an-app-like-snapchat-everything-you-need-to-know/" "Mozilla/5.0 (Linux; Android 5.0) AppleWebKit/537.36 (KHTML, like Gecko) Mobile Safari/537.36 (compatible; Bytespider; spider-feedback@bytedance.com)"
47.128.115.96 - - [26/Jul/2026:01:57:19 +0000] "GET /wp-content/uploads/2022/11/19.-630_344.svg HTTP/1.1" 304 0 "https://weelorum.com/blog/how-to-develop-an-app-like-snapchat-everything-you-need-to-know/" "Mozilla/5.0 (Linux; Android 5.0) AppleWebKit/537.36 (KHTML, like Gecko) Mobile Safari/537.36 (compatible; Bytespider; spider-feedback@bytedance.com)"
47.128.115.96 - - [26/Jul/2026:01:57:19 +0000] "GET /wp-content/uploads/2022/11/16.-630_344.svg HTTP/1.1" 304 0 "https://weelorum.com/blog/how-to-develop-an-app-like-snapchat-everything-you-need-to-know/" "Mozilla/5.0 (Linux; Android 5.0) AppleWebKit/537.36 (KHTML, like Gecko) Mobile Safari/537.36 (compatible; Bytespider; spider-feedback@bytedance.com)"
47.128.115.96 - - [26/Jul/2026:01:57:19 +0000] "GET /wp-content/themes/weelorum-theme/assets/images/footer-award-2.svg HTTP/1.1" 304 0 "https://weelorum.com/blog/how-to-develop-an-app-like-snapchat-everything-you-need-to-know/" "Mozilla/5.0 (Linux; Android 5.0) AppleWebKit/537.36 (KHTML, like Gecko) Mobile Safari/537.36 (compatible; Bytespider; spider-feedback@bytedance.com)"
47.128.115.96 - - [26/Jul/2026:01:57:19 +0000] "GET /wp-content/uploads/2022/09/14.-Preview-articles.svg HTTP/1.1" 200 73347 "https://weelorum.com/blog/how-to-develop-an-app-like-snapchat-everything-you-need-to-know/" "Mozilla/5.0 (Linux; Android 5.0) AppleWebKit/537.36 (KHTML, like Gecko) Mobile Safari/537.36 (compatible; Bytespider; spider-feedback@bytedance.com)"
47.128.115.96 - - [26/Jul/2026:01:57:19 +0000] "GET /wp-content/uploads/2022/11/19.-630_344.svg HTTP/1.1" 200 70290 "https://weelorum.com/blog/how-to-develop-an-app-like-snapchat-everything-you-need-to-know/" "Mozilla/5.0 (Linux; Android 5.0) AppleWebKit/537.36 (KHTML, like Gecko) Mobile Safari/537.36 (compatible; Bytespider; spider-feedback@bytedance.com)"
47.128.115.96 - - [26/Jul/2026:01:57:19 +0000] "GET /wp-content/uploads/2022/11/16.-630_344.svg HTTP/1.1" 200 89962 "https://weelorum.com/blog/how-to-develop-an-app-like-snapchat-everything-you-need-to-know/" "Mozilla/5.0 (Linux; Android 5.0) AppleWebKit/537.36 (KHTML, like Gecko) Mobile Safari/537.36 (compatible; Bytespider; spider-feedback@bytedance.com)"
47.128.115.96 - - [26/Jul/2026:01:57:19 +0000] "GET /wp-content/uploads/2022/08/3.-Preview-articles.svg HTTP/1.1" 200 118945 "https://weelorum.com/blog/how-to-develop-an-app-like-snapchat-everything-you-need-to-know/" "Mozilla/5.0 (Linux; Android 5.0) AppleWebKit/537.36 (KHTML, like Gecko) Mobile Safari/537.36 (compatible; Bytespider; spider-feedback@bytedance.com)"
146.190.158.65 - - [26/Jul/2026:01:57:20 +0000] "POST /wp-cron.php?doing_wp_cron=1785031040.1846539974212646484375 HTTP/1.1" 200 31 "-" "WordPress/7.0; https://weelorum.com"
47.128.115.96 - - [26/Jul/2026:01:57:20 +0000] "GET /wp-json/contact-form-7/v1/contact-forms/217/feedback/schema HTTP/1.1" 200 259 "https://weelorum.com/blog/how-to-develop-an-app-like-snapchat-everything-you-need-to-know/" "Mozilla/5.0 (Linux; Android 5.0) AppleWebKit/537.36 (KHTML, like Gecko) Mobile Safari/537.36 (compatible; Bytespider; spider-feedback@bytedance.com)"
47.128.115.96 - - [26/Jul/2026:01:57:20 +0000] "GET /wp-content/themes/weelorum-theme/assets/images/footer-award-2.svg HTTP/1.1" 200 30445 "https://weelorum.com/blog/how-to-develop-an-app-like-snapchat-everything-you-need-to-know/" "Mozilla/5.0 (Linux; Android 5.0) AppleWebKit/537.36 (KHTML, like Gecko) Mobile Safari/537.36 (compatible; Bytespider; spider-feedback@bytedance.com)"
47.128.115.96 - - [26/Jul/2026:01:57:21 +0000] "GET /wp-json/contact-form-7/v1/contact-forms/217/refill HTTP/1.1" 200 33 "https://weelorum.com/blog/how-to-develop-an-app-like-snapchat-everything-you-need-to-know/" "Mozilla/5.0 (Linux; Android 5.0) AppleWebKit/537.36 (KHTML, like Gecko) Mobile Safari/537.36 (compatible; Bytespider; spider-feedback@bytedance.com)"
146.190.158.65 - - [26/Jul/2026:02:00:02 +0000] "GET / HTTP/1.1" 301 169 "-" "Mozilla/5.0 (X11; Linux x86_64) AppleWebKit/537.36 (KHTML, like Gecko) Chrome/44.0.2403.157 Safari/537.36"
146.190.158.65 - - [26/Jul/2026:02:00:02 +0000] "GET / HTTP/1.1" 200 16118 "http://146.190.158.65" "Mozilla/5.0 (X11; Linux x86_64) AppleWebKit/537.36 (KHTML, like Gecko) Chrome/44.0.2403.157 Safari/537.36"
146.190.158.65 - - [26/Jul/2026:02:03:44 +0000] "POST /wp-cron.php?doing_wp_cron=1785031424.6140871047973632812500 HTTP/1.1" 200 31 "-" "WordPress/7.0; https://weelorum.com"
47.128.116.14 - - [26/Jul/2026:02:03:44 +0000] "GET /blog/find-out-how-to-estimate-cost-of-app-development-with-weelorum HTTP/1.1" 301 5 "-" "Mozilla/5.0 (compatible; Bytespider; spider-feedback@bytedance.com) AppleWebKit/537.36 (KHTML, like Gecko) Chrome/70.0.0.0 Safari/537.36"
47.128.116.14 - - [26/Jul/2026:02:03:44 +0000] "GET /blog/find-out-how-to-estimate-cost-of-app-development-with-weelorum/ HTTP/1.1" 200 89334 "-" "Mozilla/5.0 (compatible; Bytespider; spider-feedback@bytedance.com) AppleWebKit/537.36 (KHTML, like Gecko) Chrome/70.0.0.0 Safari/537.36"
47.128.116.14 - - [26/Jul/2026:02:03:45 +0000] "GET /wp-content/uploads/2022/08/4.-How-to-estimate-app-development-cost_-BG.svg HTTP/1.1" 206 500 "https://weelorum.com/blog/find-out-how-to-estimate-cost-of-app-development-with-weelorum/" "Mozilla/5.0 (compatible; Bytespider; spider-feedback@bytedance.com) AppleWebKit/537.36 (KHTML, like Gecko) Chrome/70.0.0.0 Safari/537.36"
47.128.116.14 - - [26/Jul/2026:02:03:45 +0000] "GET /wp-content/uploads/2022/08/4.-How-to-estimate-app-development-cost_-BG.svg HTTP/1.1" 304 0 "https://weelorum.com/blog/find-out-how-to-estimate-cost-of-app-development-with-weelorum/" "Mozilla/5.0 (compatible; Bytespider; spider-feedback@bytedance.com) AppleWebKit/537.36 (KHTML, like Gecko) Chrome/70.0.0.0 Safari/537.36"
47.128.116.14 - - [26/Jul/2026:02:03:46 +0000] "GET /wp-content/uploads/2022/08/4.-How-to-estimate-app-development-cost_-BG.svg HTTP/1.1" 200 38947 "https://weelorum.com/blog/find-out-how-to-estimate-cost-of-app-development-with-weelorum/" "Mozilla/5.0 (compatible; Bytespider; spider-feedback@bytedance.com) AppleWebKit/537.36 (KHTML, like Gecko) Chrome/70.0.0.0 Safari/537.36"
47.128.116.14 - - [26/Jul/2026:02:03:46 +0000] "GET /wp-content/uploads/2022/08/3.-Preview-articles.svg HTTP/1.1" 206 500 "https://weelorum.com/blog/find-out-how-to-estimate-cost-of-app-development-with-weelorum/" "Mozilla/5.0 (compatible; Bytespider; spider-feedback@bytedance.com) AppleWebKit/537.36 (KHTML, like Gecko) Chrome/70.0.0.0 Safari/537.36"
47.128.116.14 - - [26/Jul/2026:02:03:46 +0000] "GET /wp-content/uploads/2022/11/19.-630_344.svg HTTP/1.1" 206 500 "https://weelorum.com/blog/find-out-how-to-estimate-cost-of-app-development-with-weelorum/" "Mozilla/5.0 (compatible; Bytespider; spider-feedback@bytedance.com) AppleWebKit/537.36 (KHTML, like Gecko) Chrome/70.0.0.0 Safari/537.36"
47.128.116.14 - - [26/Jul/2026:02:03:47 +0000] "GET /wp-content/uploads/2022/09/14.-Preview-articles.svg HTTP/1.1" 206 500 "https://weelorum.com/blog/find-out-how-to-estimate-cost-of-app-development-with-weelorum/" "Mozilla/5.0 (compatible; Bytespider; spider-feedback@bytedance.com) AppleWebKit/537.36 (KHTML, like Gecko) Chrome/70.0.0.0 Safari/537.36"
47.128.116.14 - - [26/Jul/2026:02:03:47 +0000] "GET /wp-content/uploads/2022/11/16.-630_344.svg HTTP/1.1" 206 500 "https://weelorum.com/blog/find-out-how-to-estimate-cost-of-app-development-with-weelorum/" "Mozilla/5.0 (compatible; Bytespider; spider-feedback@bytedance.com) AppleWebKit/537.36 (KHTML, like Gecko) Chrome/70.0.0.0 Safari/537.36"
47.128.116.14 - - [26/Jul/2026:02:03:47 +0000] "GET /wp-content/uploads/2022/08/3.-Preview-articles.svg HTTP/1.1" 304 0 "https://weelorum.com/blog/find-out-how-to-estimate-cost-of-app-development-with-weelorum/" "Mozilla/5.0 (compatible; Bytespider; spider-feedback@bytedance.com) AppleWebKit/537.36 (KHTML, like Gecko) Chrome/70.0.0.0 Safari/537.36"
47.128.116.14 - - [26/Jul/2026:02:03:47 +0000] "GET /wp-content/uploads/2022/11/19.-630_344.svg HTTP/1.1" 304 0 "https://weelorum.com/blog/find-out-how-to-estimate-cost-of-app-development-with-weelorum/" "Mozilla/5.0 (compatible; Bytespider; spider-feedback@bytedance.com) AppleWebKit/537.36 (KHTML, like Gecko) Chrome/70.0.0.0 Safari/537.36"
47.128.116.14 - - [26/Jul/2026:02:03:47 +0000] "GET /wp-json/contact-form-7/v1/contact-forms/217/feedback/schema HTTP/1.1" 200 259 "https://weelorum.com/blog/find-out-how-to-estimate-cost-of-app-development-with-weelorum/" "Mozilla/5.0 (compatible; Bytespider; spider-feedback@bytedance.com) AppleWebKit/537.36 (KHTML, like Gecko) Chrome/70.0.0.0 Safari/537.36"
47.128.116.14 - - [26/Jul/2026:02:03:47 +0000] "GET /wp-content/themes/weelorum-theme/assets/images/footer-award-2.svg HTTP/1.1" 206 500 "https://weelorum.com/blog/find-out-how-to-estimate-cost-of-app-development-with-weelorum/" "Mozilla/5.0 (compatible; Bytespider; spider-feedback@bytedance.com) AppleWebKit/537.36 (KHTML, like Gecko) Chrome/70.0.0.0 Safari/537.36"
47.128.116.14 - - [26/Jul/2026:02:03:47 +0000] "GET /wp-content/uploads/2022/09/14.-Preview-articles.svg HTTP/1.1" 304 0 "https://weelorum.com/blog/find-out-how-to-estimate-cost-of-app-development-with-weelorum/" "Mozilla/5.0 (compatible; Bytespider; spider-feedback@bytedance.com) AppleWebKit/537.36 (KHTML, like Gecko) Chrome/70.0.0.0 Safari/537.36"
47.128.116.14 - - [26/Jul/2026:02:03:47 +0000] "GET /wp-content/uploads/2022/11/16.-630_344.svg HTTP/1.1" 304 0 "https://weelorum.com/blog/find-out-how-to-estimate-cost-of-app-development-with-weelorum/" "Mozilla/5.0 (compatible; Bytespider; spider-feedback@bytedance.com) AppleWebKit/537.36 (KHTML, like Gecko) Chrome/70.0.0.0 Safari/537.36"
47.128.116.14 - - [26/Jul/2026:02:03:47 +0000] "GET /wp-content/uploads/2022/11/19.-630_344.svg HTTP/1.1" 200 70290 "https://weelorum.com/blog/find-out-how-to-estimate-cost-of-app-development-with-weelorum/" "Mozilla/5.0 (compatible; Bytespider; spider-feedback@bytedance.com) AppleWebKit/537.36 (KHTML, like Gecko) Chrome/70.0.0.0 Safari/537.36"
47.128.116.14 - - [26/Jul/2026:02:03:47 +0000] "GET /wp-content/themes/weelorum-theme/assets/images/footer-award-2.svg HTTP/1.1" 304 0 "https://weelorum.com/blog/find-out-how-to-estimate-cost-of-app-development-with-weelorum/" "Mozilla/5.0 (compatible; Bytespider; spider-feedback@bytedance.com) AppleWebKit/537.36 (KHTML, like Gecko) Chrome/70.0.0.0 Safari/537.36"
47.128.116.14 - - [26/Jul/2026:02:03:47 +0000] "GET /wp-content/uploads/2022/09/14.-Preview-articles.svg HTTP/1.1" 200 73347 "https://weelorum.com/blog/find-out-how-to-estimate-cost-of-app-development-with-weelorum/" "Mozilla/5.0 (compatible; Bytespider; spider-feedback@bytedance.com) AppleWebKit/537.36 (KHTML, like Gecko) Chrome/70.0.0.0 Safari/537.36"
47.128.116.14 - - [26/Jul/2026:02:03:47 +0000] "GET /wp-content/uploads/2022/11/16.-630_344.svg HTTP/1.1" 200 89962 "https://weelorum.com/blog/find-out-how-to-estimate-cost-of-app-development-with-weelorum/" "Mozilla/5.0 (compatible; Bytespider; spider-feedback@bytedance.com) AppleWebKit/537.36 (KHTML, like Gecko) Chrome/70.0.0.0 Safari/537.36"
47.128.116.14 - - [26/Jul/2026:02:03:48 +0000] "GET /wp-content/uploads/2022/08/3.-Preview-articles.svg HTTP/1.1" 200 118945 "https://weelorum.com/blog/find-out-how-to-estimate-cost-of-app-development-with-weelorum/" "Mozilla/5.0 (compatible; Bytespider; spider-feedback@bytedance.com) AppleWebKit/537.36 (KHTML, like Gecko) Chrome/70.0.0.0 Safari/537.36"
47.128.116.14 - - [26/Jul/2026:02:03:48 +0000] "GET /wp-content/themes/weelorum-theme/assets/images/footer-award-2.svg HTTP/1.1" 200 30445 "https://weelorum.com/blog/find-out-how-to-estimate-cost-of-app-development-with-weelorum/" "Mozilla/5.0 (compatible; Bytespider; spider-feedback@bytedance.com) AppleWebKit/537.36 (KHTML, like Gecko) Chrome/70.0.0.0 Safari/537.36"
47.128.116.14 - - [26/Jul/2026:02:03:48 +0000] "GET /wp-json/contact-form-7/v1/contact-forms/217/refill HTTP/1.1" 200 33 "https://weelorum.com/blog/find-out-how-to-estimate-cost-of-app-development-with-weelorum/" "Mozilla/5.0 (compatible; Bytespider; spider-feedback@bytedance.com) AppleWebKit/537.36 (KHTML, like Gecko) Chrome/70.0.0.0 Safari/537.36"
198.235.24.147 - - [26/Jul/2026:02:05:27 +0000] "GET / HTTP/1.1" 200 333061 "-" "Hello from Palo Alto Networks, find out more about our scans in https://docs-cortex.paloaltonetworks.com/r/1/Cortex-Xpanse/Scanning-activity"
103.130.18.74 - - [26/Jul/2026:02:08:34 +0000] "GET /wp-content/uploads/2023/05/2-849x1024.png HTTP/1.1" 200 93464 "-" "Mozilla/5.0 (Windows NT 10.0; Win64; x64) AppleWebKit/537.36 (KHTML, like Gecko) Chrome/150.0.0.0 Safari/537.36"
146.190.158.65 - - [26/Jul/2026:02:09:29 +0000] "POST /wp-cron.php?doing_wp_cron=1785031769.2598879337310791015625 HTTP/1.1" 200 31 "-" "WordPress/7.0; https://weelorum.com"
14.191.93.213 - - [26/Jul/2026:02:09:29 +0000] "GET /app-like-facebook-how-to-develop-a-social-media-app-in-2023/tel:380962170860 HTTP/1.1" 404 29706 "-" "Mozilla/5.0 (Windows NT 10.0; Win64; x64) AppleWebKit/537.36 (KHTML, like Gecko) Chrome/99.0.4844.74 Safari/537.36"
146.190.158.65 - - [26/Jul/2026:02:09:43 +0000] "POST /wp-cron.php?doing_wp_cron=1785031783.0853219032287597656250 HTTP/1.1" 200 31 "-" "WordPress/7.0; https://weelorum.com"
18.213.147.161 - - [26/Jul/2026:02:09:43 +0000] "GET /privacy-policy HTTP/1.1" 301 5 "-" "Mozilla/5.0 AppleWebKit/605.1.15 (KHTML, like Gecko) Chrome/139.0.0.0 Safari/605.1.15"
52.202.60.107 - - [26/Jul/2026:02:09:43 +0000] "GET /privacy-policy/ HTTP/1.1" 200 60604 "-" "Mozilla/5.0 AppleWebKit/605.1.15 (KHTML, like Gecko) Chrome/139.0.0.0 Safari/605.1.15"
74.125.215.35 - - [26/Jul/2026:02:10:27 +0000] "GET /wp-content/uploads/2023/05/2-849x1024.png HTTP/1.1" 200 93464 "-" "Mozilla/5.0 (Linux; Android 6.0.1; Nexus 5X Build/MMB29P) AppleWebKit/537.36 (KHTML, like Gecko) Chrome/150.0.7871.124 Mobile Safari/537.36"
64.233.173.238 - - [26/Jul/2026:02:10:38 +0000] "GET /wp-content/uploads/2023/05/2-849x1024.png HTTP/1.1" 200 93464 "-" "Google-Test"
173.252.82.19 - - [26/Jul/2026:02:12:09 +0000] "GET /wp-content/uploads/2022/12/Jon-D.Rock_-360x522.png HTTP/1.1" 200 15130 "-" "meta-externalagent/1.1 (+https://developers.facebook.com/docs/sharing/webmasters/crawler)"
103.130.18.74 - - [26/Jul/2026:02:13:15 +0000] "GET /wp-content/uploads/2023/05/2-849x1024.png HTTP/1.1" 200 93464 "-" "Mozilla/5.0 (Windows NT 10.0; Win64; x64) AppleWebKit/537.36 (KHTML, like Gecko) Chrome/150.0.0.0 Safari/537.36"
146.190.158.65 - - [26/Jul/2026:02:14:01 +0000] "GET / HTTP/1.1" 301 169 "-" "Mozilla/5.0 (X11; Linux x86_64) AppleWebKit/537.36 (KHTML, like Gecko) Chrome/44.0.2403.157 Safari/537.36"
146.190.158.65 - - [26/Jul/2026:02:14:01 +0000] "GET / HTTP/1.1" 200 48886 "http://146.190.158.65" "Mozilla/5.0 (X11; Linux x86_64) AppleWebKit/537.36 (KHTML, like Gecko) Chrome/44.0.2403.157 Safari/537.36"
20.84.81.88 - - [26/Jul/2026:02:17:19 +0000] "GET / HTTP/1.1" 301 169 "-" "wp2shell-rce/1.0"
20.84.81.88 - - [26/Jul/2026:02:17:20 +0000] "GET / HTTP/1.1" 200 333124 "-" "wp2shell-rce/1.0"
20.84.81.88 - - [26/Jul/2026:02:17:20 +0000] "POST /?rest_route=/batch/v1 HTTP/1.1" 301 169 "-" "wp2shell-rce/1.0"
146.190.158.65 - - [26/Jul/2026:02:17:20 +0000] "POST /wp-cron.php?doing_wp_cron=1785032240.9461579322814941406250 HTTP/1.1" 200 31 "-" "WordPress/7.0; https://weelorum.com"
20.84.81.88 - - [26/Jul/2026:02:17:20 +0000] "GET /?rest_route=/batch/v1 HTTP/1.1" 404 125 "-" "wp2shell-rce/1.0"
146.103.116.11 - - [26/Jul/2026:02:17:27 +0000] "GET /blog/find-out-how-to-estimate-cost-of-app-development-with-weelorum/ HTTP/1.0" 200 365756 "https://weelorum.com/blog/find-out-how-to-estimate-cost-of-app-development-with-weelorum/" "Mozilla/5.0 (Windows NT 10.0; Win64; x64) AppleWebKit/537.36 (KHTML, like Gecko) Chrome/131.0.0.0 Safari/537.36 Avast/131.0.0.0"
146.190.158.65 - - [26/Jul/2026:02:17:28 +0000] "POST /wp-cron.php?doing_wp_cron=1785032248.5348401069641113281250 HTTP/1.1" 200 31 "-" "WordPress/7.0; https://weelorum.com"
146.103.116.11 - - [26/Jul/2026:02:17:28 +0000] "POST /wp-comments-post.php HTTP/1.0" 302 0 "https://weelorum.com/blog/find-out-how-to-estimate-cost-of-app-development-with-weelorum/" "Mozilla/5.0 (Windows NT 10.0; Win64; x64) AppleWebKit/537.36 (KHTML, like Gecko) Chrome/131.0.0.0 Safari/537.36 Avast/131.0.0.0"
146.103.116.11 - - [26/Jul/2026:02:17:29 +0000] "GET /blog/find-out-how-to-estimate-cost-of-app-development-with-weelorum/ HTTP/1.0" 200 212835 "https://weelorum.com/blog/find-out-how-to-estimate-cost-of-app-development-with-weelorum/#comment-40012" "Mozilla/5.0 (Windows NT 10.0; Win64; x64) AppleWebKit/537.36 (KHTML, like Gecko) Chrome/131.0.0.0 Safari/537.36 Avast/131.0.0.0"
43.136.86.241 - - [26/Jul/2026:02:18:13 +0000] "GET / HTTP/1.1" 301 169 "-" "Mozilla/5.0 (iPhone; CPU iPhone OS 13_2_3 like Mac OS X) AppleWebKit/605.1.15 (KHTML, like Gecko) Version/13.0.3 Mobile/15E148 Safari/604.1"
89.124.70.29 - - [26/Jul/2026:02:19:14 +0000] "GET /blog/find-out-how-to-estimate-cost-of-app-development-with-weelorum/ HTTP/1.0" 200 365756 "https://weelorum.com/blog/find-out-how-to-estimate-cost-of-app-development-with-weelorum/" "Mozilla/5.0 (Windows NT 10.0; Win64; x64) AppleWebKit/537.36 (KHTML, like Gecko) Chrome/131.0.0.0 Safari/537.36 Avast/131.0.0.0"
146.190.158.65 - - [26/Jul/2026:02:19:15 +0000] "POST /wp-cron.php?doing_wp_cron=1785032355.7394700050354003906250 HTTP/1.1" 200 31 "-" "WordPress/7.0; https://weelorum.com"
89.124.70.29 - - [26/Jul/2026:02:19:15 +0000] "POST /wp-comments-post.php HTTP/1.0" 302 0 "https://weelorum.com/blog/find-out-how-to-estimate-cost-of-app-development-with-weelorum/" "Mozilla/5.0 (Windows NT 10.0; Win64; x64) AppleWebKit/537.36 (KHTML, like Gecko) Chrome/131.0.0.0 Safari/537.36 Avast/131.0.0.0"
89.124.70.29 - - [26/Jul/2026:02:19:16 +0000] "GET /blog/find-out-how-to-estimate-cost-of-app-development-with-weelorum/ HTTP/1.0" 200 212837 "https://weelorum.com/blog/find-out-how-to-estimate-cost-of-app-development-with-weelorum/#comment-40013" "Mozilla/5.0 (Windows NT 10.0; Win64; x64) AppleWebKit/537.36 (KHTML, like Gecko) Chrome/131.0.0.0 Safari/537.36 Avast/131.0.0.0"
52.167.144.141 - - [26/Jul/2026:02:21:15 +0000] "GET /blog/top-10-challenges-in-financial-mobile-app-development-and-ways-to-solve-them/ HTTP/1.1" 200 90766 "-" "Mozilla/5.0 AppleWebKit/537.36 (KHTML, like Gecko; compatible; bingbot/2.0; +http://www.bing.com/bingbot.htm) Chrome/116.0.1938.76 Safari/537.36"
146.190.158.65 - - [26/Jul/2026:02:21:19 +0000] "POST /wp-cron.php?doing_wp_cron=1785032479.8456509113311767578125 HTTP/1.1" 200 31 "-" "WordPress/7.0; https://weelorum.com"
65.55.210.181 - - [26/Jul/2026:02:21:19 +0000] "GET /blog/top-10-challenges-in-financial-mobile-app-development-and-ways-to-solve-them HTTP/1.1" 301 5 "-" "Mozilla/5.0 AppleWebKit/537.36 (KHTML, like Gecko; compatible; bingbot/2.0; +http://www.bing.com/bingbot.htm) Chrome/136.0.0.0 Safari/537.36"
146.190.158.65 - - [26/Jul/2026:02:21:46 +0000] "POST /wp-cron.php?doing_wp_cron=1785032506.0927789211273193359375 HTTP/1.1" 200 31 "-" "WordPress/7.0; https://weelorum.com"
