123.160.223.75 - - [26/Jul/2026:07:43:28 +0000] "GET /wp-content/uploads/fbrfg/favicon.ico HTTP/1.1" 200 1924 "http://weelorum.com/wp-content/uploads/fbrfg/favicon.ico" "Mozilla/5.0 (Macintosh; Intel Mac OS X 10_15_7) AppleWebKit/537.36 (KHTML, like Gecko) Chrome/120.0.0.0 Safari/537.36"
146.190.158.65 - - [26/Jul/2026:07:45:09 +0000] "POST /wp-cron.php?doing_wp_cron=1785051909.1584329605102539062500 HTTP/1.1" 200 31 "-" "WordPress/7.0; https://weelorum.com"
94.154.43.186 - - [26/Jul/2026:07:45:09 +0000] "GET /.env HTTP/1.1" 404 130446 "-" "Mozilla/5.0 (Windows NT 10.0; Win64; x64) AppleWebKit/537.36 (KHTML, like Gecko) Chrome/147.0.0.0 Safari/537.36"
146.190.158.65 - - [26/Jul/2026:07:46:49 +0000] "POST /wp-cron.php?doing_wp_cron=1785052009.0226080417633056640625 HTTP/1.1" 200 31 "-" "WordPress/7.0; https://weelorum.com"
14.191.201.185 - - [26/Jul/2026:07:46:49 +0000] "GET /success-stories/photo-copy/tel:380962170860 HTTP/1.1" 404 29686 "-" "Mozilla/5.0 (Windows NT 10.0; Win64; x64) AppleWebKit/537.36 (KHTML, like Gecko) Chrome/89.0.4389.128 Safari/537.36"
82.223.4.24 - - [26/Jul/2026:07:48:28 +0000] "GET / HTTP/1.1" 301 169 "-" "Mozilla/5.0 (X11; Linux x86_64) AppleWebKit/537.36 (KHTML, like Gecko) Chrome/120.0.0.0 Safari/537.36"
82.223.4.24 - - [26/Jul/2026:07:48:28 +0000] "GET / HTTP/1.1" 200 80041 "-" "Mozilla/5.0 (X11; Linux x86_64) AppleWebKit/537.36 (KHTML, like Gecko) Chrome/120.0.0.0 Safari/537.36"
146.190.158.65 - - [26/Jul/2026:07:48:29 +0000] "POST /wp-cron.php?doing_wp_cron=1785052109.9457559585571289062500 HTTP/1.1" 200 31 "-" "WordPress/7.0; https://weelorum.com"
82.223.4.24 - - [26/Jul/2026:07:48:30 +0000] "POST /wp-json/batch/v1 HTTP/1.1" 207 27 "-" "wp2shell"
82.223.4.24 - - [26/Jul/2026:07:48:30 +0000] "POST /?rest_route=/batch/v1 HTTP/1.1" 207 27 "-" "wp2shell"
216.244.66.194 - - [26/Jul/2026:07:48:44 +0000] "GET /robots.txt HTTP/1.1" 301 169 "-" "Mozilla/5.0 (compatible; DotBot/1.2; +https://opensiteexplorer.org/dotbot; help@moz.com)"
216.244.66.194 - - [26/Jul/2026:07:48:44 +0000] "GET /robots.txt HTTP/1.1" 200 150 "-" "Mozilla/5.0 (compatible; DotBot/1.2; +https://opensiteexplorer.org/dotbot; help@moz.com)"
146.190.158.65 - - [26/Jul/2026:07:48:45 +0000] "POST /wp-cron.php?doing_wp_cron=1785052125.2738978862762451171875 HTTP/1.1" 200 31 "-" "WordPress/7.0; https://weelorum.com"
82.223.4.24 - - [26/Jul/2026:07:48:46 +0000] "POST /?rest_route=/batch/v1 HTTP/1.1" 207 937737 "-" "wp2shell"
212.34.141.234 - - [26/Jul/2026:07:49:37 +0000] "GET /blog/find-out-how-to-estimate-cost-of-app-development-with-weelorum/ HTTP/1.0" 200 365756 "https://weelorum.com/blog/find-out-how-to-estimate-cost-of-app-development-with-weelorum/" "Mozilla/5.0 (Windows NT 10.0; Win64; x64) AppleWebKit/537.36 (KHTML, like Gecko) Chrome/131.0.0.0 Safari/537.36 Avast/131.0.0.0"
146.190.158.65 - - [26/Jul/2026:07:49:38 +0000] "POST /wp-cron.php?doing_wp_cron=1785052178.3749570846557617187500 HTTP/1.1" 200 31 "-" "WordPress/7.0; https://weelorum.com"
212.34.141.234 - - [26/Jul/2026:07:49:38 +0000] "POST /wp-comments-post.php HTTP/1.0" 302 0 "https://weelorum.com/blog/find-out-how-to-estimate-cost-of-app-development-with-weelorum/" "Mozilla/5.0 (Windows NT 10.0; Win64; x64) AppleWebKit/537.36 (KHTML, like Gecko) Chrome/131.0.0.0 Safari/537.36 Avast/131.0.0.0"
212.34.141.234 - - [26/Jul/2026:07:49:39 +0000] "GET /blog/find-out-how-to-estimate-cost-of-app-development-with-weelorum/ HTTP/1.0" 200 212773 "https://weelorum.com/blog/find-out-how-to-estimate-cost-of-app-development-with-weelorum/#comment-40025" "Mozilla/5.0 (Windows NT 10.0; Win64; x64) AppleWebKit/537.36 (KHTML, like Gecko) Chrome/131.0.0.0 Safari/537.36 Avast/131.0.0.0"
18.215.49.176 - - [26/Jul/2026:07:50:40 +0000] "GET /blog/how-to-develop-taxi-app-like-uber-complete-guide/ HTTP/1.1" 200 88056 "-" "Mozilla/5.0 AppleWebKit/537.36 (KHTML, like Gecko; compatible; Amazonbot/0.1; +https://developer.amazon.com/support/amazonbot) Chrome/119.0.6045.214 Safari/537.36"
146.190.158.65 - - [26/Jul/2026:07:50:41 +0000] "POST /wp-cron.php?doing_wp_cron=1785052241.7014360427856445312500 HTTP/1.1" 200 31 "-" "WordPress/7.0; https://weelorum.com"
103.224.55.179 - - [26/Jul/2026:07:50:41 +0000] "GET /solutions/delivery-app-development-services/tel:380962170860 HTTP/1.1" 404 29678 "-" "Mozilla/5.0 (Windows NT 10.0; Win64; x64) AppleWebKit/537.36 (KHTML, like Gecko) Chrome/101.0.4591.54 Safari/537.36"
146.190.158.65 - - [26/Jul/2026:07:51:37 +0000] "POST /wp-cron.php?doing_wp_cron=1785052297.8450810909271240234375 HTTP/1.1" 200 31 "-" "WordPress/7.0; https://weelorum.com"
50.19.148.86 - - [26/Jul/2026:07:51:37 +0000] "GET /blog/what HTTP/1.1" 301 5 "-" "Mozilla/5.0 AppleWebKit/605.1.15 (KHTML, like Gecko) Chrome/139.0.0.0 Safari/605.1.15"
34.193.231.36 - - [26/Jul/2026:07:51:38 +0000] "GET /blog/what-ai-is-capable-of-gemini-pro-and-chatgpt4s-potential/ HTTP/1.1" 200 95961 "-" "Mozilla/5.0 AppleWebKit/605.1.15 (KHTML, like Gecko) Chrome/139.0.0.0 Safari/605.1.15"
146.190.158.65 - - [26/Jul/2026:07:53:10 +0000] "POST /wp-cron.php?doing_wp_cron=1785052390.0058310031890869140625 HTTP/1.1" 200 31 "-" "WordPress/7.0; https://weelorum.com"
57.141.18.110 - - [26/Jul/2026:07:53:10 +0000] "GET /home-v2-preview/ HTTP/1.1" 301 5 "-" "Mozilla/5.0 (Macintosh; Intel Mac OS X 10_15_7) AppleWebKit/537.36 (KHTML, like Gecko) Chrome/145.0.0.0 Safari/537.36 (compatible; meta-externalagent/1.1 (+https://developers.facebook.com/docs/sharing/webmasters/crawler))"
146.190.158.65 - - [26/Jul/2026:07:53:32 +0000] "POST /wp-cron.php?doing_wp_cron=1785052412.8704929351806640625000 HTTP/1.1" 200 31 "-" "WordPress/7.0; https://weelorum.com"
216.244.66.194 - - [26/Jul/2026:07:53:32 +0000] "GET /blog/how-do-dating-apps-make-money-12-monetization-methods/feed/ HTTP/1.1" 200 927 "-" "Mozilla/5.0 (compatible; DotBot/1.2; +https://opensiteexplorer.org/dotbot; help@moz.com)"
52.33.154.6 - - [26/Jul/2026:07:54:04 +0000] "GET /blog/key-things-you-should-know-when-making-a-calendar-app/ HTTP/1.1" 200 374876 "-" "Mozilla/5.0 (Windows NT 6.3; Win64; x64) AppleWebKit/537.36 (KHTML, like Gecko) Chrome/56.0.2924.87 Safari/537.36"
146.190.158.65 - - [26/Jul/2026:07:56:01 +0000] "GET / HTTP/1.1" 301 169 "-" "Mozilla/5.0 (X11; Linux x86_64) AppleWebKit/537.36 (KHTML, like Gecko) Chrome/44.0.2403.157 Safari/537.36"
146.190.158.65 - - [26/Jul/2026:07:56:01 +0000] "GET / HTTP/1.1" 200 48886 "http://146.190.158.65" "Mozilla/5.0 (X11; Linux x86_64) AppleWebKit/537.36 (KHTML, like Gecko) Chrome/44.0.2403.157 Safari/537.36"
98.218.0.152 - - [26/Jul/2026:07:57:53 +0000] "GET /services/web-development-services/ HTTP/1.1" 200 85935 "-" "Mozilla/5.0 (Macintosh; Intel Mac OS X 10_15_7) AppleWebKit/537.36 (KHTML, like Gecko) Chrome/120.0.0.0 Safari/537.36"
146.190.158.65 - - [26/Jul/2026:07:58:09 +0000] "POST /wp-cron.php?doing_wp_cron=1785052689.2212169170379638671875 HTTP/1.1" 200 31 "-" "WordPress/7.0; https://weelorum.com"
57.141.18.124 - - [26/Jul/2026:07:58:09 +0000] "GET /portfolio_service-sitemap.xml HTTP/1.1" 200 1978 "-" "Mozilla/5.0 (Windows NT 10.0; Win64; x64) AppleWebKit/537.36 (KHTML, like Gecko) Chrome/145.0.0.0 Safari/537.36 (compatible; meta-externalagent/1.1 (+https://developers.facebook.com/docs/sharing/webmasters/crawler))"
146.190.158.65 - - [26/Jul/2026:07:58:37 +0000] "POST /wp-cron.php?doing_wp_cron=1785052717.5141320228576660156250 HTTP/1.1" 200 31 "-" "WordPress/7.0; https://weelorum.com"
223.109.255.181 - - [26/Jul/2026:07:58:37 +0000] "GET /wp-content/uploads/2023/07/jhon-d.-rock.svg HTTP/1.1" 404 29674 "http://pic.sogou.com" "Sogou Pic Spider/3.0(+http://www.sogou.com/docs/help/webmasters.htm#07)"
146.190.158.65 - - [26/Jul/2026:08:00:01 +0000] "GET / HTTP/1.1" 301 169 "-" "Mozilla/5.0 (X11; Linux x86_64) AppleWebKit/537.36 (KHTML, like Gecko) Chrome/44.0.2403.157 Safari/537.36"
146.190.158.65 - - [26/Jul/2026:08:00:02 +0000] "GET / HTTP/1.1" 200 32502 "http://146.190.158.65" "Mozilla/5.0 (X11; Linux x86_64) AppleWebKit/537.36 (KHTML, like Gecko) Chrome/44.0.2403.157 Safari/537.36"
45.78.213.142 - - [26/Jul/2026:08:01:48 +0000] "GET /wp-content/uploads/2023/04/apple-watch-design-tips.jpg HTTP/1.1" 200 50504 "-" "Mozilla/5.0 (Windows NT 10.0; Win64; x64) AppleWebKit/537.36 (KHTML, like Gecko) Chrome/146.0.0.0 Safari/537.36"
216.73.216.194 - - [26/Jul/2026:08:02:23 +0000] "GET /robots.txt HTTP/1.1" 200 150 "-" "Mozilla/5.0 (Macintosh; Intel Mac OS X 10_15_7) AppleWebKit/537.36 (KHTML, like Gecko) Chrome/131.0.0.0 Safari/537.36; ClaudeBot/1.0; +claudebot@anthropic.com)"
216.73.216.194 - - [26/Jul/2026:08:02:24 +0000] "GET /blog/how-to-find-and-hire-developers-for-financial-applications/ HTTP/1.1" 200 88203 "-" "Mozilla/5.0 (Macintosh; Intel Mac OS X 10_15_7) AppleWebKit/537.36 (KHTML, like Gecko) Chrome/131.0.0.0 Safari/537.36; ClaudeBot/1.0; +claudebot@anthropic.com)"
216.73.216.194 - - [26/Jul/2026:08:02:24 +0000] "GET /wp-content/themes/weelorum-theme/assets/fonts/montserrat.woff2 HTTP/1.1" 200 30300 "https://weelorum.com/blog/how-to-find-and-hire-developers-for-financial-applications/" "Mozilla/5.0 (Macintosh; Intel Mac OS X 10_15_7) AppleWebKit/537.36 (KHTML, like Gecko) Chrome/131.0.0.0 Safari/537.36; ClaudeBot/1.0; +claudebot@anthropic.com)"
216.73.216.194 - - [26/Jul/2026:08:02:24 +0000] "GET /wp-content/cache/min/1/wp-content/themes/weelorum-theme/css/awards-section.css?ver=1784812621 HTTP/1.1" 200 1392 "https://weelorum.com/blog/how-to-find-and-hire-developers-for-financial-applications/" "Mozilla/5.0 (Macintosh; Intel Mac OS X 10_15_7) AppleWebKit/537.36 (KHTML, like Gecko) Chrome/131.0.0.0 Safari/537.36; ClaudeBot/1.0; +claudebot@anthropic.com)"
216.73.216.194 - - [26/Jul/2026:08:02:24 +0000] "GET /wp-content/cache/background-css/1/weelorum.com/wp-content/cache/min/1/wp-content/themes/weelorum-theme/assets/css/wl-pages.css?ver=1784812621&wpr_t=1785000691 HTTP/1.1" 200 58175 "https://weelorum.com/blog/how-to-find-and-hire-developers-for-financial-applications/" "Mozilla/5.0 (Macintosh; Intel Mac OS X 10_15_7) AppleWebKit/537.36 (KHTML, like Gecko) Chrome/131.0.0.0 Safari/537.36; ClaudeBot/1.0; +claudebot@anthropic.com)"
216.73.216.194 - - [26/Jul/2026:08:02:24 +0000] "GET /wp-content/uploads/2023/04/47.Web_.1440.svg HTTP/1.1" 200 62922 "https://weelorum.com/blog/how-to-find-and-hire-developers-for-financial-applications/" "Mozilla/5.0 (Macintosh; Intel Mac OS X 10_15_7) AppleWebKit/537.36 (KHTML, like Gecko) Chrome/131.0.0.0 Safari/537.36; ClaudeBot/1.0; +claudebot@anthropic.com)"
216.73.216.194 - - [26/Jul/2026:08:02:24 +0000] "GET /wp-includes/js/dist/i18n.min.js?ver=781d11515ad3d91786ec HTTP/1.1" 200 2574 "https://weelorum.com/blog/how-to-find-and-hire-developers-for-financial-applications/" "Mozilla/5.0 (Macintosh; Intel Mac OS X 10_15_7) AppleWebKit/537.36 (KHTML, like Gecko) Chrome/131.0.0.0 Safari/537.36; ClaudeBot/1.0; +claudebot@anthropic.com)"
216.73.216.194 - - [26/Jul/2026:08:02:24 +0000] "GET /wp-includes/js/jquery/jquery.min.js?ver=3.7.1 HTTP/1.1" 200 35451 "https://weelorum.com/blog/how-to-find-and-hire-developers-for-financial-applications/" "Mozilla/5.0 (Macintosh; Intel Mac OS X 10_15_7) AppleWebKit/537.36 (KHTML, like Gecko) Chrome/131.0.0.0 Safari/537.36; ClaudeBot/1.0; +claudebot@anthropic.com)"
216.73.216.194 - - [26/Jul/2026:08:02:24 +0000] "GET /wp-includes/js/jquery/jquery-migrate.min.js?ver=3.4.1 HTTP/1.1" 200 5355 "https://weelorum.com/blog/how-to-find-and-hire-developers-for-financial-applications/" "Mozilla/5.0 (Macintosh; Intel Mac OS X 10_15_7) AppleWebKit/537.36 (KHTML, like Gecko) Chrome/131.0.0.0 Safari/537.36; ClaudeBot/1.0; +claudebot@anthropic.com)"
216.73.216.194 - - [26/Jul/2026:08:02:24 +0000] "GET /wp-content/uploads/2022/08/cropped-cropped-CEO-1-104x104.jpg HTTP/1.1" 200 2683 "https://weelorum.com/blog/how-to-find-and-hire-developers-for-financial-applications/" "Mozilla/5.0 (Macintosh; Intel Mac OS X 10_15_7) AppleWebKit/537.36 (KHTML, like Gecko) Chrome/131.0.0.0 Safari/537.36; ClaudeBot/1.0; +claudebot@anthropic.com)"
216.73.216.194 - - [26/Jul/2026:08:02:24 +0000] "GET /wp-content/cache/min/1/wp-content/themes/weelorum-theme/assets/js/main.js?ver=1784812621 HTTP/1.1" 200 1767 "https://weelorum.com/blog/how-to-find-and-hire-developers-for-financial-applications/" "Mozilla/5.0 (Macintosh; Intel Mac OS X 10_15_7) AppleWebKit/537.36 (KHTML, like Gecko) Chrome/131.0.0.0 Safari/537.36; ClaudeBot/1.0; +claudebot@anthropic.com)"
216.73.216.194 - - [26/Jul/2026:08:02:24 +0000] "GET /wp-content/cache/min/1/wp-content/plugins/contact-form-7/includes/swv/js/index.js?ver=1784812623 HTTP/1.1" 200 3887 "https://weelorum.com/blog/how-to-find-and-hire-developers-for-financial-applications/" "Mozilla/5.0 (Macintosh; Intel Mac OS X 10_15_7) AppleWebKit/537.36 (KHTML, like Gecko) Chrome/131.0.0.0 Safari/537.36; ClaudeBot/1.0; +claudebot@anthropic.com)"
216.73.216.194 - - [26/Jul/2026:08:02:24 +0000] "GET /wp-content/plugins/wp-rocket/assets/js/lazyload/17.8.3/lazyload.min.js HTTP/1.1" 200 3400 "https://weelorum.com/blog/how-to-find-and-hire-developers-for-financial-applications/" "Mozilla/5.0 (Macintosh; Intel Mac OS X 10_15_7) AppleWebKit/537.36 (KHTML, like Gecko) Chrome/131.0.0.0 Safari/537.36; ClaudeBot/1.0; +claudebot@anthropic.com)"
216.73.216.194 - - [26/Jul/2026:08:02:24 +0000] "GET /wp-content/cache/min/1/wp-content/plugins/contact-form-7/includes/js/index.js?ver=1784812623 HTTP/1.1" 200 4803 "https://weelorum.com/blog/how-to-find-and-hire-developers-for-financial-applications/" "Mozilla/5.0 (Macintosh; Intel Mac OS X 10_15_7) AppleWebKit/537.36 (KHTML, like Gecko) Chrome/131.0.0.0 Safari/537.36; ClaudeBot/1.0; +claudebot@anthropic.com)"
216.73.216.194 - - [26/Jul/2026:08:02:24 +0000] "GET /wp-content/uploads/2023/04/47.Mob_.375.svg HTTP/1.1" 200 61982 "https://weelorum.com/blog/how-to-find-and-hire-developers-for-financial-applications/" "Mozilla/5.0 (Macintosh; Intel Mac OS X 10_15_7) AppleWebKit/537.36 (KHTML, like Gecko) Chrome/131.0.0.0 Safari/537.36; ClaudeBot/1.0; +claudebot@anthropic.com)"
216.73.216.194 - - [26/Jul/2026:08:02:31 +0000] "GET /wp-content/uploads/2025/11/5-Must-Have-Features-for-a-Successful-AI-Powered-Dating-App-410x233.png HTTP/1.1" 200 6005 "https://weelorum.com/blog/how-to-find-and-hire-developers-for-financial-applications/" "Mozilla/5.0 (Macintosh; Intel Mac OS X 10_15_7) AppleWebKit/537.36 (KHTML, like Gecko) Chrome/131.0.0.0 Safari/537.36; ClaudeBot/1.0; +claudebot@anthropic.com)"
216.73.216.194 - - [26/Jul/2026:08:02:31 +0000] "GET /wp-content/uploads/2022/08/cropped-cropped-CEO-1-192x192.jpg HTTP/1.1" 200 5344 "https://weelorum.com/blog/how-to-find-and-hire-developers-for-financial-applications/" "Mozilla/5.0 (Macintosh; Intel Mac OS X 10_15_7) AppleWebKit/537.36 (KHTML, like Gecko) Chrome/131.0.0.0 Safari/537.36; ClaudeBot/1.0; +claudebot@anthropic.com)"
216.73.216.194 - - [26/Jul/2026:08:02:31 +0000] "GET /wp-content/uploads/2025/11/App-Development-Costs-Beyond-Coding_-Budget-for-2025-410x233.png HTTP/1.1" 200 6832 "https://weelorum.com/blog/how-to-find-and-hire-developers-for-financial-applications/" "Mozilla/5.0 (Macintosh; Intel Mac OS X 10_15_7) AppleWebKit/537.36 (KHTML, like Gecko) Chrome/131.0.0.0 Safari/537.36; ClaudeBot/1.0; +claudebot@anthropic.com)"
216.73.216.194 - - [26/Jul/2026:08:02:31 +0000] "GET /wp-content/uploads/2022/09/14.-Preview-articles.svg HTTP/1.1" 200 73347 "https://weelorum.com/blog/how-to-find-and-hire-developers-for-financial-applications/" "Mozilla/5.0 (Macintosh; Intel Mac OS X 10_15_7) AppleWebKit/537.36 (KHTML, like Gecko) Chrome/131.0.0.0 Safari/537.36; ClaudeBot/1.0; +claudebot@anthropic.com)"
216.73.216.194 - - [26/Jul/2026:08:02:31 +0000] "GET /wp-content/uploads/2022/08/3.-Preview-articles.svg HTTP/1.1" 200 118945 "https://weelorum.com/blog/how-to-find-and-hire-developers-for-financial-applications/" "Mozilla/5.0 (Macintosh; Intel Mac OS X 10_15_7) AppleWebKit/537.36 (KHTML, like Gecko) Chrome/131.0.0.0 Safari/537.36; ClaudeBot/1.0; +claudebot@anthropic.com)"
216.73.216.194 - - [26/Jul/2026:08:02:31 +0000] "GET /wp-content/uploads/2022/11/19.-630_344.svg HTTP/1.1" 200 70290 "https://weelorum.com/blog/how-to-find-and-hire-developers-for-financial-applications/" "Mozilla/5.0 (Macintosh; Intel Mac OS X 10_15_7) AppleWebKit/537.36 (KHTML, like Gecko) Chrome/131.0.0.0 Safari/537.36; ClaudeBot/1.0; +claudebot@anthropic.com)"
216.73.216.194 - - [26/Jul/2026:08:02:31 +0000] "GET /wp-content/uploads/2022/11/16.-630_344.svg HTTP/1.1" 200 89962 "https://weelorum.com/blog/how-to-find-and-hire-developers-for-financial-applications/" "Mozilla/5.0 (Macintosh; Intel Mac OS X 10_15_7) AppleWebKit/537.36 (KHTML, like Gecko) Chrome/131.0.0.0 Safari/537.36; ClaudeBot/1.0; +claudebot@anthropic.com)"
216.73.216.194 - - [26/Jul/2026:08:02:31 +0000] "GET /wp-content/uploads/2023/07/52.Web_.630-410x233.png HTTP/1.1" 200 4868 "https://weelorum.com/blog/how-to-find-and-hire-developers-for-financial-applications/" "Mozilla/5.0 (Macintosh; Intel Mac OS X 10_15_7) AppleWebKit/537.36 (KHTML, like Gecko) Chrome/131.0.0.0 Safari/537.36; ClaudeBot/1.0; +claudebot@anthropic.com)"
216.73.216.194 - - [26/Jul/2026:08:02:31 +0000] "GET /wp-content/uploads/2022/05/logo.png HTTP/1.1" 200 2047 "https://weelorum.com/blog/how-to-find-and-hire-developers-for-financial-applications/" "Mozilla/5.0 (Macintosh; Intel Mac OS X 10_15_7) AppleWebKit/537.36 (KHTML, like Gecko) Chrome/131.0.0.0 Safari/537.36; ClaudeBot/1.0; +claudebot@anthropic.com)"
216.73.216.194 - - [26/Jul/2026:08:02:31 +0000] "GET /wp-content/uploads/2023/06/51.Web_.630-410x233.png HTTP/1.1" 200 4539 "https://weelorum.com/blog/how-to-find-and-hire-developers-for-financial-applications/" "Mozilla/5.0 (Macintosh; Intel Mac OS X 10_15_7) AppleWebKit/537.36 (KHTML, like Gecko) Chrome/131.0.0.0 Safari/537.36; ClaudeBot/1.0; +claudebot@anthropic.com)"
216.73.216.194 - - [26/Jul/2026:08:02:31 +0000] "GET /wp-content/themes/weelorum-theme/assets/images/icon-linkedin.png HTTP/1.1" 200 461 "https://weelorum.com/blog/how-to-find-and-hire-developers-for-financial-applications/" "Mozilla/5.0 (Macintosh; Intel Mac OS X 10_15_7) AppleWebKit/537.36 (KHTML, like Gecko) Chrome/131.0.0.0 Safari/537.36; ClaudeBot/1.0; +claudebot@anthropic.com)"
216.73.216.194 - - [26/Jul/2026:08:02:31 +0000] "GET /wp-content/themes/weelorum-theme/assets/images/icon-facebook.png HTTP/1.1" 200 313 "https://weelorum.com/blog/how-to-find-and-hire-developers-for-financial-applications/" "Mozilla/5.0 (Macintosh; Intel Mac OS X 10_15_7) AppleWebKit/537.36 (KHTML, like Gecko) Chrome/131.0.0.0 Safari/537.36; ClaudeBot/1.0; +claudebot@anthropic.com)"
216.73.216.194 - - [26/Jul/2026:08:02:31 +0000] "GET /wp-content/themes/weelorum-theme/assets/images/icon-telegram.png HTTP/1.1" 200 670 "https://weelorum.com/blog/how-to-find-and-hire-developers-for-financial-applications/" "Mozilla/5.0 (Macintosh; Intel Mac OS X 10_15_7) AppleWebKit/537.36 (KHTML, like Gecko) Chrome/131.0.0.0 Safari/537.36; ClaudeBot/1.0; +claudebot@anthropic.com)"
216.73.216.194 - - [26/Jul/2026:08:02:31 +0000] "GET /wp-content/themes/weelorum-theme/assets/images/footer-award-1.png HTTP/1.1" 200 5163 "https://weelorum.com/blog/how-to-find-and-hire-developers-for-financial-applications/" "Mozilla/5.0 (Macintosh; Intel Mac OS X 10_15_7) AppleWebKit/537.36 (KHTML, like Gecko) Chrome/131.0.0.0 Safari/537.36; ClaudeBot/1.0; +claudebot@anthropic.com)"
216.73.216.194 - - [26/Jul/2026:08:02:31 +0000] "GET /wp-content/themes/weelorum-theme/assets/images/footer-award-2.svg HTTP/1.1" 200 30445 "https://weelorum.com/blog/how-to-find-and-hire-developers-for-financial-applications/" "Mozilla/5.0 (Macintosh; Intel Mac OS X 10_15_7) AppleWebKit/537.36 (KHTML, like Gecko) Chrome/131.0.0.0 Safari/537.36; ClaudeBot/1.0; +claudebot@anthropic.com)"
216.73.216.194 - - [26/Jul/2026:08:02:32 +0000] "GET /wp-content/uploads/2023/06/51.Web_.630-410x233.png HTTP/1.1" 200 4539 "https://weelorum.com/blog/how-to-find-and-hire-developers-for-financial-applications/" "Mozilla/5.0 (Macintosh; Intel Mac OS X 10_15_7) AppleWebKit/537.36 (KHTML, like Gecko) Chrome/131.0.0.0 Safari/537.36; ClaudeBot/1.0; +claudebot@anthropic.com)"
146.190.158.65 - - [26/Jul/2026:08:03:56 +0000] "POST /wp-cron.php?doing_wp_cron=1785053036.9043068885803222656250 HTTP/1.1" 200 31 "-" "WordPress/7.0; https://weelorum.com"
54.87.113.56 - - [26/Jul/2026:08:03:56 +0000] "GET /blog/fintech-mobile-application-development-features-challenges-and-cost HTTP/1.1" 301 5 "-" "Mozilla/5.0 AppleWebKit/605.1.15 (KHTML, like Gecko) Chrome/139.0.0.0 Safari/605.1.15"
54.147.7.89 - - [26/Jul/2026:08:03:57 +0000] "GET /blog/fintech-mobile-application-development-features-challenges-and-cost/ HTTP/1.1" 200 92195 "-" "Mozilla/5.0 AppleWebKit/605.1.15 (KHTML, like Gecko) Chrome/139.0.0.0 Safari/605.1.15"
216.73.217.153 - - [26/Jul/2026:08:05:04 +0000] "GET /robots.txt HTTP/1.1" 200 140 "-" "Mozilla/5.0 AppleWebKit/537.36 (KHTML, like Gecko; compatible; ClaudeBot/1.0; +claudebot@anthropic.com)"
216.73.217.153 - - [26/Jul/2026:08:05:04 +0000] "GET /industry/banking/ HTTP/1.1" 200 55260 "-" "Mozilla/5.0 AppleWebKit/537.36 (KHTML, like Gecko; compatible; ClaudeBot/1.0; +claudebot@anthropic.com)"
178.20.44.140 - - [26/Jul/2026:08:05:56 +0000] "GET /blog/find-out-how-to-estimate-cost-of-app-development-with-weelorum/ HTTP/1.0" 301 169 "http://weelorum.com/blog/find-out-how-to-estimate-cost-of-app-development-with-weelorum/" "Mozilla/5.0 (Windows NT 10.0; Win64; x64) AppleWebKit/537.36 (KHTML, like Gecko) Chrome/129.0.0.0 Safari/537.36"
216.73.217.153 - - [26/Jul/2026:08:05:58 +0000] "GET /industry/logistics/ HTTP/1.1" 200 55225 "-" "Mozilla/5.0 AppleWebKit/537.36 (KHTML, like Gecko; compatible; ClaudeBot/1.0; +claudebot@anthropic.com)"
178.20.44.140 - - [26/Jul/2026:08:07:04 +0000] "GET /blog/find-out-how-to-estimate-cost-of-app-development-with-weelorum/ HTTP/1.0" 200 365756 "https://weelorum.com/blog/find-out-how-to-estimate-cost-of-app-development-with-weelorum/" "Mozilla/5.0 (Windows NT 10.0; Win64; x64) AppleWebKit/537.36 (KHTML, like Gecko) Chrome/129.0.0.0 Safari/537.36"
146.190.158.65 - - [26/Jul/2026:08:07:18 +0000] "POST /wp-cron.php?doing_wp_cron=1785053238.2013020515441894531250 HTTP/1.1" 200 31 "-" "WordPress/7.0; https://weelorum.com"
178.20.44.140 - - [26/Jul/2026:08:07:18 +0000] "POST /wp-comments-post.php HTTP/1.0" 302 0 "https://weelorum.com/blog/find-out-how-to-estimate-cost-of-app-development-with-weelorum/" "Mozilla/5.0 (Windows NT 10.0; Win64; x64) AppleWebKit/537.36 (KHTML, like Gecko) Chrome/129.0.0.0 Safari/537.36"
178.20.44.140 - - [26/Jul/2026:08:07:26 +0000] "GET /blog/find-out-how-to-estimate-cost-of-app-development-with-weelorum/ HTTP/1.0" 200 114375 "https://weelorum.com/blog/find-out-how-to-estimate-cost-of-app-development-with-weelorum/#comment-40026" "Mozilla/5.0 (Windows NT 10.0; Win64; x64) AppleWebKit/537.36 (KHTML, like Gecko) Chrome/129.0.0.0 Safari/537.36"
146.190.158.65 - - [26/Jul/2026:08:08:09 +0000] "POST /wp-cron.php?doing_wp_cron=1785053289.1722860336303710937500 HTTP/1.1" 200 31 "-" "WordPress/7.0; https://weelorum.com"
216.73.217.153 - - [26/Jul/2026:08:08:09 +0000] "GET /industry/logistics/feed/ HTTP/1.1" 200 2293 "-" "Mozilla/5.0 AppleWebKit/537.36 (KHTML, like Gecko; compatible; ClaudeBot/1.0; +claudebot@anthropic.com)"
9.151.193.128 - - [26/Jul/2026:08:09:03 +0000] "GET /wp-content/uploads/2026/06/cell-2-ventor-tech.png HTTP/1.1" 200 3179 "-" "Mozilla/5.0 (compatible; crawler)"
220.196.160.40 - - [26/Jul/2026:08:09:21 +0000] "GET /i.href,n.onload=e,n.onerror=t,document.head.appendChild(n)%7D).catch(function()%7B%7D)%7D%7D,%7Bkey:%22_prepareUrl%22,value:function(e)%7Bif(null===e||%22object%22!==(void HTTP/1.1" 301 5 "-" "Mozilla/5.0 (Macintosh; Intel Mac OS X 10_15_7) AppleWebKit/605.1.15 (KHTML, like Gecko) Version/17.3 Safari/605.1.15"
146.190.158.65 - - [26/Jul/2026:08:09:21 +0000] "POST /wp-cron.php?doing_wp_cron=1785053361.9107589721679687500000 HTTP/1.1" 200 31 "-" "WordPress/7.0; https://weelorum.com"
220.196.160.40 - - [26/Jul/2026:08:09:21 +0000] "GET /i.href,n.onload=e,n.onerror=t,document.head.appendchild(n)%7d).catch(function()%7b%7d)%7d%7d,%7bkey:%22_prepareurl%22,value:function(e)%7bif(null===e||%22object%22!==(void HTTP/1.1" 404 29791 "-" "Mozilla/5.0 (Macintosh; Intel Mac OS X 10_15_7) AppleWebKit/605.1.15 (KHTML, like Gecko) Version/17.3 Safari/605.1.15"
52.33.154.6 - - [26/Jul/2026:08:10:08 +0000] "GET /blog/telemedicine-app-development-nuances-strategy-to-follow/ HTTP/1.1" 200 381154 "-" "Mozilla/5.0 (Windows NT 6.3; Win64; x64) AppleWebKit/537.36 (KHTML, like Gecko) Chrome/56.0.2924.87 Safari/537.36"
43.173.179.55 - - [26/Jul/2026:08:10:34 +0000] "GET /blog/ilya-budko/ HTTP/1.1" 200 62112 "-" "Mozilla/5.0 (Windows NT 10.0; Win64; x64) AppleWebKit/537.36 (KHTML, like Gecko) Chrome/116.0.0.0 Safari/537.36"
43.173.180.53 - - [26/Jul/2026:08:10:35 +0000] "GET /wp-content/cache/background-css/1/weelorum.com/wp-content/cache/min/1/wp-content/themes/weelorum-theme/assets/css/wl-pages.css?ver=1784812621&wpr_t=1785000049 HTTP/1.1" 200 58175 "https://weelorum.com/blog/ilya-budko/" "Mozilla/5.0 (Windows NT 10.0; Win64; x64) AppleWebKit/537.36 (KHTML, like Gecko) Chrome/116.0.0.0 Safari/537.36"
146.190.158.65 - - [26/Jul/2026:08:11:30 +0000] "POST /wp-cron.php?doing_wp_cron=1785053490.4424979686737060546875 HTTP/1.1" 200 31 "-" "WordPress/7.0; https://weelorum.com"
216.73.217.153 - - [26/Jul/2026:08:11:30 +0000] "GET /industry/banking/feed/ HTTP/1.1" 200 2300 "-" "Mozilla/5.0 AppleWebKit/537.36 (KHTML, like Gecko; compatible; ClaudeBot/1.0; +claudebot@anthropic.com)"
146.190.158.65 - - [26/Jul/2026:08:14:01 +0000] "GET / HTTP/1.1" 301 169 "-" "Mozilla/5.0 (X11; Linux x86_64) AppleWebKit/537.36 (KHTML, like Gecko) Chrome/44.0.2403.157 Safari/537.36"
146.190.158.65 - - [26/Jul/2026:08:14:01 +0000] "GET / HTTP/1.1" 200 32502 "http://146.190.158.65" "Mozilla/5.0 (X11; Linux x86_64) AppleWebKit/537.36 (KHTML, like Gecko) Chrome/44.0.2403.157 Safari/537.36"
31.76.153.248 - - [26/Jul/2026:08:14:47 +0000] "GET /wp-content/uploads/2026/06/cell-9-yellow-brick-cinema.png HTTP/1.1" 200 5503 "-" "Mozilla/5.0 (compatible; crawler)"
195.2.78.191 - - [26/Jul/2026:08:17:52 +0000] "GET /blog/find-out-how-to-estimate-cost-of-app-development-with-weelorum/ HTTP/1.0" 200 365756 "https://weelorum.com/blog/find-out-how-to-estimate-cost-of-app-development-with-weelorum/" "Mozilla/5.0 (Windows NT 10.0; Win64; x64) AppleWebKit/537.36 (KHTML, like Gecko) Chrome/129.0.0.0 Safari/537.36"
146.190.158.65 - - [26/Jul/2026:08:17:54 +0000] "POST /wp-cron.php?doing_wp_cron=1785053874.2498209476470947265625 HTTP/1.1" 200 31 "-" "WordPress/7.0; https://weelorum.com"
195.2.78.191 - - [26/Jul/2026:08:17:54 +0000] "POST /wp-comments-post.php HTTP/1.0" 302 0 "https://weelorum.com/blog/find-out-how-to-estimate-cost-of-app-development-with-weelorum/" "Mozilla/5.0 (Windows NT 10.0; Win64; x64) AppleWebKit/537.36 (KHTML, like Gecko) Chrome/129.0.0.0 Safari/537.36"
195.2.78.191 - - [26/Jul/2026:08:17:55 +0000] "GET /blog/find-out-how-to-estimate-cost-of-app-development-with-weelorum/ HTTP/1.0" 200 212781 "https://weelorum.com/blog/find-out-how-to-estimate-cost-of-app-development-with-weelorum/#comment-40027" "Mozilla/5.0 (Windows NT 10.0; Win64; x64) AppleWebKit/537.36 (KHTML, like Gecko) Chrome/129.0.0.0 Safari/537.36"
114.119.144.165 - - [26/Jul/2026:08:18:02 +0000] "GET /blog/key-things-you-should-know-when-making-a-calendar-app HTTP/1.1" 301 5 "https://weelorum.com/blog/key-things-you-should-know-when-making-a-calendar-app" "Mozilla/5.0 (Linux; Android 7.0;) AppleWebKit/537.36 (HTML, like Gecko) Mobile Safari/537.36 (compatible; PetalBot;+https://webmaster.petalsearch.com/site/petalbot)"
114.119.144.165 - - [26/Jul/2026:08:18:03 +0000] "GET /blog/key-things-you-should-know-when-making-a-calendar-app/ HTTP/1.1" 200 91295 "https://weelorum.com/blog/key-things-you-should-know-when-making-a-calendar-app" "Mozilla/5.0 (Linux; Android 7.0;) AppleWebKit/537.36 (HTML, like Gecko) Mobile Safari/537.36 (compatible; PetalBot;+https://webmaster.petalsearch.com/site/petalbot)"
146.190.158.65 - - [26/Jul/2026:08:19:06 +0000] "POST /wp-cron.php?doing_wp_cron=1785053946.5742690563201904296875 HTTP/1.1" 200 31 "-" "WordPress/7.0; https://weelorum.com"
216.67.230.98 - - [26/Jul/2026:08:19:06 +0000] "HEAD /wp-login.php HTTP/1.1" 301 0 "-" "Mozilla/5.0 (X11; Linux x86_64) AppleWebKit/537.36 (KHTML, like Gecko) Chrome/131.0.0.0 Safari/537.36"
216.67.230.98 - - [26/Jul/2026:08:19:07 +0000] "HEAD /-/-/-/-/-/-/-/-/-/-/ HTTP/1.1" 404 0 "https://www.weelorum.com/wp-login.php" "Mozilla/5.0 (X11; Linux x86_64) AppleWebKit/537.36 (KHTML, like Gecko) Chrome/131.0.0.0 Safari/537.36"
216.67.230.98 - - [26/Jul/2026:08:19:08 +0000] "GET / HTTP/1.1" 301 5 "-" "Mozilla/5.0 (X11; Linux x86_64) AppleWebKit/537.36 (KHTML, like Gecko) Chrome/131.0.0.0 Safari/537.36"
216.67.230.98 - - [26/Jul/2026:08:19:09 +0000] "GET / HTTP/1.1" 200 80041 "https://www.weelorum.com/" "Mozilla/5.0 (X11; Linux x86_64) AppleWebKit/537.36 (KHTML, like Gecko) Chrome/131.0.0.0 Safari/537.36"
216.67.230.98 - - [26/Jul/2026:08:19:11 +0000] "GET /wp-login.php HTTP/1.1" 301 5 "https://www.weelorum.com/wp-admin/" "Mozilla/5.0 (X11; Linux x86_64) AppleWebKit/537.36 (KHTML, like Gecko) Chrome/131.0.0.0 Safari/537.36"
216.67.230.98 - - [26/Jul/2026:08:19:12 +0000] "GET /-/-/-/-/-/-/-/-/-/-/ HTTP/1.1" 404 29658 "https://www.weelorum.com/wp-admin/" "Mozilla/5.0 (X11; Linux x86_64) AppleWebKit/537.36 (KHTML, like Gecko) Chrome/131.0.0.0 Safari/537.36"
216.67.230.98 - - [26/Jul/2026:08:19:13 +0000] "POST /wp-login.php HTTP/1.1" 404 27222 "https://www.weelorum.com/wp-admin/" "Mozilla/5.0 (X11; Linux x86_64) AppleWebKit/537.36 (KHTML, like Gecko) Chrome/131.0.0.0 Safari/537.36"
216.67.230.98 - - [26/Jul/2026:08:19:13 +0000] "GET /wp-admin/ HTTP/1.1" 302 5 "https://www.weelorum.com/wp-admin/" "Mozilla/5.0 (X11; Linux x86_64) AppleWebKit/537.36 (KHTML, like Gecko) Chrome/131.0.0.0 Safari/537.36"
216.67.230.98 - - [26/Jul/2026:08:19:14 +0000] "GET /404 HTTP/1.1" 301 5 "https://www.weelorum.com/wp-admin/" "Mozilla/5.0 (X11; Linux x86_64) AppleWebKit/537.36 (KHTML, like Gecko) Chrome/131.0.0.0 Safari/537.36"
216.67.230.98 - - [26/Jul/2026:08:19:14 +0000] "GET /404 HTTP/1.1" 404 29657 "https://www.weelorum.com/wp-admin/" "Mozilla/5.0 (X11; Linux x86_64) AppleWebKit/537.36 (KHTML, like Gecko) Chrome/131.0.0.0 Safari/537.36"
146.190.158.65 - - [26/Jul/2026:08:19:15 +0000] "POST /wp-cron.php?doing_wp_cron=1785053955.4643969535827636718750 HTTP/1.1" 200 31 "-" "WordPress/7.0; https://weelorum.com"
216.67.230.98 - - [26/Jul/2026:08:19:15 +0000] "POST /404 HTTP/1.1" 404 27220 "https://www.weelorum.com/wp-admin/" "Mozilla/5.0 (X11; Linux x86_64) AppleWebKit/537.36 (KHTML, like Gecko) Chrome/131.0.0.0 Safari/537.36"
216.67.230.98 - - [26/Jul/2026:08:19:16 +0000] "GET /wp-login.php HTTP/1.1" 301 5 "https://www.weelorum.com/wp-admin/" "Mozilla/5.0 (X11; Linux x86_64) AppleWebKit/537.36 (KHTML, like Gecko) Chrome/131.0.0.0 Safari/537.36"
216.67.230.98 - - [26/Jul/2026:08:19:16 +0000] "GET /-/-/-/-/-/-/-/-/-/-/ HTTP/1.1" 404 29658 "https://www.weelorum.com/wp-admin/" "Mozilla/5.0 (X11; Linux x86_64) AppleWebKit/537.36 (KHTML, like Gecko) Chrome/131.0.0.0 Safari/537.36"
216.67.230.98 - - [26/Jul/2026:08:19:18 +0000] "GET /wp-login.php HTTP/1.1" 301 5 "https://www.weelorum.com/wp-admin/" "Mozilla/5.0 (X11; Linux x86_64) AppleWebKit/537.36 (KHTML, like Gecko) Chrome/131.0.0.0 Safari/537.36"
216.67.230.98 - - [26/Jul/2026:08:19:19 +0000] "GET /-/-/-/-/-/-/-/-/-/-/ HTTP/1.1" 404 29658 "https://www.weelorum.com/wp-admin/" "Mozilla/5.0 (X11; Linux x86_64) AppleWebKit/537.36 (KHTML, like Gecko) Chrome/131.0.0.0 Safari/537.36"
216.67.230.98 - - [26/Jul/2026:08:19:20 +0000] "POST /wp-login.php HTTP/1.1" 404 27222 "https://www.weelorum.com/wp-admin/" "Mozilla/5.0 (X11; Linux x86_64) AppleWebKit/537.36 (KHTML, like Gecko) Chrome/131.0.0.0 Safari/537.36"
216.67.230.98 - - [26/Jul/2026:08:19:21 +0000] "GET /wp-admin/ HTTP/1.1" 302 5 "https://www.weelorum.com/wp-admin/" "Mozilla/5.0 (X11; Linux x86_64) AppleWebKit/537.36 (KHTML, like Gecko) Chrome/131.0.0.0 Safari/537.36"
216.67.230.98 - - [26/Jul/2026:08:19:21 +0000] "GET /404 HTTP/1.1" 301 5 "https://www.weelorum.com/wp-admin/" "Mozilla/5.0 (X11; Linux x86_64) AppleWebKit/537.36 (KHTML, like Gecko) Chrome/131.0.0.0 Safari/537.36"
216.67.230.98 - - [26/Jul/2026:08:19:22 +0000] "GET /404 HTTP/1.1" 404 29657 "https://www.weelorum.com/wp-admin/" "Mozilla/5.0 (X11; Linux x86_64) AppleWebKit/537.36 (KHTML, like Gecko) Chrome/131.0.0.0 Safari/537.36"
216.67.230.98 - - [26/Jul/2026:08:19:22 +0000] "POST /404 HTTP/1.1" 404 27220 "https://www.weelorum.com/wp-admin/" "Mozilla/5.0 (X11; Linux x86_64) AppleWebKit/537.36 (KHTML, like Gecko) Chrome/131.0.0.0 Safari/537.36"
216.67.230.98 - - [26/Jul/2026:08:19:23 +0000] "GET /wp-login.php HTTP/1.1" 301 5 "https://www.weelorum.com/wp-admin/" "Mozilla/5.0 (X11; Linux x86_64) AppleWebKit/537.36 (KHTML, like Gecko) Chrome/131.0.0.0 Safari/537.36"
216.67.230.98 - - [26/Jul/2026:08:19:23 +0000] "GET /-/-/-/-/-/-/-/-/-/-/ HTTP/1.1" 404 29658 "https://www.weelorum.com/wp-admin/" "Mozilla/5.0 (X11; Linux x86_64) AppleWebKit/537.36 (KHTML, like Gecko) Chrome/131.0.0.0 Safari/537.36"
216.67.230.98 - - [26/Jul/2026:08:19:25 +0000] "GET /wp-login.php HTTP/1.1" 301 5 "https://www.weelorum.com/wp-admin/" "Mozilla/5.0 (X11; Linux x86_64) AppleWebKit/537.36 (KHTML, like Gecko) Chrome/131.0.0.0 Safari/537.36"
146.190.158.65 - - [26/Jul/2026:08:19:26 +0000] "POST /wp-cron.php?doing_wp_cron=1785053966.6725840568542480468750 HTTP/1.1" 200 31 "-" "WordPress/7.0; https://weelorum.com"
216.67.230.98 - - [26/Jul/2026:08:19:26 +0000] "GET /-/-/-/-/-/-/-/-/-/-/ HTTP/1.1" 404 29658 "https://www.weelorum.com/wp-admin/" "Mozilla/5.0 (X11; Linux x86_64) AppleWebKit/537.36 (KHTML, like Gecko) Chrome/131.0.0.0 Safari/537.36"
216.67.230.98 - - [26/Jul/2026:08:19:27 +0000] "POST /wp-login.php HTTP/1.1" 404 27222 "https://www.weelorum.com/wp-admin/" "Mozilla/5.0 (X11; Linux x86_64) AppleWebKit/537.36 (KHTML, like Gecko) Chrome/131.0.0.0 Safari/537.36"
216.67.230.98 - - [26/Jul/2026:08:19:28 +0000] "GET /wp-admin/ HTTP/1.1" 302 5 "https://www.weelorum.com/wp-admin/" "Mozilla/5.0 (X11; Linux x86_64) AppleWebKit/537.36 (KHTML, like Gecko) Chrome/131.0.0.0 Safari/537.36"
216.67.230.98 - - [26/Jul/2026:08:19:28 +0000] "GET /404 HTTP/1.1" 301 5 "https://www.weelorum.com/wp-admin/" "Mozilla/5.0 (X11; Linux x86_64) AppleWebKit/537.36 (KHTML, like Gecko) Chrome/131.0.0.0 Safari/537.36"
216.67.230.98 - - [26/Jul/2026:08:19:29 +0000] "GET /404 HTTP/1.1" 404 29657 "https://www.weelorum.com/wp-admin/" "Mozilla/5.0 (X11; Linux x86_64) AppleWebKit/537.36 (KHTML, like Gecko) Chrome/131.0.0.0 Safari/537.36"
216.67.230.98 - - [26/Jul/2026:08:19:30 +0000] "POST /404 HTTP/1.1" 404 27220 "https://www.weelorum.com/wp-admin/" "Mozilla/5.0 (X11; Linux x86_64) AppleWebKit/537.36 (KHTML, like Gecko) Chrome/131.0.0.0 Safari/537.36"
216.67.230.98 - - [26/Jul/2026:08:19:30 +0000] "GET /wp-login.php HTTP/1.1" 301 5 "https://www.weelorum.com/wp-admin/" "Mozilla/5.0 (X11; Linux x86_64) AppleWebKit/537.36 (KHTML, like Gecko) Chrome/131.0.0.0 Safari/537.36"
216.67.230.98 - - [26/Jul/2026:08:19:31 +0000] "GET /-/-/-/-/-/-/-/-/-/-/ HTTP/1.1" 404 29658 "https://www.weelorum.com/wp-admin/" "Mozilla/5.0 (X11; Linux x86_64) AppleWebKit/537.36 (KHTML, like Gecko) Chrome/131.0.0.0 Safari/537.36"
216.67.230.98 - - [26/Jul/2026:08:19:32 +0000] "GET /wp-login.php HTTP/1.1" 301 5 "https://www.weelorum.com/wp-admin/" "Mozilla/5.0 (X11; Linux x86_64) AppleWebKit/537.36 (KHTML, like Gecko) Chrome/131.0.0.0 Safari/537.36"
216.67.230.98 - - [26/Jul/2026:08:19:34 +0000] "GET /-/-/-/-/-/-/-/-/-/-/ HTTP/1.1" 404 29658 "https://www.weelorum.com/wp-admin/" "Mozilla/5.0 (X11; Linux x86_64) AppleWebKit/537.36 (KHTML, like Gecko) Chrome/131.0.0.0 Safari/537.36"
216.67.230.98 - - [26/Jul/2026:08:19:34 +0000] "POST /wp-login.php HTTP/1.1" 404 27222 "https://www.weelorum.com/wp-admin/" "Mozilla/5.0 (X11; Linux x86_64) AppleWebKit/537.36 (KHTML, like Gecko) Chrome/131.0.0.0 Safari/537.36"
216.67.230.98 - - [26/Jul/2026:08:19:35 +0000] "GET /wp-admin/ HTTP/1.1" 302 5 "https://www.weelorum.com/wp-admin/" "Mozilla/5.0 (X11; Linux x86_64) AppleWebKit/537.36 (KHTML, like Gecko) Chrome/131.0.0.0 Safari/537.36"
216.67.230.98 - - [26/Jul/2026:08:19:35 +0000] "GET /404 HTTP/1.1" 301 5 "https://www.weelorum.com/wp-admin/" "Mozilla/5.0 (X11; Linux x86_64) AppleWebKit/537.36 (KHTML, like Gecko) Chrome/131.0.0.0 Safari/537.36"
216.67.230.98 - - [26/Jul/2026:08:19:36 +0000] "GET /404 HTTP/1.1" 404 29657 "https://www.weelorum.com/wp-admin/" "Mozilla/5.0 (X11; Linux x86_64) AppleWebKit/537.36 (KHTML, like Gecko) Chrome/131.0.0.0 Safari/537.36"
216.67.230.98 - - [26/Jul/2026:08:19:36 +0000] "POST /404 HTTP/1.1" 404 27220 "https://www.weelorum.com/wp-admin/" "Mozilla/5.0 (X11; Linux x86_64) AppleWebKit/537.36 (KHTML, like Gecko) Chrome/131.0.0.0 Safari/537.36"
216.67.230.98 - - [26/Jul/2026:08:19:37 +0000] "GET /wp-login.php HTTP/1.1" 301 5 "https://www.weelorum.com/wp-admin/" "Mozilla/5.0 (X11; Linux x86_64) AppleWebKit/537.36 (KHTML, like Gecko) Chrome/131.0.0.0 Safari/537.36"
216.67.230.98 - - [26/Jul/2026:08:19:38 +0000] "GET /-/-/-/-/-/-/-/-/-/-/ HTTP/1.1" 404 29658 "https://www.weelorum.com/wp-admin/" "Mozilla/5.0 (X11; Linux x86_64) AppleWebKit/537.36 (KHTML, like Gecko) Chrome/131.0.0.0 Safari/537.36"
216.67.230.98 - - [26/Jul/2026:08:19:39 +0000] "GET /wp-login.php HTTP/1.1" 301 5 "https://www.weelorum.com/wp-admin/" "Mozilla/5.0 (X11; Linux x86_64) AppleWebKit/537.36 (KHTML, like Gecko) Chrome/131.0.0.0 Safari/537.36"
146.190.158.65 - - [26/Jul/2026:08:19:41 +0000] "POST /wp-cron.php?doing_wp_cron=1785053981.0870280265808105468750 HTTP/1.1" 200 31 "-" "WordPress/7.0; https://weelorum.com"
216.67.230.98 - - [26/Jul/2026:08:19:41 +0000] "GET /-/-/-/-/-/-/-/-/-/-/ HTTP/1.1" 404 29658 "https://www.weelorum.com/wp-admin/" "Mozilla/5.0 (X11; Linux x86_64) AppleWebKit/537.36 (KHTML, like Gecko) Chrome/131.0.0.0 Safari/537.36"
216.67.230.98 - - [26/Jul/2026:08:19:41 +0000] "POST /wp-login.php HTTP/1.1" 404 27222 "https://www.weelorum.com/wp-admin/" "Mozilla/5.0 (X11; Linux x86_64) AppleWebKit/537.36 (KHTML, like Gecko) Chrome/131.0.0.0 Safari/537.36"
216.67.230.98 - - [26/Jul/2026:08:19:42 +0000] "GET /wp-admin/ HTTP/1.1" 302 5 "https://www.weelorum.com/wp-admin/" "Mozilla/5.0 (X11; Linux x86_64) AppleWebKit/537.36 (KHTML, like Gecko) Chrome/131.0.0.0 Safari/537.36"
216.67.230.98 - - [26/Jul/2026:08:19:42 +0000] "GET /404 HTTP/1.1" 301 5 "https://www.weelorum.com/wp-admin/" "Mozilla/5.0 (X11; Linux x86_64) AppleWebKit/537.36 (KHTML, like Gecko) Chrome/131.0.0.0 Safari/537.36"
216.67.230.98 - - [26/Jul/2026:08:19:43 +0000] "GET /404 HTTP/1.1" 404 29657 "https://www.weelorum.com/wp-admin/" "Mozilla/5.0 (X11; Linux x86_64) AppleWebKit/537.36 (KHTML, like Gecko) Chrome/131.0.0.0 Safari/537.36"
216.67.230.98 - - [26/Jul/2026:08:19:44 +0000] "POST /404 HTTP/1.1" 404 27220 "https://www.weelorum.com/wp-admin/" "Mozilla/5.0 (X11; Linux x86_64) AppleWebKit/537.36 (KHTML, like Gecko) Chrome/131.0.0.0 Safari/537.36"
216.67.230.98 - - [26/Jul/2026:08:19:44 +0000] "GET /wp-login.php HTTP/1.1" 301 5 "https://www.weelorum.com/wp-admin/" "Mozilla/5.0 (X11; Linux x86_64) AppleWebKit/537.36 (KHTML, like Gecko) Chrome/131.0.0.0 Safari/537.36"
216.67.230.98 - - [26/Jul/2026:08:19:45 +0000] "GET /-/-/-/-/-/-/-/-/-/-/ HTTP/1.1" 404 29658 "https://www.weelorum.com/wp-admin/" "Mozilla/5.0 (X11; Linux x86_64) AppleWebKit/537.36 (KHTML, like Gecko) Chrome/131.0.0.0 Safari/537.36"
216.67.230.98 - - [26/Jul/2026:08:19:47 +0000] "GET /wp-login.php HTTP/1.1" 301 5 "https://www.weelorum.com/wp-admin/" "Mozilla/5.0 (X11; Linux x86_64) AppleWebKit/537.36 (KHTML, like Gecko) Chrome/131.0.0.0 Safari/537.36"
216.67.230.98 - - [26/Jul/2026:08:19:48 +0000] "GET /-/-/-/-/-/-/-/-/-/-/ HTTP/1.1" 404 29658 "https://www.weelorum.com/wp-admin/" "Mozilla/5.0 (X11; Linux x86_64) AppleWebKit/537.36 (KHTML, like Gecko) Chrome/131.0.0.0 Safari/537.36"
216.67.230.98 - - [26/Jul/2026:08:19:49 +0000] "POST /wp-login.php HTTP/1.1" 404 27222 "https://www.weelorum.com/wp-admin/" "Mozilla/5.0 (X11; Linux x86_64) AppleWebKit/537.36 (KHTML, like Gecko) Chrome/131.0.0.0 Safari/537.36"
216.67.230.98 - - [26/Jul/2026:08:19:49 +0000] "GET /wp-admin/ HTTP/1.1" 302 5 "https://www.weelorum.com/wp-admin/" "Mozilla/5.0 (X11; Linux x86_64) AppleWebKit/537.36 (KHTML, like Gecko) Chrome/131.0.0.0 Safari/537.36"
216.67.230.98 - - [26/Jul/2026:08:19:50 +0000] "GET /404 HTTP/1.1" 301 5 "https://www.weelorum.com/wp-admin/" "Mozilla/5.0 (X11; Linux x86_64) AppleWebKit/537.36 (KHTML, like Gecko) Chrome/131.0.0.0 Safari/537.36"
216.67.230.98 - - [26/Jul/2026:08:19:50 +0000] "GET /404 HTTP/1.1" 404 29657 "https://www.weelorum.com/wp-admin/" "Mozilla/5.0 (X11; Linux x86_64) AppleWebKit/537.36 (KHTML, like Gecko) Chrome/131.0.0.0 Safari/537.36"
216.67.230.98 - - [26/Jul/2026:08:19:51 +0000] "POST /404 HTTP/1.1" 404 27220 "https://www.weelorum.com/wp-admin/" "Mozilla/5.0 (X11; Linux x86_64) AppleWebKit/537.36 (KHTML, like Gecko) Chrome/131.0.0.0 Safari/537.36"
216.67.230.98 - - [26/Jul/2026:08:19:51 +0000] "GET /wp-login.php HTTP/1.1" 301 5 "https://www.weelorum.com/wp-admin/" "Mozilla/5.0 (X11; Linux x86_64) AppleWebKit/537.36 (KHTML, like Gecko) Chrome/131.0.0.0 Safari/537.36"
216.67.230.98 - - [26/Jul/2026:08:19:52 +0000] "GET /-/-/-/-/-/-/-/-/-/-/ HTTP/1.1" 404 29658 "https://www.weelorum.com/wp-admin/" "Mozilla/5.0 (X11; Linux x86_64) AppleWebKit/537.36 (KHTML, like Gecko) Chrome/131.0.0.0 Safari/537.36"
216.67.230.98 - - [26/Jul/2026:08:19:54 +0000] "GET /wp-login.php HTTP/1.1" 301 5 "https://www.weelorum.com/wp-admin/" "Mozilla/5.0 (X11; Linux x86_64) AppleWebKit/537.36 (KHTML, like Gecko) Chrome/131.0.0.0 Safari/537.36"
216.67.230.98 - - [26/Jul/2026:08:19:55 +0000] "GET /-/-/-/-/-/-/-/-/-/-/ HTTP/1.1" 404 29658 "https://www.weelorum.com/wp-admin/" "Mozilla/5.0 (X11; Linux x86_64) AppleWebKit/537.36 (KHTML, like Gecko) Chrome/131.0.0.0 Safari/537.36"
216.67.230.98 - - [26/Jul/2026:08:19:56 +0000] "POST /wp-login.php HTTP/1.1" 404 27222 "https://www.weelorum.com/wp-admin/" "Mozilla/5.0 (X11; Linux x86_64) AppleWebKit/537.36 (KHTML, like Gecko) Chrome/131.0.0.0 Safari/537.36"
216.67.230.98 - - [26/Jul/2026:08:19:56 +0000] "GET /wp-admin/ HTTP/1.1" 302 5 "https://www.weelorum.com/wp-admin/" "Mozilla/5.0 (X11; Linux x86_64) AppleWebKit/537.36 (KHTML, like Gecko) Chrome/131.0.0.0 Safari/537.36"
216.67.230.98 - - [26/Jul/2026:08:19:57 +0000] "GET /404 HTTP/1.1" 301 5 "https://www.weelorum.com/wp-admin/" "Mozilla/5.0 (X11; Linux x86_64) AppleWebKit/537.36 (KHTML, like Gecko) Chrome/131.0.0.0 Safari/537.36"
216.67.230.98 - - [26/Jul/2026:08:19:57 +0000] "GET /404 HTTP/1.1" 404 29657 "https://www.weelorum.com/wp-admin/" "Mozilla/5.0 (X11; Linux x86_64) AppleWebKit/537.36 (KHTML, like Gecko) Chrome/131.0.0.0 Safari/537.36"
216.67.230.98 - - [26/Jul/2026:08:19:58 +0000] "POST /404 HTTP/1.1" 404 27220 "https://www.weelorum.com/wp-admin/" "Mozilla/5.0 (X11; Linux x86_64) AppleWebKit/537.36 (KHTML, like Gecko) Chrome/131.0.0.0 Safari/537.36"
216.67.230.98 - - [26/Jul/2026:08:19:59 +0000] "GET /wp-login.php HTTP/1.1" 301 5 "https://www.weelorum.com/wp-admin/" "Mozilla/5.0 (X11; Linux x86_64) AppleWebKit/537.36 (KHTML, like Gecko) Chrome/131.0.0.0 Safari/537.36"
216.67.230.98 - - [26/Jul/2026:08:19:59 +0000] "GET /-/-/-/-/-/-/-/-/-/-/ HTTP/1.1" 404 29658 "https://www.weelorum.com/wp-admin/" "Mozilla/5.0 (X11; Linux x86_64) AppleWebKit/537.36 (KHTML, like Gecko) Chrome/131.0.0.0 Safari/537.36"
216.67.230.98 - - [26/Jul/2026:08:20:01 +0000] "GET /login/ HTTP/1.1" 301 5 "https://www.weelorum.com/login/" "Mozilla/5.0 (X11; Linux x86_64) AppleWebKit/537.36 (KHTML, like Gecko) Chrome/131.0.0.0 Safari/537.36"
216.67.230.98 - - [26/Jul/2026:08:20:02 +0000] "GET /login/ HTTP/1.1" 404 29660 "https://www.weelorum.com/login/" "Mozilla/5.0 (X11; Linux x86_64) AppleWebKit/537.36 (KHTML, like Gecko) Chrome/131.0.0.0 Safari/537.36"
216.67.230.98 - - [26/Jul/2026:08:20:04 +0000] "POST /login/ HTTP/1.1" 404 27224 "https://www.weelorum.com/login/" "Mozilla/5.0 (X11; Linux x86_64) AppleWebKit/537.36 (KHTML, like Gecko) Chrome/131.0.0.0 Safari/537.36"
216.67.230.98 - - [26/Jul/2026:08:20:05 +0000] "GET /admin/ HTTP/1.1" 301 5 "https://www.weelorum.com/admin/" "Mozilla/5.0 (X11; Linux x86_64) AppleWebKit/537.36 (KHTML, like Gecko) Chrome/131.0.0.0 Safari/537.36"
216.67.230.98 - - [26/Jul/2026:08:20:06 +0000] "GET /admin/ HTTP/1.1" 404 29663 "https://www.weelorum.com/admin/" "Mozilla/5.0 (X11; Linux x86_64) AppleWebKit/537.36 (KHTML, like Gecko) Chrome/131.0.0.0 Safari/537.36"
216.67.230.98 - - [26/Jul/2026:08:20:07 +0000] "POST /admin/ HTTP/1.1" 404 27227 "https://www.weelorum.com/admin/" "Mozilla/5.0 (X11; Linux x86_64) AppleWebKit/537.36 (KHTML, like Gecko) Chrome/131.0.0.0 Safari/537.36"
216.67.230.98 - - [26/Jul/2026:08:20:08 +0000] "GET /signin/ HTTP/1.1" 301 5 "https://www.weelorum.com/signin/" "Mozilla/5.0 (X11; Linux x86_64) AppleWebKit/537.36 (KHTML, like Gecko) Chrome/131.0.0.0 Safari/537.36"
216.67.230.98 - - [26/Jul/2026:08:20:10 +0000] "GET /signin/ HTTP/1.1" 404 29662 "https://www.weelorum.com/signin/" "Mozilla/5.0 (X11; Linux x86_64) AppleWebKit/537.36 (KHTML, like Gecko) Chrome/131.0.0.0 Safari/537.36"
216.67.230.98 - - [26/Jul/2026:08:20:10 +0000] "POST /signin/ HTTP/1.1" 404 27226 "https://www.weelorum.com/signin/" "Mozilla/5.0 (X11; Linux x86_64) AppleWebKit/537.36 (KHTML, like Gecko) Chrome/131.0.0.0 Safari/537.36"
216.67.230.98 - - [26/Jul/2026:08:20:12 +0000] "GET /my-account/ HTTP/1.1" 301 5 "https://www.weelorum.com/my-account/" "Mozilla/5.0 (X11; Linux x86_64) AppleWebKit/537.36 (KHTML, like Gecko) Chrome/131.0.0.0 Safari/537.36"
216.67.230.98 - - [26/Jul/2026:08:20:13 +0000] "GET /my-account/ HTTP/1.1" 404 29665 "https://www.weelorum.com/my-account/" "Mozilla/5.0 (X11; Linux x86_64) AppleWebKit/537.36 (KHTML, like Gecko) Chrome/131.0.0.0 Safari/537.36"
216.67.230.98 - - [26/Jul/2026:08:20:14 +0000] "POST /my-account/ HTTP/1.1" 404 27228 "https://www.weelorum.com/my-account/" "Mozilla/5.0 (X11; Linux x86_64) AppleWebKit/537.36 (KHTML, like Gecko) Chrome/131.0.0.0 Safari/537.36"
216.67.230.98 - - [26/Jul/2026:08:20:15 +0000] "GET /wp/wp-login.php HTTP/1.1" 404 47 "https://www.weelorum.com/wp/wp-login.php" "Mozilla/5.0 (X11; Linux x86_64) AppleWebKit/537.36 (KHTML, like Gecko) Chrome/131.0.0.0 Safari/537.36"
216.67.230.98 - - [26/Jul/2026:08:20:15 +0000] "POST /wp/wp-login.php HTTP/1.1" 404 47 "https://www.weelorum.com/wp/wp-login.php" "Mozilla/5.0 (X11; Linux x86_64) AppleWebKit/537.36 (KHTML, like Gecko) Chrome/131.0.0.0 Safari/537.36"
146.190.158.65 - - [26/Jul/2026:08:20:16 +0000] "POST /wp-cron.php?doing_wp_cron=1785054016.5089249610900878906250 HTTP/1.1" 200 31 "-" "WordPress/7.0; https://weelorum.com"
216.67.230.98 - - [26/Jul/2026:08:20:16 +0000] "GET / HTTP/1.1" 301 5 "-" "Mozilla/5.0 (X11; Linux x86_64) AppleWebKit/537.36 (KHTML, like Gecko) Chrome/131.0.0.0 Safari/537.36"
216.67.230.98 - - [26/Jul/2026:08:20:17 +0000] "GET / HTTP/1.1" 200 80041 "https://www.weelorum.com/" "Mozilla/5.0 (X11; Linux x86_64) AppleWebKit/537.36 (KHTML, like Gecko) Chrome/131.0.0.0 Safari/537.36"
216.67.230.98 - - [26/Jul/2026:08:20:18 +0000] "GET /wp-admin/options.php HTTP/1.1" 302 5 "https://google.com/doddxzng" "Mozilla/5.0 (X11; Linux x86_64) AppleWebKit/537.36 (KHTML, like Gecko) Chrome/131.0.0.0 Safari/537.36"
216.67.230.98 - - [26/Jul/2026:08:20:19 +0000] "GET /wp-login.php?action=postpass HTTP/1.1" 301 5 "-" "Mozilla/5.0 (X11; Linux x86_64) AppleWebKit/537.36 (KHTML, like Gecko) Chrome/131.0.0.0 Safari/537.36"
216.67.230.98 - - [26/Jul/2026:08:20:20 +0000] "GET /-/-/-/-/-/-/-/-/-/- HTTP/1.1" 301 5 "-" "Mozilla/5.0 (X11; Linux x86_64) AppleWebKit/537.36 (KHTML, like Gecko) Chrome/131.0.0.0 Safari/537.36"
216.67.230.98 - - [26/Jul/2026:08:20:21 +0000] "GET /-/-/-/-/-/-/-/-/-/- HTTP/1.1" 404 29658 "https://www.weelorum.com/-/-/-/-/-/-/-/-/-/-" "Mozilla/5.0 (X11; Linux x86_64) AppleWebKit/537.36 (KHTML, like Gecko) Chrome/131.0.0.0 Safari/537.36"
216.67.230.98 - - [26/Jul/2026:08:20:22 +0000] "POST /-/-/-/-/-/-/-/-/-/- HTTP/1.1" 404 27222 "-" "Mozilla/5.0 (X11; Linux x86_64) AppleWebKit/537.36 (KHTML, like Gecko) Chrome/131.0.0.0 Safari/537.36"
216.67.230.98 - - [26/Jul/2026:08:20:22 +0000] "GET /-/-/-/-/-/-/-/-/-/- HTTP/1.1" 301 169 "-" "Mozilla/5.0 (X11; Linux x86_64) AppleWebKit/537.36 (KHTML, like Gecko) Chrome/131.0.0.0 Safari/537.36"
216.67.230.98 - - [26/Jul/2026:08:20:23 +0000] "GET /-/-/-/-/-/-/-/-/-/- HTTP/1.1" 301 5 "http://www.weelorum.com/-/-/-/-/-/-/-/-/-/-" "Mozilla/5.0 (X11; Linux x86_64) AppleWebKit/537.36 (KHTML, like Gecko) Chrome/131.0.0.0 Safari/537.36"
216.67.230.98 - - [26/Jul/2026:08:20:25 +0000] "GET /-/-/-/-/-/-/-/-/-/- HTTP/1.1" 404 29658 "https://www.weelorum.com/-/-/-/-/-/-/-/-/-/-" "Mozilla/5.0 (X11; Linux x86_64) AppleWebKit/537.36 (KHTML, like Gecko) Chrome/131.0.0.0 Safari/537.36"
216.67.230.98 - - [26/Jul/2026:08:20:25 +0000] "POST /-/-/-/-/-/-/-/-/-/- HTTP/1.1" 301 169 "-" "Mozilla/5.0 (X11; Linux x86_64) AppleWebKit/537.36 (KHTML, like Gecko) Chrome/131.0.0.0 Safari/537.36"
216.67.230.98 - - [26/Jul/2026:08:20:25 +0000] "GET /-/-/-/-/-/-/-/-/-/- HTTP/1.1" 301 5 "http://www.weelorum.com/-/-/-/-/-/-/-/-/-/-" "Mozilla/5.0 (X11; Linux x86_64) AppleWebKit/537.36 (KHTML, like Gecko) Chrome/131.0.0.0 Safari/537.36"
146.190.158.65 - - [26/Jul/2026:08:20:26 +0000] "POST /wp-cron.php?doing_wp_cron=1785054026.4603929519653320312500 HTTP/1.1" 200 31 "-" "WordPress/7.0; https://weelorum.com"
216.67.230.98 - - [26/Jul/2026:08:20:26 +0000] "GET /-/-/-/-/-/-/-/-/-/- HTTP/1.1" 404 29658 "https://www.weelorum.com/-/-/-/-/-/-/-/-/-/-" "Mozilla/5.0 (X11; Linux x86_64) AppleWebKit/537.36 (KHTML, like Gecko) Chrome/131.0.0.0 Safari/537.36"
