85.11.167.175 - - [26/Jul/2026:02:21:46 +0000] "GET /wp-login.php HTTP/1.1" 404 27222 "-" "Mozilla/5.0 (X11; Linux x86_64) AppleWebKit/537.36 (KHTML, like Gecko) Chrome/120.0.6099.130 Safari/537.36"
85.11.167.175 - - [26/Jul/2026:02:21:46 +0000] "GET /wp-login.php HTTP/1.1" 301 169 "https://www.google.com/" "Mozilla/5.0 (Macintosh; Intel Mac OS X 10_15_7) AppleWebKit/605.1.15 (KHTML, like Gecko) Version/17.1 Safari/605.1.15"
85.11.167.175 - - [26/Jul/2026:02:21:47 +0000] "GET /wp-login.php HTTP/1.1" 404 27222 "https://www.google.com/" "Mozilla/5.0 (Macintosh; Intel Mac OS X 10_15_7) AppleWebKit/605.1.15 (KHTML, like Gecko) Version/17.1 Safari/605.1.15"
85.11.167.175 - - [26/Jul/2026:02:21:47 +0000] "GET /wp-admin/ HTTP/1.1" 302 5 "https://wordpress.org/" "Mozilla/5.0 (Windows NT 10.0; Win64; x64) AppleWebKit/537.36 (KHTML, like Gecko) Chrome/119.0.0.0 Safari/537.36 Edg/119.0.2151.97"
85.11.167.175 - - [26/Jul/2026:02:21:47 +0000] "GET /404 HTTP/1.1" 404 29657 "https://wordpress.org/" "Mozilla/5.0 (Windows NT 10.0; Win64; x64) AppleWebKit/537.36 (KHTML, like Gecko) Chrome/119.0.0.0 Safari/537.36 Edg/119.0.2151.97"
85.11.167.175 - - [26/Jul/2026:02:21:50 +0000] "GET /wp-login.php HTTP/1.1" 404 27222 "https://www.facebook.com/" "Mozilla/5.0 (X11; Ubuntu; Linux x86_64) AppleWebKit/537.36 (KHTML, like Gecko) Chrome/120.0.6099.130 Safari/537.36"
85.11.167.175 - - [26/Jul/2026:02:21:50 +0000] "GET /wp-login.php HTTP/1.1" 301 169 "https://www.reddit.com/" "Mozilla/5.0 (Macintosh; Intel Mac OS X 10_15_7) AppleWebKit/537.36 (KHTML, like Gecko) Chrome/118.0.5993.88 Safari/537.36"
85.11.167.175 - - [26/Jul/2026:02:21:51 +0000] "GET /wp-login.php HTTP/1.1" 404 27222 "https://www.reddit.com/" "Mozilla/5.0 (Macintosh; Intel Mac OS X 10_15_7) AppleWebKit/537.36 (KHTML, like Gecko) Chrome/118.0.5993.88 Safari/537.36"
85.11.167.175 - - [26/Jul/2026:02:21:51 +0000] "GET /wp-admin/ HTTP/1.1" 302 5 "-" "Mozilla/5.0 (Windows NT 10.0; Win64; x64) AppleWebKit/537.36 (KHTML, like Gecko) Chrome/120.0.0.0 Safari/537.36 Edg/120.0.2210.133"
85.11.167.175 - - [26/Jul/2026:02:21:52 +0000] "GET /404 HTTP/1.1" 404 29657 "-" "Mozilla/5.0 (Windows NT 10.0; Win64; x64) AppleWebKit/537.36 (KHTML, like Gecko) Chrome/120.0.0.0 Safari/537.36 Edg/120.0.2210.133"
146.190.158.65 - - [26/Jul/2026:02:22:20 +0000] "POST /wp-cron.php?doing_wp_cron=1785032540.6779899597167968750000 HTTP/1.1" 200 31 "-" "WordPress/7.0; https://weelorum.com"
181.140.56.19 - - [26/Jul/2026:02:22:20 +0000] "GET /solutions/healthcare-app-development-services/tel:380962170860 HTTP/1.1" 404 29678 "-" "Mozilla/5.0 (Windows NT 10.0; WOW64) AppleWebKit/537.36 (KHTML, like Gecko) Chrome/86.0.4240.198 Safari/537.36"
47.128.116.106 - - [26/Jul/2026:02:25:50 +0000] "GET /robots.txt HTTP/1.1" 200 140 "-" "Mozilla/5.0 (Linux; Android 5.0) AppleWebKit/537.36 (KHTML, like Gecko) Mobile Safari/537.36 (compatible; Bytespider; spider-feedback@bytedance.com)"
89.110.64.239 - - [26/Jul/2026:02:26:23 +0000] "GET /blog/find-out-how-to-estimate-cost-of-app-development-with-weelorum/ HTTP/1.0" 200 365756 "https://weelorum.com/blog/find-out-how-to-estimate-cost-of-app-development-with-weelorum/" "Mozilla/5.0 (Windows NT 10.0; Win64; x64) AppleWebKit/537.36 (KHTML, like Gecko) Chrome/130.0.0.0 Safari/537.36"
146.190.158.65 - - [26/Jul/2026:02:26:24 +0000] "POST /wp-cron.php?doing_wp_cron=1785032784.2507219314575195312500 HTTP/1.1" 200 31 "-" "WordPress/7.0; https://weelorum.com"
89.110.64.239 - - [26/Jul/2026:02:26:24 +0000] "POST /wp-comments-post.php HTTP/1.0" 302 0 "https://weelorum.com/blog/find-out-how-to-estimate-cost-of-app-development-with-weelorum/" "Mozilla/5.0 (Windows NT 10.0; Win64; x64) AppleWebKit/537.36 (KHTML, like Gecko) Chrome/130.0.0.0 Safari/537.36"
89.110.64.239 - - [26/Jul/2026:02:26:25 +0000] "GET /blog/find-out-how-to-estimate-cost-of-app-development-with-weelorum/ HTTP/1.0" 200 130759 "https://weelorum.com/blog/find-out-how-to-estimate-cost-of-app-development-with-weelorum/#comment-40014" "Mozilla/5.0 (Windows NT 10.0; Win64; x64) AppleWebKit/537.36 (KHTML, like Gecko) Chrome/130.0.0.0 Safari/537.36"
146.190.158.65 - - [26/Jul/2026:02:28:01 +0000] "GET / HTTP/1.1" 301 169 "-" "Mozilla/5.0 (X11; Linux x86_64) AppleWebKit/537.36 (KHTML, like Gecko) Chrome/44.0.2403.157 Safari/537.36"
146.190.158.65 - - [26/Jul/2026:02:28:01 +0000] "GET / HTTP/1.1" 200 32502 "http://146.190.158.65" "Mozilla/5.0 (X11; Linux x86_64) AppleWebKit/537.36 (KHTML, like Gecko) Chrome/44.0.2403.157 Safari/537.36"
213.173.108.226 - - [26/Jul/2026:02:28:18 +0000] "GET /wp-content/uploads/2023/02/view-your-meditation-stats-on-your-profile-1024x576.jpg HTTP/1.1" 200 53021 "-" "Mozilla/5.0 (Windows NT 10.0; Win64; x64) AppleWebKit/537.36 (KHTML, like Gecko) Chrome/141.0.0.0 Safari/537.36"
20.211.9.236 - - [26/Jul/2026:02:29:26 +0000] "GET /robots.txt HTTP/1.1" 200 140 "-" "SearchBot/1.0 (compatible; +https://search.theradicalparty.com/bot)"
20.211.9.236 - - [26/Jul/2026:02:29:26 +0000] "GET / HTTP/1.1" 200 80041 "-" "SearchBot/1.0 (compatible; +https://search.theradicalparty.com/bot)"
146.190.158.65 - - [26/Jul/2026:02:30:21 +0000] "POST /wp-cron.php?doing_wp_cron=1785033021.5639309883117675781250 HTTP/1.1" 200 31 "-" "WordPress/7.0; https://weelorum.com"
190.92.15.109 - - [26/Jul/2026:02:30:21 +0000] "GET /key-things-you-should-know-when-making-a-calendar-app/tel:380962170860 HTTP/1.1" 404 29721 "-" "Mozilla/5.0 (Macintosh; Intel Mac OS X 10_14_6) AppleWebKit/537.36 (KHTML, like Gecko) Chrome/94.0.4606.81 Safari/537.36"
91.84.114.150 - - [26/Jul/2026:02:32:40 +0000] "GET /blog/find-out-how-to-estimate-cost-of-app-development-with-weelorum/ HTTP/1.0" 200 365756 "https://weelorum.com/blog/find-out-how-to-estimate-cost-of-app-development-with-weelorum/" "Mozilla/5.0 (Windows NT 10.0; Win64; x64) AppleWebKit/537.36 (KHTML, like Gecko) Chrome/131.0.0.0 Safari/537.36 Avast/131.0.0.0"
146.190.158.65 - - [26/Jul/2026:02:32:41 +0000] "POST /wp-cron.php?doing_wp_cron=1785033161.2997999191284179687500 HTTP/1.1" 200 31 "-" "WordPress/7.0; https://weelorum.com"
91.84.114.150 - - [26/Jul/2026:02:32:41 +0000] "POST /wp-comments-post.php HTTP/1.0" 302 0 "https://weelorum.com/blog/find-out-how-to-estimate-cost-of-app-development-with-weelorum/" "Mozilla/5.0 (Windows NT 10.0; Win64; x64) AppleWebKit/537.36 (KHTML, like Gecko) Chrome/131.0.0.0 Safari/537.36 Avast/131.0.0.0"
91.84.114.150 - - [26/Jul/2026:02:32:42 +0000] "GET /blog/find-out-how-to-estimate-cost-of-app-development-with-weelorum/ HTTP/1.0" 200 212771 "https://weelorum.com/blog/find-out-how-to-estimate-cost-of-app-development-with-weelorum/#comment-40015" "Mozilla/5.0 (Windows NT 10.0; Win64; x64) AppleWebKit/537.36 (KHTML, like Gecko) Chrome/131.0.0.0 Safari/537.36 Avast/131.0.0.0"
146.190.158.65 - - [26/Jul/2026:02:34:53 +0000] "POST /wp-cron.php?doing_wp_cron=1785033293.4789800643920898437500 HTTP/1.1" 200 31 "-" "WordPress/7.0; https://weelorum.com"
57.141.18.68 - - [26/Jul/2026:02:34:53 +0000] "GET /portfolio-sitemap.xml HTTP/1.1" 200 2609 "-" "Mozilla/5.0 (Macintosh; Intel Mac OS X 10_15_7) AppleWebKit/537.36 (KHTML, like Gecko) Chrome/145.0.0.0 Safari/537.36 (compatible; meta-externalagent/1.1 (+https://developers.facebook.com/docs/sharing/webmasters/crawler))"
77.75.78.166 - - [26/Jul/2026:02:41:54 +0000] "GET /privacy-policy/ HTTP/1.1" 200 60604 "-" "Mozilla/5.0 (compatible; SeznamBot/4.0; +https://o-seznam.cz/napoveda/vyhledavani/en/seznambot-crawler/)"
146.190.158.65 - - [26/Jul/2026:02:42:01 +0000] "GET / HTTP/1.1" 301 169 "-" "Mozilla/5.0 (X11; Linux x86_64) AppleWebKit/537.36 (KHTML, like Gecko) Chrome/44.0.2403.157 Safari/537.36"
146.190.158.65 - - [26/Jul/2026:02:42:01 +0000] "GET / HTTP/1.1" 200 16118 "http://146.190.158.65" "Mozilla/5.0 (X11; Linux x86_64) AppleWebKit/537.36 (KHTML, like Gecko) Chrome/44.0.2403.157 Safari/537.36"
65.52.166.227 - - [26/Jul/2026:02:42:22 +0000] "GET /wp-content/plugins/hellopress/wp_filemanager.php HTTP/1.1" 301 169 "-" "-"
65.52.166.227 - - [26/Jul/2026:02:42:24 +0000] "GET /wp-content/plugins/hellopress/wp_filemanager.php HTTP/1.1" 404 27 "-" "-"
62.238.57.219 - - [26/Jul/2026:02:46:15 +0000] "GET /wp-content/uploads/2023/04/playlists_group-300x159.png HTTP/1.1" 200 18824 "-" "Mozilla/5.0 (X11; Ubuntu; Linux x86_64; rv:72.0) Gecko/20100101 Firefox/72.0"
23.27.234.208 - - [26/Jul/2026:02:49:17 +0000] "GET /wp-content/uploads/2022/08/12.-Preview-articles.svg HTTP/1.1" 200 105741 "-" "Mozilla/5.0 (compatible; crawler)"
65.109.171.164 - - [26/Jul/2026:02:52:35 +0000] "GET /wp-content/uploads/2023/05/Tinder-subscription-tiers-and-pricing-300x130.jpg HTTP/1.1" 200 5761 "-" "Mozilla/5.0 (X11; Ubuntu; Linux x86_64; rv:72.0) Gecko/20100101 Firefox/72.0"
95.182.90.246 - - [26/Jul/2026:02:53:47 +0000] "GET /blog/find-out-how-to-estimate-cost-of-app-development-with-weelorum/ HTTP/1.0" 301 169 "http://weelorum.com/blog/find-out-how-to-estimate-cost-of-app-development-with-weelorum/" "Mozilla/5.0 (Windows NT 10.0; Win64; x64) AppleWebKit/537.36 (KHTML, like Gecko) Chrome/131.0.0.0 Safari/537.36"
95.182.90.246 - - [26/Jul/2026:02:53:49 +0000] "GET /blog/find-out-how-to-estimate-cost-of-app-development-with-weelorum/ HTTP/1.0" 200 365756 "https://weelorum.com/blog/find-out-how-to-estimate-cost-of-app-development-with-weelorum/" "Mozilla/5.0 (Windows NT 10.0; Win64; x64) AppleWebKit/537.36 (KHTML, like Gecko) Chrome/131.0.0.0 Safari/537.36"
95.182.90.246 - - [26/Jul/2026:02:53:50 +0000] "GET /blog/find-out-how-to-estimate-cost-of-app-development-with-weelorum/ HTTP/1.0" 200 365756 "https://weelorum.com/blog/find-out-how-to-estimate-cost-of-app-development-with-weelorum/" "Mozilla/5.0 (Windows NT 10.0; Win64; x64) AppleWebKit/537.36 (KHTML, like Gecko) Chrome/131.0.0.0 Safari/537.36"
146.190.158.65 - - [26/Jul/2026:02:53:51 +0000] "POST /wp-cron.php?doing_wp_cron=1785034431.9458041191101074218750 HTTP/1.1" 200 31 "-" "WordPress/7.0; https://weelorum.com"
95.182.90.246 - - [26/Jul/2026:02:53:52 +0000] "POST /blog/find-out-how-to-estimate-cost-of-app-development-with-weelorum/ HTTP/1.0" 200 212688 "https://weelorum.com/blog/find-out-how-to-estimate-cost-of-app-development-with-weelorum/" "Mozilla/5.0 (Windows NT 10.0; Win64; x64) AppleWebKit/537.36 (KHTML, like Gecko) Chrome/131.0.0.0 Safari/537.36"
95.182.90.246 - - [26/Jul/2026:02:53:53 +0000] "GET /blog/find-out-how-to-estimate-cost-of-app-development-with-weelorum/ HTTP/1.0" 200 365756 "https://weelorum.com/blog/find-out-how-to-estimate-cost-of-app-development-with-weelorum/" "Mozilla/5.0 (Windows NT 10.0; Win64; x64) AppleWebKit/537.36 (KHTML, like Gecko) Chrome/131.0.0.0 Safari/537.36"
146.190.158.65 - - [26/Jul/2026:02:56:01 +0000] "GET / HTTP/1.1" 301 169 "-" "Mozilla/5.0 (X11; Linux x86_64) AppleWebKit/537.36 (KHTML, like Gecko) Chrome/44.0.2403.157 Safari/537.36"
146.190.158.65 - - [26/Jul/2026:02:56:01 +0000] "GET / HTTP/1.1" 200 16118 "http://146.190.158.65" "Mozilla/5.0 (X11; Linux x86_64) AppleWebKit/537.36 (KHTML, like Gecko) Chrome/44.0.2403.157 Safari/537.36"
57.141.18.16 - - [26/Jul/2026:02:57:10 +0000] "GET /industry/healthcare/ HTTP/1.1" 200 228038 "-" "Mozilla/5.0 (Windows NT 10.0; Win64; x64) AppleWebKit/537.36 (KHTML, like Gecko) Chrome/145.0.0.0 Safari/537.36 (compatible; meta-externalagent/1.1 (+https://developers.facebook.com/docs/sharing/webmasters/crawler))"
17.22.237.77 - - [26/Jul/2026:02:57:40 +0000] "GET /services/web-development-services/ HTTP/1.1" 200 85935 "-" "Mozilla/5.0 (Macintosh; Intel Mac OS X 10_15_7) AppleWebKit/605.1.15 (KHTML, like Gecko) Version/17.4 Safari/605.1.15 (Applebot/0.1; +http://www.apple.com/go/applebot)"
216.73.216.190 - - [26/Jul/2026:02:58:12 +0000] "GET /robots.txt HTTP/1.1" 200 140 "-" "Mozilla/5.0 AppleWebKit/537.36 (KHTML, like Gecko; compatible; ClaudeBot/1.0; +claudebot@anthropic.com)"
146.190.158.65 - - [26/Jul/2026:02:58:12 +0000] "POST /wp-cron.php?doing_wp_cron=1785034692.7164199352264404296875 HTTP/1.1" 200 31 "-" "WordPress/7.0; https://weelorum.com"
216.73.216.190 - - [26/Jul/2026:02:58:12 +0000] "GET /service/web-development/feed/ HTTP/1.1" 200 7773 "-" "Mozilla/5.0 AppleWebKit/537.36 (KHTML, like Gecko; compatible; ClaudeBot/1.0; +claudebot@anthropic.com)"
146.190.158.65 - - [26/Jul/2026:02:58:35 +0000] "POST /wp-cron.php?doing_wp_cron=1785034715.4338359832763671875000 HTTP/1.1" 200 31 "-" "WordPress/7.0; https://weelorum.com"
34.230.2.33 - - [26/Jul/2026:02:58:35 +0000] "GET /app-ads.txt HTTP/1.1" 404 130469 "-" "Mozilla/5.0 (Windows NT 10.0; Win64; x64) AppleWebKit/537.36 (KHTML, like Gecko) Chrome/124.0.0.0 Safari/537.36"
146.190.158.65 - - [26/Jul/2026:03:00:01 +0000] "GET / HTTP/1.1" 301 169 "-" "Mozilla/5.0 (X11; Linux x86_64) AppleWebKit/537.36 (KHTML, like Gecko) Chrome/44.0.2403.157 Safari/537.36"
146.190.158.65 - - [26/Jul/2026:03:00:01 +0000] "GET / HTTP/1.1" 200 48886 "http://146.190.158.65" "Mozilla/5.0 (X11; Linux x86_64) AppleWebKit/537.36 (KHTML, like Gecko) Chrome/44.0.2403.157 Safari/537.36"
34.230.2.33 - - [26/Jul/2026:03:00:01 +0000] "GET /app-ads.txt HTTP/1.1" 301 169 "-" "Mozilla/5.0 (Windows NT 10.0; Win64; x64) AppleWebKit/537.36 (KHTML, like Gecko) Chrome/124.0.0.0 Safari/537.36"
146.190.158.65 - - [26/Jul/2026:03:00:12 +0000] "POST /wp-cron.php?doing_wp_cron=1785034812.4254570007324218750000 HTTP/1.1" 200 31 "-" "WordPress/7.0; https://weelorum.com"
31.207.91.22 - - [26/Jul/2026:03:00:12 +0000] "GET /contact/tel:380962170860 HTTP/1.1" 404 29676 "-" "Mozilla/5.0 (Windows NT 6.3; WOW64) AppleWebKit/537.36 (KHTML, like Gecko) Chrome/87.0.4280.66 Safari/537.36"
146.190.158.65 - - [26/Jul/2026:03:00:44 +0000] "POST /wp-cron.php?doing_wp_cron=1785034844.8108880519866943359375 HTTP/1.1" 200 31 "-" "WordPress/7.0; https://weelorum.com"
34.230.2.33 - - [26/Jul/2026:03:00:44 +0000] "GET /app-ads.txt HTTP/1.1" 404 130469 "-" "Mozilla/5.0 (Windows NT 10.0; Win64; x64) AppleWebKit/537.36 (KHTML, like Gecko) Chrome/124.0.0.0 Safari/537.36"
114.119.128.154 - - [26/Jul/2026:03:01:05 +0000] "GET /portfolio-projects/learnpath/ HTTP/1.1" 200 70131 "https://weelorum.com/portfolio-projects/" "Mozilla/5.0 (Linux; Android 7.0;) AppleWebKit/537.36 (HTML, like Gecko) Mobile Safari/537.36 (compatible; PetalBot;+https://webmaster.petalsearch.com/site/petalbot)"
146.190.158.65 - - [26/Jul/2026:03:01:22 +0000] "POST /wp-cron.php?doing_wp_cron=1785034882.3994469642639160156250 HTTP/1.1" 200 31 "-" "WordPress/7.0; https://weelorum.com"
34.230.2.33 - - [26/Jul/2026:03:01:22 +0000] "GET /app-ads.txt HTTP/1.1" 301 5 "-" "Mozilla/5.0 (Windows NT 10.0; Win64; x64) AppleWebKit/537.36 (KHTML, like Gecko) Chrome/124.0.0.0 Safari/537.36"
17.22.237.133 - - [26/Jul/2026:03:01:25 +0000] "GET /wp-content/cache/min/1/wp-content/themes/weelorum-theme/css/awards-section.css?ver=1784812621 HTTP/1.1" 200 1392 "https://weelorum.com/services/web-development-services/" "Mozilla/5.0 (Macintosh; Intel Mac OS X 10_15_7) AppleWebKit/605.1.15 (KHTML, like Gecko) Version/17.4 Safari/605.1.15 (Applebot/0.1; +http://www.apple.com/go/applebot)"
17.22.237.133 - - [26/Jul/2026:03:01:26 +0000] "GET /wp-content/cache/min/1/wp-content/themes/weelorum-theme/assets/js/main.js?ver=1784812621 HTTP/1.1" 200 1767 "https://weelorum.com/services/web-development-services/" "Mozilla/5.0 (Macintosh; Intel Mac OS X 10_15_7) AppleWebKit/605.1.15 (KHTML, like Gecko) Version/17.4 Safari/605.1.15 (Applebot/0.1; +http://www.apple.com/go/applebot)"
17.22.237.133 - - [26/Jul/2026:03:01:27 +0000] "GET /wp-content/cache/background-css/1/weelorum.com/wp-content/cache/min/1/wp-content/themes/weelorum-theme/assets/css/wl-pages.css?ver=1784812621&wpr_t=1784999867 HTTP/1.1" 200 58175 "https://weelorum.com/services/web-development-services/" "Mozilla/5.0 (Macintosh; Intel Mac OS X 10_15_7) AppleWebKit/605.1.15 (KHTML, like Gecko) Version/17.4 Safari/605.1.15 (Applebot/0.1; +http://www.apple.com/go/applebot)"
20.169.73.47 - - [26/Jul/2026:03:01:29 +0000] "GET / HTTP/1.1" 200 80041 "-" "Mozilla/5.0 AppleWebKit/537.36 (KHTML, like Gecko); compatible; ChatGPT-User/1.0; +https://openai.com/bot"
17.22.237.133 - - [26/Jul/2026:03:01:29 +0000] "GET /wp-includes/js/jquery/jquery-migrate.min.js?ver=3.4.1 HTTP/1.1" 200 5355 "https://weelorum.com/services/web-development-services/" "Mozilla/5.0 (Macintosh; Intel Mac OS X 10_15_7) AppleWebKit/605.1.15 (KHTML, like Gecko) Version/17.4 Safari/605.1.15 (Applebot/0.1; +http://www.apple.com/go/applebot)"
17.22.237.133 - - [26/Jul/2026:03:01:30 +0000] "GET /wp-includes/js/jquery/jquery.min.js?ver=3.7.1 HTTP/1.1" 200 35451 "https://weelorum.com/services/web-development-services/" "Mozilla/5.0 (Macintosh; Intel Mac OS X 10_15_7) AppleWebKit/605.1.15 (KHTML, like Gecko) Version/17.4 Safari/605.1.15 (Applebot/0.1; +http://www.apple.com/go/applebot)"
17.22.237.133 - - [26/Jul/2026:03:01:32 +0000] "GET /wp-includes/js/dist/i18n.min.js?ver=781d11515ad3d91786ec HTTP/1.1" 200 2574 "https://weelorum.com/services/web-development-services/" "Mozilla/5.0 (Macintosh; Intel Mac OS X 10_15_7) AppleWebKit/605.1.15 (KHTML, like Gecko) Version/17.4 Safari/605.1.15 (Applebot/0.1; +http://www.apple.com/go/applebot)"
17.22.237.133 - - [26/Jul/2026:03:01:33 +0000] "GET /wp-content/cache/min/1/wp-content/plugins/contact-form-7/includes/swv/js/index.js?ver=1784812623 HTTP/1.1" 200 3887 "https://weelorum.com/services/web-development-services/" "Mozilla/5.0 (Macintosh; Intel Mac OS X 10_15_7) AppleWebKit/605.1.15 (KHTML, like Gecko) Version/17.4 Safari/605.1.15 (Applebot/0.1; +http://www.apple.com/go/applebot)"
17.22.237.133 - - [26/Jul/2026:03:01:35 +0000] "GET /wp-content/cache/min/1/wp-content/plugins/contact-form-7/includes/js/index.js?ver=1784812623 HTTP/1.1" 200 4803 "https://weelorum.com/services/web-development-services/" "Mozilla/5.0 (Macintosh; Intel Mac OS X 10_15_7) AppleWebKit/605.1.15 (KHTML, like Gecko) Version/17.4 Safari/605.1.15 (Applebot/0.1; +http://www.apple.com/go/applebot)"
17.22.237.133 - - [26/Jul/2026:03:01:36 +0000] "GET /wp-content/plugins/wp-rocket/assets/js/lazyload/17.8.3/lazyload.min.js HTTP/1.1" 200 3400 "https://weelorum.com/services/web-development-services/" "Mozilla/5.0 (Macintosh; Intel Mac OS X 10_15_7) AppleWebKit/605.1.15 (KHTML, like Gecko) Version/17.4 Safari/605.1.15 (Applebot/0.1; +http://www.apple.com/go/applebot)"
146.190.158.65 - - [26/Jul/2026:03:01:38 +0000] "POST /wp-cron.php?doing_wp_cron=1785034898.5482509136199951171875 HTTP/1.1" 200 31 "-" "WordPress/7.0; https://weelorum.com"
17.22.237.133 - - [26/Jul/2026:03:01:38 +0000] "GET /wp-json/contact-form-7/v1/contact-forms/217/feedback/schema HTTP/1.1" 200 259 "https://weelorum.com/services/web-development-services/" "Mozilla/5.0 (Macintosh; Intel Mac OS X 10_15_7) AppleWebKit/605.1.15 (KHTML, like Gecko) Version/17.4 Safari/605.1.15 (Applebot/0.1; +http://www.apple.com/go/applebot)"
146.190.158.65 - - [26/Jul/2026:03:01:40 +0000] "POST /wp-cron.php?doing_wp_cron=1785034900.0328168869018554687500 HTTP/1.1" 200 31 "-" "WordPress/7.0; https://weelorum.com"
17.22.237.133 - - [26/Jul/2026:03:01:40 +0000] "GET /wp-json/contact-form-7/v1/contact-forms/217/refill HTTP/1.1" 200 33 "https://weelorum.com/services/web-development-services/" "Mozilla/5.0 (Macintosh; Intel Mac OS X 10_15_7) AppleWebKit/605.1.15 (KHTML, like Gecko) Version/17.4 Safari/605.1.15 (Applebot/0.1; +http://www.apple.com/go/applebot)"
146.190.158.65 - - [26/Jul/2026:03:02:08 +0000] "POST /wp-cron.php?doing_wp_cron=1785034928.3500440120697021484375 HTTP/1.1" 200 31 "-" "WordPress/7.0; https://weelorum.com"
77.75.73.26 - - [26/Jul/2026:03:02:08 +0000] "GET /sitemap_index.xml HTTP/1.1" 200 439 "-" "Mozilla/5.0 (compatible; SeznamBot/4.0; +https://o-seznam.cz/napoveda/vyhledavani/en/seznambot-crawler/)"
114.119.145.134 - - [26/Jul/2026:03:02:28 +0000] "GET /portfolio-projects/hubnox/ HTTP/1.1" 200 70059 "https://weelorum.com/portfolio-projects/" "Mozilla/5.0 (Linux; Android 7.0;) AppleWebKit/537.36 (HTML, like Gecko) Mobile Safari/537.36 (compatible; PetalBot;+https://webmaster.petalsearch.com/site/petalbot)"
45.252.81.29 - - [26/Jul/2026:03:03:05 +0000] "GET /wp-content/uploads/2025/10/NodeJS.svg HTTP/1.1" 200 337 "https://weelorum.com/web-development-services/" "Mozilla/5.0 (Macintosh; Intel Mac OS X 10_15_7) AppleWebKit/537.36 (KHTML, like Gecko) Chrome/131.0.0.0 Safari/537.36"
67.203.33.106 - - [26/Jul/2026:03:03:06 +0000] "GET /wp-content/uploads/2024/11/YellowBrickCinema-360x522.png HTTP/1.1" 200 31013 "https://weelorum.com/web-development-services/" "Mozilla/5.0 (Macintosh; Intel Mac OS X 10_15_7) AppleWebKit/537.36 (KHTML, like Gecko) Chrome/131.0.0.0 Safari/537.36"
114.119.146.88 - - [26/Jul/2026:03:03:52 +0000] "GET /portfolio-projects/fleettrack/ HTTP/1.1" 200 70975 "https://weelorum.com/portfolio-projects/" "Mozilla/5.0 (Linux; Android 7.0;) AppleWebKit/537.36 (HTML, like Gecko) Mobile Safari/537.36 (compatible; PetalBot;+https://webmaster.petalsearch.com/site/petalbot)"
146.190.158.65 - - [26/Jul/2026:03:04:44 +0000] "POST /wp-cron.php?doing_wp_cron=1785035084.0201299190521240234375 HTTP/1.1" 200 31 "-" "WordPress/7.0; https://weelorum.com"
20.163.246.208 - - [26/Jul/2026:03:04:44 +0000] "GET /wp-login.php HTTP/1.1" 404 27222 "-" "Mozilla/5.0 (Windows NT 10.0; Win64; x64) AppleWebKit/537.36 (KHTML, like Gecko) Chrome/120.0.0.0 Safari/537.36 Edg/120.0.0.0"
20.163.246.208 - - [26/Jul/2026:03:04:44 +0000] "POST /wp-login.php HTTP/1.1" 404 27222 "https://weelorum.com/wp-login.php" "Mozilla/5.0 (Windows NT 10.0; Win64; x64) AppleWebKit/537.36 (KHTML, like Gecko) Chrome/120.0.0.0 Safari/537.36"
146.190.158.65 - - [26/Jul/2026:03:05:16 +0000] "POST /wp-cron.php?doing_wp_cron=1785035116.7495679855346679687500 HTTP/1.1" 200 31 "-" "WordPress/7.0; https://weelorum.com"
114.119.141.249 - - [26/Jul/2026:03:05:16 +0000] "GET /page-sitemap.xml HTTP/1.1" 200 2919 "https://weelorum.com/page-sitemap.xml" "Mozilla/5.0 (Linux; Android 7.0;) AppleWebKit/537.36 (HTML, like Gecko) Mobile Safari/537.36 (compatible; PetalBot;+https://webmaster.petalsearch.com/site/petalbot)"
146.190.158.65 - - [26/Jul/2026:03:06:38 +0000] "POST /wp-cron.php?doing_wp_cron=1785035198.7816450595855712890625 HTTP/1.1" 200 31 "-" "WordPress/7.0; https://weelorum.com"
114.119.128.154 - - [26/Jul/2026:03:06:38 +0000] "GET /blog/how-to-make-a-shopping-app-team-of-developers-process-points HTTP/1.1" 301 5 "https://weelorum.com/hospital-application-development-challenges-key-features-and-cost" "Mozilla/5.0 (Linux; Android 7.0;) AppleWebKit/537.36 (HTML, like Gecko) Mobile Safari/537.36 (compatible; PetalBot;+https://webmaster.petalsearch.com/site/petalbot)"
114.119.128.154 - - [26/Jul/2026:03:06:39 +0000] "GET /blog/how-to-make-a-shopping-app-team-of-developers-process-points/ HTTP/1.1" 200 89798 "https://weelorum.com/hospital-application-development-challenges-key-features-and-cost" "Mozilla/5.0 (Linux; Android 7.0;) AppleWebKit/537.36 (HTML, like Gecko) Mobile Safari/537.36 (compatible; PetalBot;+https://webmaster.petalsearch.com/site/petalbot)"
146.190.158.65 - - [26/Jul/2026:03:07:53 +0000] "POST /wp-cron.php?doing_wp_cron=1785035273.1465959548950195312500 HTTP/1.1" 200 31 "-" "WordPress/7.0; https://weelorum.com"
45.235.211.236 - - [26/Jul/2026:03:07:53 +0000] "GET /solutions/event-app-development-company/tel:380962170860 HTTP/1.1" 404 29678 "-" "Mozilla/5.0 (Macintosh; Intel Mac OS X 10_14_5) AppleWebKit/537.36 (KHTML, like Gecko) Chrome/88.0.4324.192 Safari/537.36"
157.55.39.60 - - [26/Jul/2026:03:11:15 +0000] "GET /wp-content/cache/background-css/1/weelorum.com/wp-content/cache/min/1/wp-content/themes/weelorum-theme/assets/css/wl-pages.css?ver=1784812621&wpr_t=1784863071 HTTP/1.1" 200 58175 "https://weelorum.com/solutions/location-based-app-development-services" "Mozilla/5.0 AppleWebKit/537.36 (KHTML, like Gecko; compatible; bingbot/2.0; +http://www.bing.com/bingbot.htm) Chrome/136.0.0.0 Safari/537.36 AppleWebKit/537.36 (KHTML, like Gecko; compatible; bingbot/2.0; +http://www.bing.com/bingbot.htm) Chrome/116.0.1938.76 Safari/537.36"
104.168.52.200 - - [26/Jul/2026:03:13:47 +0000] "GET /wp-content/uploads/2022/08/1.-Preview-articles.svg HTTP/1.1" 200 43724 "https://weelorum.com/blog/4-key-points-of-successful-saas-mobile-application-development/" "Mozilla/5.0 (Macintosh; Intel Mac OS X 10_15_7) AppleWebKit/537.36 (KHTML, like Gecko) Chrome/131.0.0.0 Safari/537.36"
48.45.243.47 - - [26/Jul/2026:03:13:54 +0000] "GET /wp-content/uploads/2022/08/1.-Preview-articles.svg HTTP/1.1" 200 43724 "https://weelorum.com/blog/4-key-points-of-successful-saas-mobile-application-development/" "Mozilla/5.0 (Macintosh; Intel Mac OS X 10_15_7) AppleWebKit/537.36 (KHTML, like Gecko) Chrome/131.0.0.0 Safari/537.36"
146.190.158.65 - - [26/Jul/2026:03:14:01 +0000] "GET / HTTP/1.1" 301 169 "-" "Mozilla/5.0 (X11; Linux x86_64) AppleWebKit/537.36 (KHTML, like Gecko) Chrome/44.0.2403.157 Safari/537.36"
146.190.158.65 - - [26/Jul/2026:03:14:01 +0000] "GET / HTTP/1.1" 200 32502 "http://146.190.158.65" "Mozilla/5.0 (X11; Linux x86_64) AppleWebKit/537.36 (KHTML, like Gecko) Chrome/44.0.2403.157 Safari/537.36"
84.37.181.165 - - [26/Jul/2026:03:16:32 +0000] "GET /wp-content/themes/weelorum-theme/assets/images/case-studies/vortex/vortex-main-screen.png HTTP/1.1" 200 2000897 "-" "Mozilla/5.0 (compatible; crawler)"
146.190.158.65 - - [26/Jul/2026:03:17:24 +0000] "POST /wp-cron.php?doing_wp_cron=1785035844.6070039272308349609375 HTTP/1.1" 200 31 "-" "WordPress/7.0; https://weelorum.com"
114.119.151.168 - - [26/Jul/2026:03:17:24 +0000] "GET /solutions/trusted-social-media-app-development-company HTTP/1.1" 301 5 "https://weelorum.com/hospital-application-development-challenges-key-features-and-cost" "Mozilla/5.0 (Linux; Android 7.0;) AppleWebKit/537.36 (HTML, like Gecko) Mobile Safari/537.36 (compatible; PetalBot;+https://webmaster.petalsearch.com/site/petalbot)"
114.119.151.168 - - [26/Jul/2026:03:17:25 +0000] "GET /solutions/trusted-social-media-app-development-company/ HTTP/1.1" 200 81640 "https://weelorum.com/hospital-application-development-challenges-key-features-and-cost" "Mozilla/5.0 (Linux; Android 7.0;) AppleWebKit/537.36 (HTML, like Gecko) Mobile Safari/537.36 (compatible; PetalBot;+https://webmaster.petalsearch.com/site/petalbot)"
146.190.158.65 - - [26/Jul/2026:03:18:48 +0000] "POST /wp-cron.php?doing_wp_cron=1785035928.0359759330749511718750 HTTP/1.1" 200 31 "-" "WordPress/7.0; https://weelorum.com"
114.119.144.165 - - [26/Jul/2026:03:18:48 +0000] "GET /solutions HTTP/1.1" 301 5 "https://weelorum.com/solutions/wellness-fitness-app-development-services" "Mozilla/5.0 (Linux; Android 7.0;) AppleWebKit/537.36 (HTML, like Gecko) Mobile Safari/537.36 (compatible; PetalBot;+https://webmaster.petalsearch.com/site/petalbot)"
114.119.144.165 - - [26/Jul/2026:03:18:48 +0000] "GET /solutions/ HTTP/1.1" 200 53545 "https://weelorum.com/solutions/wellness-fitness-app-development-services" "Mozilla/5.0 (Linux; Android 7.0;) AppleWebKit/537.36 (HTML, like Gecko) Mobile Safari/537.36 (compatible; PetalBot;+https://webmaster.petalsearch.com/site/petalbot)"
90.15.91.47 - - [26/Jul/2026:03:18:56 +0000] "GET /wp-content/plugins/akismet/_inc/akismet-frontend.js?ver=1740658574 HTTP/1.1" 200 4011 "-" "Mozilla/5.0 (Macintosh; U; PPC Mac OS X; en) AppleWebKit/312.5 (KHTML, like Gecko) Safari/312.3"
114.119.151.168 - - [26/Jul/2026:03:20:11 +0000] "GET /senior-android-developer HTTP/1.1" 301 5 "https://weelorum.com/middle-senior-ios-developer" "Mozilla/5.0 (Linux; Android 7.0;) AppleWebKit/537.36 (HTML, like Gecko) Mobile Safari/537.36 (compatible; PetalBot;+https://webmaster.petalsearch.com/site/petalbot)"
114.119.151.168 - - [26/Jul/2026:03:20:12 +0000] "GET /our-team/senior-android-developer/ HTTP/1.1" 200 68836 "https://weelorum.com/middle-senior-ios-developer" "Mozilla/5.0 (Linux; Android 7.0;) AppleWebKit/537.36 (HTML, like Gecko) Mobile Safari/537.36 (compatible; PetalBot;+https://webmaster.petalsearch.com/site/petalbot)"
114.119.143.75 - - [26/Jul/2026:03:21:35 +0000] "GET /our-team/upwork-lead-generation-manager/ HTTP/1.1" 200 68303 "https://weelorum.com/upwork-lead-generation-manager" "Mozilla/5.0 (Linux; Android 7.0;) AppleWebKit/537.36 (HTML, like Gecko) Mobile Safari/537.36 (compatible; PetalBot;+https://webmaster.petalsearch.com/site/petalbot)"
146.190.158.65 - - [26/Jul/2026:03:22:35 +0000] "POST /wp-cron.php?doing_wp_cron=1785036155.6508760452270507812500 HTTP/1.1" 200 31 "-" "WordPress/7.0; https://weelorum.com"
82.215.100.88 - - [26/Jul/2026:03:22:35 +0000] "GET /solutions/location-based-app-development-services/tel:380962170860 HTTP/1.1" 404 29676 "-" "Mozilla/5.0 (Windows NT 6.1; WOW64) AppleWebKit/537.36 (KHTML, like Gecko) Chrome/86.0.4240.198 Safari/537.36"
186.179.62.181 - - [26/Jul/2026:03:22:58 +0000] "GET /blog/find-out-how-to-estimate-cost-of-app-development-with-weelorum/ HTTP/1.1" 301 169 "http://weelorum.com/" "Mozilla/5.0 (Windows NT 10.0; Win64; x64) AppleWebKit/537.36 (KHTML, like Gecko) Chrome/146.0.0.0 Safari/537.36 Edg/146.0.0.0"
114.119.146.88 - - [26/Jul/2026:03:22:58 +0000] "GET /blog/what-ai-is-capable-of-gemini-pro-and-chatgpt4s-potential/ HTTP/1.1" 200 96004 "https://weelorum.com/blog/technologies" "Mozilla/5.0 (Linux; Android 7.0;) AppleWebKit/537.36 (HTML, like Gecko) Mobile Safari/537.36 (compatible; PetalBot;+https://webmaster.petalsearch.com/site/petalbot)"
186.179.62.181 - - [26/Jul/2026:03:23:11 +0000] "GET /blog/find-out-how-to-estimate-cost-of-app-development-with-weelorum/ HTTP/1.1" 200 89334 "http://weelorum.com/blog/find-out-how-to-estimate-cost-of-app-development-with-weelorum/" "Mozilla/5.0 (Windows NT 10.0; Win64; x64) AppleWebKit/537.36 (KHTML, like Gecko) Chrome/146.0.0.0 Safari/537.36 Edg/146.0.0.0"
146.190.158.65 - - [26/Jul/2026:03:23:21 +0000] "POST /wp-cron.php?doing_wp_cron=1785036201.5605878829956054687500 HTTP/1.1" 200 31 "-" "WordPress/7.0; https://weelorum.com"
186.179.62.181 - - [26/Jul/2026:03:23:21 +0000] "GET /wp-login.php?action=register HTTP/1.1" 404 27222 "https://weelorum.com/blog/find-out-how-to-estimate-cost-of-app-development-with-weelorum/" "Mozilla/5.0 (Windows NT 6.3; Win64; x64) AppleWebKit/537.36 (KHTML, like Gecko) Chrome/103.0.0.0 Safari/537.36"
146.190.158.65 - - [26/Jul/2026:03:23:28 +0000] "POST /wp-cron.php?doing_wp_cron=1785036208.2941279411315917968750 HTTP/1.1" 200 31 "-" "WordPress/7.0; https://weelorum.com"
186.179.62.181 - - [26/Jul/2026:03:23:28 +0000] "GET /wp-login.php?action=register HTTP/1.1" 404 27222 "https://weelorum.com/wp-login.php?action=register" "Mozilla/5.0 (Windows NT 6.3; Win64; x64) AppleWebKit/537.36 (KHTML, like Gecko) Chrome/103.0.0.0 Safari/537.36"
172.204.17.66 - - [26/Jul/2026:03:27:57 +0000] "GET /php8.php HTTP/1.1" 404 47 "-" "Mozilla/5.0 (Windows NT 10.0; Win64; x64) AppleWebKit/537.36 (KHTML, like Gecko) Chrome/120.0.0.0 Safari/537.36"
172.204.17.66 - - [26/Jul/2026:03:27:58 +0000] "GET /admin.php HTTP/1.1" 404 47 "-" "Mozilla/5.0 (Windows NT 10.0; Win64; x64) AppleWebKit/537.36 (KHTML, like Gecko) Chrome/120.0.0.0 Safari/537.36"
172.204.17.66 - - [26/Jul/2026:03:27:59 +0000] "GET /adminfuns.php HTTP/1.1" 404 47 "-" "Mozilla/5.0 (Windows NT 10.0; Win64; x64) AppleWebKit/537.36 (KHTML, like Gecko) Chrome/120.0.0.0 Safari/537.36"
172.204.17.66 - - [26/Jul/2026:03:28:00 +0000] "GET /php.php HTTP/1.1" 404 47 "-" "Mozilla/5.0 (Windows NT 10.0; Win64; x64) AppleWebKit/537.36 (KHTML, like Gecko) Chrome/120.0.0.0 Safari/537.36"
172.204.17.66 - - [26/Jul/2026:03:28:00 +0000] "GET /222.php HTTP/1.1" 404 47 "-" "Mozilla/5.0 (Windows NT 10.0; Win64; x64) AppleWebKit/537.36 (KHTML, like Gecko) Chrome/120.0.0.0 Safari/537.36"
172.204.17.66 - - [26/Jul/2026:03:28:01 +0000] "GET /wp-content/themes/ HTTP/1.1" 200 31 "-" "Mozilla/5.0 (Windows NT 10.0; Win64; x64) AppleWebKit/537.36 (KHTML, like Gecko) Chrome/120.0.0.0 Safari/537.36"
172.204.17.66 - - [26/Jul/2026:03:28:01 +0000] "GET /about.php HTTP/1.1" 404 47 "-" "Mozilla/5.0 (Windows NT 10.0; Win64; x64) AppleWebKit/537.36 (KHTML, like Gecko) Chrome/120.0.0.0 Safari/537.36"
146.190.158.65 - - [26/Jul/2026:03:28:01 +0000] "GET / HTTP/1.1" 301 169 "-" "Mozilla/5.0 (X11; Linux x86_64) AppleWebKit/537.36 (KHTML, like Gecko) Chrome/44.0.2403.157 Safari/537.36"
146.190.158.65 - - [26/Jul/2026:03:28:01 +0000] "GET / HTTP/1.1" 200 32502 "http://146.190.158.65" "Mozilla/5.0 (X11; Linux x86_64) AppleWebKit/537.36 (KHTML, like Gecko) Chrome/44.0.2403.157 Safari/537.36"
172.204.17.66 - - [26/Jul/2026:03:28:02 +0000] "GET /edit.php HTTP/1.1" 404 47 "-" "Mozilla/5.0 (Windows NT 10.0; Win64; x64) AppleWebKit/537.36 (KHTML, like Gecko) Chrome/120.0.0.0 Safari/537.36"
172.204.17.66 - - [26/Jul/2026:03:28:02 +0000] "GET /wp-includes/rest-api/fields/ HTTP/1.1" 403 187 "-" "Mozilla/5.0 (Windows NT 10.0; Win64; x64) AppleWebKit/537.36 (KHTML, like Gecko) Chrome/120.0.0.0 Safari/537.36"
172.204.17.66 - - [26/Jul/2026:03:28:02 +0000] "GET /8.php HTTP/1.1" 404 47 "-" "Mozilla/5.0 (Windows NT 10.0; Win64; x64) AppleWebKit/537.36 (KHTML, like Gecko) Chrome/120.0.0.0 Safari/537.36"
172.204.17.66 - - [26/Jul/2026:03:28:03 +0000] "GET /wp-content/plugins/ HTTP/1.1" 200 31 "-" "Mozilla/5.0 (Windows NT 10.0; Win64; x64) AppleWebKit/537.36 (KHTML, like Gecko) Chrome/120.0.0.0 Safari/537.36"
172.204.17.66 - - [26/Jul/2026:03:28:03 +0000] "GET /classwithtostring.php HTTP/1.1" 404 47 "-" "Mozilla/5.0 (Windows NT 10.0; Win64; x64) AppleWebKit/537.36 (KHTML, like Gecko) Chrome/120.0.0.0 Safari/537.36"
172.204.17.66 - - [26/Jul/2026:03:28:04 +0000] "GET /wp-content/uploads/ HTTP/1.1" 403 187 "-" "Mozilla/5.0 (Windows NT 10.0; Win64; x64) AppleWebKit/537.36 (KHTML, like Gecko) Chrome/120.0.0.0 Safari/537.36"
172.204.17.66 - - [26/Jul/2026:03:28:04 +0000] "GET /7.php HTTP/1.1" 404 47 "-" "Mozilla/5.0 (Windows NT 10.0; Win64; x64) AppleWebKit/537.36 (KHTML, like Gecko) Chrome/120.0.0.0 Safari/537.36"
172.204.17.66 - - [26/Jul/2026:03:28:05 +0000] "GET /wp-includes/Text HTTP/1.1" 301 169 "-" "Mozilla/5.0 (Windows NT 10.0; Win64; x64) AppleWebKit/537.36 (KHTML, like Gecko) Chrome/120.0.0.0 Safari/537.36"
172.204.17.66 - - [26/Jul/2026:03:28:06 +0000] "GET /wp-admin/user/ HTTP/1.1" 302 5 "-" "Mozilla/5.0 (Windows NT 10.0; Win64; x64) AppleWebKit/537.36 (KHTML, like Gecko) Chrome/120.0.0.0 Safari/537.36"
172.204.17.66 - - [26/Jul/2026:03:28:06 +0000] "GET /1.php HTTP/1.1" 404 47 "-" "Mozilla/5.0 (Windows NT 10.0; Win64; x64) AppleWebKit/537.36 (KHTML, like Gecko) Chrome/120.0.0.0 Safari/537.36"
172.204.17.66 - - [26/Jul/2026:03:28:06 +0000] "GET /aa.php HTTP/1.1" 404 47 "-" "Mozilla/5.0 (Windows NT 10.0; Win64; x64) AppleWebKit/537.36 (KHTML, like Gecko) Chrome/120.0.0.0 Safari/537.36"
172.204.17.66 - - [26/Jul/2026:03:28:06 +0000] "GET /bless.php HTTP/1.1" 404 47 "-" "Mozilla/5.0 (Windows NT 10.0; Win64; x64) AppleWebKit/537.36 (KHTML, like Gecko) Chrome/120.0.0.0 Safari/537.36"
172.204.17.66 - - [26/Jul/2026:03:28:06 +0000] "GET /aaa.php HTTP/1.1" 404 47 "-" "Mozilla/5.0 (Windows NT 10.0; Win64; x64) AppleWebKit/537.36 (KHTML, like Gecko) Chrome/120.0.0.0 Safari/537.36"
172.204.17.66 - - [26/Jul/2026:03:28:07 +0000] "GET /abcd.php HTTP/1.1" 404 47 "-" "Mozilla/5.0 (Windows NT 10.0; Win64; x64) AppleWebKit/537.36 (KHTML, like Gecko) Chrome/120.0.0.0 Safari/537.36"
172.204.17.66 - - [26/Jul/2026:03:28:07 +0000] "GET /wp-admin/js/ HTTP/1.1" 403 187 "-" "Mozilla/5.0 (Windows NT 10.0; Win64; x64) AppleWebKit/537.36 (KHTML, like Gecko) Chrome/120.0.0.0 Safari/537.36"
172.204.17.66 - - [26/Jul/2026:03:28:07 +0000] "GET /file.php HTTP/1.1" 404 47 "-" "Mozilla/5.0 (Windows NT 10.0; Win64; x64) AppleWebKit/537.36 (KHTML, like Gecko) Chrome/120.0.0.0 Safari/537.36"
172.204.17.66 - - [26/Jul/2026:03:28:08 +0000] "GET /info.php HTTP/1.1" 404 47 "-" "Mozilla/5.0 (Windows NT 10.0; Win64; x64) AppleWebKit/537.36 (KHTML, like Gecko) Chrome/120.0.0.0 Safari/537.36"
172.204.17.66 - - [26/Jul/2026:03:28:08 +0000] "GET /ioxi-o.php HTTP/1.1" 404 47 "-" "Mozilla/5.0 (Windows NT 10.0; Win64; x64) AppleWebKit/537.36 (KHTML, like Gecko) Chrome/120.0.0.0 Safari/537.36"
172.204.17.66 - - [26/Jul/2026:03:28:08 +0000] "GET /a5.php HTTP/1.1" 404 47 "-" "Mozilla/5.0 (Windows NT 10.0; Win64; x64) AppleWebKit/537.36 (KHTML, like Gecko) Chrome/120.0.0.0 Safari/537.36"
172.204.17.66 - - [26/Jul/2026:03:28:09 +0000] "GET /a7.php HTTP/1.1" 404 47 "-" "Mozilla/5.0 (Windows NT 10.0; Win64; x64) AppleWebKit/537.36 (KHTML, like Gecko) Chrome/120.0.0.0 Safari/537.36"
172.204.17.66 - - [26/Jul/2026:03:28:09 +0000] "GET /bolt.php HTTP/1.1" 404 47 "-" "Mozilla/5.0 (Windows NT 10.0; Win64; x64) AppleWebKit/537.36 (KHTML, like Gecko) Chrome/120.0.0.0 Safari/537.36"
172.204.17.66 - - [26/Jul/2026:03:28:09 +0000] "GET /wp-admin/css/colors/ HTTP/1.1" 403 187 "-" "Mozilla/5.0 (Windows NT 10.0; Win64; x64) AppleWebKit/537.36 (KHTML, like Gecko) Chrome/120.0.0.0 Safari/537.36"
172.204.17.66 - - [26/Jul/2026:03:28:10 +0000] "GET /wp-content/ HTTP/1.1" 200 31 "-" "Mozilla/5.0 (Windows NT 10.0; Win64; x64) AppleWebKit/537.36 (KHTML, like Gecko) Chrome/120.0.0.0 Safari/537.36"
172.204.17.66 - - [26/Jul/2026:03:28:10 +0000] "GET /wp-content/index.php HTTP/1.1" 200 31 "-" "Mozilla/5.0 (Windows NT 10.0; Win64; x64) AppleWebKit/537.36 (KHTML, like Gecko) Chrome/120.0.0.0 Safari/537.36"
172.204.17.66 - - [26/Jul/2026:03:28:11 +0000] "GET /wp-good.php HTTP/1.1" 404 47 "-" "Mozilla/5.0 (Windows NT 10.0; Win64; x64) AppleWebKit/537.36 (KHTML, like Gecko) Chrome/120.0.0.0 Safari/537.36"
172.204.17.66 - - [26/Jul/2026:03:28:11 +0000] "GET /.tmb/ HTTP/1.1" 404 29661 "-" "Mozilla/5.0 (Windows NT 10.0; Win64; x64) AppleWebKit/537.36 (KHTML, like Gecko) Chrome/120.0.0.0 Safari/537.36"
172.204.17.66 - - [26/Jul/2026:03:28:12 +0000] "GET /manager.php HTTP/1.1" 404 47 "-" "Mozilla/5.0 (Windows NT 10.0; Win64; x64) AppleWebKit/537.36 (KHTML, like Gecko) Chrome/120.0.0.0 Safari/537.36"
172.204.17.66 - - [26/Jul/2026:03:28:12 +0000] "GET /wp-admin/css/ HTTP/1.1" 403 187 "-" "Mozilla/5.0 (Windows NT 10.0; Win64; x64) AppleWebKit/537.36 (KHTML, like Gecko) Chrome/120.0.0.0 Safari/537.36"
172.204.17.66 - - [26/Jul/2026:03:28:12 +0000] "GET /wp-admin/network/ HTTP/1.1" 302 5 "-" "Mozilla/5.0 (Windows NT 10.0; Win64; x64) AppleWebKit/537.36 (KHTML, like Gecko) Chrome/120.0.0.0 Safari/537.36"
172.204.17.66 - - [26/Jul/2026:03:28:13 +0000] "GET /wp-includes/assets/ HTTP/1.1" 403 187 "-" "Mozilla/5.0 (Windows NT 10.0; Win64; x64) AppleWebKit/537.36 (KHTML, like Gecko) Chrome/120.0.0.0 Safari/537.36"
172.204.17.66 - - [26/Jul/2026:03:28:13 +0000] "GET /wp-includes/block-bindings/ HTTP/1.1" 403 187 "-" "Mozilla/5.0 (Windows NT 10.0; Win64; x64) AppleWebKit/537.36 (KHTML, like Gecko) Chrome/120.0.0.0 Safari/537.36"
172.204.17.66 - - [26/Jul/2026:03:28:13 +0000] "GET /wp-includes/images/crystal/ HTTP/1.1" 403 187 "-" "Mozilla/5.0 (Windows NT 10.0; Win64; x64) AppleWebKit/537.36 (KHTML, like Gecko) Chrome/120.0.0.0 Safari/537.36"
172.204.17.66 - - [26/Jul/2026:03:28:13 +0000] "GET /rip.php HTTP/1.1" 404 47 "-" "Mozilla/5.0 (Windows NT 10.0; Win64; x64) AppleWebKit/537.36 (KHTML, like Gecko) Chrome/120.0.0.0 Safari/537.36"
172.204.17.66 - - [26/Jul/2026:03:28:13 +0000] "GET /server.php HTTP/1.1" 404 47 "-" "Mozilla/5.0 (Windows NT 10.0; Win64; x64) AppleWebKit/537.36 (KHTML, like Gecko) Chrome/120.0.0.0 Safari/537.36"
172.204.17.66 - - [26/Jul/2026:03:28:14 +0000] "GET /wp-content/admin.php HTTP/1.1" 404 47 "-" "Mozilla/5.0 (Windows NT 10.0; Win64; x64) AppleWebKit/537.36 (KHTML, like Gecko) Chrome/120.0.0.0 Safari/537.36"
45.224.29.198 - - [26/Jul/2026:03:28:15 +0000] "GET /comprehensive-guide-to-creating-an-app-like-bereal/tel:380962170860 HTTP/1.1" 404 29708 "-" "Mozilla/5.0 (Windows NT 6.1; WOW64) AppleWebKit/537.36 (KHTML, like Gecko) Chrome/89.0.4389.116 Safari/537.36"
146.190.158.65 - - [26/Jul/2026:03:31:03 +0000] "POST /wp-cron.php?doing_wp_cron=1785036663.8018469810485839843750 HTTP/1.1" 200 31 "-" "WordPress/7.0; https://weelorum.com"
177.4.239.92 - - [26/Jul/2026:03:31:03 +0000] "GET /solutions/travel-mobile-app-development-services/tel:380962170860 HTTP/1.1" 404 29678 "-" "Mozilla/5.0 (Windows NT 10.0; Win64; x64) AppleWebKit/537.36 (KHTML, like Gecko) Chrome/90.0.4430.93 Safari/537.36"
45.78.200.22 - - [26/Jul/2026:03:31:33 +0000] "GET /wp-content/uploads/2023/05/Hinge.jpg HTTP/1.1" 200 41513 "https://weelorum.com" "Mozilla/5.0 (Macintosh; Intel Mac OS X 10_15_7) AppleWebKit/537.36 (KHTML, like Gecko) Chrome/123.0.0.0 Safari/537.36"
18.97.9.103 - - [26/Jul/2026:03:35:24 +0000] "GET /blog/5-must-have-features-for-a-successful-ai-powered-dating-app/ HTTP/1.1" 200 89603 "-" "Mozilla/5.0 AppleWebKit/537.36 (KHTML, like Gecko; compatible; PerplexityBot/1.0; +https://perplexity.ai/perplexitybot)"
146.190.158.65 - - [26/Jul/2026:03:41:42 +0000] "POST /wp-cron.php?doing_wp_cron=1785037302.5012810230255126953125 HTTP/1.1" 200 31 "-" "WordPress/7.0; https://weelorum.com"
65.108.91.79 - - [26/Jul/2026:03:41:42 +0000] "GET /wp-content/uploads/2023/01/appsflyers.svg HTTP/1.1" 404 130475 "-" "Mozilla/5.0 (X11; Ubuntu; Linux x86_64; rv:72.0) Gecko/20100101 Firefox/72.0"
216.73.217.153 - - [26/Jul/2026:03:41:46 +0000] "GET /sitemap_index.xml HTTP/1.1" 200 439 "-" "Mozilla/5.0 AppleWebKit/537.36 (KHTML, like Gecko; compatible; ClaudeBot/1.0; +claudebot@anthropic.com)"
91.186.252.210 - - [26/Jul/2026:03:41:51 +0000] "GET /solutions/wearable-app-development-services/tel:380962170860 HTTP/1.1" 404 29678 "-" "Mozilla/5.0 (Windows NT 10.0; Win64; x64) AppleWebKit/537.36 (KHTML, like Gecko) Chrome/95.0.4638.69 Safari/537.36"
146.190.158.65 - - [26/Jul/2026:03:42:01 +0000] "GET / HTTP/1.1" 301 169 "-" "Mozilla/5.0 (X11; Linux x86_64) AppleWebKit/537.36 (KHTML, like Gecko) Chrome/44.0.2403.157 Safari/537.36"
146.190.158.65 - - [26/Jul/2026:03:42:01 +0000] "GET / HTTP/1.1" 200 32502 "http://146.190.158.65" "Mozilla/5.0 (X11; Linux x86_64) AppleWebKit/537.36 (KHTML, like Gecko) Chrome/44.0.2403.157 Safari/537.36"
146.190.158.65 - - [26/Jul/2026:03:43:02 +0000] "POST /wp-cron.php?doing_wp_cron=1785037382.8107941150665283203125 HTTP/1.1" 200 31 "-" "WordPress/7.0; https://weelorum.com"
52.2.123.93 - - [26/Jul/2026:03:43:02 +0000] "GET /success-stories HTTP/1.1" 301 5 "-" "Mozilla/5.0 AppleWebKit/605.1.15 (KHTML, like Gecko) Chrome/139.0.0.0 Safari/605.1.15"
3.222.6.250 - - [26/Jul/2026:03:43:03 +0000] "GET /success-stories/ HTTP/1.1" 200 75296 "-" "Mozilla/5.0 AppleWebKit/605.1.15 (KHTML, like Gecko) Chrome/139.0.0.0 Safari/605.1.15"
52.173.161.248 - - [26/Jul/2026:03:44:38 +0000] "GET /wp-content/plugins/hellopress/wp_filemanager.php HTTP/1.1" 301 169 "-" "-"
52.173.161.248 - - [26/Jul/2026:03:44:38 +0000] "GET /wp-content/plugins/hellopress/wp_filemanager.php HTTP/1.1" 404 27 "-" "-"
52.173.161.248 - - [26/Jul/2026:03:44:38 +0000] "GET /this_is_a_new_hello_world.php HTTP/1.1" 301 169 "-" "-"
52.173.161.248 - - [26/Jul/2026:03:44:38 +0000] "GET /this_is_a_new_hello_world.php HTTP/1.1" 404 27 "-" "-"
52.173.161.248 - - [26/Jul/2026:03:44:38 +0000] "GET /vjzvvrhr.pdf.phtml HTTP/1.1" 301 169 "-" "-"
146.190.158.65 - - [26/Jul/2026:03:44:39 +0000] "POST /wp-cron.php?doing_wp_cron=1785037479.2504799365997314453125 HTTP/1.1" 200 31 "-" "WordPress/7.0; https://weelorum.com"
52.173.161.248 - - [26/Jul/2026:03:44:39 +0000] "GET /vjzvvrhr.pdf.phtml HTTP/1.1" 404 130476 "-" "-"
52.173.161.248 - - [26/Jul/2026:03:44:39 +0000] "GET /fetwgsoq.phtml HTTP/1.1" 301 169 "-" "-"
52.173.161.248 - - [26/Jul/2026:03:44:39 +0000] "GET /fetwgsoq.phtml HTTP/1.1" 404 130487 "-" "-"
52.173.161.248 - - [26/Jul/2026:03:44:39 +0000] "GET /WgX80ACk6uYlNFRMCBkzMEnxVna4PIv.php HTTP/1.1" 301 169 "-" "-"
52.173.161.248 - - [26/Jul/2026:03:44:39 +0000] "GET /WgX80ACk6uYlNFRMCBkzMEnxVna4PIv.php HTTP/1.1" 404 27 "-" "-"
52.173.161.248 - - [26/Jul/2026:03:44:39 +0000] "GET /7HtvV1UU.php HTTP/1.1" 301 169 "-" "-"
52.173.161.248 - - [26/Jul/2026:03:44:39 +0000] "GET /7HtvV1UU.php HTTP/1.1" 404 27 "-" "-"
52.173.161.248 - - [26/Jul/2026:03:44:39 +0000] "GET /aOQK7jQ9.php HTTP/1.1" 301 169 "-" "-"
52.173.161.248 - - [26/Jul/2026:03:44:39 +0000] "GET /aOQK7jQ9.php HTTP/1.1" 404 27 "-" "-"
52.173.161.248 - - [26/Jul/2026:03:44:40 +0000] "GET /xwpg.php HTTP/1.1" 301 169 "-" "-"
52.173.161.248 - - [26/Jul/2026:03:44:40 +0000] "GET /xwpg.php HTTP/1.1" 404 27 "-" "-"
52.173.161.248 - - [26/Jul/2026:03:44:40 +0000] "GET /wyzer1.php HTTP/1.1" 301 169 "-" "-"
52.173.161.248 - - [26/Jul/2026:03:44:40 +0000] "GET /wyzer1.php HTTP/1.1" 404 27 "-" "-"
52.173.161.248 - - [26/Jul/2026:03:44:47 +0000] "GET /wp-activate.php HTTP/1.1" 301 169 "-" "-"
146.190.158.65 - - [26/Jul/2026:03:44:47 +0000] "POST /wp-cron.php?doing_wp_cron=1785037487.7476921081542968750000 HTTP/1.1" 200 31 "-" "WordPress/7.0; https://weelorum.com"
52.173.161.248 - - [26/Jul/2026:03:44:47 +0000] "GET /wp-activate.php HTTP/1.1" 302 5 "-" "-"
146.190.158.65 - - [26/Jul/2026:03:44:48 +0000] "POST /wp-cron.php?doing_wp_cron=1785037488.2101509571075439453125 HTTP/1.1" 200 31 "-" "WordPress/7.0; https://weelorum.com"
52.173.161.248 - - [26/Jul/2026:03:44:48 +0000] "GET /wp-login.php?action=register HTTP/1.1" 404 123769 "-" "-"
52.173.161.248 - - [26/Jul/2026:03:44:48 +0000] "GET /wp-blog-header.php HTTP/1.1" 301 169 "-" "-"
52.173.161.248 - - [26/Jul/2026:03:44:48 +0000] "GET /wp-blog-header.php HTTP/1.1" 200 5 "-" "-"
52.173.161.248 - - [26/Jul/2026:03:44:48 +0000] "GET /cgi-bin/upgrade/GPijvh.php HTTP/1.1" 301 169 "-" "-"
52.173.161.248 - - [26/Jul/2026:03:44:48 +0000] "GET /cgi-bin/upgrade/GPijvh.php HTTP/1.1" 404 27 "-" "-"
52.173.161.248 - - [26/Jul/2026:03:44:48 +0000] "GET /wp-admin/export-personal-data.php HTTP/1.1" 301 169 "-" "-"
52.173.161.248 - - [26/Jul/2026:03:44:48 +0000] "GET /wp-admin/export-personal-data.php HTTP/1.1" 302 5 "-" "-"
52.173.161.248 - - [26/Jul/2026:03:44:49 +0000] "GET /404 HTTP/1.1" 404 130476 "-" "-"
52.173.161.248 - - [26/Jul/2026:03:44:49 +0000] "GET /wp-admin/export-personal-data.php HTTP/1.1" 301 169 "-" "-"
52.173.161.248 - - [26/Jul/2026:03:44:49 +0000] "GET /wp-admin/export-personal-data.php HTTP/1.1" 302 5 "-" "-"
52.173.161.248 - - [26/Jul/2026:03:44:49 +0000] "GET /404 HTTP/1.1" 404 130476 "-" "-"
52.173.161.248 - - [26/Jul/2026:03:44:49 +0000] "GET /wp-admin/network.php HTTP/1.1" 301 169 "-" "-"
52.173.161.248 - - [26/Jul/2026:03:44:50 +0000] "GET /wp-admin/network.php HTTP/1.1" 302 5 "-" "-"
52.173.161.248 - - [26/Jul/2026:03:44:50 +0000] "GET /404 HTTP/1.1" 404 130476 "-" "-"
52.173.161.248 - - [26/Jul/2026:03:44:50 +0000] "GET /wp-admin/options-privacy.php HTTP/1.1" 301 169 "-" "-"
52.173.161.248 - - [26/Jul/2026:03:44:50 +0000] "GET /wp-admin/options-privacy.php HTTP/1.1" 302 5 "-" "-"
52.173.161.248 - - [26/Jul/2026:03:44:51 +0000] "GET /404 HTTP/1.1" 404 130476 "-" "-"
52.173.161.248 - - [26/Jul/2026:03:44:51 +0000] "GET /wp-admin/admin-post.php HTTP/1.1" 301 169 "-" "-"
52.173.161.248 - - [26/Jul/2026:03:44:51 +0000] "GET /wp-admin/admin-post.php HTTP/1.1" 302 5 "-" "-"
52.173.161.248 - - [26/Jul/2026:03:44:51 +0000] "GET /404 HTTP/1.1" 404 130476 "-" "-"
52.173.161.248 - - [26/Jul/2026:03:44:51 +0000] "GET /wp-admin/plugin-install.php HTTP/1.1" 301 169 "-" "-"
52.173.161.248 - - [26/Jul/2026:03:44:51 +0000] "GET /wp-admin/plugin-install.php HTTP/1.1" 302 5 "-" "-"
52.173.161.248 - - [26/Jul/2026:03:44:52 +0000] "GET /404 HTTP/1.1" 404 130476 "-" "-"
52.173.161.248 - - [26/Jul/2026:03:44:52 +0000] "GET /wp-admin/theme-install.php HTTP/1.1" 301 169 "-" "-"
52.173.161.248 - - [26/Jul/2026:03:44:52 +0000] "GET /wp-admin/theme-install.php HTTP/1.1" 302 5 "-" "-"
52.173.161.248 - - [26/Jul/2026:03:44:52 +0000] "GET /404 HTTP/1.1" 404 130476 "-" "-"
52.173.161.248 - - [26/Jul/2026:03:44:52 +0000] "GET /wp-admin/wp-blog-header.php HTTP/1.1" 301 169 "-" "-"
52.173.161.248 - - [26/Jul/2026:03:44:52 +0000] "GET /wp-admin/wp-blog-header.php HTTP/1.1" 404 27 "-" "-"
52.173.161.248 - - [26/Jul/2026:03:44:52 +0000] "GET /wp-admin/ms-delete-site.php HTTP/1.1" 301 169 "-" "-"
52.173.161.248 - - [26/Jul/2026:03:44:53 +0000] "GET /wp-admin/ms-delete-site.php HTTP/1.1" 302 5 "-" "-"
52.173.161.248 - - [26/Jul/2026:03:44:53 +0000] "GET /404 HTTP/1.1" 404 130476 "-" "-"
52.173.161.248 - - [26/Jul/2026:03:44:53 +0000] "GET /wp-admin/media-new.php HTTP/1.1" 301 169 "-" "-"
52.173.161.248 - - [26/Jul/2026:03:44:53 +0000] "GET /wp-admin/media-new.php HTTP/1.1" 302 5 "-" "-"
52.173.161.248 - - [26/Jul/2026:03:44:54 +0000] "GET /404 HTTP/1.1" 404 130476 "-" "-"
52.173.161.248 - - [26/Jul/2026:03:44:54 +0000] "GET /wp-admin/customize.php HTTP/1.1" 301 169 "-" "-"
52.173.161.248 - - [26/Jul/2026:03:44:54 +0000] "GET /wp-admin/customize.php HTTP/1.1" 302 5 "-" "-"
52.173.161.248 - - [26/Jul/2026:03:44:54 +0000] "GET /404 HTTP/1.1" 404 130476 "-" "-"
52.173.161.248 - - [26/Jul/2026:03:44:54 +0000] "GET /wp-admin/user-new.php HTTP/1.1" 301 169 "-" "-"
52.173.161.248 - - [26/Jul/2026:03:44:54 +0000] "GET /wp-admin/user-new.php HTTP/1.1" 302 5 "-" "-"
52.173.161.248 - - [26/Jul/2026:03:44:55 +0000] "GET /404 HTTP/1.1" 404 130476 "-" "-"
52.173.161.248 - - [26/Jul/2026:03:44:55 +0000] "GET /wp-admin/post.php HTTP/1.1" 301 169 "-" "-"
52.173.161.248 - - [26/Jul/2026:03:44:55 +0000] "GET /wp-admin/post.php HTTP/1.1" 302 5 "-" "-"
52.173.161.248 - - [26/Jul/2026:03:44:55 +0000] "GET /404 HTTP/1.1" 404 130476 "-" "-"
52.173.161.248 - - [26/Jul/2026:03:44:55 +0000] "GET /wp-admin/edit-tag-form.php HTTP/1.1" 301 169 "-" "-"
52.173.161.248 - - [26/Jul/2026:03:44:55 +0000] "GET /wp-admin/edit-tag-form.php HTTP/1.1" 200 12 "-" "-"
52.173.161.248 - - [26/Jul/2026:03:44:55 +0000] "GET /wp-admin/media.php HTTP/1.1" 301 169 "-" "-"
52.173.161.248 - - [26/Jul/2026:03:44:56 +0000] "GET /wp-admin/media.php HTTP/1.1" 302 5 "-" "-"
52.173.161.248 - - [26/Jul/2026:03:44:56 +0000] "GET /404 HTTP/1.1" 404 130476 "-" "-"
52.173.161.248 - - [26/Jul/2026:03:44:56 +0000] "GET /wp-admin/plugins.php HTTP/1.1" 301 169 "-" "-"
52.173.161.248 - - [26/Jul/2026:03:44:56 +0000] "GET /wp-admin/plugins.php HTTP/1.1" 302 5 "-" "-"
